{"id":9813,"date":"2023-06-20T12:07:47","date_gmt":"2023-06-20T12:07:47","guid":{"rendered":"https:\/\/anivet.lt\/elparduotuve\/?page_id=9813"},"modified":"2024-09-13T22:46:20","modified_gmt":"2024-09-13T22:46:20","slug":"taisykles","status":"publish","type":"page","link":"https:\/\/anivet.lt\/elparduotuve\/taisykles\/","title":{"rendered":"Taisykl\u0117s"},"content":{"rendered":"<p><strong>1. BENDROSIOS NUOSTATOS<\/strong><br \/>\n1.1. anivet.lt internetin\u0117je parduotuv\u0117je prekyba vykdoma vadovaujantis MB AniVet preki\u0173 pirkimo-pardavimo taisykl\u0117mis.<\/p>\n<p>1.2. Pirk\u0117jas (toliau &#8211; Klientas) prie\u0161 u\u017esiregistravim\u0105 privalo susipa\u017einti su taisykl\u0117mis ir pa\u017eym\u0117damas varnel\u0119 pa\u017eymi, kad su jomis sutinka.<\/p>\n<p>1.3. U\u017esiregistrav\u0119s ir suformav\u0119s u\u017esakym\u0105, Klientas \u012fgyja taisykl\u0117se nustatytas teises ir pareigas.<\/p>\n<p>1.4. MB AniVet (toliau &#8211; Pardav\u0117jas) turi teis\u0119 bet kada apriboti Kliento teises arba panaikinti registracij\u0105, jeigu Klientas nesilaiko taisykl\u0117se nustatyt\u0173 s\u0105lyg\u0173.<\/p>\n<p>1.5. Atsi\u017evelgdamas \u012f Lietuvos Respublikos teis\u0117s aktus pardav\u0117jas turi teis\u0119 bet kuriuo metu i\u0161 anksto ne\u012fsp\u0117damas Kliento pakeisti, taisyti ar papildyti taisykles. Naujos taisykl\u0117s \u012fsigalioja nuo j\u0173 patvirtinimo dienos. Kliento u\u017esakymai pateikti iki taisykli\u0173 pakeitimo \u012fvykdomi pagal u\u017esakymo pateikimo metu galiojan\u010dias taisykles.<\/p>\n<p>1.6. Pardav\u0117jas n\u0117ra atsakingas ir nekompensuoja Klientui jo patirtos \u017ealos, kuri kyla d\u0117l taisykl\u0117se numatyt\u0173 s\u0105lyg\u0173 nesilaikymo.<\/p>\n<p><strong>2. KLIENTO ASMENS DUOMENYS<\/strong><br \/>\n2.1. Klientas turi u\u017esiregistruoti pardav\u0117jo svetain\u0117je anivet.lt registracijos metu pateikdamas pra\u0161omus asmens duomenis.<\/p>\n<p>2.2. Kliento registracija patvirtinama automati\u0161kai, o nurodytu el. pa\u0161to adresu i\u0161siun\u010diamas lai\u0161kas su Kliento prisijungimo informacija.<\/p>\n<p>2.3. Klientas sutinka, kad pardav\u0117jas turi teis\u0119 tvarkyti Kliento asmens duomenis, \u0161iose taisykl\u0117se nurodytais atvejais ir tikslais.<\/p>\n<p>2.4. Pardav\u0117jas patvirtina, kad Kliento asmens duomenys bus naudojami Kliento identifikavimui u\u017esakant prek\u0119, u\u017esakyt\u0173 preki\u0173 pristatymui.<\/p>\n<p>2.5. Klientas \u012fsipareigoja saugoti savo prisijungimo prie parduotuv\u0117s duomenis ir j\u0173 neatskleisti jokiai tre\u010diai \u0161aliai. Pa\u017eeidus \u0161i\u0105 taisykli\u0173 s\u0105lyg\u0105 visa su tuo susijusi atsakomyb\u0117 tenka Klientui. Klientas su\u017einoj\u0119s apie jo prisijungimo duomen\u0173 atskleidim\u0105 nedelsdamas apie tai informuoja pardav\u0117j\u0105, kuris atsi\u017evelgdamas \u012f Kliento prane\u0161im\u0105 u\u017eblokuoja Kliento prisijungim\u0105. D\u0117l pakartotinio Kliento registracijos aktyvavimo \u0161alys susitaria atskirai.<\/p>\n<p>2.6. Pardav\u0117jas \u012fsipareigoja neatskleisti Kliento asmens duomen\u0173 ir su u\u017esakymu susijusios informacijos jokioms tre\u010dioms \u0161alims, i\u0161skyrus pardav\u0117jo partnerius, teikian\u010dius preki\u0173 tiekimo ir pristatymo ar kitas su Kliento u\u017esakymu susijusias paslaugas. Kitais atvejais Kliento asmens duomenys gali b\u016bti atskleisti, kai to reikalauja kompetentinga Valstyb\u0117s institucija LR \u012fstatym\u0173 numatytais atvejais arba atskiru ra\u0161ytiniu Kliento sutikimu.<\/p>\n<p>2.7. Pardav\u0117jas \u012fsipareigoja u\u017etikinti Kliento asmens duomen\u0173 apsaug\u0105 LR \u012fstatym\u0173 numatyta tvarka.<\/p>\n<p><strong>3. PIRKIMO-PARDAVIMO SUTARTIS<\/strong><br \/>\n3.1. Pardav\u0117jo u\u017esakymo patvirtinimas, Klientui pateikus u\u017esakym\u0105 prie\u0161 tai susipa\u017einus ir sutikus su \u0161iomis taisykl\u0117mis, yra prilyginamas pirkimo-pardavimo sutarties sudarymui. Nuo to momento, Klientas yra \u012fpareigotas u\u017e u\u017esakytas prekes atsiskaityti tuo metu nustatytomis kainomis ir \u0161ias prekes priimti.<\/p>\n<p>3.2. Sutartis yra laikoma \u012fvykdyta, kai Klientas atsiskaito u\u017e prekes ir jas gauna.<\/p>\n<p>3.3. \u0160ios sutarties neatskiriama dalimi laikomas priedas, t.y. patvirtintas u\u017esakymas, kur\u012f gauna Klientas elektroniniu pa\u0161tu, su jame nurodyta informacija.<\/p>\n<p>3.4. Sutartis yra nutraukiama, kai u\u017esakymas yra at\u0161aukiamas vienos i\u0161 sutarties \u0161ali\u0173 arba kai Kliento pagr\u012fstas reikalavimas gr\u0105\u017einti visus (dal\u012f) u\u017e prek\u0119 sumok\u0117tus pinigus, keisti prek\u0119 \u012f toki\u0105 pat tinkamos kokyb\u0117s prek\u0119, per proting\u0105 laik\u0105 pa\u0161alinti prek\u0117s tr\u016bkumus arba atlyginti tr\u016bkum\u0173 pa\u0161alinimo i\u0161laidas, jei pa\u0161alino pats ar tre\u010di\u0173j\u0173 asmen\u0173 padedamas, yra patenkinamas.<\/p>\n<p>3.5. Kaskart pateikiant u\u017esakym\u0105 sudaroma nauja pirkimo-pardavimo sutartis.<\/p>\n<p><strong>4. APMOK\u0116JIMO TVARKA<\/strong><\/p>\n<p>4.1. Mokestis u\u017e transportavim\u0105 nurodomas, kai suformuojamas u\u017esakymas, iki jo patvirtinimo.<\/p>\n<p>4.2. Klientas u\u017e u\u017esakytas prekes atsiskaito i\u0161ankstiniu b\u016bdu per SEB.lt sistem\u0105. Tai patikima, saugi ir sparti internetini\u0173 atsiskaitym\u0173 sistema. SEB.lt paslaug\u0173 vartotojai yra apsaugoti nuo duomen\u0173 vagys\u010di\u0173 ir praradim\u0173, nes operacij\u0173 saugumas u\u017etikrinamas naudojant pa\u017eangiausias informacijos technologijas.<\/p>\n<p>4.3. Pardav\u0117jas \u012fsipareigoja suteikti teising\u0105 informacij\u0105, b\u016btin\u0105 visi\u0161kai atsiskaityti u\u017e u\u017esisakytas prekes, ta\u010diau neprisiima jokios atsakomyb\u0117s d\u0117l bank\u0173 nekokybi\u0161k\u0173 paslaug\u0173 ir su tuo kylan\u010di\u0173 nuostoli\u0173. Taip pat pardav\u0117jas neprisiima jokios atsakomyb\u0117s kilusios d\u0117l Kliento padaryt\u0173 klaid\u0173 formuojant ir vykdant pavedim\u0105 (pvz. neteisingo s\u0105skaitos numerio \u012fvedimo, neteisingai pateikto u\u017esakymo kodo ir kt.) ir su tuo kilusi\u0173 nuostoli\u0173.<\/p>\n<p><strong>5. PREKI\u0172 U\u017dSAKYMAS<\/strong><br \/>\n5.1. Surad\u0119 pageidaujam\u0105 prek\u0119 ir i\u0161sirink\u0119 norim\u0105 pakuot\u0117s dyd\u012f ir skon\u012f spauskite mygtuk\u0105 \u201e\u012e krep\u0161el\u012f\u201d. Po paspaudimo prek\u0117 bus nusi\u0173sta \u012f J\u016bs\u0173 preki\u0173 krep\u0161el\u012f, o J\u016bs toliau galite rinktis prekes.<\/p>\n<p>5.2. Jei \u0161iuo metu ka\u017ekurios prek\u0117s neturime, tada prie jos ra\u0161oma \u201eLaikinai n\u0117ra\u201d.<\/p>\n<p>5.3. Preki\u0173 kiek\u012f krep\u0161elyje visada galite matyti de\u0161iniajame kra\u0161te vir\u0161uje, laukelyje \u201eKrep\u0161elis\u201d. Bet kuriuo momentu paspaud\u0119 ant \u201eKrep\u0161elis\u201d, gal\u0117site pasitikslinti, kokios prek\u0117s jau yra J\u016bs\u0173 preki\u0173 krep\u0161elyje. Jei nusprend\u0117te vienos ar kitos prek\u0117s nepirkti, tada paspauskite \u0161alia esant\u012f u\u017era\u0161\u0105 \u201epa\u0161alinti\u201d ir prek\u0117 bus pa\u0161alinta i\u0161 krep\u0161elio.<\/p>\n<p>5.4. Norint padidinti tos pa\u010dios prek\u0117s skai\u010di\u0173 stulpelyje \u201eKiekis\u201d \u012fveskite norim\u0105 skai\u010di\u0173 ir didinkite\/ma\u017einkite j\u012f su atitinkamais mygtukais.<\/p>\n<p>5.5. \u017demiau, po preki\u0173 s\u0105ra\u0161u, matysite kiek tur\u0117site mok\u0117ti u\u017e pristatym\u0105 ir kokia yra galutin\u0117 u\u017esakymo suma.<\/p>\n<p><strong>6. PREKI\u0172 PRISTATYMO S\u0104LYGOS<\/strong><br \/>\n6.1. Pristatymo kaina priklauso nuo to kokias pristatymo paslaugas pasirinksite.<\/p>\n<p>6.2. Klientui pageidaujant, taip pat i\u0161siun\u010diama s\u0105skaita fakt\u016bra.<\/p>\n<p>6.3. U\u017esakymai priimami kasdien, ta\u010diau vykdomi tik darbo dienomis.<\/p>\n<p><strong>7. PREKI\u0172 GARANTIJOS<\/strong><br \/>\n7.1. Pardav\u0117jas parei\u0161kia, kad prek\u0117s atitinka \u0161ioms prek\u0117ms keliamus \u012fprastus kokybinius reikalavimus. Kiekvienos parduotuv\u0117je parduodamos prek\u0117s bendros savyb\u0117s pateikiamos prie kiekvienos prek\u0117s esan\u010diame prek\u0117s apra\u0161yme.<\/p>\n<p>7.2. Pardav\u0117jas neatsako u\u017e tai, jeigu parduotuv\u0117je esan\u010dios prek\u0117s savo spalva, forma ar kitais parametrais gali neatitikti reali\u0173 \u0161i\u0173 preki\u0173 savybi\u0173 d\u0117l Kliento naudojam\u0173 ry\u0161io priemoni\u0173 perteikiamo vaizdo ypatybi\u0173. Taip pat pa\u010di\u0173 pakuo\u010di\u0173 i\u0161vaizda gali skirtis nuo vaizduojam\u0173 svetain\u0117je.<\/p>\n<p>7.3. Pardav\u0117jas n\u0117ra atsakingas u\u017e preki\u0173 kokyb\u0117s pablog\u0117jim\u0105, jei Klientas ar asmenys, kuriems Klientas perdav\u0117 prekes, jas naudojo ne tiems tikslams, kuriems tokios prek\u0117s yra paprastai naudojamos, nesilaik\u0117 instrukcijose nurodyt\u0173 reikalavim\u0173, pa\u017eeid\u0117 preki\u0173 transportavimo, laikymo, naudojimo ir \/ ar sand\u0117liavimo taisykles, taip pat, jeigu matomi preki\u0173 \u012fpakavimo ar kiti i\u0161oriniai defektai, ra\u0161tu neaptarti preki\u0173 perdavimo metu ar preki\u0173 kokyb\u0117s pablog\u0117jimas yra sukeltas Kliento ar kit\u0173 asmen\u0173, kuriems Klientas perdav\u0117 prekes, veiksm\u0173.<\/p>\n<p><strong>8. <\/strong><strong>PREKI\u0172 GR\u0104\u017dINIMAS IR KEITIMAS<\/strong><\/p>\n<p><span style=\"color: #333333;\">8.1. Klientas (Pirk\u0117jas) turi teis\u0119 nenurodydamas prie\u017easties atsisakyti internetu sudarytos pirkimo-pardavimo sutarties (gr\u0105\u017einti kokybi\u0161k\u0105 prek\u0119) per 14 dien\u0173 nuo prek\u0117s pristatymo dienos (CK 6.228 (10) str.), i\u0161skyrus \u0161io straipsnio 2 d. numatytas i\u0161imtis. Sumok\u0117ti pinigai, \u012fskaitant Kliento apmok\u0117tas prek\u0117s pristatymo i\u0161laidas, pirk\u0117jui gr\u0105\u017einami per 14 dien\u0173 nuo Kliento prane\u0161imo apie pirkimo-pardavimo sutarties atsisakym\u0105, ta\u010diau Pardav\u0117jas turi teis\u0119 negr\u0105\u017einti pinig\u0173, kol negaus prek\u0117s arba jam bus pateiktas \u012frodymas, kad prek\u0117 i\u0161si\u0173sta.<\/span><\/p>\n<p>8.2. D\u0117l prek\u0117s keitimo ar gr\u0105\u017einimo pra\u0161ome kreiptis darbo dienomis nuo 10:00 iki 17:00 val. telefonu +(370) 671 55300 arba el. pa\u0161tu info@anivet.lt<\/p>\n<p>8.3. Pra\u0161ome ra\u0161tu nurodyti pageidaujam\u0105 gr\u0105\u017einti prek\u0119, u\u017esakymo ar pardavimo s\u0105skaitos numer\u012f.<\/p>\n<p>8.4. Prek\u0117s keitimo atveju nurodykite pageidautin\u0105 prek\u0119.<\/p>\n<p>8.5. Kai prek\u0117 gr\u0105\u017einama ar kei\u010diama ne d\u0117l pardav\u0117jo kalt\u0117s, gr\u0105\u017einimo i\u0161laidos tenka Klientui.<\/p>\n<p>8.6. Kai prek\u0117 gr\u0105\u017einama d\u0117l netinkamos kokyb\u0117s arba Klientui gavus ne t\u0105 prek\u0119, kuri buvo u\u017esakyta, pardav\u0117jas savo l\u0117\u0161omis<strong>\u00a0<\/strong>pakeis netinkamos kokyb\u0117s prek\u0119 tinkamos kokyb\u0117s preke ar ta preke, kuri Kliento buvo u\u017esakyta.<\/p>\n<p>8.7. Klientui ra\u0161tu atsisakius prek\u0117s keitimo, pardav\u0117jas gr\u0105\u017eina u\u017e prek\u0119 sumok\u0117tus pinigus per 14 dien\u0173 nuo prek\u0117s keitimo paslaugos atsisakymo. Pinigai gr\u0105\u017einami \u012f banko s\u0105skait\u0105, i\u0161 kurios buvo priimtas Kliento u\u017esakymo apmok\u0117jimas.<\/p>\n<p>8.8. Prek\u0117 nekei\u010diama, neatlygintinai tr\u016bkumai ne\u0161alinami ir pinigai negr\u0105\u017einami, jei prek\u0117s tr\u016bkumai atsirado d\u0117l to, kad Klientas pa\u017eeid\u0117 prek\u0117s naudojimo ar saugojimo taisykles.<\/p>\n<p>8.9. Klientas manantis, kad buvo pa\u017eeistos jo teis\u0117s, turi ne v\u0117liau kaip per tris m\u0117nesius nuo pa\u017eeidimo dienos ra\u0161tu kreiptis \u012f Pardav\u0117j\u0105 ir i\u0161d\u0117styti savo reikalavimus. Pardav\u0117jas privalo ne v\u0117liau kaip per 14 dien\u0173 nemokamai i\u0161nagrin\u0117ti pra\u0161ym\u0105 ir pateikti i\u0161sam\u0173 motyvuot\u0105 ra\u0161ytin\u012f atsakym\u0105, pagr\u012fst\u0105 dokumentais. Jei problemos i\u0161spr\u0119sti nepavyksta, Klientas turi teis\u0119 kreiptis \u012f vartojimo gin\u010dus neteismine tvarka sprend\u017eiant\u012f subjekt\u0105.<\/p>\n<p>8.9.1. Vartojimo gin\u010dus neteismine tvarka sprend\u017eia Valstybin\u0117 vartotoj\u0173 teisi\u0173 apsaugos tarnyba, buvein\u0117s adresas Go\u0161tauto g. 12, Vilnius, www.vvtat.lt.<\/p>\n<p>8.9.2. Pra\u0161ymus ar skundus d\u0117l galim\u0173 vartotoj\u0173 teisi\u0173 pa\u017eeidim\u0173 pirk\u0117jas gali pateikti vartotoj\u0173 gin\u010d\u0173 sprendimo platformoje http:\/\/ec.europa.eu\/odr\/.<\/p>\n<p><strong>9. GR\u0104\u017dINTI PREK\u0118 ARBA PAKEISTI KITA GALIMA<\/strong><\/p>\n<p>9.1. Kai prek\u0117 buvo nenaudota ir n\u0117ra praradusi prekin\u0117s i\u0161vaizdos.<\/p>\n<p>9.2. Kai prek\u0117 nebuvo atidaryta.<\/p>\n<p>9.3. Kai Klientui pristatyta ne ta prek\u0117, kuri buvo u\u017esakyta.<\/p>\n<p>9.4. Kai prek\u0117s pakuot\u0117 transportavimo metu buvo pa\u017eeista ar praradusi prekin\u0119 i\u0161vaizd\u0105.<\/p>\n<p>9.5. Kai prek\u0117 nekokybi\u0161ka.<\/p>\n<p><strong>10. GR\u0104\u017dINAMA AR KEI\u010cIAMA PREK\u0116 PRIVALO B\u016aTI<\/strong><\/p>\n<p>10.1. Nenaudota, nesugadinta ir nepraradusi prekin\u0117s i\u0161vaizdos.<\/p>\n<p>10.2. \u0160vari, originalioje ir tvarkingoje pakuot\u0117je, su nepa\u017eeista apsaugine pl\u0117vele bei etikete.<\/p>\n<p>10.3 Saugiai supakuota (pageidautina pardav\u0117jo pristatytoje pakuot\u0117je).<\/p>\n<p>10.4. Pristatyta pardav\u0117jo nurodytu adresu.<\/p>\n<p><strong>11. \u0160ALI\u0172 TEIS\u0116S, PAREIGOS IR ATSAKOMYB\u0116<\/strong><br \/>\n11.1. Klientas turi teis\u0119: \u012fsigyti parduodam\u0105 prek\u0119 parduotuv\u0117je nurodyta kaina taisykl\u0117se nustatyta tvarka, atsisakyti prek\u0117s pirkimo-pardavimo sutarties, sudarytos naudojant ry\u0161io priemones, prane\u0161damas pardav\u0117jui ra\u0161tu apie tai per 14 dien\u0173 nuo prek\u0117s pristatymo dienos, jeigu daiktas nebuvo sugadintas ar jo i\u0161vaizda i\u0161 esm\u0117s nepasikeit\u0117, i\u0161skyrus atvejus, kai sutartis sudaryta d\u0117l pagal individual\u0173 Kliento u\u017esakym\u0105 pagamint\u0173 preki\u0173.<\/p>\n<p>11.2. Klientas \u012fsipareigoja naudodamasis pardav\u0117jo teikiamomis paslaugomis parduotuv\u0117je vadovautis ir laikytis \u0161iose taisykl\u0117se nustatyt\u0173 nuostat\u0173, neatskleisti savo prisijungimo duomen\u0173 tretiems asmenims, \u0161iose taisykl\u0117se nustatyta tvarka u\u017epildytus u\u017esakymus pateikti pardav\u0117jui, taisykl\u0117se nustatyta tvarka atsiskaityti su pardav\u0117ju u\u017e nupirktas prekes, pasikeitus asmens duomenims, kurie pateikti registracijos formoje, \u0161iuos duomenis nedelsiant atnaujinti bei susipa\u017einti su parduotuv\u0117s taisykl\u0117mis.<\/p>\n<p>11.3. Pardav\u0117jas turi teis\u0119: bet kada sustabdyti parduotuv\u0117s veikl\u0105; pakeisti, atnaujinti ir taisyti taisykles. Keisti parduodam\u0173 preki\u0173 asortiment\u0105 ir kainas; Klientui ty\u010diniais veiksmais kenkiant parduotuvei ar pardav\u0117jui, be \u012fsp\u0117jimo apriboti ar panaikinti Kliento registracij\u0105 ir galimyb\u0119 naudotis parduotuv\u0117s teikiamomis paslaugomis; anuliuoti Kliento u\u017esakym\u0105, kai Klientas v\u0117luoja atsiskaityti, u\u017esakydamas prekes arba u\u017esakymas yra pateiktas netikslus ar neteisingas.<\/p>\n<p>11.4. Pardav\u0117jas \u012fsipareigoja: parduoti prekes ir teis\u0117s akt\u0173 nustatyta tvarka i\u0161duoti Klientui, atsiskai\u010diusiam u\u017e jas, preki\u0173 pirkim\u0105-pardavim\u0105 patvirtinant\u012f dokument\u0105; parduoti prekes kartu ir pristatyti u\u017esakytas prekes taisykl\u0117se nustatytomis s\u0105lygomis; suteikti valstybine kalba Klientui b\u016btin\u0105, teising\u0105 ir visapusi\u0161k\u0105 informacij\u0105 apie parduodam\u0105 prek\u0119; taisykl\u0117se numatytomis s\u0105lygomis sudaryti galimyb\u0119 Klientui naudotis parduotuv\u0117s teikiamomis paslaugomis.<\/p>\n<p>11.5. Klientas atsako u\u017e pateikt\u0173 savo asmens duomen\u0173 teisingum\u0105 bei prisijungimo duomen\u0173 saugojim\u0105 ir neatskleidim\u0105 tretiems asmenims.<\/p>\n<p>11.6. Klientas atsako u\u017e savo veiksmus atliktus internetin\u0117je parduotuv\u0117je.<\/p>\n<p>11.7. Pardav\u0117jas n\u0117ra atsakingas u\u017e nuostolius kurie atsirado d\u0117l to, jog Klientas nesusipa\u017eino su \u0161iomis taisykl\u0117mis, nors tokia galimyb\u0117 buvo suteikta.<\/p>\n<p>11.8. Pardav\u0117jas neatsako u\u017e parduotuv\u0117je kit\u0173 tre\u010di\u0173 \u0161ali\u0173 skelbiam\u0105 reklam\u0105 ir joje esan\u010dios informacijos teisingum\u0105.<\/p>\n<p>11.9. \u0160alys susitaria, kad kilus vienos i\u0161 \u0161ali\u0173 atsakomybei, kaltoji \u0161alis kitai \u0161aliai atlygina tiesioginius nuostolius.<\/p>\n<p><strong>12. KITOS NUOSTATOS<\/strong><br \/>\n12.1.Grie\u017etai draud\u017eiama be internetin\u0117s parduotuv\u0117s ra\u0161ti\u0161ko leidimo kopijuoti ar kitaip platinti anivet.lt esan\u010di\u0105 informacij\u0105.<\/p>\n<p>12.2. Taisykl\u0117s sudarytos vadovaujantis Lietuvos Respublikos teis\u0117s aktais, o \u0161iose taisykl\u0117se numatytiems santykiams taikoma Lietuvos Respublikos teis\u0117.<\/p>\n<p>12.3. \u0160alys \u012fsipareigoja visus kylan\u010dius gin\u010dus d\u0117l taisykli\u0173 vykdymo spr\u0119sti deryb\u0173 b\u016bdu. Prisiregistruodamas prie \u0161ios svetain\u0117s Klientas patvirtina, kad supranta, jog puslapyje pateikta informacija negali b\u016bti laikoma rekomendacijomis gydymui, o svetain\u0117je esantys maisto papildai n\u0117ra vaistai ir n\u0117ra skirti gydyti ligas ar jas diagnozuoti. Visos \u0161ioje internetin\u0117je svetain\u0117je i\u0161d\u0117stytos mintys ir apra\u0161ymai yra autori\u0173 nuomon\u0117 arba papild\u0173 gamintoj\u0173 apibendrinta informacija. Tinklapyje perteikta informacija neatstoja gydytojo ar mitybos specialisto patarim\u0173.<\/p>\n","protected":false},"excerpt":{"rendered":"<p>1. BENDROSIOS NUOSTATOS 1.1. anivet.lt internetin\u0117je parduotuv\u0117je prekyba vykdoma vadovaujantis MB AniVet preki\u0173 pirkimo-pardavimo taisykl\u0117mis. 1.2. Pirk\u0117jas (toliau &#8211; Klientas)<\/p>\n","protected":false},"author":1,"featured_media":0,"parent":0,"menu_order":0,"comment_status":"closed","ping_status":"closed","template":"","meta":{"footnotes":""},"class_list":["post-9813","page","type-page","status-publish","hentry"],"yoast_head":"<!-- This site is optimized with the Yoast SEO Premium plugin v27.1 (Yoast SEO v27.5) - https:\/\/yoast.com\/product\/yoast-seo-premium-wordpress\/ -->\n<title>Taisykl\u0117s - anivet.lt<\/title>\n<meta name=\"description\" content=\"1. BENDROSIOS NUOSTATOS 1.1. anivet.lt internetin\u0117je parduotuv\u0117je prekyba vykdoma vadovaujantis MB AniVet preki\u0173 pirkimo-pardavimo taisykl\u0117mis. 1.2.\" \/>\n<meta name=\"robots\" content=\"index, follow, max-snippet:-1, max-image-preview:large, max-video-preview:-1\" \/>\n<link rel=\"canonical\" href=\"https:\/\/anivet.lt\/elparduotuve\/taisykles\/\" \/>\n<meta property=\"og:locale\" content=\"lt_LT\" \/>\n<meta property=\"og:type\" content=\"article\" \/>\n<meta property=\"og:title\" content=\"Taisykl\u0117s\" \/>\n<meta property=\"og:description\" content=\"1. BENDROSIOS NUOSTATOS 1.1. anivet.lt internetin\u0117je parduotuv\u0117je prekyba vykdoma vadovaujantis MB AniVet preki\u0173 pirkimo-pardavimo taisykl\u0117mis. 1.2.\" \/>\n<meta property=\"og:url\" content=\"https:\/\/anivet.lt\/elparduotuve\/taisykles\/\" \/>\n<meta property=\"og:site_name\" content=\"anivet.lt\" \/>\n<meta property=\"article:modified_time\" content=\"2024-09-13T22:46:20+00:00\" \/>\n<meta property=\"og:image\" content=\"https:\/\/anivet.lt\/elparduotuve\/wp-content\/uploads\/2023\/06\/zero-waste-homemade-dog-treats-trash-is-for-tossers-cropped-720x480-1.jpg\" \/>\n\t<meta property=\"og:image:width\" content=\"720\" \/>\n\t<meta property=\"og:image:height\" content=\"480\" \/>\n\t<meta property=\"og:image:type\" content=\"image\/jpeg\" \/>\n<meta name=\"twitter:card\" content=\"summary_large_image\" \/>\n<meta name=\"twitter:label1\" content=\"Est. reading time\" \/>\n\t<meta name=\"twitter:data1\" content=\"10 minu\u010di\u0173\" \/>\n<script type=\"application\/ld+json\" class=\"yoast-schema-graph\">{\"@context\":\"https:\\\/\\\/schema.org\",\"@graph\":[{\"@type\":\"WebPage\",\"@id\":\"https:\\\/\\\/anivet.lt\\\/elparduotuve\\\/taisykles\\\/\",\"url\":\"https:\\\/\\\/anivet.lt\\\/elparduotuve\\\/taisykles\\\/\",\"name\":\"Taisykl\u0117s - anivet.lt\",\"isPartOf\":{\"@id\":\"https:\\\/\\\/anivet.lt\\\/elparduotuve\\\/#website\"},\"datePublished\":\"2023-06-20T12:07:47+00:00\",\"dateModified\":\"2024-09-13T22:46:20+00:00\",\"description\":\"1. BENDROSIOS NUOSTATOS 1.1. anivet.lt internetin\u0117je parduotuv\u0117je prekyba vykdoma vadovaujantis MB AniVet preki\u0173 pirkimo-pardavimo taisykl\u0117mis. 1.2.\",\"breadcrumb\":{\"@id\":\"https:\\\/\\\/anivet.lt\\\/elparduotuve\\\/taisykles\\\/#breadcrumb\"},\"inLanguage\":\"lt-LT\",\"potentialAction\":[{\"@type\":\"ReadAction\",\"target\":[\"https:\\\/\\\/anivet.lt\\\/elparduotuve\\\/taisykles\\\/\"]}]},{\"@type\":\"BreadcrumbList\",\"@id\":\"https:\\\/\\\/anivet.lt\\\/elparduotuve\\\/taisykles\\\/#breadcrumb\",\"itemListElement\":[{\"@type\":\"ListItem\",\"position\":1,\"name\":\"Home\",\"item\":\"https:\\\/\\\/anivet.lt\\\/elparduotuve\\\/\"},{\"@type\":\"ListItem\",\"position\":2,\"name\":\"Taisykl\u0117s\"}]},{\"@type\":\"WebSite\",\"@id\":\"https:\\\/\\\/anivet.lt\\\/elparduotuve\\\/#website\",\"url\":\"https:\\\/\\\/anivet.lt\\\/elparduotuve\\\/\",\"name\":\"anivet.lt\",\"description\":\"Viskas J\u016bs\u0173 \u0161uns, kat\u0117s prie\u017ei\u016brai\",\"publisher\":{\"@id\":\"https:\\\/\\\/anivet.lt\\\/elparduotuve\\\/#organization\"},\"alternateName\":\"Viskas J\u016bs\u0173 \u0161uns, kat\u0117s prie\u017ei\u016brai\",\"potentialAction\":[{\"@type\":\"SearchAction\",\"target\":{\"@type\":\"EntryPoint\",\"urlTemplate\":\"https:\\\/\\\/anivet.lt\\\/elparduotuve\\\/?s={search_term_string}\"},\"query-input\":{\"@type\":\"PropertyValueSpecification\",\"valueRequired\":true,\"valueName\":\"search_term_string\"}}],\"inLanguage\":\"lt-LT\"},{\"@type\":\"Organization\",\"@id\":\"https:\\\/\\\/anivet.lt\\\/elparduotuve\\\/#organization\",\"name\":\"Viskas J\u016bs\u0173 \u0161uns, kat\u0117s prie\u017ei\u016brai\",\"url\":\"https:\\\/\\\/anivet.lt\\\/elparduotuve\\\/\",\"logo\":{\"@type\":\"ImageObject\",\"inLanguage\":\"lt-LT\",\"@id\":\"https:\\\/\\\/anivet.lt\\\/elparduotuve\\\/#\\\/schema\\\/logo\\\/image\\\/\",\"url\":\"https:\\\/\\\/anivet.lt\\\/elparduotuve\\\/wp-content\\\/uploads\\\/2023\\\/06\\\/logo2.jpg\",\"contentUrl\":\"https:\\\/\\\/anivet.lt\\\/elparduotuve\\\/wp-content\\\/uploads\\\/2023\\\/06\\\/logo2.jpg\",\"width\":655,\"height\":194,\"caption\":\"Viskas J\u016bs\u0173 \u0161uns, kat\u0117s prie\u017ei\u016brai\"},\"image\":{\"@id\":\"https:\\\/\\\/anivet.lt\\\/elparduotuve\\\/#\\\/schema\\\/logo\\\/image\\\/\"}}]}<\/script>\n<!-- \/ Yoast SEO Premium plugin. -->","yoast_head_json":{"title":"Taisykl\u0117s - anivet.lt","description":"1. BENDROSIOS NUOSTATOS 1.1. anivet.lt internetin\u0117je parduotuv\u0117je prekyba vykdoma vadovaujantis MB AniVet preki\u0173 pirkimo-pardavimo taisykl\u0117mis. 1.2.","robots":{"index":"index","follow":"follow","max-snippet":"max-snippet:-1","max-image-preview":"max-image-preview:large","max-video-preview":"max-video-preview:-1"},"canonical":"https:\/\/anivet.lt\/elparduotuve\/taisykles\/","og_locale":"lt_LT","og_type":"article","og_title":"Taisykl\u0117s","og_description":"1. BENDROSIOS NUOSTATOS 1.1. anivet.lt internetin\u0117je parduotuv\u0117je prekyba vykdoma vadovaujantis MB AniVet preki\u0173 pirkimo-pardavimo taisykl\u0117mis. 1.2.","og_url":"https:\/\/anivet.lt\/elparduotuve\/taisykles\/","og_site_name":"anivet.lt","article_modified_time":"2024-09-13T22:46:20+00:00","og_image":[{"width":720,"height":480,"url":"https:\/\/anivet.lt\/elparduotuve\/wp-content\/uploads\/2023\/06\/zero-waste-homemade-dog-treats-trash-is-for-tossers-cropped-720x480-1.jpg","type":"image\/jpeg"}],"twitter_card":"summary_large_image","twitter_misc":{"Est. reading time":"10 minu\u010di\u0173"},"schema":{"@context":"https:\/\/schema.org","@graph":[{"@type":"WebPage","@id":"https:\/\/anivet.lt\/elparduotuve\/taisykles\/","url":"https:\/\/anivet.lt\/elparduotuve\/taisykles\/","name":"Taisykl\u0117s - anivet.lt","isPartOf":{"@id":"https:\/\/anivet.lt\/elparduotuve\/#website"},"datePublished":"2023-06-20T12:07:47+00:00","dateModified":"2024-09-13T22:46:20+00:00","description":"1. BENDROSIOS NUOSTATOS 1.1. anivet.lt internetin\u0117je parduotuv\u0117je prekyba vykdoma vadovaujantis MB AniVet preki\u0173 pirkimo-pardavimo taisykl\u0117mis. 1.2.","breadcrumb":{"@id":"https:\/\/anivet.lt\/elparduotuve\/taisykles\/#breadcrumb"},"inLanguage":"lt-LT","potentialAction":[{"@type":"ReadAction","target":["https:\/\/anivet.lt\/elparduotuve\/taisykles\/"]}]},{"@type":"BreadcrumbList","@id":"https:\/\/anivet.lt\/elparduotuve\/taisykles\/#breadcrumb","itemListElement":[{"@type":"ListItem","position":1,"name":"Home","item":"https:\/\/anivet.lt\/elparduotuve\/"},{"@type":"ListItem","position":2,"name":"Taisykl\u0117s"}]},{"@type":"WebSite","@id":"https:\/\/anivet.lt\/elparduotuve\/#website","url":"https:\/\/anivet.lt\/elparduotuve\/","name":"anivet.lt","description":"Viskas J\u016bs\u0173 \u0161uns, kat\u0117s prie\u017ei\u016brai","publisher":{"@id":"https:\/\/anivet.lt\/elparduotuve\/#organization"},"alternateName":"Viskas J\u016bs\u0173 \u0161uns, kat\u0117s prie\u017ei\u016brai","potentialAction":[{"@type":"SearchAction","target":{"@type":"EntryPoint","urlTemplate":"https:\/\/anivet.lt\/elparduotuve\/?s={search_term_string}"},"query-input":{"@type":"PropertyValueSpecification","valueRequired":true,"valueName":"search_term_string"}}],"inLanguage":"lt-LT"},{"@type":"Organization","@id":"https:\/\/anivet.lt\/elparduotuve\/#organization","name":"Viskas J\u016bs\u0173 \u0161uns, kat\u0117s prie\u017ei\u016brai","url":"https:\/\/anivet.lt\/elparduotuve\/","logo":{"@type":"ImageObject","inLanguage":"lt-LT","@id":"https:\/\/anivet.lt\/elparduotuve\/#\/schema\/logo\/image\/","url":"https:\/\/anivet.lt\/elparduotuve\/wp-content\/uploads\/2023\/06\/logo2.jpg","contentUrl":"https:\/\/anivet.lt\/elparduotuve\/wp-content\/uploads\/2023\/06\/logo2.jpg","width":655,"height":194,"caption":"Viskas J\u016bs\u0173 \u0161uns, kat\u0117s prie\u017ei\u016brai"},"image":{"@id":"https:\/\/anivet.lt\/elparduotuve\/#\/schema\/logo\/image\/"}}]}},"_links":{"self":[{"href":"https:\/\/anivet.lt\/elparduotuve\/wp-json\/wp\/v2\/pages\/9813","targetHints":{"allow":["GET"]}}],"collection":[{"href":"https:\/\/anivet.lt\/elparduotuve\/wp-json\/wp\/v2\/pages"}],"about":[{"href":"https:\/\/anivet.lt\/elparduotuve\/wp-json\/wp\/v2\/types\/page"}],"author":[{"embeddable":true,"href":"https:\/\/anivet.lt\/elparduotuve\/wp-json\/wp\/v2\/users\/1"}],"replies":[{"embeddable":true,"href":"https:\/\/anivet.lt\/elparduotuve\/wp-json\/wp\/v2\/comments?post=9813"}],"version-history":[{"count":0,"href":"https:\/\/anivet.lt\/elparduotuve\/wp-json\/wp\/v2\/pages\/9813\/revisions"}],"wp:attachment":[{"href":"https:\/\/anivet.lt\/elparduotuve\/wp-json\/wp\/v2\/media?parent=9813"}],"curies":[{"name":"wp","href":"https:\/\/api.w.org\/{rel}","templated":true}]}}