{"id":10400,"date":"2023-07-19T05:17:51","date_gmt":"2023-07-19T05:17:51","guid":{"rendered":"https:\/\/anivet.lt\/elparduotuve\/?post_type=product&#038;p=10400"},"modified":"2025-05-27T13:27:47","modified_gmt":"2025-05-27T13:27:47","slug":"dental-care-stick-180-g","status":"publish","type":"product","link":"https:\/\/anivet.lt\/elparduotuve\/produktas\/dental-care-stick-180-g\/","title":{"rendered":"Advance Dental care stick 180 g"},"content":{"rendered":"<ul>\n<li style=\"font-weight: 400;\" aria-level=\"1\"><span style=\"font-weight: 400;\">Trigubo poveikio formul\u0117: Pa\u0161alina maisto liku\u010dius, riboja apna\u0161\u0173 susidarym\u0105 ir saugo nuo dant\u0173 akmen\u0173.<\/span><\/li>\n<li style=\"font-weight: 400;\" aria-level=\"1\"><span style=\"font-weight: 400;\">Speciali forma: Patogi strukt\u016bra, efektyviai valanti tarpdan\u010dius ir u\u017etikrinanti geresn\u0119 burnos higien\u0105.<\/span><\/li>\n<li style=\"font-weight: 400;\" aria-level=\"1\"><span style=\"font-weight: 400;\">Pirofosfatai: Padeda i\u0161vengti dant\u0173 akmen\u0173 susidarymo ir i\u0161laikyti dant\u0173 baltum\u0105.<\/span><\/li>\n<li style=\"font-weight: 400;\" aria-level=\"1\"><span style=\"font-weight: 400;\">Klini\u0161kai \u012frodyti rezultatai: Pastebimas poveikis jau per 1 m\u0117nes\u012f naudojimo.<\/span><\/li>\n<li style=\"font-weight: 400;\" aria-level=\"1\"><span style=\"font-weight: 400;\">Papildytas cinku ir vitaminu C: Stiprina dantenas ir skatina bendr\u0105 burnos sveikat\u0105.<\/span><\/li>\n<\/ul>\n<p><span style=\"font-weight: 400;\">\u201eAdvance Dental Care Stick\u201d yra ne tik veiksmingas, bet ir gardus u\u017ekandis, kur\u012f j\u016bs\u0173 \u0161uo mielai kramtys. Tai kasdien\u0117 pagalba, u\u017etikrinanti \u0161uns burnos sveikat\u0105 ir komfort\u0105.<\/span><\/p>\n","protected":false},"excerpt":{"rendered":"<p><span style=\"font-weight: 400;\">Unikalus skan\u0117stas, sukurtas siekiant palaikyti j\u016bs\u0173 \u0161uns burnos higien\u0105 ir u\u017etikrinti sveikus dantis. \u0160is trigubo poveikio produktas yra tinkamas vidutini\u0173 ir dideli\u0173 veisli\u0173 \u0161unims, padedantis efektyviai kovoti su apna\u0161omis ir dant\u0173 akmenimis.<\/span><\/p>\n","protected":false},"featured_media":14217,"template":"","meta":[],"product_brand":[],"product_cat":[101,103,106,316],"product_tag":[],"class_list":{"0":"post-10400","1":"product","2":"type-product","3":"status-publish","4":"has-post-thumbnail","6":"product_cat-sunims","7":"product_cat-sunu-maistas","8":"product_cat-skanestai","9":"product_cat-advance-sunu-maistas","10":"pa_prekinis-zenklas-advance","12":"first","13":"instock","14":"taxable","15":"shipping-taxable","16":"purchasable","17":"product-type-simple"},"yoast_head":"<!-- This site is optimized with the Yoast SEO Premium plugin v27.1 (Yoast SEO v27.5) - https:\/\/yoast.com\/product\/yoast-seo-premium-wordpress\/ -->\n<title>Advance Dental care stick 180 g - anivet.lt<\/title>\n<meta name=\"description\" content=\"Unikalus skan\u0117stas, sukurtas siekiant palaikyti j\u016bs\u0173 \u0161uns burnos higien\u0105 ir u\u017etikrinti sveikus dantis. \u0160is trigubo poveikio produktas yra tinkamas vidutini\u0173 ir dideli\u0173 veisli\u0173 \u0161unims, padedantis efektyviai kovoti su apna\u0161omis ir dant\u0173 akmenimis.\" \/>\n<meta name=\"robots\" content=\"index, follow, max-snippet:-1, max-image-preview:large, max-video-preview:-1\" \/>\n<link rel=\"canonical\" href=\"https:\/\/anivet.lt\/elparduotuve\/produktas\/dental-care-stick-180-g\/\" \/>\n<meta property=\"og:locale\" content=\"lt_LT\" \/>\n<meta property=\"og:type\" content=\"article\" \/>\n<meta property=\"og:title\" content=\"Advance Dental care stick 180 g\" \/>\n<meta property=\"og:description\" content=\"Unikalus skan\u0117stas, sukurtas siekiant palaikyti j\u016bs\u0173 \u0161uns burnos higien\u0105 ir u\u017etikrinti sveikus dantis. \u0160is trigubo poveikio produktas yra tinkamas vidutini\u0173 ir dideli\u0173 veisli\u0173 \u0161unims, padedantis efektyviai kovoti su apna\u0161omis ir dant\u0173 akmenimis.\" \/>\n<meta property=\"og:url\" content=\"https:\/\/anivet.lt\/elparduotuve\/produktas\/dental-care-stick-180-g\/\" \/>\n<meta property=\"og:site_name\" content=\"anivet.lt\" \/>\n<meta property=\"article:modified_time\" content=\"2025-05-27T13:27:47+00:00\" \/>\n<meta property=\"og:image\" content=\"https:\/\/anivet.lt\/elparduotuve\/wp-content\/uploads\/2023\/07\/Advance-dental-care-stick-180g.png\" \/>\n\t<meta property=\"og:image:width\" content=\"450\" \/>\n\t<meta property=\"og:image:height\" content=\"770\" \/>\n\t<meta property=\"og:image:type\" content=\"image\/png\" \/>\n<meta name=\"twitter:card\" content=\"summary_large_image\" \/>\n<meta name=\"twitter:label1\" content=\"Est. reading time\" \/>\n\t<meta name=\"twitter:data1\" content=\"1 minut\u0117\" \/>\n<script type=\"application\/ld+json\" class=\"yoast-schema-graph\">{\"@context\":\"https:\\\/\\\/schema.org\",\"@graph\":[{\"@type\":\"WebPage\",\"@id\":\"https:\\\/\\\/anivet.lt\\\/elparduotuve\\\/produktas\\\/dental-care-stick-180-g\\\/\",\"url\":\"https:\\\/\\\/anivet.lt\\\/elparduotuve\\\/produktas\\\/dental-care-stick-180-g\\\/\",\"name\":\"Advance Dental care stick 180 g - anivet.lt\",\"isPartOf\":{\"@id\":\"https:\\\/\\\/anivet.lt\\\/elparduotuve\\\/#website\"},\"primaryImageOfPage\":{\"@id\":\"https:\\\/\\\/anivet.lt\\\/elparduotuve\\\/produktas\\\/dental-care-stick-180-g\\\/#primaryimage\"},\"image\":{\"@id\":\"https:\\\/\\\/anivet.lt\\\/elparduotuve\\\/produktas\\\/dental-care-stick-180-g\\\/#primaryimage\"},\"thumbnailUrl\":\"https:\\\/\\\/anivet.lt\\\/elparduotuve\\\/wp-content\\\/uploads\\\/2023\\\/07\\\/Advance-dental-care-stick-180g.png\",\"datePublished\":\"2023-07-19T05:17:51+00:00\",\"dateModified\":\"2025-05-27T13:27:47+00:00\",\"description\":\"Unikalus skan\u0117stas, sukurtas siekiant palaikyti j\u016bs\u0173 \u0161uns burnos higien\u0105 ir u\u017etikrinti sveikus dantis. \u0160is trigubo poveikio produktas yra tinkamas vidutini\u0173 ir dideli\u0173 veisli\u0173 \u0161unims, padedantis efektyviai kovoti su apna\u0161omis ir dant\u0173 akmenimis.\",\"breadcrumb\":{\"@id\":\"https:\\\/\\\/anivet.lt\\\/elparduotuve\\\/produktas\\\/dental-care-stick-180-g\\\/#breadcrumb\"},\"inLanguage\":\"lt-LT\",\"potentialAction\":[{\"@type\":\"ReadAction\",\"target\":[\"https:\\\/\\\/anivet.lt\\\/elparduotuve\\\/produktas\\\/dental-care-stick-180-g\\\/\"]}]},{\"@type\":\"ImageObject\",\"inLanguage\":\"lt-LT\",\"@id\":\"https:\\\/\\\/anivet.lt\\\/elparduotuve\\\/produktas\\\/dental-care-stick-180-g\\\/#primaryimage\",\"url\":\"https:\\\/\\\/anivet.lt\\\/elparduotuve\\\/wp-content\\\/uploads\\\/2023\\\/07\\\/Advance-dental-care-stick-180g.png\",\"contentUrl\":\"https:\\\/\\\/anivet.lt\\\/elparduotuve\\\/wp-content\\\/uploads\\\/2023\\\/07\\\/Advance-dental-care-stick-180g.png\",\"width\":450,\"height\":770,\"caption\":\"Advance Dental care stick 180 g\"},{\"@type\":\"BreadcrumbList\",\"@id\":\"https:\\\/\\\/anivet.lt\\\/elparduotuve\\\/produktas\\\/dental-care-stick-180-g\\\/#breadcrumb\",\"itemListElement\":[{\"@type\":\"ListItem\",\"position\":1,\"name\":\"Home\",\"item\":\"https:\\\/\\\/anivet.lt\\\/elparduotuve\\\/\"},{\"@type\":\"ListItem\",\"position\":2,\"name\":\"Produktai\",\"item\":\"https:\\\/\\\/anivet.lt\\\/elparduotuve\\\/produktai\\\/\"},{\"@type\":\"ListItem\",\"position\":3,\"name\":\"Advance Dental care stick 180 g\"}]},{\"@type\":\"WebSite\",\"@id\":\"https:\\\/\\\/anivet.lt\\\/elparduotuve\\\/#website\",\"url\":\"https:\\\/\\\/anivet.lt\\\/elparduotuve\\\/\",\"name\":\"anivet.lt\",\"description\":\"Viskas J\u016bs\u0173 \u0161uns, kat\u0117s prie\u017ei\u016brai\",\"publisher\":{\"@id\":\"https:\\\/\\\/anivet.lt\\\/elparduotuve\\\/#organization\"},\"alternateName\":\"Viskas J\u016bs\u0173 \u0161uns, kat\u0117s prie\u017ei\u016brai\",\"potentialAction\":[{\"@type\":\"SearchAction\",\"target\":{\"@type\":\"EntryPoint\",\"urlTemplate\":\"https:\\\/\\\/anivet.lt\\\/elparduotuve\\\/?s={search_term_string}\"},\"query-input\":{\"@type\":\"PropertyValueSpecification\",\"valueRequired\":true,\"valueName\":\"search_term_string\"}}],\"inLanguage\":\"lt-LT\"},{\"@type\":\"Organization\",\"@id\":\"https:\\\/\\\/anivet.lt\\\/elparduotuve\\\/#organization\",\"name\":\"Viskas J\u016bs\u0173 \u0161uns, kat\u0117s prie\u017ei\u016brai\",\"url\":\"https:\\\/\\\/anivet.lt\\\/elparduotuve\\\/\",\"logo\":{\"@type\":\"ImageObject\",\"inLanguage\":\"lt-LT\",\"@id\":\"https:\\\/\\\/anivet.lt\\\/elparduotuve\\\/#\\\/schema\\\/logo\\\/image\\\/\",\"url\":\"https:\\\/\\\/anivet.lt\\\/elparduotuve\\\/wp-content\\\/uploads\\\/2023\\\/06\\\/logo2.jpg\",\"contentUrl\":\"https:\\\/\\\/anivet.lt\\\/elparduotuve\\\/wp-content\\\/uploads\\\/2023\\\/06\\\/logo2.jpg\",\"width\":655,\"height\":194,\"caption\":\"Viskas J\u016bs\u0173 \u0161uns, kat\u0117s prie\u017ei\u016brai\"},\"image\":{\"@id\":\"https:\\\/\\\/anivet.lt\\\/elparduotuve\\\/#\\\/schema\\\/logo\\\/image\\\/\"}}]}<\/script>\n<!-- \/ Yoast SEO Premium plugin. -->","yoast_head_json":{"title":"Advance Dental care stick 180 g - anivet.lt","description":"Unikalus skan\u0117stas, sukurtas siekiant palaikyti j\u016bs\u0173 \u0161uns burnos higien\u0105 ir u\u017etikrinti sveikus dantis. \u0160is trigubo poveikio produktas yra tinkamas vidutini\u0173 ir dideli\u0173 veisli\u0173 \u0161unims, padedantis efektyviai kovoti su apna\u0161omis ir dant\u0173 akmenimis.","robots":{"index":"index","follow":"follow","max-snippet":"max-snippet:-1","max-image-preview":"max-image-preview:large","max-video-preview":"max-video-preview:-1"},"canonical":"https:\/\/anivet.lt\/elparduotuve\/produktas\/dental-care-stick-180-g\/","og_locale":"lt_LT","og_type":"article","og_title":"Advance Dental care stick 180 g","og_description":"Unikalus skan\u0117stas, sukurtas siekiant palaikyti j\u016bs\u0173 \u0161uns burnos higien\u0105 ir u\u017etikrinti sveikus dantis. \u0160is trigubo poveikio produktas yra tinkamas vidutini\u0173 ir dideli\u0173 veisli\u0173 \u0161unims, padedantis efektyviai kovoti su apna\u0161omis ir dant\u0173 akmenimis.","og_url":"https:\/\/anivet.lt\/elparduotuve\/produktas\/dental-care-stick-180-g\/","og_site_name":"anivet.lt","article_modified_time":"2025-05-27T13:27:47+00:00","og_image":[{"width":450,"height":770,"url":"https:\/\/anivet.lt\/elparduotuve\/wp-content\/uploads\/2023\/07\/Advance-dental-care-stick-180g.png","type":"image\/png"}],"twitter_card":"summary_large_image","twitter_misc":{"Est. reading time":"1 minut\u0117"},"schema":{"@context":"https:\/\/schema.org","@graph":[{"@type":"WebPage","@id":"https:\/\/anivet.lt\/elparduotuve\/produktas\/dental-care-stick-180-g\/","url":"https:\/\/anivet.lt\/elparduotuve\/produktas\/dental-care-stick-180-g\/","name":"Advance Dental care stick 180 g - anivet.lt","isPartOf":{"@id":"https:\/\/anivet.lt\/elparduotuve\/#website"},"primaryImageOfPage":{"@id":"https:\/\/anivet.lt\/elparduotuve\/produktas\/dental-care-stick-180-g\/#primaryimage"},"image":{"@id":"https:\/\/anivet.lt\/elparduotuve\/produktas\/dental-care-stick-180-g\/#primaryimage"},"thumbnailUrl":"https:\/\/anivet.lt\/elparduotuve\/wp-content\/uploads\/2023\/07\/Advance-dental-care-stick-180g.png","datePublished":"2023-07-19T05:17:51+00:00","dateModified":"2025-05-27T13:27:47+00:00","description":"Unikalus skan\u0117stas, sukurtas siekiant palaikyti j\u016bs\u0173 \u0161uns burnos higien\u0105 ir u\u017etikrinti sveikus dantis. \u0160is trigubo poveikio produktas yra tinkamas vidutini\u0173 ir dideli\u0173 veisli\u0173 \u0161unims, padedantis efektyviai kovoti su apna\u0161omis ir dant\u0173 akmenimis.","breadcrumb":{"@id":"https:\/\/anivet.lt\/elparduotuve\/produktas\/dental-care-stick-180-g\/#breadcrumb"},"inLanguage":"lt-LT","potentialAction":[{"@type":"ReadAction","target":["https:\/\/anivet.lt\/elparduotuve\/produktas\/dental-care-stick-180-g\/"]}]},{"@type":"ImageObject","inLanguage":"lt-LT","@id":"https:\/\/anivet.lt\/elparduotuve\/produktas\/dental-care-stick-180-g\/#primaryimage","url":"https:\/\/anivet.lt\/elparduotuve\/wp-content\/uploads\/2023\/07\/Advance-dental-care-stick-180g.png","contentUrl":"https:\/\/anivet.lt\/elparduotuve\/wp-content\/uploads\/2023\/07\/Advance-dental-care-stick-180g.png","width":450,"height":770,"caption":"Advance Dental care stick 180 g"},{"@type":"BreadcrumbList","@id":"https:\/\/anivet.lt\/elparduotuve\/produktas\/dental-care-stick-180-g\/#breadcrumb","itemListElement":[{"@type":"ListItem","position":1,"name":"Home","item":"https:\/\/anivet.lt\/elparduotuve\/"},{"@type":"ListItem","position":2,"name":"Produktai","item":"https:\/\/anivet.lt\/elparduotuve\/produktai\/"},{"@type":"ListItem","position":3,"name":"Advance Dental care stick 180 g"}]},{"@type":"WebSite","@id":"https:\/\/anivet.lt\/elparduotuve\/#website","url":"https:\/\/anivet.lt\/elparduotuve\/","name":"anivet.lt","description":"Viskas J\u016bs\u0173 \u0161uns, kat\u0117s prie\u017ei\u016brai","publisher":{"@id":"https:\/\/anivet.lt\/elparduotuve\/#organization"},"alternateName":"Viskas J\u016bs\u0173 \u0161uns, kat\u0117s prie\u017ei\u016brai","potentialAction":[{"@type":"SearchAction","target":{"@type":"EntryPoint","urlTemplate":"https:\/\/anivet.lt\/elparduotuve\/?s={search_term_string}"},"query-input":{"@type":"PropertyValueSpecification","valueRequired":true,"valueName":"search_term_string"}}],"inLanguage":"lt-LT"},{"@type":"Organization","@id":"https:\/\/anivet.lt\/elparduotuve\/#organization","name":"Viskas J\u016bs\u0173 \u0161uns, kat\u0117s prie\u017ei\u016brai","url":"https:\/\/anivet.lt\/elparduotuve\/","logo":{"@type":"ImageObject","inLanguage":"lt-LT","@id":"https:\/\/anivet.lt\/elparduotuve\/#\/schema\/logo\/image\/","url":"https:\/\/anivet.lt\/elparduotuve\/wp-content\/uploads\/2023\/06\/logo2.jpg","contentUrl":"https:\/\/anivet.lt\/elparduotuve\/wp-content\/uploads\/2023\/06\/logo2.jpg","width":655,"height":194,"caption":"Viskas J\u016bs\u0173 \u0161uns, kat\u0117s prie\u017ei\u016brai"},"image":{"@id":"https:\/\/anivet.lt\/elparduotuve\/#\/schema\/logo\/image\/"}}]}},"_links":{"self":[{"href":"https:\/\/anivet.lt\/elparduotuve\/wp-json\/wp\/v2\/product\/10400","targetHints":{"allow":["GET"]}}],"collection":[{"href":"https:\/\/anivet.lt\/elparduotuve\/wp-json\/wp\/v2\/product"}],"about":[{"href":"https:\/\/anivet.lt\/elparduotuve\/wp-json\/wp\/v2\/types\/product"}],"wp:featuredmedia":[{"embeddable":true,"href":"https:\/\/anivet.lt\/elparduotuve\/wp-json\/wp\/v2\/media\/14217"}],"wp:attachment":[{"href":"https:\/\/anivet.lt\/elparduotuve\/wp-json\/wp\/v2\/media?parent=10400"}],"wp:term":[{"taxonomy":"product_brand","embeddable":true,"href":"https:\/\/anivet.lt\/elparduotuve\/wp-json\/wp\/v2\/product_brand?post=10400"},{"taxonomy":"product_cat","embeddable":true,"href":"https:\/\/anivet.lt\/elparduotuve\/wp-json\/wp\/v2\/product_cat?post=10400"},{"taxonomy":"product_tag","embeddable":true,"href":"https:\/\/anivet.lt\/elparduotuve\/wp-json\/wp\/v2\/product_tag?post=10400"}],"curies":[{"name":"wp","href":"https:\/\/api.w.org\/{rel}","templated":true}]}}