{"id":10441,"date":"2023-07-19T08:56:47","date_gmt":"2023-07-19T08:56:47","guid":{"rendered":"https:\/\/anivet.lt\/elparduotuve\/?post_type=product&#038;p=10441"},"modified":"2026-03-20T14:55:48","modified_gmt":"2026-03-20T14:55:48","slug":"articular-senior-dog-12-kg","status":"publish","type":"product","link":"https:\/\/anivet.lt\/elparduotuve\/produktas\/articular-senior-dog-12-kg\/","title":{"rendered":"Advance Articular Senior Dog 12 kg"},"content":{"rendered":"<ul>\n<li style=\"font-weight: 400;\" aria-level=\"1\"><span style=\"font-weight: 400;\">Hidrolizuotas kolagenas: Prisideda prie s\u0105nari\u0173 kremzli\u0173 regeneracijos, gerinant s\u0105nari\u0173 funkcionalum\u0105.<\/span><\/li>\n<li style=\"font-weight: 400;\" aria-level=\"1\"><span style=\"font-weight: 400;\">Hialurono r\u016bg\u0161tis ir Omega-3 bei Omega-6 riebal\u0173 r\u016bg\u0161tys: Ma\u017eina u\u017edegim\u0105 ir palaiko s\u0105nari\u0173 lankstum\u0105.<\/span><\/li>\n<li style=\"font-weight: 400;\" aria-level=\"1\"><span style=\"font-weight: 400;\">Gliukozaminas ir chondroitinas: Padeda suma\u017einti s\u0105nari\u0173 nusid\u0117v\u0117jim\u0105 ir skatina j\u0173 sveikatinim\u0105.<\/span><\/li>\n<li style=\"font-weight: 400;\" aria-level=\"1\"><span style=\"font-weight: 400;\">Citrin\u0173 verbenos ekstraktas ir leucinas: Veikia kaip antioksidantai ir palaiko raumen\u0173 mas\u0117s regeneracij\u0105.<\/span><\/li>\n<li style=\"font-weight: 400;\" aria-level=\"1\"><span style=\"font-weight: 400;\">Lengvai vir\u0161kinami ingredientai: Virti ry\u017eiai ir hidrolizuoti gyv\u016bniniai baltymai u\u017etikrina puik\u0173 maistini\u0173 med\u017eiag\u0173 \u012fsisavinim\u0105.<\/span><\/li>\n<\/ul>\n<p><span style=\"font-weight: 400;\">\u0160is pa\u0161aras ne tik skatina s\u0105nari\u0173 sveikat\u0105, bet ir padeda palaikyti optimal\u0173 k\u016bno svor\u012f bei raumen\u0173 mas\u0119 vyresniems \u0161unims. Jo specialiai subalansuota sud\u0117tis suteikia visas b\u016btinas maistines med\u017eiagas, ma\u017eina s\u0105nari\u0173 apkrov\u0105 ir u\u017etikrina geresn\u012f judrum\u0105. <\/span><\/p>\n","protected":false},"excerpt":{"rendered":"<p><span style=\"font-weight: 400;\">Specialiai sukurtas visavertis ir subalansuotas pa\u0161aras, skirtas vyresniems nei 7 met\u0173 \u0161unims. Unikali formul\u0117 padeda i\u0161saugoti s\u0105nari\u0173 sveikat\u0105 ir judrum\u0105, taip pat skatina raumen\u0173 mas\u0117s palaikym\u0105. Klinikiniai tyrimai rodo, kad 66% \u0161un\u0173 pager\u0117ja jud\u0117jimas vos per 2 m\u0117nesius.<\/span><\/p>\n","protected":false},"featured_media":16656,"template":"","meta":[],"product_brand":[],"product_cat":[101,103,316,107],"product_tag":[],"class_list":{"0":"post-10441","1":"product","2":"type-product","3":"status-publish","4":"has-post-thumbnail","6":"product_cat-sunims","7":"product_cat-sunu-maistas","8":"product_cat-advance-sunu-maistas","9":"product_cat-veterinarine-dieta","10":"pa_prekinis-zenklas-advance","12":"first","13":"outofstock","14":"taxable","15":"shipping-taxable","16":"purchasable","17":"product-type-simple"},"yoast_head":"<!-- This site is optimized with the Yoast SEO Premium plugin v27.1 (Yoast SEO v27.3) - https:\/\/yoast.com\/product\/yoast-seo-premium-wordpress\/ -->\n<title>Advance Articular Senior Dog 12 kg - anivet.lt<\/title>\n<meta name=\"description\" content=\"Specialiai sukurtas visavertis ir subalansuotas pa\u0161aras, skirtas vyresniems nei 7 met\u0173 \u0161unims. Unikali formul\u0117 padeda i\u0161saugoti s\u0105nari\u0173 sveikat\u0105 ir judrum\u0105, taip pat skatina raumen\u0173 mas\u0117s palaikym\u0105. Klinikiniai tyrimai rodo, kad 66% \u0161un\u0173 pager\u0117ja jud\u0117jimas vos per 2 m\u0117nesius.\" \/>\n<meta name=\"robots\" content=\"index, follow, max-snippet:-1, max-image-preview:large, max-video-preview:-1\" \/>\n<link rel=\"canonical\" href=\"https:\/\/anivet.lt\/elparduotuve\/produktas\/articular-senior-dog-12-kg\/\" \/>\n<meta property=\"og:locale\" content=\"lt_LT\" \/>\n<meta property=\"og:type\" content=\"article\" \/>\n<meta property=\"og:title\" content=\"Advance Articular Senior Dog 12 kg\" \/>\n<meta property=\"og:description\" content=\"Specialiai sukurtas visavertis ir subalansuotas pa\u0161aras, skirtas vyresniems nei 7 met\u0173 \u0161unims. Unikali formul\u0117 padeda i\u0161saugoti s\u0105nari\u0173 sveikat\u0105 ir judrum\u0105, taip pat skatina raumen\u0173 mas\u0117s palaikym\u0105. Klinikiniai tyrimai rodo, kad 66% \u0161un\u0173 pager\u0117ja jud\u0117jimas vos per 2 m\u0117nesius.\" \/>\n<meta property=\"og:url\" content=\"https:\/\/anivet.lt\/elparduotuve\/produktas\/articular-senior-dog-12-kg\/\" \/>\n<meta property=\"og:site_name\" content=\"anivet.lt\" \/>\n<meta property=\"article:modified_time\" content=\"2026-03-20T14:55:48+00:00\" \/>\n<meta property=\"og:image\" content=\"https:\/\/anivet.lt\/elparduotuve\/wp-content\/uploads\/2023\/07\/Articular-Senior-Dog-12-kg.jpg\" \/>\n\t<meta property=\"og:image:width\" content=\"1000\" \/>\n\t<meta property=\"og:image:height\" content=\"1059\" \/>\n\t<meta property=\"og:image:type\" content=\"image\/jpeg\" \/>\n<meta name=\"twitter:card\" content=\"summary_large_image\" \/>\n<meta name=\"twitter:label1\" content=\"Est. reading time\" \/>\n\t<meta name=\"twitter:data1\" content=\"1 minut\u0117\" \/>\n<script type=\"application\/ld+json\" class=\"yoast-schema-graph\">{\"@context\":\"https:\\\/\\\/schema.org\",\"@graph\":[{\"@type\":\"WebPage\",\"@id\":\"https:\\\/\\\/anivet.lt\\\/elparduotuve\\\/produktas\\\/articular-senior-dog-12-kg\\\/\",\"url\":\"https:\\\/\\\/anivet.lt\\\/elparduotuve\\\/produktas\\\/articular-senior-dog-12-kg\\\/\",\"name\":\"Advance Articular Senior Dog 12 kg - anivet.lt\",\"isPartOf\":{\"@id\":\"https:\\\/\\\/anivet.lt\\\/elparduotuve\\\/#website\"},\"primaryImageOfPage\":{\"@id\":\"https:\\\/\\\/anivet.lt\\\/elparduotuve\\\/produktas\\\/articular-senior-dog-12-kg\\\/#primaryimage\"},\"image\":{\"@id\":\"https:\\\/\\\/anivet.lt\\\/elparduotuve\\\/produktas\\\/articular-senior-dog-12-kg\\\/#primaryimage\"},\"thumbnailUrl\":\"https:\\\/\\\/anivet.lt\\\/elparduotuve\\\/wp-content\\\/uploads\\\/2023\\\/07\\\/Articular-Senior-Dog-12-kg.jpg\",\"datePublished\":\"2023-07-19T08:56:47+00:00\",\"dateModified\":\"2026-03-20T14:55:48+00:00\",\"description\":\"Specialiai sukurtas visavertis ir subalansuotas pa\u0161aras, skirtas vyresniems nei 7 met\u0173 \u0161unims. Unikali formul\u0117 padeda i\u0161saugoti s\u0105nari\u0173 sveikat\u0105 ir judrum\u0105, taip pat skatina raumen\u0173 mas\u0117s palaikym\u0105. Klinikiniai tyrimai rodo, kad 66% \u0161un\u0173 pager\u0117ja jud\u0117jimas vos per 2 m\u0117nesius.\",\"breadcrumb\":{\"@id\":\"https:\\\/\\\/anivet.lt\\\/elparduotuve\\\/produktas\\\/articular-senior-dog-12-kg\\\/#breadcrumb\"},\"inLanguage\":\"lt-LT\",\"potentialAction\":[{\"@type\":\"ReadAction\",\"target\":[\"https:\\\/\\\/anivet.lt\\\/elparduotuve\\\/produktas\\\/articular-senior-dog-12-kg\\\/\"]}]},{\"@type\":\"ImageObject\",\"inLanguage\":\"lt-LT\",\"@id\":\"https:\\\/\\\/anivet.lt\\\/elparduotuve\\\/produktas\\\/articular-senior-dog-12-kg\\\/#primaryimage\",\"url\":\"https:\\\/\\\/anivet.lt\\\/elparduotuve\\\/wp-content\\\/uploads\\\/2023\\\/07\\\/Articular-Senior-Dog-12-kg.jpg\",\"contentUrl\":\"https:\\\/\\\/anivet.lt\\\/elparduotuve\\\/wp-content\\\/uploads\\\/2023\\\/07\\\/Articular-Senior-Dog-12-kg.jpg\",\"width\":1000,\"height\":1059,\"caption\":\"Advance Articular Senior Dog 12 kg\"},{\"@type\":\"BreadcrumbList\",\"@id\":\"https:\\\/\\\/anivet.lt\\\/elparduotuve\\\/produktas\\\/articular-senior-dog-12-kg\\\/#breadcrumb\",\"itemListElement\":[{\"@type\":\"ListItem\",\"position\":1,\"name\":\"Home\",\"item\":\"https:\\\/\\\/anivet.lt\\\/elparduotuve\\\/\"},{\"@type\":\"ListItem\",\"position\":2,\"name\":\"Produktai\",\"item\":\"https:\\\/\\\/anivet.lt\\\/elparduotuve\\\/produktai\\\/\"},{\"@type\":\"ListItem\",\"position\":3,\"name\":\"Advance Articular Senior Dog 12 kg\"}]},{\"@type\":\"WebSite\",\"@id\":\"https:\\\/\\\/anivet.lt\\\/elparduotuve\\\/#website\",\"url\":\"https:\\\/\\\/anivet.lt\\\/elparduotuve\\\/\",\"name\":\"anivet.lt\",\"description\":\"Viskas J\u016bs\u0173 \u0161uns, kat\u0117s prie\u017ei\u016brai\",\"publisher\":{\"@id\":\"https:\\\/\\\/anivet.lt\\\/elparduotuve\\\/#organization\"},\"alternateName\":\"Viskas J\u016bs\u0173 \u0161uns, kat\u0117s prie\u017ei\u016brai\",\"potentialAction\":[{\"@type\":\"SearchAction\",\"target\":{\"@type\":\"EntryPoint\",\"urlTemplate\":\"https:\\\/\\\/anivet.lt\\\/elparduotuve\\\/?s={search_term_string}\"},\"query-input\":{\"@type\":\"PropertyValueSpecification\",\"valueRequired\":true,\"valueName\":\"search_term_string\"}}],\"inLanguage\":\"lt-LT\"},{\"@type\":\"Organization\",\"@id\":\"https:\\\/\\\/anivet.lt\\\/elparduotuve\\\/#organization\",\"name\":\"Viskas J\u016bs\u0173 \u0161uns, kat\u0117s prie\u017ei\u016brai\",\"url\":\"https:\\\/\\\/anivet.lt\\\/elparduotuve\\\/\",\"logo\":{\"@type\":\"ImageObject\",\"inLanguage\":\"lt-LT\",\"@id\":\"https:\\\/\\\/anivet.lt\\\/elparduotuve\\\/#\\\/schema\\\/logo\\\/image\\\/\",\"url\":\"https:\\\/\\\/anivet.lt\\\/elparduotuve\\\/wp-content\\\/uploads\\\/2023\\\/06\\\/logo2.jpg\",\"contentUrl\":\"https:\\\/\\\/anivet.lt\\\/elparduotuve\\\/wp-content\\\/uploads\\\/2023\\\/06\\\/logo2.jpg\",\"width\":655,\"height\":194,\"caption\":\"Viskas J\u016bs\u0173 \u0161uns, kat\u0117s prie\u017ei\u016brai\"},\"image\":{\"@id\":\"https:\\\/\\\/anivet.lt\\\/elparduotuve\\\/#\\\/schema\\\/logo\\\/image\\\/\"}}]}<\/script>\n<!-- \/ Yoast SEO Premium plugin. -->","yoast_head_json":{"title":"Advance Articular Senior Dog 12 kg - anivet.lt","description":"Specialiai sukurtas visavertis ir subalansuotas pa\u0161aras, skirtas vyresniems nei 7 met\u0173 \u0161unims. Unikali formul\u0117 padeda i\u0161saugoti s\u0105nari\u0173 sveikat\u0105 ir judrum\u0105, taip pat skatina raumen\u0173 mas\u0117s palaikym\u0105. Klinikiniai tyrimai rodo, kad 66% \u0161un\u0173 pager\u0117ja jud\u0117jimas vos per 2 m\u0117nesius.","robots":{"index":"index","follow":"follow","max-snippet":"max-snippet:-1","max-image-preview":"max-image-preview:large","max-video-preview":"max-video-preview:-1"},"canonical":"https:\/\/anivet.lt\/elparduotuve\/produktas\/articular-senior-dog-12-kg\/","og_locale":"lt_LT","og_type":"article","og_title":"Advance Articular Senior Dog 12 kg","og_description":"Specialiai sukurtas visavertis ir subalansuotas pa\u0161aras, skirtas vyresniems nei 7 met\u0173 \u0161unims. Unikali formul\u0117 padeda i\u0161saugoti s\u0105nari\u0173 sveikat\u0105 ir judrum\u0105, taip pat skatina raumen\u0173 mas\u0117s palaikym\u0105. Klinikiniai tyrimai rodo, kad 66% \u0161un\u0173 pager\u0117ja jud\u0117jimas vos per 2 m\u0117nesius.","og_url":"https:\/\/anivet.lt\/elparduotuve\/produktas\/articular-senior-dog-12-kg\/","og_site_name":"anivet.lt","article_modified_time":"2026-03-20T14:55:48+00:00","og_image":[{"width":1000,"height":1059,"url":"https:\/\/anivet.lt\/elparduotuve\/wp-content\/uploads\/2023\/07\/Articular-Senior-Dog-12-kg.jpg","type":"image\/jpeg"}],"twitter_card":"summary_large_image","twitter_misc":{"Est. reading time":"1 minut\u0117"},"schema":{"@context":"https:\/\/schema.org","@graph":[{"@type":"WebPage","@id":"https:\/\/anivet.lt\/elparduotuve\/produktas\/articular-senior-dog-12-kg\/","url":"https:\/\/anivet.lt\/elparduotuve\/produktas\/articular-senior-dog-12-kg\/","name":"Advance Articular Senior Dog 12 kg - anivet.lt","isPartOf":{"@id":"https:\/\/anivet.lt\/elparduotuve\/#website"},"primaryImageOfPage":{"@id":"https:\/\/anivet.lt\/elparduotuve\/produktas\/articular-senior-dog-12-kg\/#primaryimage"},"image":{"@id":"https:\/\/anivet.lt\/elparduotuve\/produktas\/articular-senior-dog-12-kg\/#primaryimage"},"thumbnailUrl":"https:\/\/anivet.lt\/elparduotuve\/wp-content\/uploads\/2023\/07\/Articular-Senior-Dog-12-kg.jpg","datePublished":"2023-07-19T08:56:47+00:00","dateModified":"2026-03-20T14:55:48+00:00","description":"Specialiai sukurtas visavertis ir subalansuotas pa\u0161aras, skirtas vyresniems nei 7 met\u0173 \u0161unims. Unikali formul\u0117 padeda i\u0161saugoti s\u0105nari\u0173 sveikat\u0105 ir judrum\u0105, taip pat skatina raumen\u0173 mas\u0117s palaikym\u0105. Klinikiniai tyrimai rodo, kad 66% \u0161un\u0173 pager\u0117ja jud\u0117jimas vos per 2 m\u0117nesius.","breadcrumb":{"@id":"https:\/\/anivet.lt\/elparduotuve\/produktas\/articular-senior-dog-12-kg\/#breadcrumb"},"inLanguage":"lt-LT","potentialAction":[{"@type":"ReadAction","target":["https:\/\/anivet.lt\/elparduotuve\/produktas\/articular-senior-dog-12-kg\/"]}]},{"@type":"ImageObject","inLanguage":"lt-LT","@id":"https:\/\/anivet.lt\/elparduotuve\/produktas\/articular-senior-dog-12-kg\/#primaryimage","url":"https:\/\/anivet.lt\/elparduotuve\/wp-content\/uploads\/2023\/07\/Articular-Senior-Dog-12-kg.jpg","contentUrl":"https:\/\/anivet.lt\/elparduotuve\/wp-content\/uploads\/2023\/07\/Articular-Senior-Dog-12-kg.jpg","width":1000,"height":1059,"caption":"Advance Articular Senior Dog 12 kg"},{"@type":"BreadcrumbList","@id":"https:\/\/anivet.lt\/elparduotuve\/produktas\/articular-senior-dog-12-kg\/#breadcrumb","itemListElement":[{"@type":"ListItem","position":1,"name":"Home","item":"https:\/\/anivet.lt\/elparduotuve\/"},{"@type":"ListItem","position":2,"name":"Produktai","item":"https:\/\/anivet.lt\/elparduotuve\/produktai\/"},{"@type":"ListItem","position":3,"name":"Advance Articular Senior Dog 12 kg"}]},{"@type":"WebSite","@id":"https:\/\/anivet.lt\/elparduotuve\/#website","url":"https:\/\/anivet.lt\/elparduotuve\/","name":"anivet.lt","description":"Viskas J\u016bs\u0173 \u0161uns, kat\u0117s prie\u017ei\u016brai","publisher":{"@id":"https:\/\/anivet.lt\/elparduotuve\/#organization"},"alternateName":"Viskas J\u016bs\u0173 \u0161uns, kat\u0117s prie\u017ei\u016brai","potentialAction":[{"@type":"SearchAction","target":{"@type":"EntryPoint","urlTemplate":"https:\/\/anivet.lt\/elparduotuve\/?s={search_term_string}"},"query-input":{"@type":"PropertyValueSpecification","valueRequired":true,"valueName":"search_term_string"}}],"inLanguage":"lt-LT"},{"@type":"Organization","@id":"https:\/\/anivet.lt\/elparduotuve\/#organization","name":"Viskas J\u016bs\u0173 \u0161uns, kat\u0117s prie\u017ei\u016brai","url":"https:\/\/anivet.lt\/elparduotuve\/","logo":{"@type":"ImageObject","inLanguage":"lt-LT","@id":"https:\/\/anivet.lt\/elparduotuve\/#\/schema\/logo\/image\/","url":"https:\/\/anivet.lt\/elparduotuve\/wp-content\/uploads\/2023\/06\/logo2.jpg","contentUrl":"https:\/\/anivet.lt\/elparduotuve\/wp-content\/uploads\/2023\/06\/logo2.jpg","width":655,"height":194,"caption":"Viskas J\u016bs\u0173 \u0161uns, kat\u0117s prie\u017ei\u016brai"},"image":{"@id":"https:\/\/anivet.lt\/elparduotuve\/#\/schema\/logo\/image\/"}}]}},"_links":{"self":[{"href":"https:\/\/anivet.lt\/elparduotuve\/wp-json\/wp\/v2\/product\/10441","targetHints":{"allow":["GET"]}}],"collection":[{"href":"https:\/\/anivet.lt\/elparduotuve\/wp-json\/wp\/v2\/product"}],"about":[{"href":"https:\/\/anivet.lt\/elparduotuve\/wp-json\/wp\/v2\/types\/product"}],"wp:featuredmedia":[{"embeddable":true,"href":"https:\/\/anivet.lt\/elparduotuve\/wp-json\/wp\/v2\/media\/16656"}],"wp:attachment":[{"href":"https:\/\/anivet.lt\/elparduotuve\/wp-json\/wp\/v2\/media?parent=10441"}],"wp:term":[{"taxonomy":"product_brand","embeddable":true,"href":"https:\/\/anivet.lt\/elparduotuve\/wp-json\/wp\/v2\/product_brand?post=10441"},{"taxonomy":"product_cat","embeddable":true,"href":"https:\/\/anivet.lt\/elparduotuve\/wp-json\/wp\/v2\/product_cat?post=10441"},{"taxonomy":"product_tag","embeddable":true,"href":"https:\/\/anivet.lt\/elparduotuve\/wp-json\/wp\/v2\/product_tag?post=10441"}],"curies":[{"name":"wp","href":"https:\/\/api.w.org\/{rel}","templated":true}]}}