{"id":10611,"date":"2023-07-25T09:34:54","date_gmt":"2023-07-25T09:34:54","guid":{"rendered":"https:\/\/anivet.lt\/elparduotuve\/?post_type=product&#038;p=10611"},"modified":"2025-06-19T10:14:46","modified_gmt":"2025-06-19T10:14:46","slug":"quattro-extra-salmon-sausas-visu-veisliu-suaugusiu-sunu-pasaras-su-lasisa","status":"publish","type":"product","link":"https:\/\/anivet.lt\/elparduotuve\/produktas\/quattro-extra-salmon-sausas-visu-veisliu-suaugusiu-sunu-pasaras-su-lasisa\/","title":{"rendered":"QUATTRO Extra Salmon sausas vis\u0173 veisli\u0173 suaugusi\u0173 \u0161un\u0173 pa\u0161aras su la\u0161i\u0161a"},"content":{"rendered":"<ul>\n<li style=\"font-weight: 400;\" aria-level=\"1\"><span style=\"font-weight: 400;\">Nat\u016bralus skonis: Granul\u0117 padengta \u0161altyje d\u017eiovinta Norvegi\u0161ka la\u0161i\u0161a, suteikian\u010dia ypating\u0105 skon\u012f.<\/span><\/li>\n<li style=\"font-weight: 400;\" aria-level=\"1\"><span style=\"font-weight: 400;\">Hipoalergin\u0117 formul\u0117: Sud\u0117tyje n\u0117ra ingredient\u0173, galin\u010di\u0173 sukelti alergij\u0105 ar netoleravim\u0105.<\/span><\/li>\n<li style=\"font-weight: 400;\" aria-level=\"1\"><span style=\"font-weight: 400;\">Be kvie\u010di\u0173: Tinka jautriems \u0161unims, kuriems reikia vengti kvie\u010di\u0173 glitimo.<\/span><\/li>\n<li style=\"font-weight: 400;\" aria-level=\"1\"><span style=\"font-weight: 400;\">Sveikai odai ir kailiui: Omega-3 ir Omega-6 riebal\u0173 r\u016bg\u0161tys, cinkas bei B grup\u0117s vitaminai palaiko odos sveikat\u0105 ir kailio blizges\u012f.<\/span><\/li>\n<li style=\"font-weight: 400;\" aria-level=\"1\"><span style=\"font-weight: 400;\">Vir\u0161kinimo sveikata: Nat\u016bral\u016bs prebiotikai (inulinas, mananoligosacharidai ir jukos ekstraktas) palaiko sveik\u0105 \u017earnyno flor\u0105.<\/span><\/li>\n<\/ul>\n<p><span style=\"font-weight: 400;\">\u0160is pa\u0161aras yra puikus pasirinkimas \u0161unims, kuriems reikia ypatingo d\u0117mesio j\u0173 mitybai ir sveikatai. Be dirbtini\u0173 da\u017eikli\u0173 ir skonio stiprikli\u0173, pa\u0161aras u\u017etikrina subalansuot\u0105 mityb\u0105, skland\u0173 vir\u0161kinim\u0105 ir ger\u0105 savijaut\u0105 kiekvien\u0105 dien\u0105.<\/span><\/p>\n","protected":false},"excerpt":{"rendered":"<p><span style=\"font-weight: 400;\">Visavertis sausas \u0161un\u0173 pa\u0161aras su la\u0161i\u0161a, skirtas vis\u0173 veisli\u0173 suaugusiems \u0161unims, ypa\u010d tinkamas jautriems augintiniams. Granul\u0117 padengta \u0161altyje d\u017eiovinta la\u0161i\u0161a, kuri suteikia nat\u016bral\u0173 skon\u012f ir patiks net i\u0161rankiausiems keturkojams gurmanams.<\/span><\/p>\n","protected":false},"featured_media":10612,"template":"","meta":[],"product_brand":[],"product_cat":[101,103,104,320],"product_tag":[],"class_list":{"0":"post-10611","1":"product","2":"type-product","3":"status-publish","4":"has-post-thumbnail","6":"product_cat-sunims","7":"product_cat-sunu-maistas","8":"product_cat-sausas-maistas","9":"product_cat-quattro-sunu-maistas","10":"pa_prekinis-zenklas-quattro","12":"first","13":"instock","14":"taxable","15":"shipping-taxable","16":"purchasable","17":"product-type-variable"},"yoast_head":"<!-- This site is optimized with the Yoast SEO Premium plugin v27.1 (Yoast SEO v27.3) - https:\/\/yoast.com\/product\/yoast-seo-premium-wordpress\/ -->\n<title>QUATTRO Extra Salmon sausas vis\u0173 veisli\u0173 suaugusi\u0173 \u0161un\u0173 pa\u0161aras su la\u0161i\u0161a - anivet.lt<\/title>\n<meta name=\"description\" content=\"Visavertis sausas \u0161un\u0173 pa\u0161aras su la\u0161i\u0161a, skirtas vis\u0173 veisli\u0173 suaugusiems \u0161unims, ypa\u010d tinkamas jautriems augintiniams. Granul\u0117 padengta \u0161altyje d\u017eiovinta la\u0161i\u0161a, kuri suteikia nat\u016bral\u0173 skon\u012f ir patiks net i\u0161rankiausiems keturkojams gurmanams.\" \/>\n<meta name=\"robots\" content=\"index, follow, max-snippet:-1, max-image-preview:large, max-video-preview:-1\" \/>\n<link rel=\"canonical\" href=\"https:\/\/anivet.lt\/elparduotuve\/produktas\/quattro-extra-salmon-sausas-visu-veisliu-suaugusiu-sunu-pasaras-su-lasisa\/\" \/>\n<meta property=\"og:locale\" content=\"lt_LT\" \/>\n<meta property=\"og:type\" content=\"article\" \/>\n<meta property=\"og:title\" content=\"QUATTRO Extra Salmon sausas vis\u0173 veisli\u0173 suaugusi\u0173 \u0161un\u0173 pa\u0161aras su la\u0161i\u0161a\" \/>\n<meta property=\"og:description\" content=\"Visavertis sausas \u0161un\u0173 pa\u0161aras su la\u0161i\u0161a, skirtas vis\u0173 veisli\u0173 suaugusiems \u0161unims, ypa\u010d tinkamas jautriems augintiniams. Granul\u0117 padengta \u0161altyje d\u017eiovinta la\u0161i\u0161a, kuri suteikia nat\u016bral\u0173 skon\u012f ir patiks net i\u0161rankiausiems keturkojams gurmanams.\" \/>\n<meta property=\"og:url\" content=\"https:\/\/anivet.lt\/elparduotuve\/produktas\/quattro-extra-salmon-sausas-visu-veisliu-suaugusiu-sunu-pasaras-su-lasisa\/\" \/>\n<meta property=\"og:site_name\" content=\"anivet.lt\" \/>\n<meta property=\"article:modified_time\" content=\"2025-06-19T10:14:46+00:00\" \/>\n<meta property=\"og:image\" content=\"https:\/\/anivet.lt\/elparduotuve\/wp-content\/uploads\/2023\/07\/QUATTRO-SAUSAS-VISU-VEISLIU-SUAUGUSIU-SUNU-PASARAS-EXTRA-SALMON-3KG.jpg\" \/>\n\t<meta property=\"og:image:width\" content=\"625\" \/>\n\t<meta property=\"og:image:height\" content=\"794\" \/>\n\t<meta property=\"og:image:type\" content=\"image\/jpeg\" \/>\n<meta name=\"twitter:card\" content=\"summary_large_image\" \/>\n<meta name=\"twitter:label1\" content=\"Est. reading time\" \/>\n\t<meta name=\"twitter:data1\" content=\"1 minut\u0117\" \/>\n<script type=\"application\/ld+json\" class=\"yoast-schema-graph\">{\"@context\":\"https:\\\/\\\/schema.org\",\"@graph\":[{\"@type\":\"WebPage\",\"@id\":\"https:\\\/\\\/anivet.lt\\\/elparduotuve\\\/produktas\\\/quattro-extra-salmon-sausas-visu-veisliu-suaugusiu-sunu-pasaras-su-lasisa\\\/\",\"url\":\"https:\\\/\\\/anivet.lt\\\/elparduotuve\\\/produktas\\\/quattro-extra-salmon-sausas-visu-veisliu-suaugusiu-sunu-pasaras-su-lasisa\\\/\",\"name\":\"QUATTRO Extra Salmon sausas vis\u0173 veisli\u0173 suaugusi\u0173 \u0161un\u0173 pa\u0161aras su la\u0161i\u0161a - anivet.lt\",\"isPartOf\":{\"@id\":\"https:\\\/\\\/anivet.lt\\\/elparduotuve\\\/#website\"},\"primaryImageOfPage\":{\"@id\":\"https:\\\/\\\/anivet.lt\\\/elparduotuve\\\/produktas\\\/quattro-extra-salmon-sausas-visu-veisliu-suaugusiu-sunu-pasaras-su-lasisa\\\/#primaryimage\"},\"image\":{\"@id\":\"https:\\\/\\\/anivet.lt\\\/elparduotuve\\\/produktas\\\/quattro-extra-salmon-sausas-visu-veisliu-suaugusiu-sunu-pasaras-su-lasisa\\\/#primaryimage\"},\"thumbnailUrl\":\"https:\\\/\\\/anivet.lt\\\/elparduotuve\\\/wp-content\\\/uploads\\\/2023\\\/07\\\/QUATTRO-SAUSAS-VISU-VEISLIU-SUAUGUSIU-SUNU-PASARAS-EXTRA-SALMON-3KG.jpg\",\"datePublished\":\"2023-07-25T09:34:54+00:00\",\"dateModified\":\"2025-06-19T10:14:46+00:00\",\"description\":\"Visavertis sausas \u0161un\u0173 pa\u0161aras su la\u0161i\u0161a, skirtas vis\u0173 veisli\u0173 suaugusiems \u0161unims, ypa\u010d tinkamas jautriems augintiniams. Granul\u0117 padengta \u0161altyje d\u017eiovinta la\u0161i\u0161a, kuri suteikia nat\u016bral\u0173 skon\u012f ir patiks net i\u0161rankiausiems keturkojams gurmanams.\",\"breadcrumb\":{\"@id\":\"https:\\\/\\\/anivet.lt\\\/elparduotuve\\\/produktas\\\/quattro-extra-salmon-sausas-visu-veisliu-suaugusiu-sunu-pasaras-su-lasisa\\\/#breadcrumb\"},\"inLanguage\":\"lt-LT\",\"potentialAction\":[{\"@type\":\"ReadAction\",\"target\":[\"https:\\\/\\\/anivet.lt\\\/elparduotuve\\\/produktas\\\/quattro-extra-salmon-sausas-visu-veisliu-suaugusiu-sunu-pasaras-su-lasisa\\\/\"]}]},{\"@type\":\"ImageObject\",\"inLanguage\":\"lt-LT\",\"@id\":\"https:\\\/\\\/anivet.lt\\\/elparduotuve\\\/produktas\\\/quattro-extra-salmon-sausas-visu-veisliu-suaugusiu-sunu-pasaras-su-lasisa\\\/#primaryimage\",\"url\":\"https:\\\/\\\/anivet.lt\\\/elparduotuve\\\/wp-content\\\/uploads\\\/2023\\\/07\\\/QUATTRO-SAUSAS-VISU-VEISLIU-SUAUGUSIU-SUNU-PASARAS-EXTRA-SALMON-3KG.jpg\",\"contentUrl\":\"https:\\\/\\\/anivet.lt\\\/elparduotuve\\\/wp-content\\\/uploads\\\/2023\\\/07\\\/QUATTRO-SAUSAS-VISU-VEISLIU-SUAUGUSIU-SUNU-PASARAS-EXTRA-SALMON-3KG.jpg\",\"width\":625,\"height\":794,\"caption\":\"QUATTRO Extra Salmon sausas vis\u0173 veisli\u0173 suaugusi\u0173 \u0161un\u0173 pa\u0161aras su la\u0161i\u0161a\"},{\"@type\":\"BreadcrumbList\",\"@id\":\"https:\\\/\\\/anivet.lt\\\/elparduotuve\\\/produktas\\\/quattro-extra-salmon-sausas-visu-veisliu-suaugusiu-sunu-pasaras-su-lasisa\\\/#breadcrumb\",\"itemListElement\":[{\"@type\":\"ListItem\",\"position\":1,\"name\":\"Home\",\"item\":\"https:\\\/\\\/anivet.lt\\\/elparduotuve\\\/\"},{\"@type\":\"ListItem\",\"position\":2,\"name\":\"Produktai\",\"item\":\"https:\\\/\\\/anivet.lt\\\/elparduotuve\\\/produktai\\\/\"},{\"@type\":\"ListItem\",\"position\":3,\"name\":\"QUATTRO Extra Salmon sausas vis\u0173 veisli\u0173 suaugusi\u0173 \u0161un\u0173 pa\u0161aras su la\u0161i\u0161a\"}]},{\"@type\":\"WebSite\",\"@id\":\"https:\\\/\\\/anivet.lt\\\/elparduotuve\\\/#website\",\"url\":\"https:\\\/\\\/anivet.lt\\\/elparduotuve\\\/\",\"name\":\"anivet.lt\",\"description\":\"Viskas J\u016bs\u0173 \u0161uns, kat\u0117s prie\u017ei\u016brai\",\"publisher\":{\"@id\":\"https:\\\/\\\/anivet.lt\\\/elparduotuve\\\/#organization\"},\"alternateName\":\"Viskas J\u016bs\u0173 \u0161uns, kat\u0117s prie\u017ei\u016brai\",\"potentialAction\":[{\"@type\":\"SearchAction\",\"target\":{\"@type\":\"EntryPoint\",\"urlTemplate\":\"https:\\\/\\\/anivet.lt\\\/elparduotuve\\\/?s={search_term_string}\"},\"query-input\":{\"@type\":\"PropertyValueSpecification\",\"valueRequired\":true,\"valueName\":\"search_term_string\"}}],\"inLanguage\":\"lt-LT\"},{\"@type\":\"Organization\",\"@id\":\"https:\\\/\\\/anivet.lt\\\/elparduotuve\\\/#organization\",\"name\":\"Viskas J\u016bs\u0173 \u0161uns, kat\u0117s prie\u017ei\u016brai\",\"url\":\"https:\\\/\\\/anivet.lt\\\/elparduotuve\\\/\",\"logo\":{\"@type\":\"ImageObject\",\"inLanguage\":\"lt-LT\",\"@id\":\"https:\\\/\\\/anivet.lt\\\/elparduotuve\\\/#\\\/schema\\\/logo\\\/image\\\/\",\"url\":\"https:\\\/\\\/anivet.lt\\\/elparduotuve\\\/wp-content\\\/uploads\\\/2023\\\/06\\\/logo2.jpg\",\"contentUrl\":\"https:\\\/\\\/anivet.lt\\\/elparduotuve\\\/wp-content\\\/uploads\\\/2023\\\/06\\\/logo2.jpg\",\"width\":655,\"height\":194,\"caption\":\"Viskas J\u016bs\u0173 \u0161uns, kat\u0117s prie\u017ei\u016brai\"},\"image\":{\"@id\":\"https:\\\/\\\/anivet.lt\\\/elparduotuve\\\/#\\\/schema\\\/logo\\\/image\\\/\"}}]}<\/script>\n<!-- \/ Yoast SEO Premium plugin. -->","yoast_head_json":{"title":"QUATTRO Extra Salmon sausas vis\u0173 veisli\u0173 suaugusi\u0173 \u0161un\u0173 pa\u0161aras su la\u0161i\u0161a - anivet.lt","description":"Visavertis sausas \u0161un\u0173 pa\u0161aras su la\u0161i\u0161a, skirtas vis\u0173 veisli\u0173 suaugusiems \u0161unims, ypa\u010d tinkamas jautriems augintiniams. Granul\u0117 padengta \u0161altyje d\u017eiovinta la\u0161i\u0161a, kuri suteikia nat\u016bral\u0173 skon\u012f ir patiks net i\u0161rankiausiems keturkojams gurmanams.","robots":{"index":"index","follow":"follow","max-snippet":"max-snippet:-1","max-image-preview":"max-image-preview:large","max-video-preview":"max-video-preview:-1"},"canonical":"https:\/\/anivet.lt\/elparduotuve\/produktas\/quattro-extra-salmon-sausas-visu-veisliu-suaugusiu-sunu-pasaras-su-lasisa\/","og_locale":"lt_LT","og_type":"article","og_title":"QUATTRO Extra Salmon sausas vis\u0173 veisli\u0173 suaugusi\u0173 \u0161un\u0173 pa\u0161aras su la\u0161i\u0161a","og_description":"Visavertis sausas \u0161un\u0173 pa\u0161aras su la\u0161i\u0161a, skirtas vis\u0173 veisli\u0173 suaugusiems \u0161unims, ypa\u010d tinkamas jautriems augintiniams. Granul\u0117 padengta \u0161altyje d\u017eiovinta la\u0161i\u0161a, kuri suteikia nat\u016bral\u0173 skon\u012f ir patiks net i\u0161rankiausiems keturkojams gurmanams.","og_url":"https:\/\/anivet.lt\/elparduotuve\/produktas\/quattro-extra-salmon-sausas-visu-veisliu-suaugusiu-sunu-pasaras-su-lasisa\/","og_site_name":"anivet.lt","article_modified_time":"2025-06-19T10:14:46+00:00","og_image":[{"width":625,"height":794,"url":"https:\/\/anivet.lt\/elparduotuve\/wp-content\/uploads\/2023\/07\/QUATTRO-SAUSAS-VISU-VEISLIU-SUAUGUSIU-SUNU-PASARAS-EXTRA-SALMON-3KG.jpg","type":"image\/jpeg"}],"twitter_card":"summary_large_image","twitter_misc":{"Est. reading time":"1 minut\u0117"},"schema":{"@context":"https:\/\/schema.org","@graph":[{"@type":"WebPage","@id":"https:\/\/anivet.lt\/elparduotuve\/produktas\/quattro-extra-salmon-sausas-visu-veisliu-suaugusiu-sunu-pasaras-su-lasisa\/","url":"https:\/\/anivet.lt\/elparduotuve\/produktas\/quattro-extra-salmon-sausas-visu-veisliu-suaugusiu-sunu-pasaras-su-lasisa\/","name":"QUATTRO Extra Salmon sausas vis\u0173 veisli\u0173 suaugusi\u0173 \u0161un\u0173 pa\u0161aras su la\u0161i\u0161a - anivet.lt","isPartOf":{"@id":"https:\/\/anivet.lt\/elparduotuve\/#website"},"primaryImageOfPage":{"@id":"https:\/\/anivet.lt\/elparduotuve\/produktas\/quattro-extra-salmon-sausas-visu-veisliu-suaugusiu-sunu-pasaras-su-lasisa\/#primaryimage"},"image":{"@id":"https:\/\/anivet.lt\/elparduotuve\/produktas\/quattro-extra-salmon-sausas-visu-veisliu-suaugusiu-sunu-pasaras-su-lasisa\/#primaryimage"},"thumbnailUrl":"https:\/\/anivet.lt\/elparduotuve\/wp-content\/uploads\/2023\/07\/QUATTRO-SAUSAS-VISU-VEISLIU-SUAUGUSIU-SUNU-PASARAS-EXTRA-SALMON-3KG.jpg","datePublished":"2023-07-25T09:34:54+00:00","dateModified":"2025-06-19T10:14:46+00:00","description":"Visavertis sausas \u0161un\u0173 pa\u0161aras su la\u0161i\u0161a, skirtas vis\u0173 veisli\u0173 suaugusiems \u0161unims, ypa\u010d tinkamas jautriems augintiniams. Granul\u0117 padengta \u0161altyje d\u017eiovinta la\u0161i\u0161a, kuri suteikia nat\u016bral\u0173 skon\u012f ir patiks net i\u0161rankiausiems keturkojams gurmanams.","breadcrumb":{"@id":"https:\/\/anivet.lt\/elparduotuve\/produktas\/quattro-extra-salmon-sausas-visu-veisliu-suaugusiu-sunu-pasaras-su-lasisa\/#breadcrumb"},"inLanguage":"lt-LT","potentialAction":[{"@type":"ReadAction","target":["https:\/\/anivet.lt\/elparduotuve\/produktas\/quattro-extra-salmon-sausas-visu-veisliu-suaugusiu-sunu-pasaras-su-lasisa\/"]}]},{"@type":"ImageObject","inLanguage":"lt-LT","@id":"https:\/\/anivet.lt\/elparduotuve\/produktas\/quattro-extra-salmon-sausas-visu-veisliu-suaugusiu-sunu-pasaras-su-lasisa\/#primaryimage","url":"https:\/\/anivet.lt\/elparduotuve\/wp-content\/uploads\/2023\/07\/QUATTRO-SAUSAS-VISU-VEISLIU-SUAUGUSIU-SUNU-PASARAS-EXTRA-SALMON-3KG.jpg","contentUrl":"https:\/\/anivet.lt\/elparduotuve\/wp-content\/uploads\/2023\/07\/QUATTRO-SAUSAS-VISU-VEISLIU-SUAUGUSIU-SUNU-PASARAS-EXTRA-SALMON-3KG.jpg","width":625,"height":794,"caption":"QUATTRO Extra Salmon sausas vis\u0173 veisli\u0173 suaugusi\u0173 \u0161un\u0173 pa\u0161aras su la\u0161i\u0161a"},{"@type":"BreadcrumbList","@id":"https:\/\/anivet.lt\/elparduotuve\/produktas\/quattro-extra-salmon-sausas-visu-veisliu-suaugusiu-sunu-pasaras-su-lasisa\/#breadcrumb","itemListElement":[{"@type":"ListItem","position":1,"name":"Home","item":"https:\/\/anivet.lt\/elparduotuve\/"},{"@type":"ListItem","position":2,"name":"Produktai","item":"https:\/\/anivet.lt\/elparduotuve\/produktai\/"},{"@type":"ListItem","position":3,"name":"QUATTRO Extra Salmon sausas vis\u0173 veisli\u0173 suaugusi\u0173 \u0161un\u0173 pa\u0161aras su la\u0161i\u0161a"}]},{"@type":"WebSite","@id":"https:\/\/anivet.lt\/elparduotuve\/#website","url":"https:\/\/anivet.lt\/elparduotuve\/","name":"anivet.lt","description":"Viskas J\u016bs\u0173 \u0161uns, kat\u0117s prie\u017ei\u016brai","publisher":{"@id":"https:\/\/anivet.lt\/elparduotuve\/#organization"},"alternateName":"Viskas J\u016bs\u0173 \u0161uns, kat\u0117s prie\u017ei\u016brai","potentialAction":[{"@type":"SearchAction","target":{"@type":"EntryPoint","urlTemplate":"https:\/\/anivet.lt\/elparduotuve\/?s={search_term_string}"},"query-input":{"@type":"PropertyValueSpecification","valueRequired":true,"valueName":"search_term_string"}}],"inLanguage":"lt-LT"},{"@type":"Organization","@id":"https:\/\/anivet.lt\/elparduotuve\/#organization","name":"Viskas J\u016bs\u0173 \u0161uns, kat\u0117s prie\u017ei\u016brai","url":"https:\/\/anivet.lt\/elparduotuve\/","logo":{"@type":"ImageObject","inLanguage":"lt-LT","@id":"https:\/\/anivet.lt\/elparduotuve\/#\/schema\/logo\/image\/","url":"https:\/\/anivet.lt\/elparduotuve\/wp-content\/uploads\/2023\/06\/logo2.jpg","contentUrl":"https:\/\/anivet.lt\/elparduotuve\/wp-content\/uploads\/2023\/06\/logo2.jpg","width":655,"height":194,"caption":"Viskas J\u016bs\u0173 \u0161uns, kat\u0117s prie\u017ei\u016brai"},"image":{"@id":"https:\/\/anivet.lt\/elparduotuve\/#\/schema\/logo\/image\/"}}]}},"_links":{"self":[{"href":"https:\/\/anivet.lt\/elparduotuve\/wp-json\/wp\/v2\/product\/10611","targetHints":{"allow":["GET"]}}],"collection":[{"href":"https:\/\/anivet.lt\/elparduotuve\/wp-json\/wp\/v2\/product"}],"about":[{"href":"https:\/\/anivet.lt\/elparduotuve\/wp-json\/wp\/v2\/types\/product"}],"wp:featuredmedia":[{"embeddable":true,"href":"https:\/\/anivet.lt\/elparduotuve\/wp-json\/wp\/v2\/media\/10612"}],"wp:attachment":[{"href":"https:\/\/anivet.lt\/elparduotuve\/wp-json\/wp\/v2\/media?parent=10611"}],"wp:term":[{"taxonomy":"product_brand","embeddable":true,"href":"https:\/\/anivet.lt\/elparduotuve\/wp-json\/wp\/v2\/product_brand?post=10611"},{"taxonomy":"product_cat","embeddable":true,"href":"https:\/\/anivet.lt\/elparduotuve\/wp-json\/wp\/v2\/product_cat?post=10611"},{"taxonomy":"product_tag","embeddable":true,"href":"https:\/\/anivet.lt\/elparduotuve\/wp-json\/wp\/v2\/product_tag?post=10611"}],"curies":[{"name":"wp","href":"https:\/\/api.w.org\/{rel}","templated":true}]}}