{"id":10848,"date":"2023-07-27T07:43:24","date_gmt":"2023-07-27T07:43:24","guid":{"rendered":"https:\/\/anivet.lt\/elparduotuve\/?post_type=product&#038;p=10848"},"modified":"2025-12-30T17:25:01","modified_gmt":"2025-12-30T17:25:01","slug":"calibra-dog-life-adult-small-breed-lamb-sausas-maistas-mazu-veisliu-sunims-su-eriena","status":"publish","type":"product","link":"https:\/\/anivet.lt\/elparduotuve\/produktas\/calibra-dog-life-adult-small-breed-lamb-sausas-maistas-mazu-veisliu-sunims-su-eriena\/","title":{"rendered":"Calibra Dog Life Adult Small Breed Lamb sausas maistas ma\u017e\u0173 veisli\u0173 \u0161unims su \u0117riena"},"content":{"rendered":"<ul>\n<li style=\"font-weight: 400;\" aria-level=\"1\"><span style=\"font-weight: 400;\">Lengvas vir\u0161kinimas: Hipoalergin\u0117 sud\u0117tis su ribotu gr\u016bd\u0173 kiekiu padeda i\u0161vengti vir\u0161kinimo problem\u0173.<\/span><\/li>\n<li style=\"font-weight: 400;\" aria-level=\"1\"><span style=\"font-weight: 400;\">Kailio ir odos prie\u017ei\u016bra: La\u0161i\u0161\u0173 aliejus, turintis omega-3 riebal\u0173 r\u016bg\u0161\u010di\u0173, gerina odos b\u016bkl\u0119 ir kailio blizges\u012f.<\/span><\/li>\n<li style=\"font-weight: 400;\" aria-level=\"1\"><span style=\"font-weight: 400;\">Imunin\u0117s sistemos stiprinimas: Vitaminai, chelatiniai mineralai, \u03b2-gliukanai ir inaktyvuotos laktobacilos palaiko stipr\u0173 imunitet\u0105.<\/span><\/li>\n<li style=\"font-weight: 400;\" aria-level=\"1\"><span style=\"font-weight: 400;\">Sveikas \u017earnynas: Prebiotikai (FOS ir MOS) padeda i\u0161laikyti \u017earnyno mikrofloros balans\u0105.<\/span><\/li>\n<li style=\"font-weight: 400;\" aria-level=\"1\"><span style=\"font-weight: 400;\">Puikiai subalansuotas: Subalansuota energija ir maistini\u0173 med\u017eiag\u0173 koncentracija pritaikyta ma\u017e\u0173 veisli\u0173 \u0161un\u0173 poreikiams.<\/span><\/li>\n<\/ul>\n<p><span style=\"font-weight: 400;\">Tai auk\u0161tos kokyb\u0117s pa\u0161aras, kuris ne tik palaiko sveik\u0105 vir\u0161kinim\u0105, bet ir suteikia \u0161uniui b\u016btin\u0173 med\u017eiag\u0173 energijai, imunitetui bei kailio ir odos prie\u017ei\u016brai. \u0160is produktas atitinka ma\u017e\u0173 veisli\u0173 suaugusi\u0173 \u0161un\u0173 poreikius, u\u017etikrindamas j\u0173 kasdien\u012f gerov\u0117s palaikym\u0105.<\/span><\/p>\n","protected":false},"excerpt":{"rendered":"<p><span style=\"font-weight: 400;\">Visavertis sausas pa\u0161aras, sukurtas ma\u017e\u0173 veisli\u0173 suaugusiems \u0161unims (iki 10 kg). Hipoalergin\u0117 sud\u0117tis, kurioje ma\u017eai gr\u016bd\u0173 (tik ry\u017eiai), ir auk\u0161tos kokyb\u0117s \u0117rienos baltymai, u\u017etikrina lengv\u0105 vir\u0161kinim\u0105 ir puik\u0173 skon\u012f.<\/span><\/p>\n","protected":false},"featured_media":10849,"template":"","meta":[],"product_brand":[],"product_cat":[101,103,104,332],"product_tag":[],"class_list":{"0":"post-10848","1":"product","2":"type-product","3":"status-publish","4":"has-post-thumbnail","6":"product_cat-sunims","7":"product_cat-sunu-maistas","8":"product_cat-sausas-maistas","9":"product_cat-calibra-sunu-maistas","10":"pa_prekinis-zenklas-calibra","12":"first","13":"instock","14":"taxable","15":"shipping-taxable","16":"purchasable","17":"product-type-variable"},"yoast_head":"<!-- This site is optimized with the Yoast SEO Premium plugin v27.1 (Yoast SEO v27.3) - https:\/\/yoast.com\/product\/yoast-seo-premium-wordpress\/ -->\n<title>Calibra Dog Life Adult Small Breed Lamb sausas maistas ma\u017e\u0173 veisli\u0173 \u0161unims su \u0117riena - anivet.lt<\/title>\n<meta name=\"description\" content=\"Visavertis sausas pa\u0161aras, sukurtas ma\u017e\u0173 veisli\u0173 suaugusiems \u0161unims (iki 10 kg). Hipoalergin\u0117 sud\u0117tis, kurioje ma\u017eai gr\u016bd\u0173 (tik ry\u017eiai), ir auk\u0161tos kokyb\u0117s \u0117rienos baltymai, u\u017etikrina lengv\u0105 vir\u0161kinim\u0105 ir puik\u0173 skon\u012f.\" \/>\n<meta name=\"robots\" content=\"index, follow, max-snippet:-1, max-image-preview:large, max-video-preview:-1\" \/>\n<link rel=\"canonical\" href=\"https:\/\/anivet.lt\/elparduotuve\/produktas\/calibra-dog-life-adult-small-breed-lamb-sausas-maistas-mazu-veisliu-sunims-su-eriena\/\" \/>\n<meta property=\"og:locale\" content=\"lt_LT\" \/>\n<meta property=\"og:type\" content=\"article\" \/>\n<meta property=\"og:title\" content=\"Calibra Dog Life Adult Small Breed Lamb sausas maistas ma\u017e\u0173 veisli\u0173 \u0161unims su \u0117riena\" \/>\n<meta property=\"og:description\" content=\"Visavertis sausas pa\u0161aras, sukurtas ma\u017e\u0173 veisli\u0173 suaugusiems \u0161unims (iki 10 kg). Hipoalergin\u0117 sud\u0117tis, kurioje ma\u017eai gr\u016bd\u0173 (tik ry\u017eiai), ir auk\u0161tos kokyb\u0117s \u0117rienos baltymai, u\u017etikrina lengv\u0105 vir\u0161kinim\u0105 ir puik\u0173 skon\u012f.\" \/>\n<meta property=\"og:url\" content=\"https:\/\/anivet.lt\/elparduotuve\/produktas\/calibra-dog-life-adult-small-breed-lamb-sausas-maistas-mazu-veisliu-sunims-su-eriena\/\" \/>\n<meta property=\"og:site_name\" content=\"anivet.lt\" \/>\n<meta property=\"article:modified_time\" content=\"2025-12-30T17:25:01+00:00\" \/>\n<meta property=\"og:image\" content=\"https:\/\/anivet.lt\/elparduotuve\/wp-content\/uploads\/2023\/07\/364-calibra-dog-life-adult-small-lamb.webp\" \/>\n\t<meta property=\"og:image:width\" content=\"1920\" \/>\n\t<meta property=\"og:image:height\" content=\"1920\" \/>\n\t<meta property=\"og:image:type\" content=\"image\/webp\" \/>\n<meta name=\"twitter:card\" content=\"summary_large_image\" \/>\n<meta name=\"twitter:label1\" content=\"Est. reading time\" \/>\n\t<meta name=\"twitter:data1\" content=\"1 minut\u0117\" \/>\n<script type=\"application\/ld+json\" class=\"yoast-schema-graph\">{\"@context\":\"https:\\\/\\\/schema.org\",\"@graph\":[{\"@type\":\"WebPage\",\"@id\":\"https:\\\/\\\/anivet.lt\\\/elparduotuve\\\/produktas\\\/calibra-dog-life-adult-small-breed-lamb-sausas-maistas-mazu-veisliu-sunims-su-eriena\\\/\",\"url\":\"https:\\\/\\\/anivet.lt\\\/elparduotuve\\\/produktas\\\/calibra-dog-life-adult-small-breed-lamb-sausas-maistas-mazu-veisliu-sunims-su-eriena\\\/\",\"name\":\"Calibra Dog Life Adult Small Breed Lamb sausas maistas ma\u017e\u0173 veisli\u0173 \u0161unims su \u0117riena - anivet.lt\",\"isPartOf\":{\"@id\":\"https:\\\/\\\/anivet.lt\\\/elparduotuve\\\/#website\"},\"primaryImageOfPage\":{\"@id\":\"https:\\\/\\\/anivet.lt\\\/elparduotuve\\\/produktas\\\/calibra-dog-life-adult-small-breed-lamb-sausas-maistas-mazu-veisliu-sunims-su-eriena\\\/#primaryimage\"},\"image\":{\"@id\":\"https:\\\/\\\/anivet.lt\\\/elparduotuve\\\/produktas\\\/calibra-dog-life-adult-small-breed-lamb-sausas-maistas-mazu-veisliu-sunims-su-eriena\\\/#primaryimage\"},\"thumbnailUrl\":\"https:\\\/\\\/anivet.lt\\\/elparduotuve\\\/wp-content\\\/uploads\\\/2023\\\/07\\\/364-calibra-dog-life-adult-small-lamb.webp\",\"datePublished\":\"2023-07-27T07:43:24+00:00\",\"dateModified\":\"2025-12-30T17:25:01+00:00\",\"description\":\"Visavertis sausas pa\u0161aras, sukurtas ma\u017e\u0173 veisli\u0173 suaugusiems \u0161unims (iki 10 kg). Hipoalergin\u0117 sud\u0117tis, kurioje ma\u017eai gr\u016bd\u0173 (tik ry\u017eiai), ir auk\u0161tos kokyb\u0117s \u0117rienos baltymai, u\u017etikrina lengv\u0105 vir\u0161kinim\u0105 ir puik\u0173 skon\u012f.\",\"breadcrumb\":{\"@id\":\"https:\\\/\\\/anivet.lt\\\/elparduotuve\\\/produktas\\\/calibra-dog-life-adult-small-breed-lamb-sausas-maistas-mazu-veisliu-sunims-su-eriena\\\/#breadcrumb\"},\"inLanguage\":\"lt-LT\",\"potentialAction\":[{\"@type\":\"ReadAction\",\"target\":[\"https:\\\/\\\/anivet.lt\\\/elparduotuve\\\/produktas\\\/calibra-dog-life-adult-small-breed-lamb-sausas-maistas-mazu-veisliu-sunims-su-eriena\\\/\"]}]},{\"@type\":\"ImageObject\",\"inLanguage\":\"lt-LT\",\"@id\":\"https:\\\/\\\/anivet.lt\\\/elparduotuve\\\/produktas\\\/calibra-dog-life-adult-small-breed-lamb-sausas-maistas-mazu-veisliu-sunims-su-eriena\\\/#primaryimage\",\"url\":\"https:\\\/\\\/anivet.lt\\\/elparduotuve\\\/wp-content\\\/uploads\\\/2023\\\/07\\\/364-calibra-dog-life-adult-small-lamb.webp\",\"contentUrl\":\"https:\\\/\\\/anivet.lt\\\/elparduotuve\\\/wp-content\\\/uploads\\\/2023\\\/07\\\/364-calibra-dog-life-adult-small-lamb.webp\",\"width\":1920,\"height\":1920,\"caption\":\"Calibra Dog Life Adult Small Breed Lamb sausas maistas ma\u017e\u0173 veisli\u0173 \u0161unims su \u0117riena\"},{\"@type\":\"BreadcrumbList\",\"@id\":\"https:\\\/\\\/anivet.lt\\\/elparduotuve\\\/produktas\\\/calibra-dog-life-adult-small-breed-lamb-sausas-maistas-mazu-veisliu-sunims-su-eriena\\\/#breadcrumb\",\"itemListElement\":[{\"@type\":\"ListItem\",\"position\":1,\"name\":\"Home\",\"item\":\"https:\\\/\\\/anivet.lt\\\/elparduotuve\\\/\"},{\"@type\":\"ListItem\",\"position\":2,\"name\":\"Produktai\",\"item\":\"https:\\\/\\\/anivet.lt\\\/elparduotuve\\\/produktai\\\/\"},{\"@type\":\"ListItem\",\"position\":3,\"name\":\"Calibra Dog Life Adult Small Breed Lamb sausas maistas ma\u017e\u0173 veisli\u0173 \u0161unims su \u0117riena\"}]},{\"@type\":\"WebSite\",\"@id\":\"https:\\\/\\\/anivet.lt\\\/elparduotuve\\\/#website\",\"url\":\"https:\\\/\\\/anivet.lt\\\/elparduotuve\\\/\",\"name\":\"anivet.lt\",\"description\":\"Viskas J\u016bs\u0173 \u0161uns, kat\u0117s prie\u017ei\u016brai\",\"publisher\":{\"@id\":\"https:\\\/\\\/anivet.lt\\\/elparduotuve\\\/#organization\"},\"alternateName\":\"Viskas J\u016bs\u0173 \u0161uns, kat\u0117s prie\u017ei\u016brai\",\"potentialAction\":[{\"@type\":\"SearchAction\",\"target\":{\"@type\":\"EntryPoint\",\"urlTemplate\":\"https:\\\/\\\/anivet.lt\\\/elparduotuve\\\/?s={search_term_string}\"},\"query-input\":{\"@type\":\"PropertyValueSpecification\",\"valueRequired\":true,\"valueName\":\"search_term_string\"}}],\"inLanguage\":\"lt-LT\"},{\"@type\":\"Organization\",\"@id\":\"https:\\\/\\\/anivet.lt\\\/elparduotuve\\\/#organization\",\"name\":\"Viskas J\u016bs\u0173 \u0161uns, kat\u0117s prie\u017ei\u016brai\",\"url\":\"https:\\\/\\\/anivet.lt\\\/elparduotuve\\\/\",\"logo\":{\"@type\":\"ImageObject\",\"inLanguage\":\"lt-LT\",\"@id\":\"https:\\\/\\\/anivet.lt\\\/elparduotuve\\\/#\\\/schema\\\/logo\\\/image\\\/\",\"url\":\"https:\\\/\\\/anivet.lt\\\/elparduotuve\\\/wp-content\\\/uploads\\\/2023\\\/06\\\/logo2.jpg\",\"contentUrl\":\"https:\\\/\\\/anivet.lt\\\/elparduotuve\\\/wp-content\\\/uploads\\\/2023\\\/06\\\/logo2.jpg\",\"width\":655,\"height\":194,\"caption\":\"Viskas J\u016bs\u0173 \u0161uns, kat\u0117s prie\u017ei\u016brai\"},\"image\":{\"@id\":\"https:\\\/\\\/anivet.lt\\\/elparduotuve\\\/#\\\/schema\\\/logo\\\/image\\\/\"}}]}<\/script>\n<!-- \/ Yoast SEO Premium plugin. -->","yoast_head_json":{"title":"Calibra Dog Life Adult Small Breed Lamb sausas maistas ma\u017e\u0173 veisli\u0173 \u0161unims su \u0117riena - anivet.lt","description":"Visavertis sausas pa\u0161aras, sukurtas ma\u017e\u0173 veisli\u0173 suaugusiems \u0161unims (iki 10 kg). Hipoalergin\u0117 sud\u0117tis, kurioje ma\u017eai gr\u016bd\u0173 (tik ry\u017eiai), ir auk\u0161tos kokyb\u0117s \u0117rienos baltymai, u\u017etikrina lengv\u0105 vir\u0161kinim\u0105 ir puik\u0173 skon\u012f.","robots":{"index":"index","follow":"follow","max-snippet":"max-snippet:-1","max-image-preview":"max-image-preview:large","max-video-preview":"max-video-preview:-1"},"canonical":"https:\/\/anivet.lt\/elparduotuve\/produktas\/calibra-dog-life-adult-small-breed-lamb-sausas-maistas-mazu-veisliu-sunims-su-eriena\/","og_locale":"lt_LT","og_type":"article","og_title":"Calibra Dog Life Adult Small Breed Lamb sausas maistas ma\u017e\u0173 veisli\u0173 \u0161unims su \u0117riena","og_description":"Visavertis sausas pa\u0161aras, sukurtas ma\u017e\u0173 veisli\u0173 suaugusiems \u0161unims (iki 10 kg). Hipoalergin\u0117 sud\u0117tis, kurioje ma\u017eai gr\u016bd\u0173 (tik ry\u017eiai), ir auk\u0161tos kokyb\u0117s \u0117rienos baltymai, u\u017etikrina lengv\u0105 vir\u0161kinim\u0105 ir puik\u0173 skon\u012f.","og_url":"https:\/\/anivet.lt\/elparduotuve\/produktas\/calibra-dog-life-adult-small-breed-lamb-sausas-maistas-mazu-veisliu-sunims-su-eriena\/","og_site_name":"anivet.lt","article_modified_time":"2025-12-30T17:25:01+00:00","og_image":[{"width":1920,"height":1920,"url":"https:\/\/anivet.lt\/elparduotuve\/wp-content\/uploads\/2023\/07\/364-calibra-dog-life-adult-small-lamb.webp","type":"image\/webp"}],"twitter_card":"summary_large_image","twitter_misc":{"Est. reading time":"1 minut\u0117"},"schema":{"@context":"https:\/\/schema.org","@graph":[{"@type":"WebPage","@id":"https:\/\/anivet.lt\/elparduotuve\/produktas\/calibra-dog-life-adult-small-breed-lamb-sausas-maistas-mazu-veisliu-sunims-su-eriena\/","url":"https:\/\/anivet.lt\/elparduotuve\/produktas\/calibra-dog-life-adult-small-breed-lamb-sausas-maistas-mazu-veisliu-sunims-su-eriena\/","name":"Calibra Dog Life Adult Small Breed Lamb sausas maistas ma\u017e\u0173 veisli\u0173 \u0161unims su \u0117riena - anivet.lt","isPartOf":{"@id":"https:\/\/anivet.lt\/elparduotuve\/#website"},"primaryImageOfPage":{"@id":"https:\/\/anivet.lt\/elparduotuve\/produktas\/calibra-dog-life-adult-small-breed-lamb-sausas-maistas-mazu-veisliu-sunims-su-eriena\/#primaryimage"},"image":{"@id":"https:\/\/anivet.lt\/elparduotuve\/produktas\/calibra-dog-life-adult-small-breed-lamb-sausas-maistas-mazu-veisliu-sunims-su-eriena\/#primaryimage"},"thumbnailUrl":"https:\/\/anivet.lt\/elparduotuve\/wp-content\/uploads\/2023\/07\/364-calibra-dog-life-adult-small-lamb.webp","datePublished":"2023-07-27T07:43:24+00:00","dateModified":"2025-12-30T17:25:01+00:00","description":"Visavertis sausas pa\u0161aras, sukurtas ma\u017e\u0173 veisli\u0173 suaugusiems \u0161unims (iki 10 kg). Hipoalergin\u0117 sud\u0117tis, kurioje ma\u017eai gr\u016bd\u0173 (tik ry\u017eiai), ir auk\u0161tos kokyb\u0117s \u0117rienos baltymai, u\u017etikrina lengv\u0105 vir\u0161kinim\u0105 ir puik\u0173 skon\u012f.","breadcrumb":{"@id":"https:\/\/anivet.lt\/elparduotuve\/produktas\/calibra-dog-life-adult-small-breed-lamb-sausas-maistas-mazu-veisliu-sunims-su-eriena\/#breadcrumb"},"inLanguage":"lt-LT","potentialAction":[{"@type":"ReadAction","target":["https:\/\/anivet.lt\/elparduotuve\/produktas\/calibra-dog-life-adult-small-breed-lamb-sausas-maistas-mazu-veisliu-sunims-su-eriena\/"]}]},{"@type":"ImageObject","inLanguage":"lt-LT","@id":"https:\/\/anivet.lt\/elparduotuve\/produktas\/calibra-dog-life-adult-small-breed-lamb-sausas-maistas-mazu-veisliu-sunims-su-eriena\/#primaryimage","url":"https:\/\/anivet.lt\/elparduotuve\/wp-content\/uploads\/2023\/07\/364-calibra-dog-life-adult-small-lamb.webp","contentUrl":"https:\/\/anivet.lt\/elparduotuve\/wp-content\/uploads\/2023\/07\/364-calibra-dog-life-adult-small-lamb.webp","width":1920,"height":1920,"caption":"Calibra Dog Life Adult Small Breed Lamb sausas maistas ma\u017e\u0173 veisli\u0173 \u0161unims su \u0117riena"},{"@type":"BreadcrumbList","@id":"https:\/\/anivet.lt\/elparduotuve\/produktas\/calibra-dog-life-adult-small-breed-lamb-sausas-maistas-mazu-veisliu-sunims-su-eriena\/#breadcrumb","itemListElement":[{"@type":"ListItem","position":1,"name":"Home","item":"https:\/\/anivet.lt\/elparduotuve\/"},{"@type":"ListItem","position":2,"name":"Produktai","item":"https:\/\/anivet.lt\/elparduotuve\/produktai\/"},{"@type":"ListItem","position":3,"name":"Calibra Dog Life Adult Small Breed Lamb sausas maistas ma\u017e\u0173 veisli\u0173 \u0161unims su \u0117riena"}]},{"@type":"WebSite","@id":"https:\/\/anivet.lt\/elparduotuve\/#website","url":"https:\/\/anivet.lt\/elparduotuve\/","name":"anivet.lt","description":"Viskas J\u016bs\u0173 \u0161uns, kat\u0117s prie\u017ei\u016brai","publisher":{"@id":"https:\/\/anivet.lt\/elparduotuve\/#organization"},"alternateName":"Viskas J\u016bs\u0173 \u0161uns, kat\u0117s prie\u017ei\u016brai","potentialAction":[{"@type":"SearchAction","target":{"@type":"EntryPoint","urlTemplate":"https:\/\/anivet.lt\/elparduotuve\/?s={search_term_string}"},"query-input":{"@type":"PropertyValueSpecification","valueRequired":true,"valueName":"search_term_string"}}],"inLanguage":"lt-LT"},{"@type":"Organization","@id":"https:\/\/anivet.lt\/elparduotuve\/#organization","name":"Viskas J\u016bs\u0173 \u0161uns, kat\u0117s prie\u017ei\u016brai","url":"https:\/\/anivet.lt\/elparduotuve\/","logo":{"@type":"ImageObject","inLanguage":"lt-LT","@id":"https:\/\/anivet.lt\/elparduotuve\/#\/schema\/logo\/image\/","url":"https:\/\/anivet.lt\/elparduotuve\/wp-content\/uploads\/2023\/06\/logo2.jpg","contentUrl":"https:\/\/anivet.lt\/elparduotuve\/wp-content\/uploads\/2023\/06\/logo2.jpg","width":655,"height":194,"caption":"Viskas J\u016bs\u0173 \u0161uns, kat\u0117s prie\u017ei\u016brai"},"image":{"@id":"https:\/\/anivet.lt\/elparduotuve\/#\/schema\/logo\/image\/"}}]}},"_links":{"self":[{"href":"https:\/\/anivet.lt\/elparduotuve\/wp-json\/wp\/v2\/product\/10848","targetHints":{"allow":["GET"]}}],"collection":[{"href":"https:\/\/anivet.lt\/elparduotuve\/wp-json\/wp\/v2\/product"}],"about":[{"href":"https:\/\/anivet.lt\/elparduotuve\/wp-json\/wp\/v2\/types\/product"}],"wp:featuredmedia":[{"embeddable":true,"href":"https:\/\/anivet.lt\/elparduotuve\/wp-json\/wp\/v2\/media\/10849"}],"wp:attachment":[{"href":"https:\/\/anivet.lt\/elparduotuve\/wp-json\/wp\/v2\/media?parent=10848"}],"wp:term":[{"taxonomy":"product_brand","embeddable":true,"href":"https:\/\/anivet.lt\/elparduotuve\/wp-json\/wp\/v2\/product_brand?post=10848"},{"taxonomy":"product_cat","embeddable":true,"href":"https:\/\/anivet.lt\/elparduotuve\/wp-json\/wp\/v2\/product_cat?post=10848"},{"taxonomy":"product_tag","embeddable":true,"href":"https:\/\/anivet.lt\/elparduotuve\/wp-json\/wp\/v2\/product_tag?post=10848"}],"curies":[{"name":"wp","href":"https:\/\/api.w.org\/{rel}","templated":true}]}}