{"id":10864,"date":"2023-07-27T10:26:49","date_gmt":"2023-07-27T10:26:49","guid":{"rendered":"https:\/\/anivet.lt\/elparduotuve\/?post_type=product&#038;p=10864"},"modified":"2026-03-31T17:29:13","modified_gmt":"2026-03-31T17:29:13","slug":"calibra-vd-dog-gastrointestinal-400g-konservas-sunims-esant-virskinimo-problemoms","status":"publish","type":"product","link":"https:\/\/anivet.lt\/elparduotuve\/produktas\/calibra-vd-dog-gastrointestinal-400g-konservas-sunims-esant-virskinimo-problemoms\/","title":{"rendered":"Calibra VD Dog  Gastrointestinal 400g konservas \u0161unims esant vir\u0161kinimo problemoms"},"content":{"rendered":"<ul>\n<li style=\"font-weight: 400;\" aria-level=\"1\"><span style=\"font-weight: 400;\">Lengvai vir\u0161kinami baltymai: La\u0161i\u0161a (30 %) ir kalakutiena (26 %) u\u017etikrina lengv\u0105 pasisavinim\u0105 ir optimal\u0173 vir\u0161kinim\u0105.<\/span><\/li>\n<li style=\"font-weight: 400;\" aria-level=\"1\"><span style=\"font-weight: 400;\">Skaidulos vir\u0161kinimo palaikymui: Lignoceliulioz\u0117 ir gyslo\u010dio luobel\u0117s gerina \u017earnyno veikl\u0105 ir padeda palaikyti sveik\u0105 mikroflor\u0105.<\/span><\/li>\n<li style=\"font-weight: 400;\" aria-level=\"1\"><span style=\"font-weight: 400;\">Omega-3 ir omega-6 riebiosios r\u016bg\u0161tys: \u017duv\u0173 taukai palaiko odos ir kailio b\u016bkl\u0119 bei ma\u017eina u\u017edegimo rizik\u0105.<\/span><\/li>\n<li style=\"font-weight: 400;\" aria-level=\"1\"><span style=\"font-weight: 400;\">Praturtintas prebiotikais: Beta gliukanai, mananoligosacharidai ir fruktooligosacharidai stiprina imunin\u0119 sistem\u0105 ir skatina sveik\u0105 \u017earnyno mikroflor\u0105.<\/span><\/li>\n<li style=\"font-weight: 400;\" aria-level=\"1\"><span style=\"font-weight: 400;\">Tinka alternatyvai granul\u0117ms: Idealiai tinka \u0161unims, kuriems reikia specialaus pa\u0161aro, ta\u010diau jie sunkiai priima saus\u0105 maist\u0105.<\/span><\/li>\n<\/ul>\n<p><span style=\"font-weight: 400;\">\u201eCalibra VD Dog Gastrointestinal\u201c \u2013 tai subalansuotas, veiksmingas sprendimas \u0161unims, turintiems vir\u0161kinimo sutrikim\u0173, u\u017etikrinantis lengv\u0105 ir malon\u0173 maitinim\u0105 kasdien.<\/span><\/p>\n","protected":false},"excerpt":{"rendered":"<p><span style=\"font-weight: 400;\">Visavertis dietinis pa\u0161aras, skirtas \u017earnyno absorbcijos sutrikimams ma\u017einti ir pad\u0117ti esant blogam vir\u0161kinimui ar egzokrininiam kasos nepakankamumui. Tinkamas naudoti \u0161unims su jautria vir\u0161kinimo sistema.<\/span><\/p>\n","protected":false},"featured_media":10865,"template":"","meta":[],"product_brand":[],"product_cat":[101,107,332],"product_tag":[],"class_list":{"0":"post-10864","1":"product","2":"type-product","3":"status-publish","4":"has-post-thumbnail","6":"product_cat-sunims","7":"product_cat-veterinarine-dieta","8":"product_cat-calibra-sunu-maistas","9":"pa_prekinis-zenklas-calibra","11":"first","12":"instock","13":"taxable","14":"shipping-taxable","15":"purchasable","16":"product-type-simple"},"yoast_head":"<!-- This site is optimized with the Yoast SEO Premium plugin v27.1 (Yoast SEO v27.3) - https:\/\/yoast.com\/product\/yoast-seo-premium-wordpress\/ -->\n<title>Calibra VD Dog Gastrointestinal 400g konservas \u0161unims esant vir\u0161kinimo problemoms - anivet.lt<\/title>\n<meta name=\"description\" content=\"Visavertis dietinis pa\u0161aras, skirtas \u017earnyno absorbcijos sutrikimams ma\u017einti ir pad\u0117ti esant blogam vir\u0161kinimui ar egzokrininiam kasos nepakankamumui. Tinkamas naudoti \u0161unims su jautria vir\u0161kinimo sistema.\" \/>\n<meta name=\"robots\" content=\"index, follow, max-snippet:-1, max-image-preview:large, max-video-preview:-1\" \/>\n<link rel=\"canonical\" href=\"https:\/\/anivet.lt\/elparduotuve\/produktas\/calibra-vd-dog-gastrointestinal-400g-konservas-sunims-esant-virskinimo-problemoms\/\" \/>\n<meta property=\"og:locale\" content=\"lt_LT\" \/>\n<meta property=\"og:type\" content=\"article\" \/>\n<meta property=\"og:title\" content=\"Calibra VD Dog Gastrointestinal 400g konservas \u0161unims esant vir\u0161kinimo problemoms\" \/>\n<meta property=\"og:description\" content=\"Visavertis dietinis pa\u0161aras, skirtas \u017earnyno absorbcijos sutrikimams ma\u017einti ir pad\u0117ti esant blogam vir\u0161kinimui ar egzokrininiam kasos nepakankamumui. Tinkamas naudoti \u0161unims su jautria vir\u0161kinimo sistema.\" \/>\n<meta property=\"og:url\" content=\"https:\/\/anivet.lt\/elparduotuve\/produktas\/calibra-vd-dog-gastrointestinal-400g-konservas-sunims-esant-virskinimo-problemoms\/\" \/>\n<meta property=\"og:site_name\" content=\"anivet.lt\" \/>\n<meta property=\"article:modified_time\" content=\"2026-03-31T17:29:13+00:00\" \/>\n<meta property=\"og:image\" content=\"https:\/\/anivet.lt\/elparduotuve\/wp-content\/uploads\/2023\/07\/2411-calibra-vd-dog-konz-gastrointestinal-2022.webp\" \/>\n\t<meta property=\"og:image:width\" content=\"1920\" \/>\n\t<meta property=\"og:image:height\" content=\"1920\" \/>\n\t<meta property=\"og:image:type\" content=\"image\/webp\" \/>\n<meta name=\"twitter:card\" content=\"summary_large_image\" \/>\n<meta name=\"twitter:label1\" content=\"Est. reading time\" \/>\n\t<meta name=\"twitter:data1\" content=\"1 minut\u0117\" \/>\n<script type=\"application\/ld+json\" class=\"yoast-schema-graph\">{\"@context\":\"https:\\\/\\\/schema.org\",\"@graph\":[{\"@type\":\"WebPage\",\"@id\":\"https:\\\/\\\/anivet.lt\\\/elparduotuve\\\/produktas\\\/calibra-vd-dog-gastrointestinal-400g-konservas-sunims-esant-virskinimo-problemoms\\\/\",\"url\":\"https:\\\/\\\/anivet.lt\\\/elparduotuve\\\/produktas\\\/calibra-vd-dog-gastrointestinal-400g-konservas-sunims-esant-virskinimo-problemoms\\\/\",\"name\":\"Calibra VD Dog Gastrointestinal 400g konservas \u0161unims esant vir\u0161kinimo problemoms - anivet.lt\",\"isPartOf\":{\"@id\":\"https:\\\/\\\/anivet.lt\\\/elparduotuve\\\/#website\"},\"primaryImageOfPage\":{\"@id\":\"https:\\\/\\\/anivet.lt\\\/elparduotuve\\\/produktas\\\/calibra-vd-dog-gastrointestinal-400g-konservas-sunims-esant-virskinimo-problemoms\\\/#primaryimage\"},\"image\":{\"@id\":\"https:\\\/\\\/anivet.lt\\\/elparduotuve\\\/produktas\\\/calibra-vd-dog-gastrointestinal-400g-konservas-sunims-esant-virskinimo-problemoms\\\/#primaryimage\"},\"thumbnailUrl\":\"https:\\\/\\\/anivet.lt\\\/elparduotuve\\\/wp-content\\\/uploads\\\/2023\\\/07\\\/2411-calibra-vd-dog-konz-gastrointestinal-2022.webp\",\"datePublished\":\"2023-07-27T10:26:49+00:00\",\"dateModified\":\"2026-03-31T17:29:13+00:00\",\"description\":\"Visavertis dietinis pa\u0161aras, skirtas \u017earnyno absorbcijos sutrikimams ma\u017einti ir pad\u0117ti esant blogam vir\u0161kinimui ar egzokrininiam kasos nepakankamumui. Tinkamas naudoti \u0161unims su jautria vir\u0161kinimo sistema.\",\"breadcrumb\":{\"@id\":\"https:\\\/\\\/anivet.lt\\\/elparduotuve\\\/produktas\\\/calibra-vd-dog-gastrointestinal-400g-konservas-sunims-esant-virskinimo-problemoms\\\/#breadcrumb\"},\"inLanguage\":\"lt-LT\",\"potentialAction\":[{\"@type\":\"ReadAction\",\"target\":[\"https:\\\/\\\/anivet.lt\\\/elparduotuve\\\/produktas\\\/calibra-vd-dog-gastrointestinal-400g-konservas-sunims-esant-virskinimo-problemoms\\\/\"]}]},{\"@type\":\"ImageObject\",\"inLanguage\":\"lt-LT\",\"@id\":\"https:\\\/\\\/anivet.lt\\\/elparduotuve\\\/produktas\\\/calibra-vd-dog-gastrointestinal-400g-konservas-sunims-esant-virskinimo-problemoms\\\/#primaryimage\",\"url\":\"https:\\\/\\\/anivet.lt\\\/elparduotuve\\\/wp-content\\\/uploads\\\/2023\\\/07\\\/2411-calibra-vd-dog-konz-gastrointestinal-2022.webp\",\"contentUrl\":\"https:\\\/\\\/anivet.lt\\\/elparduotuve\\\/wp-content\\\/uploads\\\/2023\\\/07\\\/2411-calibra-vd-dog-konz-gastrointestinal-2022.webp\",\"width\":1920,\"height\":1920,\"caption\":\"Calibra VD Dog Gastrointestinal 400g konservas \u0161unims esant vir\u0161kinimo problemoms\"},{\"@type\":\"BreadcrumbList\",\"@id\":\"https:\\\/\\\/anivet.lt\\\/elparduotuve\\\/produktas\\\/calibra-vd-dog-gastrointestinal-400g-konservas-sunims-esant-virskinimo-problemoms\\\/#breadcrumb\",\"itemListElement\":[{\"@type\":\"ListItem\",\"position\":1,\"name\":\"Home\",\"item\":\"https:\\\/\\\/anivet.lt\\\/elparduotuve\\\/\"},{\"@type\":\"ListItem\",\"position\":2,\"name\":\"Produktai\",\"item\":\"https:\\\/\\\/anivet.lt\\\/elparduotuve\\\/produktai\\\/\"},{\"@type\":\"ListItem\",\"position\":3,\"name\":\"Calibra VD Dog Gastrointestinal 400g konservas \u0161unims esant vir\u0161kinimo problemoms\"}]},{\"@type\":\"WebSite\",\"@id\":\"https:\\\/\\\/anivet.lt\\\/elparduotuve\\\/#website\",\"url\":\"https:\\\/\\\/anivet.lt\\\/elparduotuve\\\/\",\"name\":\"anivet.lt\",\"description\":\"Viskas J\u016bs\u0173 \u0161uns, kat\u0117s prie\u017ei\u016brai\",\"publisher\":{\"@id\":\"https:\\\/\\\/anivet.lt\\\/elparduotuve\\\/#organization\"},\"alternateName\":\"Viskas J\u016bs\u0173 \u0161uns, kat\u0117s prie\u017ei\u016brai\",\"potentialAction\":[{\"@type\":\"SearchAction\",\"target\":{\"@type\":\"EntryPoint\",\"urlTemplate\":\"https:\\\/\\\/anivet.lt\\\/elparduotuve\\\/?s={search_term_string}\"},\"query-input\":{\"@type\":\"PropertyValueSpecification\",\"valueRequired\":true,\"valueName\":\"search_term_string\"}}],\"inLanguage\":\"lt-LT\"},{\"@type\":\"Organization\",\"@id\":\"https:\\\/\\\/anivet.lt\\\/elparduotuve\\\/#organization\",\"name\":\"Viskas J\u016bs\u0173 \u0161uns, kat\u0117s prie\u017ei\u016brai\",\"url\":\"https:\\\/\\\/anivet.lt\\\/elparduotuve\\\/\",\"logo\":{\"@type\":\"ImageObject\",\"inLanguage\":\"lt-LT\",\"@id\":\"https:\\\/\\\/anivet.lt\\\/elparduotuve\\\/#\\\/schema\\\/logo\\\/image\\\/\",\"url\":\"https:\\\/\\\/anivet.lt\\\/elparduotuve\\\/wp-content\\\/uploads\\\/2023\\\/06\\\/logo2.jpg\",\"contentUrl\":\"https:\\\/\\\/anivet.lt\\\/elparduotuve\\\/wp-content\\\/uploads\\\/2023\\\/06\\\/logo2.jpg\",\"width\":655,\"height\":194,\"caption\":\"Viskas J\u016bs\u0173 \u0161uns, kat\u0117s prie\u017ei\u016brai\"},\"image\":{\"@id\":\"https:\\\/\\\/anivet.lt\\\/elparduotuve\\\/#\\\/schema\\\/logo\\\/image\\\/\"}}]}<\/script>\n<!-- \/ Yoast SEO Premium plugin. -->","yoast_head_json":{"title":"Calibra VD Dog Gastrointestinal 400g konservas \u0161unims esant vir\u0161kinimo problemoms - anivet.lt","description":"Visavertis dietinis pa\u0161aras, skirtas \u017earnyno absorbcijos sutrikimams ma\u017einti ir pad\u0117ti esant blogam vir\u0161kinimui ar egzokrininiam kasos nepakankamumui. Tinkamas naudoti \u0161unims su jautria vir\u0161kinimo sistema.","robots":{"index":"index","follow":"follow","max-snippet":"max-snippet:-1","max-image-preview":"max-image-preview:large","max-video-preview":"max-video-preview:-1"},"canonical":"https:\/\/anivet.lt\/elparduotuve\/produktas\/calibra-vd-dog-gastrointestinal-400g-konservas-sunims-esant-virskinimo-problemoms\/","og_locale":"lt_LT","og_type":"article","og_title":"Calibra VD Dog Gastrointestinal 400g konservas \u0161unims esant vir\u0161kinimo problemoms","og_description":"Visavertis dietinis pa\u0161aras, skirtas \u017earnyno absorbcijos sutrikimams ma\u017einti ir pad\u0117ti esant blogam vir\u0161kinimui ar egzokrininiam kasos nepakankamumui. Tinkamas naudoti \u0161unims su jautria vir\u0161kinimo sistema.","og_url":"https:\/\/anivet.lt\/elparduotuve\/produktas\/calibra-vd-dog-gastrointestinal-400g-konservas-sunims-esant-virskinimo-problemoms\/","og_site_name":"anivet.lt","article_modified_time":"2026-03-31T17:29:13+00:00","og_image":[{"width":1920,"height":1920,"url":"https:\/\/anivet.lt\/elparduotuve\/wp-content\/uploads\/2023\/07\/2411-calibra-vd-dog-konz-gastrointestinal-2022.webp","type":"image\/webp"}],"twitter_card":"summary_large_image","twitter_misc":{"Est. reading time":"1 minut\u0117"},"schema":{"@context":"https:\/\/schema.org","@graph":[{"@type":"WebPage","@id":"https:\/\/anivet.lt\/elparduotuve\/produktas\/calibra-vd-dog-gastrointestinal-400g-konservas-sunims-esant-virskinimo-problemoms\/","url":"https:\/\/anivet.lt\/elparduotuve\/produktas\/calibra-vd-dog-gastrointestinal-400g-konservas-sunims-esant-virskinimo-problemoms\/","name":"Calibra VD Dog Gastrointestinal 400g konservas \u0161unims esant vir\u0161kinimo problemoms - anivet.lt","isPartOf":{"@id":"https:\/\/anivet.lt\/elparduotuve\/#website"},"primaryImageOfPage":{"@id":"https:\/\/anivet.lt\/elparduotuve\/produktas\/calibra-vd-dog-gastrointestinal-400g-konservas-sunims-esant-virskinimo-problemoms\/#primaryimage"},"image":{"@id":"https:\/\/anivet.lt\/elparduotuve\/produktas\/calibra-vd-dog-gastrointestinal-400g-konservas-sunims-esant-virskinimo-problemoms\/#primaryimage"},"thumbnailUrl":"https:\/\/anivet.lt\/elparduotuve\/wp-content\/uploads\/2023\/07\/2411-calibra-vd-dog-konz-gastrointestinal-2022.webp","datePublished":"2023-07-27T10:26:49+00:00","dateModified":"2026-03-31T17:29:13+00:00","description":"Visavertis dietinis pa\u0161aras, skirtas \u017earnyno absorbcijos sutrikimams ma\u017einti ir pad\u0117ti esant blogam vir\u0161kinimui ar egzokrininiam kasos nepakankamumui. Tinkamas naudoti \u0161unims su jautria vir\u0161kinimo sistema.","breadcrumb":{"@id":"https:\/\/anivet.lt\/elparduotuve\/produktas\/calibra-vd-dog-gastrointestinal-400g-konservas-sunims-esant-virskinimo-problemoms\/#breadcrumb"},"inLanguage":"lt-LT","potentialAction":[{"@type":"ReadAction","target":["https:\/\/anivet.lt\/elparduotuve\/produktas\/calibra-vd-dog-gastrointestinal-400g-konservas-sunims-esant-virskinimo-problemoms\/"]}]},{"@type":"ImageObject","inLanguage":"lt-LT","@id":"https:\/\/anivet.lt\/elparduotuve\/produktas\/calibra-vd-dog-gastrointestinal-400g-konservas-sunims-esant-virskinimo-problemoms\/#primaryimage","url":"https:\/\/anivet.lt\/elparduotuve\/wp-content\/uploads\/2023\/07\/2411-calibra-vd-dog-konz-gastrointestinal-2022.webp","contentUrl":"https:\/\/anivet.lt\/elparduotuve\/wp-content\/uploads\/2023\/07\/2411-calibra-vd-dog-konz-gastrointestinal-2022.webp","width":1920,"height":1920,"caption":"Calibra VD Dog Gastrointestinal 400g konservas \u0161unims esant vir\u0161kinimo problemoms"},{"@type":"BreadcrumbList","@id":"https:\/\/anivet.lt\/elparduotuve\/produktas\/calibra-vd-dog-gastrointestinal-400g-konservas-sunims-esant-virskinimo-problemoms\/#breadcrumb","itemListElement":[{"@type":"ListItem","position":1,"name":"Home","item":"https:\/\/anivet.lt\/elparduotuve\/"},{"@type":"ListItem","position":2,"name":"Produktai","item":"https:\/\/anivet.lt\/elparduotuve\/produktai\/"},{"@type":"ListItem","position":3,"name":"Calibra VD Dog Gastrointestinal 400g konservas \u0161unims esant vir\u0161kinimo problemoms"}]},{"@type":"WebSite","@id":"https:\/\/anivet.lt\/elparduotuve\/#website","url":"https:\/\/anivet.lt\/elparduotuve\/","name":"anivet.lt","description":"Viskas J\u016bs\u0173 \u0161uns, kat\u0117s prie\u017ei\u016brai","publisher":{"@id":"https:\/\/anivet.lt\/elparduotuve\/#organization"},"alternateName":"Viskas J\u016bs\u0173 \u0161uns, kat\u0117s prie\u017ei\u016brai","potentialAction":[{"@type":"SearchAction","target":{"@type":"EntryPoint","urlTemplate":"https:\/\/anivet.lt\/elparduotuve\/?s={search_term_string}"},"query-input":{"@type":"PropertyValueSpecification","valueRequired":true,"valueName":"search_term_string"}}],"inLanguage":"lt-LT"},{"@type":"Organization","@id":"https:\/\/anivet.lt\/elparduotuve\/#organization","name":"Viskas J\u016bs\u0173 \u0161uns, kat\u0117s prie\u017ei\u016brai","url":"https:\/\/anivet.lt\/elparduotuve\/","logo":{"@type":"ImageObject","inLanguage":"lt-LT","@id":"https:\/\/anivet.lt\/elparduotuve\/#\/schema\/logo\/image\/","url":"https:\/\/anivet.lt\/elparduotuve\/wp-content\/uploads\/2023\/06\/logo2.jpg","contentUrl":"https:\/\/anivet.lt\/elparduotuve\/wp-content\/uploads\/2023\/06\/logo2.jpg","width":655,"height":194,"caption":"Viskas J\u016bs\u0173 \u0161uns, kat\u0117s prie\u017ei\u016brai"},"image":{"@id":"https:\/\/anivet.lt\/elparduotuve\/#\/schema\/logo\/image\/"}}]}},"_links":{"self":[{"href":"https:\/\/anivet.lt\/elparduotuve\/wp-json\/wp\/v2\/product\/10864","targetHints":{"allow":["GET"]}}],"collection":[{"href":"https:\/\/anivet.lt\/elparduotuve\/wp-json\/wp\/v2\/product"}],"about":[{"href":"https:\/\/anivet.lt\/elparduotuve\/wp-json\/wp\/v2\/types\/product"}],"wp:featuredmedia":[{"embeddable":true,"href":"https:\/\/anivet.lt\/elparduotuve\/wp-json\/wp\/v2\/media\/10865"}],"wp:attachment":[{"href":"https:\/\/anivet.lt\/elparduotuve\/wp-json\/wp\/v2\/media?parent=10864"}],"wp:term":[{"taxonomy":"product_brand","embeddable":true,"href":"https:\/\/anivet.lt\/elparduotuve\/wp-json\/wp\/v2\/product_brand?post=10864"},{"taxonomy":"product_cat","embeddable":true,"href":"https:\/\/anivet.lt\/elparduotuve\/wp-json\/wp\/v2\/product_cat?post=10864"},{"taxonomy":"product_tag","embeddable":true,"href":"https:\/\/anivet.lt\/elparduotuve\/wp-json\/wp\/v2\/product_tag?post=10864"}],"curies":[{"name":"wp","href":"https:\/\/api.w.org\/{rel}","templated":true}]}}