{"id":10871,"date":"2023-07-27T11:06:55","date_gmt":"2023-07-27T11:06:55","guid":{"rendered":"https:\/\/anivet.lt\/elparduotuve\/?post_type=product&#038;p=10871"},"modified":"2025-11-26T15:53:39","modified_gmt":"2025-11-26T15:53:39","slug":"calibra-life-dog-can-adult-beef-with-carrots-400g","status":"publish","type":"product","link":"https:\/\/anivet.lt\/elparduotuve\/produktas\/calibra-life-dog-can-adult-beef-with-carrots-400g\/","title":{"rendered":"CALIBRA LIFE Dog can Adult Beef with carrots 400g konservas \u0161unims su jautiena ir morkomis"},"content":{"rendered":"<ul>\n<li style=\"font-weight: 400;\" aria-level=\"1\"><span style=\"font-weight: 400;\">Auk\u0161tos kokyb\u0117s jautiena: 70 % jautienos u\u017etikrina nat\u016bral\u0173 ir lengvai vir\u0161kinam\u0105 baltym\u0173 \u0161altin\u012f.<\/span><\/li>\n<li style=\"font-weight: 400;\" aria-level=\"1\"><span style=\"font-weight: 400;\">Praturtintas morkomis: Morkos suteikia vitamin\u0173, mineral\u0173 ir skaidul\u0173, stiprina imunin\u0119 sistem\u0105 ir palaiko sveik\u0105 vir\u0161kinim\u0105.<\/span><\/li>\n<li style=\"font-weight: 400;\" aria-level=\"1\"><span style=\"font-weight: 400;\">Omega-3 r\u016bg\u0161tys i\u0161 la\u0161i\u0161\u0173 aliejaus: Padeda palaikyti sveik\u0105 od\u0105, blizgant\u012f kail\u012f ir smegen\u0173 funkcijas.<\/span><\/li>\n<li style=\"font-weight: 400;\" aria-level=\"1\"><span style=\"font-weight: 400;\">Be gr\u016bd\u0173 ir glitimo: Tinka jautriems \u0161unims, nes n\u0117ra kvie\u010di\u0173, kukur\u016bz\u0173, soj\u0173 ar GMO.<\/span><\/li>\n<li style=\"font-weight: 400;\" aria-level=\"1\"><span style=\"font-weight: 400;\">Antioksidant\u0173 \u0161altinis: Nat\u016bralios sudedamosios dalys turi antioksidacini\u0173 savybi\u0173, padedan\u010di\u0173 palaikyti bendr\u0105 sveikat\u0105.<\/span><\/li>\n<\/ul>\n<p><span style=\"font-weight: 400;\">\u201eCalibra Life Dog Can Adult Beef with Carrots\u201c \u2013 tai sveikas, subalansuotas ir gardus pa\u0161aras, puikiai tinkantis kasdieniam j\u016bs\u0173 \u0161uns maitinimui. Gardus skonis ir funkcional\u016bs ingredientai pad\u0117s palaikyti j\u016bs\u0173 augintinio sveikat\u0105 ir ger\u0105 savijaut\u0105.<\/span><\/p>\n","protected":false},"excerpt":{"rendered":"<p><span style=\"font-weight: 400;\">\u0160is visavertis konservuotas pa\u0161aras, praturtintas jautiena ir morkomis, yra puikus pasirinkimas suaugusiems \u0161unims. Vieno baltym\u0173 \u0161altinio receptas u\u017etikrina lengv\u0105 vir\u0161kinim\u0105, o begr\u016bd\u0117 formul\u0117 idealiai tinka jautriems augintiniams.<\/span><\/p>\n","protected":false},"featured_media":10876,"template":"","meta":[],"product_brand":[],"product_cat":[101,103,105,332],"product_tag":[],"class_list":{"0":"post-10871","1":"product","2":"type-product","3":"status-publish","4":"has-post-thumbnail","6":"product_cat-sunims","7":"product_cat-sunu-maistas","8":"product_cat-konservai","9":"product_cat-calibra-sunu-maistas","10":"pa_prekinis-zenklas-calibra","12":"first","13":"instock","14":"taxable","15":"shipping-taxable","16":"purchasable","17":"product-type-simple"},"yoast_head":"<!-- This site is optimized with the Yoast SEO Premium plugin v27.1 (Yoast SEO v27.3) - https:\/\/yoast.com\/product\/yoast-seo-premium-wordpress\/ -->\n<title>CALIBRA LIFE Dog can Adult Beef with carrots 400g konservas \u0161unims su jautiena ir morkomis - anivet.lt<\/title>\n<meta name=\"description\" content=\"\u0160is visavertis konservuotas pa\u0161aras, praturtintas jautiena ir morkomis, yra puikus pasirinkimas suaugusiems \u0161unims. Vieno baltym\u0173 \u0161altinio receptas u\u017etikrina lengv\u0105 vir\u0161kinim\u0105, o begr\u016bd\u0117 formul\u0117 idealiai tinka jautriems augintiniams.\" \/>\n<meta name=\"robots\" content=\"index, follow, max-snippet:-1, max-image-preview:large, max-video-preview:-1\" \/>\n<link rel=\"canonical\" href=\"https:\/\/anivet.lt\/elparduotuve\/produktas\/calibra-life-dog-can-adult-beef-with-carrots-400g\/\" \/>\n<meta property=\"og:locale\" content=\"lt_LT\" \/>\n<meta property=\"og:type\" content=\"article\" \/>\n<meta property=\"og:title\" content=\"CALIBRA LIFE Dog can Adult Beef with carrots 400g konservas \u0161unims su jautiena ir morkomis\" \/>\n<meta property=\"og:description\" content=\"\u0160is visavertis konservuotas pa\u0161aras, praturtintas jautiena ir morkomis, yra puikus pasirinkimas suaugusiems \u0161unims. Vieno baltym\u0173 \u0161altinio receptas u\u017etikrina lengv\u0105 vir\u0161kinim\u0105, o begr\u016bd\u0117 formul\u0117 idealiai tinka jautriems augintiniams.\" \/>\n<meta property=\"og:url\" content=\"https:\/\/anivet.lt\/elparduotuve\/produktas\/calibra-life-dog-can-adult-beef-with-carrots-400g\/\" \/>\n<meta property=\"og:site_name\" content=\"anivet.lt\" \/>\n<meta property=\"article:modified_time\" content=\"2025-11-26T15:53:39+00:00\" \/>\n<meta property=\"og:image\" content=\"https:\/\/anivet.lt\/elparduotuve\/wp-content\/uploads\/2023\/07\/2095-calibra-life-dog-konzerva-400g-adult-beef.webp\" \/>\n\t<meta property=\"og:image:width\" content=\"1920\" \/>\n\t<meta property=\"og:image:height\" content=\"1920\" \/>\n\t<meta property=\"og:image:type\" content=\"image\/webp\" \/>\n<meta name=\"twitter:card\" content=\"summary_large_image\" \/>\n<meta name=\"twitter:label1\" content=\"Est. reading time\" \/>\n\t<meta name=\"twitter:data1\" content=\"1 minut\u0117\" \/>\n<script type=\"application\/ld+json\" class=\"yoast-schema-graph\">{\"@context\":\"https:\\\/\\\/schema.org\",\"@graph\":[{\"@type\":\"WebPage\",\"@id\":\"https:\\\/\\\/anivet.lt\\\/elparduotuve\\\/produktas\\\/calibra-life-dog-can-adult-beef-with-carrots-400g\\\/\",\"url\":\"https:\\\/\\\/anivet.lt\\\/elparduotuve\\\/produktas\\\/calibra-life-dog-can-adult-beef-with-carrots-400g\\\/\",\"name\":\"CALIBRA LIFE Dog can Adult Beef with carrots 400g konservas \u0161unims su jautiena ir morkomis - anivet.lt\",\"isPartOf\":{\"@id\":\"https:\\\/\\\/anivet.lt\\\/elparduotuve\\\/#website\"},\"primaryImageOfPage\":{\"@id\":\"https:\\\/\\\/anivet.lt\\\/elparduotuve\\\/produktas\\\/calibra-life-dog-can-adult-beef-with-carrots-400g\\\/#primaryimage\"},\"image\":{\"@id\":\"https:\\\/\\\/anivet.lt\\\/elparduotuve\\\/produktas\\\/calibra-life-dog-can-adult-beef-with-carrots-400g\\\/#primaryimage\"},\"thumbnailUrl\":\"https:\\\/\\\/anivet.lt\\\/elparduotuve\\\/wp-content\\\/uploads\\\/2023\\\/07\\\/2095-calibra-life-dog-konzerva-400g-adult-beef.webp\",\"datePublished\":\"2023-07-27T11:06:55+00:00\",\"dateModified\":\"2025-11-26T15:53:39+00:00\",\"description\":\"\u0160is visavertis konservuotas pa\u0161aras, praturtintas jautiena ir morkomis, yra puikus pasirinkimas suaugusiems \u0161unims. Vieno baltym\u0173 \u0161altinio receptas u\u017etikrina lengv\u0105 vir\u0161kinim\u0105, o begr\u016bd\u0117 formul\u0117 idealiai tinka jautriems augintiniams.\",\"breadcrumb\":{\"@id\":\"https:\\\/\\\/anivet.lt\\\/elparduotuve\\\/produktas\\\/calibra-life-dog-can-adult-beef-with-carrots-400g\\\/#breadcrumb\"},\"inLanguage\":\"lt-LT\",\"potentialAction\":[{\"@type\":\"ReadAction\",\"target\":[\"https:\\\/\\\/anivet.lt\\\/elparduotuve\\\/produktas\\\/calibra-life-dog-can-adult-beef-with-carrots-400g\\\/\"]}]},{\"@type\":\"ImageObject\",\"inLanguage\":\"lt-LT\",\"@id\":\"https:\\\/\\\/anivet.lt\\\/elparduotuve\\\/produktas\\\/calibra-life-dog-can-adult-beef-with-carrots-400g\\\/#primaryimage\",\"url\":\"https:\\\/\\\/anivet.lt\\\/elparduotuve\\\/wp-content\\\/uploads\\\/2023\\\/07\\\/2095-calibra-life-dog-konzerva-400g-adult-beef.webp\",\"contentUrl\":\"https:\\\/\\\/anivet.lt\\\/elparduotuve\\\/wp-content\\\/uploads\\\/2023\\\/07\\\/2095-calibra-life-dog-konzerva-400g-adult-beef.webp\",\"width\":1920,\"height\":1920,\"caption\":\"CALIBRA LIFE Dog can Adult Beef with carrots 400g konservas \u0161unims su jautiena ir morkomis\"},{\"@type\":\"BreadcrumbList\",\"@id\":\"https:\\\/\\\/anivet.lt\\\/elparduotuve\\\/produktas\\\/calibra-life-dog-can-adult-beef-with-carrots-400g\\\/#breadcrumb\",\"itemListElement\":[{\"@type\":\"ListItem\",\"position\":1,\"name\":\"Home\",\"item\":\"https:\\\/\\\/anivet.lt\\\/elparduotuve\\\/\"},{\"@type\":\"ListItem\",\"position\":2,\"name\":\"Produktai\",\"item\":\"https:\\\/\\\/anivet.lt\\\/elparduotuve\\\/produktai\\\/\"},{\"@type\":\"ListItem\",\"position\":3,\"name\":\"CALIBRA LIFE Dog can Adult Beef with carrots 400g konservas \u0161unims su jautiena ir morkomis\"}]},{\"@type\":\"WebSite\",\"@id\":\"https:\\\/\\\/anivet.lt\\\/elparduotuve\\\/#website\",\"url\":\"https:\\\/\\\/anivet.lt\\\/elparduotuve\\\/\",\"name\":\"anivet.lt\",\"description\":\"Viskas J\u016bs\u0173 \u0161uns, kat\u0117s prie\u017ei\u016brai\",\"publisher\":{\"@id\":\"https:\\\/\\\/anivet.lt\\\/elparduotuve\\\/#organization\"},\"alternateName\":\"Viskas J\u016bs\u0173 \u0161uns, kat\u0117s prie\u017ei\u016brai\",\"potentialAction\":[{\"@type\":\"SearchAction\",\"target\":{\"@type\":\"EntryPoint\",\"urlTemplate\":\"https:\\\/\\\/anivet.lt\\\/elparduotuve\\\/?s={search_term_string}\"},\"query-input\":{\"@type\":\"PropertyValueSpecification\",\"valueRequired\":true,\"valueName\":\"search_term_string\"}}],\"inLanguage\":\"lt-LT\"},{\"@type\":\"Organization\",\"@id\":\"https:\\\/\\\/anivet.lt\\\/elparduotuve\\\/#organization\",\"name\":\"Viskas J\u016bs\u0173 \u0161uns, kat\u0117s prie\u017ei\u016brai\",\"url\":\"https:\\\/\\\/anivet.lt\\\/elparduotuve\\\/\",\"logo\":{\"@type\":\"ImageObject\",\"inLanguage\":\"lt-LT\",\"@id\":\"https:\\\/\\\/anivet.lt\\\/elparduotuve\\\/#\\\/schema\\\/logo\\\/image\\\/\",\"url\":\"https:\\\/\\\/anivet.lt\\\/elparduotuve\\\/wp-content\\\/uploads\\\/2023\\\/06\\\/logo2.jpg\",\"contentUrl\":\"https:\\\/\\\/anivet.lt\\\/elparduotuve\\\/wp-content\\\/uploads\\\/2023\\\/06\\\/logo2.jpg\",\"width\":655,\"height\":194,\"caption\":\"Viskas J\u016bs\u0173 \u0161uns, kat\u0117s prie\u017ei\u016brai\"},\"image\":{\"@id\":\"https:\\\/\\\/anivet.lt\\\/elparduotuve\\\/#\\\/schema\\\/logo\\\/image\\\/\"}}]}<\/script>\n<!-- \/ Yoast SEO Premium plugin. -->","yoast_head_json":{"title":"CALIBRA LIFE Dog can Adult Beef with carrots 400g konservas \u0161unims su jautiena ir morkomis - anivet.lt","description":"\u0160is visavertis konservuotas pa\u0161aras, praturtintas jautiena ir morkomis, yra puikus pasirinkimas suaugusiems \u0161unims. Vieno baltym\u0173 \u0161altinio receptas u\u017etikrina lengv\u0105 vir\u0161kinim\u0105, o begr\u016bd\u0117 formul\u0117 idealiai tinka jautriems augintiniams.","robots":{"index":"index","follow":"follow","max-snippet":"max-snippet:-1","max-image-preview":"max-image-preview:large","max-video-preview":"max-video-preview:-1"},"canonical":"https:\/\/anivet.lt\/elparduotuve\/produktas\/calibra-life-dog-can-adult-beef-with-carrots-400g\/","og_locale":"lt_LT","og_type":"article","og_title":"CALIBRA LIFE Dog can Adult Beef with carrots 400g konservas \u0161unims su jautiena ir morkomis","og_description":"\u0160is visavertis konservuotas pa\u0161aras, praturtintas jautiena ir morkomis, yra puikus pasirinkimas suaugusiems \u0161unims. Vieno baltym\u0173 \u0161altinio receptas u\u017etikrina lengv\u0105 vir\u0161kinim\u0105, o begr\u016bd\u0117 formul\u0117 idealiai tinka jautriems augintiniams.","og_url":"https:\/\/anivet.lt\/elparduotuve\/produktas\/calibra-life-dog-can-adult-beef-with-carrots-400g\/","og_site_name":"anivet.lt","article_modified_time":"2025-11-26T15:53:39+00:00","og_image":[{"width":1920,"height":1920,"url":"https:\/\/anivet.lt\/elparduotuve\/wp-content\/uploads\/2023\/07\/2095-calibra-life-dog-konzerva-400g-adult-beef.webp","type":"image\/webp"}],"twitter_card":"summary_large_image","twitter_misc":{"Est. reading time":"1 minut\u0117"},"schema":{"@context":"https:\/\/schema.org","@graph":[{"@type":"WebPage","@id":"https:\/\/anivet.lt\/elparduotuve\/produktas\/calibra-life-dog-can-adult-beef-with-carrots-400g\/","url":"https:\/\/anivet.lt\/elparduotuve\/produktas\/calibra-life-dog-can-adult-beef-with-carrots-400g\/","name":"CALIBRA LIFE Dog can Adult Beef with carrots 400g konservas \u0161unims su jautiena ir morkomis - anivet.lt","isPartOf":{"@id":"https:\/\/anivet.lt\/elparduotuve\/#website"},"primaryImageOfPage":{"@id":"https:\/\/anivet.lt\/elparduotuve\/produktas\/calibra-life-dog-can-adult-beef-with-carrots-400g\/#primaryimage"},"image":{"@id":"https:\/\/anivet.lt\/elparduotuve\/produktas\/calibra-life-dog-can-adult-beef-with-carrots-400g\/#primaryimage"},"thumbnailUrl":"https:\/\/anivet.lt\/elparduotuve\/wp-content\/uploads\/2023\/07\/2095-calibra-life-dog-konzerva-400g-adult-beef.webp","datePublished":"2023-07-27T11:06:55+00:00","dateModified":"2025-11-26T15:53:39+00:00","description":"\u0160is visavertis konservuotas pa\u0161aras, praturtintas jautiena ir morkomis, yra puikus pasirinkimas suaugusiems \u0161unims. Vieno baltym\u0173 \u0161altinio receptas u\u017etikrina lengv\u0105 vir\u0161kinim\u0105, o begr\u016bd\u0117 formul\u0117 idealiai tinka jautriems augintiniams.","breadcrumb":{"@id":"https:\/\/anivet.lt\/elparduotuve\/produktas\/calibra-life-dog-can-adult-beef-with-carrots-400g\/#breadcrumb"},"inLanguage":"lt-LT","potentialAction":[{"@type":"ReadAction","target":["https:\/\/anivet.lt\/elparduotuve\/produktas\/calibra-life-dog-can-adult-beef-with-carrots-400g\/"]}]},{"@type":"ImageObject","inLanguage":"lt-LT","@id":"https:\/\/anivet.lt\/elparduotuve\/produktas\/calibra-life-dog-can-adult-beef-with-carrots-400g\/#primaryimage","url":"https:\/\/anivet.lt\/elparduotuve\/wp-content\/uploads\/2023\/07\/2095-calibra-life-dog-konzerva-400g-adult-beef.webp","contentUrl":"https:\/\/anivet.lt\/elparduotuve\/wp-content\/uploads\/2023\/07\/2095-calibra-life-dog-konzerva-400g-adult-beef.webp","width":1920,"height":1920,"caption":"CALIBRA LIFE Dog can Adult Beef with carrots 400g konservas \u0161unims su jautiena ir morkomis"},{"@type":"BreadcrumbList","@id":"https:\/\/anivet.lt\/elparduotuve\/produktas\/calibra-life-dog-can-adult-beef-with-carrots-400g\/#breadcrumb","itemListElement":[{"@type":"ListItem","position":1,"name":"Home","item":"https:\/\/anivet.lt\/elparduotuve\/"},{"@type":"ListItem","position":2,"name":"Produktai","item":"https:\/\/anivet.lt\/elparduotuve\/produktai\/"},{"@type":"ListItem","position":3,"name":"CALIBRA LIFE Dog can Adult Beef with carrots 400g konservas \u0161unims su jautiena ir morkomis"}]},{"@type":"WebSite","@id":"https:\/\/anivet.lt\/elparduotuve\/#website","url":"https:\/\/anivet.lt\/elparduotuve\/","name":"anivet.lt","description":"Viskas J\u016bs\u0173 \u0161uns, kat\u0117s prie\u017ei\u016brai","publisher":{"@id":"https:\/\/anivet.lt\/elparduotuve\/#organization"},"alternateName":"Viskas J\u016bs\u0173 \u0161uns, kat\u0117s prie\u017ei\u016brai","potentialAction":[{"@type":"SearchAction","target":{"@type":"EntryPoint","urlTemplate":"https:\/\/anivet.lt\/elparduotuve\/?s={search_term_string}"},"query-input":{"@type":"PropertyValueSpecification","valueRequired":true,"valueName":"search_term_string"}}],"inLanguage":"lt-LT"},{"@type":"Organization","@id":"https:\/\/anivet.lt\/elparduotuve\/#organization","name":"Viskas J\u016bs\u0173 \u0161uns, kat\u0117s prie\u017ei\u016brai","url":"https:\/\/anivet.lt\/elparduotuve\/","logo":{"@type":"ImageObject","inLanguage":"lt-LT","@id":"https:\/\/anivet.lt\/elparduotuve\/#\/schema\/logo\/image\/","url":"https:\/\/anivet.lt\/elparduotuve\/wp-content\/uploads\/2023\/06\/logo2.jpg","contentUrl":"https:\/\/anivet.lt\/elparduotuve\/wp-content\/uploads\/2023\/06\/logo2.jpg","width":655,"height":194,"caption":"Viskas J\u016bs\u0173 \u0161uns, kat\u0117s prie\u017ei\u016brai"},"image":{"@id":"https:\/\/anivet.lt\/elparduotuve\/#\/schema\/logo\/image\/"}}]}},"_links":{"self":[{"href":"https:\/\/anivet.lt\/elparduotuve\/wp-json\/wp\/v2\/product\/10871","targetHints":{"allow":["GET"]}}],"collection":[{"href":"https:\/\/anivet.lt\/elparduotuve\/wp-json\/wp\/v2\/product"}],"about":[{"href":"https:\/\/anivet.lt\/elparduotuve\/wp-json\/wp\/v2\/types\/product"}],"wp:featuredmedia":[{"embeddable":true,"href":"https:\/\/anivet.lt\/elparduotuve\/wp-json\/wp\/v2\/media\/10876"}],"wp:attachment":[{"href":"https:\/\/anivet.lt\/elparduotuve\/wp-json\/wp\/v2\/media?parent=10871"}],"wp:term":[{"taxonomy":"product_brand","embeddable":true,"href":"https:\/\/anivet.lt\/elparduotuve\/wp-json\/wp\/v2\/product_brand?post=10871"},{"taxonomy":"product_cat","embeddable":true,"href":"https:\/\/anivet.lt\/elparduotuve\/wp-json\/wp\/v2\/product_cat?post=10871"},{"taxonomy":"product_tag","embeddable":true,"href":"https:\/\/anivet.lt\/elparduotuve\/wp-json\/wp\/v2\/product_tag?post=10871"}],"curies":[{"name":"wp","href":"https:\/\/api.w.org\/{rel}","templated":true}]}}