{"id":10911,"date":"2023-07-27T13:02:38","date_gmt":"2023-07-27T13:02:38","guid":{"rendered":"https:\/\/anivet.lt\/elparduotuve\/?post_type=product&#038;p=10911"},"modified":"2026-04-03T17:27:21","modified_gmt":"2026-04-03T17:27:21","slug":"calibra-life-dog-can-adult-wild-boar-with-cranber-400g-suaugusiems-sunims-su-serniena-ir-spanguolemis","status":"publish","type":"product","link":"https:\/\/anivet.lt\/elparduotuve\/produktas\/calibra-life-dog-can-adult-wild-boar-with-cranber-400g-suaugusiems-sunims-su-serniena-ir-spanguolemis\/","title":{"rendered":"CALIBRA LIFE Dog can Adult Wild boar with cranber 400g suaugusiems \u0161unims su \u0161erniena ir spanguol\u0117mis"},"content":{"rendered":"<ul>\n<li style=\"font-weight: 400;\" aria-level=\"1\"><span style=\"font-weight: 400;\">Auk\u0161tos kokyb\u0117s \u0161erniena: 70 % sud\u0117ties u\u017etikrina nat\u016bral\u0173 ir lengvai vir\u0161kinam\u0105 baltym\u0173 \u0161altin\u012f.<\/span><\/li>\n<li style=\"font-weight: 400;\" aria-level=\"1\"><span style=\"font-weight: 400;\">Praturtintas spanguol\u0117mis: Spanguol\u0117s yra puikus antioksidant\u0173 ir vitamino C \u0161altinis, padedantis stiprinti imunin\u0119 sistem\u0105 ir palaikyti \u0161lapimo tak\u0173 sveikat\u0105.<\/span><\/li>\n<li style=\"font-weight: 400;\" aria-level=\"1\"><span style=\"font-weight: 400;\">Omega-3 r\u016bg\u0161tys i\u0161 la\u0161i\u0161\u0173 aliejaus: Palaiko sveik\u0105 od\u0105, blizgant\u012f kail\u012f ir smegen\u0173 funkcijas bei turi prie\u0161u\u017edegimini\u0173 savybi\u0173.<\/span><\/li>\n<li style=\"font-weight: 400;\" aria-level=\"1\"><span style=\"font-weight: 400;\">Be gr\u016bd\u0173 ir glitimo: Puikiai tinka jautriems \u0161unims, nes n\u0117ra kvie\u010di\u0173, kukur\u016bz\u0173, soj\u0173 ar GMO.<\/span><\/li>\n<li style=\"font-weight: 400;\" aria-level=\"1\"><span style=\"font-weight: 400;\">Lengvas vir\u0161kinamumas: Nat\u016bral\u016bs ingredientai u\u017etikrina puik\u0173 vir\u0161kinim\u0105 ir energij\u0105 kasdieniam aktyvumui.<\/span><\/li>\n<\/ul>\n<p><span style=\"font-weight: 400;\">\u201eCalibra Life Dog Can Adult Wild Boar with Cranberries\u201c \u2013 gardus, maistingas ir sveikas pasirinkimas j\u016bs\u0173 suaugusio \u0161uns mitybai. Puikus skonis ir funkcional\u016bs ingredientai u\u017etikrina ger\u0105 savijaut\u0105 ir gyvenimo d\u017eiaugsm\u0105.<\/span><\/p>\n","protected":false},"excerpt":{"rendered":"<p><span style=\"font-weight: 400;\">\u0160is visavertis konservuotas pa\u0161aras su \u0161erniena ir spanguol\u0117mis yra puikus pasirinkimas suaugusiems \u0161unims. Vieno baltym\u0173 \u0161altinio formul\u0117 be gr\u016bd\u0173 ir glitimo u\u017etikrina lengv\u0105 vir\u0161kinim\u0105 ir nat\u016bral\u0173 baltym\u0173 \u0161altin\u012f.<\/span><\/p>\n","protected":false},"featured_media":10912,"template":"","meta":[],"product_brand":[],"product_cat":[101,103,105,332],"product_tag":[],"class_list":{"0":"post-10911","1":"product","2":"type-product","3":"status-publish","4":"has-post-thumbnail","6":"product_cat-sunims","7":"product_cat-sunu-maistas","8":"product_cat-konservai","9":"product_cat-calibra-sunu-maistas","10":"pa_prekinis-zenklas-calibra","12":"first","13":"outofstock","14":"taxable","15":"shipping-taxable","16":"purchasable","17":"product-type-simple"},"yoast_head":"<!-- This site is optimized with the Yoast SEO Premium plugin v27.1 (Yoast SEO v27.3) - https:\/\/yoast.com\/product\/yoast-seo-premium-wordpress\/ -->\n<title>CALIBRA LIFE Dog can Adult Wild boar with cranber 400g suaugusiems \u0161unims su \u0161erniena ir spanguol\u0117mis - anivet.lt<\/title>\n<meta name=\"description\" content=\"\u0160is visavertis konservuotas pa\u0161aras su \u0161erniena ir spanguol\u0117mis yra puikus pasirinkimas suaugusiems \u0161unims. Vieno baltym\u0173 \u0161altinio formul\u0117 be gr\u016bd\u0173 ir glitimo u\u017etikrina lengv\u0105 vir\u0161kinim\u0105 ir nat\u016bral\u0173 baltym\u0173 \u0161altin\u012f.\" \/>\n<meta name=\"robots\" content=\"index, follow, max-snippet:-1, max-image-preview:large, max-video-preview:-1\" \/>\n<link rel=\"canonical\" href=\"https:\/\/anivet.lt\/elparduotuve\/produktas\/calibra-life-dog-can-adult-wild-boar-with-cranber-400g-suaugusiems-sunims-su-serniena-ir-spanguolemis\/\" \/>\n<meta property=\"og:locale\" content=\"lt_LT\" \/>\n<meta property=\"og:type\" content=\"article\" \/>\n<meta property=\"og:title\" content=\"CALIBRA LIFE Dog can Adult Wild boar with cranber 400g suaugusiems \u0161unims su \u0161erniena ir spanguol\u0117mis\" \/>\n<meta property=\"og:description\" content=\"\u0160is visavertis konservuotas pa\u0161aras su \u0161erniena ir spanguol\u0117mis yra puikus pasirinkimas suaugusiems \u0161unims. Vieno baltym\u0173 \u0161altinio formul\u0117 be gr\u016bd\u0173 ir glitimo u\u017etikrina lengv\u0105 vir\u0161kinim\u0105 ir nat\u016bral\u0173 baltym\u0173 \u0161altin\u012f.\" \/>\n<meta property=\"og:url\" content=\"https:\/\/anivet.lt\/elparduotuve\/produktas\/calibra-life-dog-can-adult-wild-boar-with-cranber-400g-suaugusiems-sunims-su-serniena-ir-spanguolemis\/\" \/>\n<meta property=\"og:site_name\" content=\"anivet.lt\" \/>\n<meta property=\"article:modified_time\" content=\"2026-04-03T17:27:21+00:00\" \/>\n<meta property=\"og:image\" content=\"https:\/\/anivet.lt\/elparduotuve\/wp-content\/uploads\/2023\/07\/2091-calibra-life-dog-konzerva-400g-adult-wild-boar.webp\" \/>\n\t<meta property=\"og:image:width\" content=\"1920\" \/>\n\t<meta property=\"og:image:height\" content=\"1920\" \/>\n\t<meta property=\"og:image:type\" content=\"image\/webp\" \/>\n<meta name=\"twitter:card\" content=\"summary_large_image\" \/>\n<meta name=\"twitter:label1\" content=\"Est. reading time\" \/>\n\t<meta name=\"twitter:data1\" content=\"1 minut\u0117\" \/>\n<script type=\"application\/ld+json\" class=\"yoast-schema-graph\">{\"@context\":\"https:\\\/\\\/schema.org\",\"@graph\":[{\"@type\":\"WebPage\",\"@id\":\"https:\\\/\\\/anivet.lt\\\/elparduotuve\\\/produktas\\\/calibra-life-dog-can-adult-wild-boar-with-cranber-400g-suaugusiems-sunims-su-serniena-ir-spanguolemis\\\/\",\"url\":\"https:\\\/\\\/anivet.lt\\\/elparduotuve\\\/produktas\\\/calibra-life-dog-can-adult-wild-boar-with-cranber-400g-suaugusiems-sunims-su-serniena-ir-spanguolemis\\\/\",\"name\":\"CALIBRA LIFE Dog can Adult Wild boar with cranber 400g suaugusiems \u0161unims su \u0161erniena ir spanguol\u0117mis - anivet.lt\",\"isPartOf\":{\"@id\":\"https:\\\/\\\/anivet.lt\\\/elparduotuve\\\/#website\"},\"primaryImageOfPage\":{\"@id\":\"https:\\\/\\\/anivet.lt\\\/elparduotuve\\\/produktas\\\/calibra-life-dog-can-adult-wild-boar-with-cranber-400g-suaugusiems-sunims-su-serniena-ir-spanguolemis\\\/#primaryimage\"},\"image\":{\"@id\":\"https:\\\/\\\/anivet.lt\\\/elparduotuve\\\/produktas\\\/calibra-life-dog-can-adult-wild-boar-with-cranber-400g-suaugusiems-sunims-su-serniena-ir-spanguolemis\\\/#primaryimage\"},\"thumbnailUrl\":\"https:\\\/\\\/anivet.lt\\\/elparduotuve\\\/wp-content\\\/uploads\\\/2023\\\/07\\\/2091-calibra-life-dog-konzerva-400g-adult-wild-boar.webp\",\"datePublished\":\"2023-07-27T13:02:38+00:00\",\"dateModified\":\"2026-04-03T17:27:21+00:00\",\"description\":\"\u0160is visavertis konservuotas pa\u0161aras su \u0161erniena ir spanguol\u0117mis yra puikus pasirinkimas suaugusiems \u0161unims. Vieno baltym\u0173 \u0161altinio formul\u0117 be gr\u016bd\u0173 ir glitimo u\u017etikrina lengv\u0105 vir\u0161kinim\u0105 ir nat\u016bral\u0173 baltym\u0173 \u0161altin\u012f.\",\"breadcrumb\":{\"@id\":\"https:\\\/\\\/anivet.lt\\\/elparduotuve\\\/produktas\\\/calibra-life-dog-can-adult-wild-boar-with-cranber-400g-suaugusiems-sunims-su-serniena-ir-spanguolemis\\\/#breadcrumb\"},\"inLanguage\":\"lt-LT\",\"potentialAction\":[{\"@type\":\"ReadAction\",\"target\":[\"https:\\\/\\\/anivet.lt\\\/elparduotuve\\\/produktas\\\/calibra-life-dog-can-adult-wild-boar-with-cranber-400g-suaugusiems-sunims-su-serniena-ir-spanguolemis\\\/\"]}]},{\"@type\":\"ImageObject\",\"inLanguage\":\"lt-LT\",\"@id\":\"https:\\\/\\\/anivet.lt\\\/elparduotuve\\\/produktas\\\/calibra-life-dog-can-adult-wild-boar-with-cranber-400g-suaugusiems-sunims-su-serniena-ir-spanguolemis\\\/#primaryimage\",\"url\":\"https:\\\/\\\/anivet.lt\\\/elparduotuve\\\/wp-content\\\/uploads\\\/2023\\\/07\\\/2091-calibra-life-dog-konzerva-400g-adult-wild-boar.webp\",\"contentUrl\":\"https:\\\/\\\/anivet.lt\\\/elparduotuve\\\/wp-content\\\/uploads\\\/2023\\\/07\\\/2091-calibra-life-dog-konzerva-400g-adult-wild-boar.webp\",\"width\":1920,\"height\":1920,\"caption\":\"CALIBRA LIFE Dog can Adult Wild boar with cranber 400g suaugusiems \u0161unims su \u0161erniena ir spanguol\u0117mis\"},{\"@type\":\"BreadcrumbList\",\"@id\":\"https:\\\/\\\/anivet.lt\\\/elparduotuve\\\/produktas\\\/calibra-life-dog-can-adult-wild-boar-with-cranber-400g-suaugusiems-sunims-su-serniena-ir-spanguolemis\\\/#breadcrumb\",\"itemListElement\":[{\"@type\":\"ListItem\",\"position\":1,\"name\":\"Home\",\"item\":\"https:\\\/\\\/anivet.lt\\\/elparduotuve\\\/\"},{\"@type\":\"ListItem\",\"position\":2,\"name\":\"Produktai\",\"item\":\"https:\\\/\\\/anivet.lt\\\/elparduotuve\\\/produktai\\\/\"},{\"@type\":\"ListItem\",\"position\":3,\"name\":\"CALIBRA LIFE Dog can Adult Wild boar with cranber 400g suaugusiems \u0161unims su \u0161erniena ir spanguol\u0117mis\"}]},{\"@type\":\"WebSite\",\"@id\":\"https:\\\/\\\/anivet.lt\\\/elparduotuve\\\/#website\",\"url\":\"https:\\\/\\\/anivet.lt\\\/elparduotuve\\\/\",\"name\":\"anivet.lt\",\"description\":\"Viskas J\u016bs\u0173 \u0161uns, kat\u0117s prie\u017ei\u016brai\",\"publisher\":{\"@id\":\"https:\\\/\\\/anivet.lt\\\/elparduotuve\\\/#organization\"},\"alternateName\":\"Viskas J\u016bs\u0173 \u0161uns, kat\u0117s prie\u017ei\u016brai\",\"potentialAction\":[{\"@type\":\"SearchAction\",\"target\":{\"@type\":\"EntryPoint\",\"urlTemplate\":\"https:\\\/\\\/anivet.lt\\\/elparduotuve\\\/?s={search_term_string}\"},\"query-input\":{\"@type\":\"PropertyValueSpecification\",\"valueRequired\":true,\"valueName\":\"search_term_string\"}}],\"inLanguage\":\"lt-LT\"},{\"@type\":\"Organization\",\"@id\":\"https:\\\/\\\/anivet.lt\\\/elparduotuve\\\/#organization\",\"name\":\"Viskas J\u016bs\u0173 \u0161uns, kat\u0117s prie\u017ei\u016brai\",\"url\":\"https:\\\/\\\/anivet.lt\\\/elparduotuve\\\/\",\"logo\":{\"@type\":\"ImageObject\",\"inLanguage\":\"lt-LT\",\"@id\":\"https:\\\/\\\/anivet.lt\\\/elparduotuve\\\/#\\\/schema\\\/logo\\\/image\\\/\",\"url\":\"https:\\\/\\\/anivet.lt\\\/elparduotuve\\\/wp-content\\\/uploads\\\/2023\\\/06\\\/logo2.jpg\",\"contentUrl\":\"https:\\\/\\\/anivet.lt\\\/elparduotuve\\\/wp-content\\\/uploads\\\/2023\\\/06\\\/logo2.jpg\",\"width\":655,\"height\":194,\"caption\":\"Viskas J\u016bs\u0173 \u0161uns, kat\u0117s prie\u017ei\u016brai\"},\"image\":{\"@id\":\"https:\\\/\\\/anivet.lt\\\/elparduotuve\\\/#\\\/schema\\\/logo\\\/image\\\/\"}}]}<\/script>\n<!-- \/ Yoast SEO Premium plugin. -->","yoast_head_json":{"title":"CALIBRA LIFE Dog can Adult Wild boar with cranber 400g suaugusiems \u0161unims su \u0161erniena ir spanguol\u0117mis - anivet.lt","description":"\u0160is visavertis konservuotas pa\u0161aras su \u0161erniena ir spanguol\u0117mis yra puikus pasirinkimas suaugusiems \u0161unims. Vieno baltym\u0173 \u0161altinio formul\u0117 be gr\u016bd\u0173 ir glitimo u\u017etikrina lengv\u0105 vir\u0161kinim\u0105 ir nat\u016bral\u0173 baltym\u0173 \u0161altin\u012f.","robots":{"index":"index","follow":"follow","max-snippet":"max-snippet:-1","max-image-preview":"max-image-preview:large","max-video-preview":"max-video-preview:-1"},"canonical":"https:\/\/anivet.lt\/elparduotuve\/produktas\/calibra-life-dog-can-adult-wild-boar-with-cranber-400g-suaugusiems-sunims-su-serniena-ir-spanguolemis\/","og_locale":"lt_LT","og_type":"article","og_title":"CALIBRA LIFE Dog can Adult Wild boar with cranber 400g suaugusiems \u0161unims su \u0161erniena ir spanguol\u0117mis","og_description":"\u0160is visavertis konservuotas pa\u0161aras su \u0161erniena ir spanguol\u0117mis yra puikus pasirinkimas suaugusiems \u0161unims. Vieno baltym\u0173 \u0161altinio formul\u0117 be gr\u016bd\u0173 ir glitimo u\u017etikrina lengv\u0105 vir\u0161kinim\u0105 ir nat\u016bral\u0173 baltym\u0173 \u0161altin\u012f.","og_url":"https:\/\/anivet.lt\/elparduotuve\/produktas\/calibra-life-dog-can-adult-wild-boar-with-cranber-400g-suaugusiems-sunims-su-serniena-ir-spanguolemis\/","og_site_name":"anivet.lt","article_modified_time":"2026-04-03T17:27:21+00:00","og_image":[{"width":1920,"height":1920,"url":"https:\/\/anivet.lt\/elparduotuve\/wp-content\/uploads\/2023\/07\/2091-calibra-life-dog-konzerva-400g-adult-wild-boar.webp","type":"image\/webp"}],"twitter_card":"summary_large_image","twitter_misc":{"Est. reading time":"1 minut\u0117"},"schema":{"@context":"https:\/\/schema.org","@graph":[{"@type":"WebPage","@id":"https:\/\/anivet.lt\/elparduotuve\/produktas\/calibra-life-dog-can-adult-wild-boar-with-cranber-400g-suaugusiems-sunims-su-serniena-ir-spanguolemis\/","url":"https:\/\/anivet.lt\/elparduotuve\/produktas\/calibra-life-dog-can-adult-wild-boar-with-cranber-400g-suaugusiems-sunims-su-serniena-ir-spanguolemis\/","name":"CALIBRA LIFE Dog can Adult Wild boar with cranber 400g suaugusiems \u0161unims su \u0161erniena ir spanguol\u0117mis - anivet.lt","isPartOf":{"@id":"https:\/\/anivet.lt\/elparduotuve\/#website"},"primaryImageOfPage":{"@id":"https:\/\/anivet.lt\/elparduotuve\/produktas\/calibra-life-dog-can-adult-wild-boar-with-cranber-400g-suaugusiems-sunims-su-serniena-ir-spanguolemis\/#primaryimage"},"image":{"@id":"https:\/\/anivet.lt\/elparduotuve\/produktas\/calibra-life-dog-can-adult-wild-boar-with-cranber-400g-suaugusiems-sunims-su-serniena-ir-spanguolemis\/#primaryimage"},"thumbnailUrl":"https:\/\/anivet.lt\/elparduotuve\/wp-content\/uploads\/2023\/07\/2091-calibra-life-dog-konzerva-400g-adult-wild-boar.webp","datePublished":"2023-07-27T13:02:38+00:00","dateModified":"2026-04-03T17:27:21+00:00","description":"\u0160is visavertis konservuotas pa\u0161aras su \u0161erniena ir spanguol\u0117mis yra puikus pasirinkimas suaugusiems \u0161unims. Vieno baltym\u0173 \u0161altinio formul\u0117 be gr\u016bd\u0173 ir glitimo u\u017etikrina lengv\u0105 vir\u0161kinim\u0105 ir nat\u016bral\u0173 baltym\u0173 \u0161altin\u012f.","breadcrumb":{"@id":"https:\/\/anivet.lt\/elparduotuve\/produktas\/calibra-life-dog-can-adult-wild-boar-with-cranber-400g-suaugusiems-sunims-su-serniena-ir-spanguolemis\/#breadcrumb"},"inLanguage":"lt-LT","potentialAction":[{"@type":"ReadAction","target":["https:\/\/anivet.lt\/elparduotuve\/produktas\/calibra-life-dog-can-adult-wild-boar-with-cranber-400g-suaugusiems-sunims-su-serniena-ir-spanguolemis\/"]}]},{"@type":"ImageObject","inLanguage":"lt-LT","@id":"https:\/\/anivet.lt\/elparduotuve\/produktas\/calibra-life-dog-can-adult-wild-boar-with-cranber-400g-suaugusiems-sunims-su-serniena-ir-spanguolemis\/#primaryimage","url":"https:\/\/anivet.lt\/elparduotuve\/wp-content\/uploads\/2023\/07\/2091-calibra-life-dog-konzerva-400g-adult-wild-boar.webp","contentUrl":"https:\/\/anivet.lt\/elparduotuve\/wp-content\/uploads\/2023\/07\/2091-calibra-life-dog-konzerva-400g-adult-wild-boar.webp","width":1920,"height":1920,"caption":"CALIBRA LIFE Dog can Adult Wild boar with cranber 400g suaugusiems \u0161unims su \u0161erniena ir spanguol\u0117mis"},{"@type":"BreadcrumbList","@id":"https:\/\/anivet.lt\/elparduotuve\/produktas\/calibra-life-dog-can-adult-wild-boar-with-cranber-400g-suaugusiems-sunims-su-serniena-ir-spanguolemis\/#breadcrumb","itemListElement":[{"@type":"ListItem","position":1,"name":"Home","item":"https:\/\/anivet.lt\/elparduotuve\/"},{"@type":"ListItem","position":2,"name":"Produktai","item":"https:\/\/anivet.lt\/elparduotuve\/produktai\/"},{"@type":"ListItem","position":3,"name":"CALIBRA LIFE Dog can Adult Wild boar with cranber 400g suaugusiems \u0161unims su \u0161erniena ir spanguol\u0117mis"}]},{"@type":"WebSite","@id":"https:\/\/anivet.lt\/elparduotuve\/#website","url":"https:\/\/anivet.lt\/elparduotuve\/","name":"anivet.lt","description":"Viskas J\u016bs\u0173 \u0161uns, kat\u0117s prie\u017ei\u016brai","publisher":{"@id":"https:\/\/anivet.lt\/elparduotuve\/#organization"},"alternateName":"Viskas J\u016bs\u0173 \u0161uns, kat\u0117s prie\u017ei\u016brai","potentialAction":[{"@type":"SearchAction","target":{"@type":"EntryPoint","urlTemplate":"https:\/\/anivet.lt\/elparduotuve\/?s={search_term_string}"},"query-input":{"@type":"PropertyValueSpecification","valueRequired":true,"valueName":"search_term_string"}}],"inLanguage":"lt-LT"},{"@type":"Organization","@id":"https:\/\/anivet.lt\/elparduotuve\/#organization","name":"Viskas J\u016bs\u0173 \u0161uns, kat\u0117s prie\u017ei\u016brai","url":"https:\/\/anivet.lt\/elparduotuve\/","logo":{"@type":"ImageObject","inLanguage":"lt-LT","@id":"https:\/\/anivet.lt\/elparduotuve\/#\/schema\/logo\/image\/","url":"https:\/\/anivet.lt\/elparduotuve\/wp-content\/uploads\/2023\/06\/logo2.jpg","contentUrl":"https:\/\/anivet.lt\/elparduotuve\/wp-content\/uploads\/2023\/06\/logo2.jpg","width":655,"height":194,"caption":"Viskas J\u016bs\u0173 \u0161uns, kat\u0117s prie\u017ei\u016brai"},"image":{"@id":"https:\/\/anivet.lt\/elparduotuve\/#\/schema\/logo\/image\/"}}]}},"_links":{"self":[{"href":"https:\/\/anivet.lt\/elparduotuve\/wp-json\/wp\/v2\/product\/10911","targetHints":{"allow":["GET"]}}],"collection":[{"href":"https:\/\/anivet.lt\/elparduotuve\/wp-json\/wp\/v2\/product"}],"about":[{"href":"https:\/\/anivet.lt\/elparduotuve\/wp-json\/wp\/v2\/types\/product"}],"wp:featuredmedia":[{"embeddable":true,"href":"https:\/\/anivet.lt\/elparduotuve\/wp-json\/wp\/v2\/media\/10912"}],"wp:attachment":[{"href":"https:\/\/anivet.lt\/elparduotuve\/wp-json\/wp\/v2\/media?parent=10911"}],"wp:term":[{"taxonomy":"product_brand","embeddable":true,"href":"https:\/\/anivet.lt\/elparduotuve\/wp-json\/wp\/v2\/product_brand?post=10911"},{"taxonomy":"product_cat","embeddable":true,"href":"https:\/\/anivet.lt\/elparduotuve\/wp-json\/wp\/v2\/product_cat?post=10911"},{"taxonomy":"product_tag","embeddable":true,"href":"https:\/\/anivet.lt\/elparduotuve\/wp-json\/wp\/v2\/product_tag?post=10911"}],"curies":[{"name":"wp","href":"https:\/\/api.w.org\/{rel}","templated":true}]}}