{"id":11086,"date":"2023-08-21T12:39:21","date_gmt":"2023-08-21T12:39:21","guid":{"rendered":"https:\/\/anivet.lt\/elparduotuve\/?post_type=product&#038;p=11086"},"modified":"2026-05-02T10:32:49","modified_gmt":"2026-05-02T10:32:49","slug":"hyaloral-gel-50ml-geriamoji-suspensija-sunims-ir-katems","status":"publish","type":"product","link":"https:\/\/anivet.lt\/elparduotuve\/produktas\/hyaloral-gel-50ml-geriamoji-suspensija-sunims-ir-katems\/","title":{"rendered":"HYALORAL GEL 50ml geriamoji suspensija \u0161unims ir kat\u0117ms s\u0105nari\u0173 veiklai"},"content":{"rendered":"<ul>\n<li style=\"font-weight: 400;\"><span style=\"font-weight: 400;\">Apr\u016bpina kolagenu: Hidrolizuotas kiauli\u0173 kolagenas palaiko s\u0105nari\u0173, sausgysli\u0173 ir rai\u0161\u010di\u0173 strukt\u016br\u0105.<\/span><\/li>\n<li style=\"font-weight: 400;\"><span style=\"font-weight: 400;\">Hialurono r\u016bg\u0161tis: Suteikia s\u0105nariams reikaling\u0105 tepim\u0105 ir palaiko j\u0173 elastingum\u0105.<\/span><\/li>\n<li style=\"font-weight: 400;\"><span style=\"font-weight: 400;\">Gliukozaminas ir chondroitinas: Palaiko kremzl\u0117s regeneracij\u0105 ir elastingum\u0105.<\/span><\/li>\n<li style=\"font-weight: 400;\"><span style=\"font-weight: 400;\">Gama orizanolis: Turi antioksidacini\u0173 savybi\u0173, padedan\u010di\u0173 suma\u017einti u\u017edegim\u0105.<\/span><\/li>\n<li style=\"font-weight: 400;\"><span style=\"font-weight: 400;\">Patogus vartojimas: Skystas formatas u\u017etikrina lengv\u0105 dozavim\u0105 ir greit\u0105 absorbcij\u0105.<\/span><\/li>\n<\/ul>\n<p><span style=\"font-weight: 400;\">\u0160is papildas yra idealus pasirinkimas siekiant pagerinti j\u016bs\u0173 augintinio s\u0105nari\u0173 funkcij\u0105, ypa\u010d aktyviems ar vyresnio am\u017eiaus gyv\u016bnams, kuriems reikia papildomos s\u0105nari\u0173 apsaugos. \u0160is produktas su nat\u016braliomis sudedamosiomis dalimis padeda palaikyti s\u0105nari\u0173 lankstum\u0105, ma\u017eina trint\u012f ir u\u017etikrina, kad j\u016bs\u0173 augintinis jaust\u0173si patogiai ir jud\u0117t\u0173 lengvai. Tinka tiek \u0161unims, tiek kat\u0117ms, kuriems reikalinga papildoma s\u0105nari\u0173 prie\u017ei\u016bra.<\/span><\/p>\n","protected":false},"excerpt":{"rendered":"<p><span style=\"font-weight: 400;\">Geriamoji suspensija, sukurta apr\u016bpinti \u0161unis ir kates reikalingomis maistin\u0117mis med\u017eiagomis, kurios padeda palaikyti s\u0105nari\u0173, sausgysli\u0173 ir rai\u0161\u010di\u0173 sveikat\u0105 bei teising\u0105 vystym\u0105si. \u0160is produktas taip pat sutepa s\u0105narius ir prisideda prie j\u0173 lankstumo.<\/span><\/p>\n","protected":false},"featured_media":11087,"template":"","meta":[],"product_brand":[],"product_cat":[101,102,113,124],"product_tag":[],"class_list":{"0":"post-11086","1":"product","2":"type-product","3":"status-publish","4":"has-post-thumbnail","6":"product_cat-sunims","7":"product_cat-katems","8":"product_cat-vitaminai-ir-papildai","9":"product_cat-vitaminai-ir-papildai-katems","10":"pa_prekinis-zenklas-opko","12":"first","13":"instock","14":"sale","15":"taxable","16":"shipping-taxable","17":"purchasable","18":"product-type-simple"},"yoast_head":"<!-- This site is optimized with the Yoast SEO Premium plugin v27.1 (Yoast SEO v27.5) - https:\/\/yoast.com\/product\/yoast-seo-premium-wordpress\/ -->\n<title>HYALORAL GEL 50ml geriamoji suspensija \u0161unims ir kat\u0117ms s\u0105nari\u0173 veiklai - anivet.lt<\/title>\n<meta name=\"description\" content=\"Geriamoji suspensija, sukurta apr\u016bpinti \u0161unis ir kates reikalingomis maistin\u0117mis med\u017eiagomis, kurios padeda palaikyti s\u0105nari\u0173, sausgysli\u0173 ir rai\u0161\u010di\u0173 sveikat\u0105 bei teising\u0105 vystym\u0105si. \u0160is produktas taip pat sutepa s\u0105narius ir prisideda prie j\u0173 lankstumo.\" \/>\n<meta name=\"robots\" content=\"index, follow, max-snippet:-1, max-image-preview:large, max-video-preview:-1\" \/>\n<link rel=\"canonical\" href=\"https:\/\/anivet.lt\/elparduotuve\/produktas\/hyaloral-gel-50ml-geriamoji-suspensija-sunims-ir-katems\/\" \/>\n<meta property=\"og:locale\" content=\"lt_LT\" \/>\n<meta property=\"og:type\" content=\"article\" \/>\n<meta property=\"og:title\" content=\"HYALORAL GEL 50ml geriamoji suspensija \u0161unims ir kat\u0117ms s\u0105nari\u0173 veiklai\" \/>\n<meta property=\"og:description\" content=\"Geriamoji suspensija, sukurta apr\u016bpinti \u0161unis ir kates reikalingomis maistin\u0117mis med\u017eiagomis, kurios padeda palaikyti s\u0105nari\u0173, sausgysli\u0173 ir rai\u0161\u010di\u0173 sveikat\u0105 bei teising\u0105 vystym\u0105si. \u0160is produktas taip pat sutepa s\u0105narius ir prisideda prie j\u0173 lankstumo.\" \/>\n<meta property=\"og:url\" content=\"https:\/\/anivet.lt\/elparduotuve\/produktas\/hyaloral-gel-50ml-geriamoji-suspensija-sunims-ir-katems\/\" \/>\n<meta property=\"og:site_name\" content=\"anivet.lt\" \/>\n<meta property=\"article:modified_time\" content=\"2026-05-02T10:32:49+00:00\" \/>\n<meta property=\"og:image\" content=\"https:\/\/anivet.lt\/elparduotuve\/wp-content\/uploads\/2023\/08\/1690782039-307.png\" \/>\n\t<meta property=\"og:image:width\" content=\"1350\" \/>\n\t<meta property=\"og:image:height\" content=\"961\" \/>\n\t<meta property=\"og:image:type\" content=\"image\/png\" \/>\n<meta name=\"twitter:card\" content=\"summary_large_image\" \/>\n<meta name=\"twitter:label1\" content=\"Est. reading time\" \/>\n\t<meta name=\"twitter:data1\" content=\"1 minut\u0117\" \/>\n<script type=\"application\/ld+json\" class=\"yoast-schema-graph\">{\"@context\":\"https:\\\/\\\/schema.org\",\"@graph\":[{\"@type\":\"WebPage\",\"@id\":\"https:\\\/\\\/anivet.lt\\\/elparduotuve\\\/produktas\\\/hyaloral-gel-50ml-geriamoji-suspensija-sunims-ir-katems\\\/\",\"url\":\"https:\\\/\\\/anivet.lt\\\/elparduotuve\\\/produktas\\\/hyaloral-gel-50ml-geriamoji-suspensija-sunims-ir-katems\\\/\",\"name\":\"HYALORAL GEL 50ml geriamoji suspensija \u0161unims ir kat\u0117ms s\u0105nari\u0173 veiklai - anivet.lt\",\"isPartOf\":{\"@id\":\"https:\\\/\\\/anivet.lt\\\/elparduotuve\\\/#website\"},\"primaryImageOfPage\":{\"@id\":\"https:\\\/\\\/anivet.lt\\\/elparduotuve\\\/produktas\\\/hyaloral-gel-50ml-geriamoji-suspensija-sunims-ir-katems\\\/#primaryimage\"},\"image\":{\"@id\":\"https:\\\/\\\/anivet.lt\\\/elparduotuve\\\/produktas\\\/hyaloral-gel-50ml-geriamoji-suspensija-sunims-ir-katems\\\/#primaryimage\"},\"thumbnailUrl\":\"https:\\\/\\\/anivet.lt\\\/elparduotuve\\\/wp-content\\\/uploads\\\/2023\\\/08\\\/1690782039-307.png\",\"datePublished\":\"2023-08-21T12:39:21+00:00\",\"dateModified\":\"2026-05-02T10:32:49+00:00\",\"description\":\"Geriamoji suspensija, sukurta apr\u016bpinti \u0161unis ir kates reikalingomis maistin\u0117mis med\u017eiagomis, kurios padeda palaikyti s\u0105nari\u0173, sausgysli\u0173 ir rai\u0161\u010di\u0173 sveikat\u0105 bei teising\u0105 vystym\u0105si. \u0160is produktas taip pat sutepa s\u0105narius ir prisideda prie j\u0173 lankstumo.\",\"breadcrumb\":{\"@id\":\"https:\\\/\\\/anivet.lt\\\/elparduotuve\\\/produktas\\\/hyaloral-gel-50ml-geriamoji-suspensija-sunims-ir-katems\\\/#breadcrumb\"},\"inLanguage\":\"lt-LT\",\"potentialAction\":[{\"@type\":\"ReadAction\",\"target\":[\"https:\\\/\\\/anivet.lt\\\/elparduotuve\\\/produktas\\\/hyaloral-gel-50ml-geriamoji-suspensija-sunims-ir-katems\\\/\"]}]},{\"@type\":\"ImageObject\",\"inLanguage\":\"lt-LT\",\"@id\":\"https:\\\/\\\/anivet.lt\\\/elparduotuve\\\/produktas\\\/hyaloral-gel-50ml-geriamoji-suspensija-sunims-ir-katems\\\/#primaryimage\",\"url\":\"https:\\\/\\\/anivet.lt\\\/elparduotuve\\\/wp-content\\\/uploads\\\/2023\\\/08\\\/1690782039-307.png\",\"contentUrl\":\"https:\\\/\\\/anivet.lt\\\/elparduotuve\\\/wp-content\\\/uploads\\\/2023\\\/08\\\/1690782039-307.png\",\"width\":1350,\"height\":961,\"caption\":\"HYALORAL GEL 50ml geriamoji suspensija \u0161unims ir kat\u0117ms s\u0105nari\u0173 veiklai\"},{\"@type\":\"BreadcrumbList\",\"@id\":\"https:\\\/\\\/anivet.lt\\\/elparduotuve\\\/produktas\\\/hyaloral-gel-50ml-geriamoji-suspensija-sunims-ir-katems\\\/#breadcrumb\",\"itemListElement\":[{\"@type\":\"ListItem\",\"position\":1,\"name\":\"Home\",\"item\":\"https:\\\/\\\/anivet.lt\\\/elparduotuve\\\/\"},{\"@type\":\"ListItem\",\"position\":2,\"name\":\"Produktai\",\"item\":\"https:\\\/\\\/anivet.lt\\\/elparduotuve\\\/produktai\\\/\"},{\"@type\":\"ListItem\",\"position\":3,\"name\":\"HYALORAL GEL 50ml geriamoji suspensija \u0161unims ir kat\u0117ms s\u0105nari\u0173 veiklai\"}]},{\"@type\":\"WebSite\",\"@id\":\"https:\\\/\\\/anivet.lt\\\/elparduotuve\\\/#website\",\"url\":\"https:\\\/\\\/anivet.lt\\\/elparduotuve\\\/\",\"name\":\"anivet.lt\",\"description\":\"Viskas J\u016bs\u0173 \u0161uns, kat\u0117s prie\u017ei\u016brai\",\"publisher\":{\"@id\":\"https:\\\/\\\/anivet.lt\\\/elparduotuve\\\/#organization\"},\"alternateName\":\"Viskas J\u016bs\u0173 \u0161uns, kat\u0117s prie\u017ei\u016brai\",\"potentialAction\":[{\"@type\":\"SearchAction\",\"target\":{\"@type\":\"EntryPoint\",\"urlTemplate\":\"https:\\\/\\\/anivet.lt\\\/elparduotuve\\\/?s={search_term_string}\"},\"query-input\":{\"@type\":\"PropertyValueSpecification\",\"valueRequired\":true,\"valueName\":\"search_term_string\"}}],\"inLanguage\":\"lt-LT\"},{\"@type\":\"Organization\",\"@id\":\"https:\\\/\\\/anivet.lt\\\/elparduotuve\\\/#organization\",\"name\":\"Viskas J\u016bs\u0173 \u0161uns, kat\u0117s prie\u017ei\u016brai\",\"url\":\"https:\\\/\\\/anivet.lt\\\/elparduotuve\\\/\",\"logo\":{\"@type\":\"ImageObject\",\"inLanguage\":\"lt-LT\",\"@id\":\"https:\\\/\\\/anivet.lt\\\/elparduotuve\\\/#\\\/schema\\\/logo\\\/image\\\/\",\"url\":\"https:\\\/\\\/anivet.lt\\\/elparduotuve\\\/wp-content\\\/uploads\\\/2023\\\/06\\\/logo2.jpg\",\"contentUrl\":\"https:\\\/\\\/anivet.lt\\\/elparduotuve\\\/wp-content\\\/uploads\\\/2023\\\/06\\\/logo2.jpg\",\"width\":655,\"height\":194,\"caption\":\"Viskas J\u016bs\u0173 \u0161uns, kat\u0117s prie\u017ei\u016brai\"},\"image\":{\"@id\":\"https:\\\/\\\/anivet.lt\\\/elparduotuve\\\/#\\\/schema\\\/logo\\\/image\\\/\"}}]}<\/script>\n<!-- \/ Yoast SEO Premium plugin. -->","yoast_head_json":{"title":"HYALORAL GEL 50ml geriamoji suspensija \u0161unims ir kat\u0117ms s\u0105nari\u0173 veiklai - anivet.lt","description":"Geriamoji suspensija, sukurta apr\u016bpinti \u0161unis ir kates reikalingomis maistin\u0117mis med\u017eiagomis, kurios padeda palaikyti s\u0105nari\u0173, sausgysli\u0173 ir rai\u0161\u010di\u0173 sveikat\u0105 bei teising\u0105 vystym\u0105si. \u0160is produktas taip pat sutepa s\u0105narius ir prisideda prie j\u0173 lankstumo.","robots":{"index":"index","follow":"follow","max-snippet":"max-snippet:-1","max-image-preview":"max-image-preview:large","max-video-preview":"max-video-preview:-1"},"canonical":"https:\/\/anivet.lt\/elparduotuve\/produktas\/hyaloral-gel-50ml-geriamoji-suspensija-sunims-ir-katems\/","og_locale":"lt_LT","og_type":"article","og_title":"HYALORAL GEL 50ml geriamoji suspensija \u0161unims ir kat\u0117ms s\u0105nari\u0173 veiklai","og_description":"Geriamoji suspensija, sukurta apr\u016bpinti \u0161unis ir kates reikalingomis maistin\u0117mis med\u017eiagomis, kurios padeda palaikyti s\u0105nari\u0173, sausgysli\u0173 ir rai\u0161\u010di\u0173 sveikat\u0105 bei teising\u0105 vystym\u0105si. \u0160is produktas taip pat sutepa s\u0105narius ir prisideda prie j\u0173 lankstumo.","og_url":"https:\/\/anivet.lt\/elparduotuve\/produktas\/hyaloral-gel-50ml-geriamoji-suspensija-sunims-ir-katems\/","og_site_name":"anivet.lt","article_modified_time":"2026-05-02T10:32:49+00:00","og_image":[{"width":1350,"height":961,"url":"https:\/\/anivet.lt\/elparduotuve\/wp-content\/uploads\/2023\/08\/1690782039-307.png","type":"image\/png"}],"twitter_card":"summary_large_image","twitter_misc":{"Est. reading time":"1 minut\u0117"},"schema":{"@context":"https:\/\/schema.org","@graph":[{"@type":"WebPage","@id":"https:\/\/anivet.lt\/elparduotuve\/produktas\/hyaloral-gel-50ml-geriamoji-suspensija-sunims-ir-katems\/","url":"https:\/\/anivet.lt\/elparduotuve\/produktas\/hyaloral-gel-50ml-geriamoji-suspensija-sunims-ir-katems\/","name":"HYALORAL GEL 50ml geriamoji suspensija \u0161unims ir kat\u0117ms s\u0105nari\u0173 veiklai - anivet.lt","isPartOf":{"@id":"https:\/\/anivet.lt\/elparduotuve\/#website"},"primaryImageOfPage":{"@id":"https:\/\/anivet.lt\/elparduotuve\/produktas\/hyaloral-gel-50ml-geriamoji-suspensija-sunims-ir-katems\/#primaryimage"},"image":{"@id":"https:\/\/anivet.lt\/elparduotuve\/produktas\/hyaloral-gel-50ml-geriamoji-suspensija-sunims-ir-katems\/#primaryimage"},"thumbnailUrl":"https:\/\/anivet.lt\/elparduotuve\/wp-content\/uploads\/2023\/08\/1690782039-307.png","datePublished":"2023-08-21T12:39:21+00:00","dateModified":"2026-05-02T10:32:49+00:00","description":"Geriamoji suspensija, sukurta apr\u016bpinti \u0161unis ir kates reikalingomis maistin\u0117mis med\u017eiagomis, kurios padeda palaikyti s\u0105nari\u0173, sausgysli\u0173 ir rai\u0161\u010di\u0173 sveikat\u0105 bei teising\u0105 vystym\u0105si. \u0160is produktas taip pat sutepa s\u0105narius ir prisideda prie j\u0173 lankstumo.","breadcrumb":{"@id":"https:\/\/anivet.lt\/elparduotuve\/produktas\/hyaloral-gel-50ml-geriamoji-suspensija-sunims-ir-katems\/#breadcrumb"},"inLanguage":"lt-LT","potentialAction":[{"@type":"ReadAction","target":["https:\/\/anivet.lt\/elparduotuve\/produktas\/hyaloral-gel-50ml-geriamoji-suspensija-sunims-ir-katems\/"]}]},{"@type":"ImageObject","inLanguage":"lt-LT","@id":"https:\/\/anivet.lt\/elparduotuve\/produktas\/hyaloral-gel-50ml-geriamoji-suspensija-sunims-ir-katems\/#primaryimage","url":"https:\/\/anivet.lt\/elparduotuve\/wp-content\/uploads\/2023\/08\/1690782039-307.png","contentUrl":"https:\/\/anivet.lt\/elparduotuve\/wp-content\/uploads\/2023\/08\/1690782039-307.png","width":1350,"height":961,"caption":"HYALORAL GEL 50ml geriamoji suspensija \u0161unims ir kat\u0117ms s\u0105nari\u0173 veiklai"},{"@type":"BreadcrumbList","@id":"https:\/\/anivet.lt\/elparduotuve\/produktas\/hyaloral-gel-50ml-geriamoji-suspensija-sunims-ir-katems\/#breadcrumb","itemListElement":[{"@type":"ListItem","position":1,"name":"Home","item":"https:\/\/anivet.lt\/elparduotuve\/"},{"@type":"ListItem","position":2,"name":"Produktai","item":"https:\/\/anivet.lt\/elparduotuve\/produktai\/"},{"@type":"ListItem","position":3,"name":"HYALORAL GEL 50ml geriamoji suspensija \u0161unims ir kat\u0117ms s\u0105nari\u0173 veiklai"}]},{"@type":"WebSite","@id":"https:\/\/anivet.lt\/elparduotuve\/#website","url":"https:\/\/anivet.lt\/elparduotuve\/","name":"anivet.lt","description":"Viskas J\u016bs\u0173 \u0161uns, kat\u0117s prie\u017ei\u016brai","publisher":{"@id":"https:\/\/anivet.lt\/elparduotuve\/#organization"},"alternateName":"Viskas J\u016bs\u0173 \u0161uns, kat\u0117s prie\u017ei\u016brai","potentialAction":[{"@type":"SearchAction","target":{"@type":"EntryPoint","urlTemplate":"https:\/\/anivet.lt\/elparduotuve\/?s={search_term_string}"},"query-input":{"@type":"PropertyValueSpecification","valueRequired":true,"valueName":"search_term_string"}}],"inLanguage":"lt-LT"},{"@type":"Organization","@id":"https:\/\/anivet.lt\/elparduotuve\/#organization","name":"Viskas J\u016bs\u0173 \u0161uns, kat\u0117s prie\u017ei\u016brai","url":"https:\/\/anivet.lt\/elparduotuve\/","logo":{"@type":"ImageObject","inLanguage":"lt-LT","@id":"https:\/\/anivet.lt\/elparduotuve\/#\/schema\/logo\/image\/","url":"https:\/\/anivet.lt\/elparduotuve\/wp-content\/uploads\/2023\/06\/logo2.jpg","contentUrl":"https:\/\/anivet.lt\/elparduotuve\/wp-content\/uploads\/2023\/06\/logo2.jpg","width":655,"height":194,"caption":"Viskas J\u016bs\u0173 \u0161uns, kat\u0117s prie\u017ei\u016brai"},"image":{"@id":"https:\/\/anivet.lt\/elparduotuve\/#\/schema\/logo\/image\/"}}]}},"_links":{"self":[{"href":"https:\/\/anivet.lt\/elparduotuve\/wp-json\/wp\/v2\/product\/11086","targetHints":{"allow":["GET"]}}],"collection":[{"href":"https:\/\/anivet.lt\/elparduotuve\/wp-json\/wp\/v2\/product"}],"about":[{"href":"https:\/\/anivet.lt\/elparduotuve\/wp-json\/wp\/v2\/types\/product"}],"wp:featuredmedia":[{"embeddable":true,"href":"https:\/\/anivet.lt\/elparduotuve\/wp-json\/wp\/v2\/media\/11087"}],"wp:attachment":[{"href":"https:\/\/anivet.lt\/elparduotuve\/wp-json\/wp\/v2\/media?parent=11086"}],"wp:term":[{"taxonomy":"product_brand","embeddable":true,"href":"https:\/\/anivet.lt\/elparduotuve\/wp-json\/wp\/v2\/product_brand?post=11086"},{"taxonomy":"product_cat","embeddable":true,"href":"https:\/\/anivet.lt\/elparduotuve\/wp-json\/wp\/v2\/product_cat?post=11086"},{"taxonomy":"product_tag","embeddable":true,"href":"https:\/\/anivet.lt\/elparduotuve\/wp-json\/wp\/v2\/product_tag?post=11086"}],"curies":[{"name":"wp","href":"https:\/\/api.w.org\/{rel}","templated":true}]}}