{"id":11088,"date":"2023-08-21T12:48:24","date_gmt":"2023-08-21T12:48:24","guid":{"rendered":"https:\/\/anivet.lt\/elparduotuve\/?post_type=product&#038;p=11088"},"modified":"2025-05-27T13:16:13","modified_gmt":"2025-05-27T13:16:13","slug":"hyaloral-medium-n90-papildas-sunims","status":"publish","type":"product","link":"https:\/\/anivet.lt\/elparduotuve\/produktas\/hyaloral-medium-n90-papildas-sunims\/","title":{"rendered":"Hyaloral Medium \u0161unims s\u0105nariams N90"},"content":{"rendered":"<p><span style=\"font-weight: 400\">Pa\u0161aro papildas, skirtas vidutini\u0173 veisli\u0173 \u0161unims, kuris padeda palaikyti tinkam\u0105 s\u0105nari\u0173 vystym\u0105si ir kremzl\u0117s regeneracij\u0105. Klinikiniais tyrimais \u012frodyta formul\u0117 padeda slopinti u\u017edegiminius procesus s\u0105nariuose, stiprina sausgysles ir rai\u0161\u010dius.<\/span><\/p>\n<ul>\n<li style=\"font-weight: 400\"><span style=\"font-weight: 400\">Tinkamam s\u0105nari\u0173 vystymuisi: Skatina hialinin\u0117s kremzl\u0117s regeneracij\u0105 ir palaiko s\u0105nari\u0173 sveikat\u0105.<\/span><\/li>\n<li style=\"font-weight: 400\"><span style=\"font-weight: 400\">Slopina u\u017edegim\u0105: Padeda ma\u017einti u\u017edegiminius procesus s\u0105nariuose.<\/span><\/li>\n<li style=\"font-weight: 400\"><span style=\"font-weight: 400\">Stiprina sausgysles ir rai\u0161\u010dius: Sud\u0117tyje esantys kolagenas ir chondroitino sulfatas palaiko s\u0105nari\u0173 stabilum\u0105.<\/span><\/li>\n<li style=\"font-weight: 400\"><span style=\"font-weight: 400\">Naudojamas esant s\u0105nari\u0173 problemoms: Tinka osteoartritui, artritui, s\u0105nari\u0173 displazijai ar po s\u0105nari\u0173 operacij\u0173.<\/span><\/li>\n<li style=\"font-weight: 400\"><span style=\"font-weight: 400\">Antioksidacin\u0117 apsauga: Gama oryzanolis pasi\u017eymi stipriu antioksidaciniu poveikiu, palaikan\u010diu bendr\u0105 s\u0105nari\u0173 sveikat\u0105.<\/span><\/li>\n<\/ul>\n<p><span style=\"font-weight: 400\">Puikus papildas, padedantis vidutini\u0173 veisli\u0173 \u0161unims palaikyti s\u0105nari\u0173 sveikat\u0105 ir judrum\u0105. Jo subalansuota sud\u0117tis su fermentais hidrolizuotu kolagenu, gliukozaminu ir chondroitinu u\u017etikrina tinkam\u0105 s\u0105nari\u0173 veikl\u0105, ma\u017eina u\u017edegim\u0105 ir padeda j\u016bs\u0173 \u0161uniui m\u0117gautis aktyviu gyvenimu.<\/span><\/p>\n","protected":false},"excerpt":{"rendered":"<p>Pa\u0161aro papildas, skirtas vidutini\u0173 veisli\u0173 \u0161unims, kuris padeda palaikyti tinkam\u0105 s\u0105nari\u0173 vystym\u0105si ir kremzl\u0117s regeneracij\u0105. Klinikiniais tyrimais \u012frodyta formul\u0117 padeda<\/p>\n","protected":false},"featured_media":11089,"template":"","meta":[],"product_brand":[],"product_cat":[101,113],"product_tag":[],"class_list":{"0":"post-11088","1":"product","2":"type-product","3":"status-publish","4":"has-post-thumbnail","6":"product_cat-sunims","7":"product_cat-vitaminai-ir-papildai","8":"pa_prekinis-zenklas-opko","10":"first","11":"instock","12":"taxable","13":"shipping-taxable","14":"purchasable","15":"product-type-simple"},"yoast_head":"<!-- This site is optimized with the Yoast SEO Premium plugin v27.1 (Yoast SEO v27.5) - https:\/\/yoast.com\/product\/yoast-seo-premium-wordpress\/ -->\n<title>Hyaloral Medium \u0161unims s\u0105nariams N90 - anivet.lt<\/title>\n<meta name=\"description\" content=\"Pa\u0161aro papildas, skirtas vidutini\u0173 veisli\u0173 \u0161unims, kuris padeda palaikyti tinkam\u0105 s\u0105nari\u0173 vystym\u0105si ir kremzl\u0117s regeneracij\u0105. Klinikiniais tyrimais\" \/>\n<meta name=\"robots\" content=\"index, follow, max-snippet:-1, max-image-preview:large, max-video-preview:-1\" \/>\n<link rel=\"canonical\" href=\"https:\/\/anivet.lt\/elparduotuve\/produktas\/hyaloral-medium-n90-papildas-sunims\/\" \/>\n<meta property=\"og:locale\" content=\"lt_LT\" \/>\n<meta property=\"og:type\" content=\"article\" \/>\n<meta property=\"og:title\" content=\"Hyaloral Medium \u0161unims s\u0105nariams N90\" \/>\n<meta property=\"og:description\" content=\"Pa\u0161aro papildas, skirtas vidutini\u0173 veisli\u0173 \u0161unims, kuris padeda palaikyti tinkam\u0105 s\u0105nari\u0173 vystym\u0105si ir kremzl\u0117s regeneracij\u0105. Klinikiniais tyrimais\" \/>\n<meta property=\"og:url\" content=\"https:\/\/anivet.lt\/elparduotuve\/produktas\/hyaloral-medium-n90-papildas-sunims\/\" \/>\n<meta property=\"og:site_name\" content=\"anivet.lt\" \/>\n<meta property=\"article:modified_time\" content=\"2025-05-27T13:16:13+00:00\" \/>\n<meta property=\"og:image\" content=\"https:\/\/anivet.lt\/elparduotuve\/wp-content\/uploads\/2023\/08\/1690782054-115.png\" \/>\n\t<meta property=\"og:image:width\" content=\"1400\" \/>\n\t<meta property=\"og:image:height\" content=\"1400\" \/>\n\t<meta property=\"og:image:type\" content=\"image\/png\" \/>\n<meta name=\"twitter:card\" content=\"summary_large_image\" \/>\n<meta name=\"twitter:label1\" content=\"Est. reading time\" \/>\n\t<meta name=\"twitter:data1\" content=\"1 minut\u0117\" \/>\n<script type=\"application\/ld+json\" class=\"yoast-schema-graph\">{\"@context\":\"https:\\\/\\\/schema.org\",\"@graph\":[{\"@type\":\"WebPage\",\"@id\":\"https:\\\/\\\/anivet.lt\\\/elparduotuve\\\/produktas\\\/hyaloral-medium-n90-papildas-sunims\\\/\",\"url\":\"https:\\\/\\\/anivet.lt\\\/elparduotuve\\\/produktas\\\/hyaloral-medium-n90-papildas-sunims\\\/\",\"name\":\"Hyaloral Medium \u0161unims s\u0105nariams N90 - anivet.lt\",\"isPartOf\":{\"@id\":\"https:\\\/\\\/anivet.lt\\\/elparduotuve\\\/#website\"},\"primaryImageOfPage\":{\"@id\":\"https:\\\/\\\/anivet.lt\\\/elparduotuve\\\/produktas\\\/hyaloral-medium-n90-papildas-sunims\\\/#primaryimage\"},\"image\":{\"@id\":\"https:\\\/\\\/anivet.lt\\\/elparduotuve\\\/produktas\\\/hyaloral-medium-n90-papildas-sunims\\\/#primaryimage\"},\"thumbnailUrl\":\"https:\\\/\\\/anivet.lt\\\/elparduotuve\\\/wp-content\\\/uploads\\\/2023\\\/08\\\/1690782054-115.png\",\"datePublished\":\"2023-08-21T12:48:24+00:00\",\"dateModified\":\"2025-05-27T13:16:13+00:00\",\"description\":\"Pa\u0161aro papildas, skirtas vidutini\u0173 veisli\u0173 \u0161unims, kuris padeda palaikyti tinkam\u0105 s\u0105nari\u0173 vystym\u0105si ir kremzl\u0117s regeneracij\u0105. Klinikiniais tyrimais\",\"breadcrumb\":{\"@id\":\"https:\\\/\\\/anivet.lt\\\/elparduotuve\\\/produktas\\\/hyaloral-medium-n90-papildas-sunims\\\/#breadcrumb\"},\"inLanguage\":\"lt-LT\",\"potentialAction\":[{\"@type\":\"ReadAction\",\"target\":[\"https:\\\/\\\/anivet.lt\\\/elparduotuve\\\/produktas\\\/hyaloral-medium-n90-papildas-sunims\\\/\"]}]},{\"@type\":\"ImageObject\",\"inLanguage\":\"lt-LT\",\"@id\":\"https:\\\/\\\/anivet.lt\\\/elparduotuve\\\/produktas\\\/hyaloral-medium-n90-papildas-sunims\\\/#primaryimage\",\"url\":\"https:\\\/\\\/anivet.lt\\\/elparduotuve\\\/wp-content\\\/uploads\\\/2023\\\/08\\\/1690782054-115.png\",\"contentUrl\":\"https:\\\/\\\/anivet.lt\\\/elparduotuve\\\/wp-content\\\/uploads\\\/2023\\\/08\\\/1690782054-115.png\",\"width\":1400,\"height\":1400,\"caption\":\"Hyaloral Medium \u0161unims s\u0105nariams N90\"},{\"@type\":\"BreadcrumbList\",\"@id\":\"https:\\\/\\\/anivet.lt\\\/elparduotuve\\\/produktas\\\/hyaloral-medium-n90-papildas-sunims\\\/#breadcrumb\",\"itemListElement\":[{\"@type\":\"ListItem\",\"position\":1,\"name\":\"Home\",\"item\":\"https:\\\/\\\/anivet.lt\\\/elparduotuve\\\/\"},{\"@type\":\"ListItem\",\"position\":2,\"name\":\"Produktai\",\"item\":\"https:\\\/\\\/anivet.lt\\\/elparduotuve\\\/produktai\\\/\"},{\"@type\":\"ListItem\",\"position\":3,\"name\":\"Hyaloral Medium \u0161unims s\u0105nariams N90\"}]},{\"@type\":\"WebSite\",\"@id\":\"https:\\\/\\\/anivet.lt\\\/elparduotuve\\\/#website\",\"url\":\"https:\\\/\\\/anivet.lt\\\/elparduotuve\\\/\",\"name\":\"anivet.lt\",\"description\":\"Viskas J\u016bs\u0173 \u0161uns, kat\u0117s prie\u017ei\u016brai\",\"publisher\":{\"@id\":\"https:\\\/\\\/anivet.lt\\\/elparduotuve\\\/#organization\"},\"alternateName\":\"Viskas J\u016bs\u0173 \u0161uns, kat\u0117s prie\u017ei\u016brai\",\"potentialAction\":[{\"@type\":\"SearchAction\",\"target\":{\"@type\":\"EntryPoint\",\"urlTemplate\":\"https:\\\/\\\/anivet.lt\\\/elparduotuve\\\/?s={search_term_string}\"},\"query-input\":{\"@type\":\"PropertyValueSpecification\",\"valueRequired\":true,\"valueName\":\"search_term_string\"}}],\"inLanguage\":\"lt-LT\"},{\"@type\":\"Organization\",\"@id\":\"https:\\\/\\\/anivet.lt\\\/elparduotuve\\\/#organization\",\"name\":\"Viskas J\u016bs\u0173 \u0161uns, kat\u0117s prie\u017ei\u016brai\",\"url\":\"https:\\\/\\\/anivet.lt\\\/elparduotuve\\\/\",\"logo\":{\"@type\":\"ImageObject\",\"inLanguage\":\"lt-LT\",\"@id\":\"https:\\\/\\\/anivet.lt\\\/elparduotuve\\\/#\\\/schema\\\/logo\\\/image\\\/\",\"url\":\"https:\\\/\\\/anivet.lt\\\/elparduotuve\\\/wp-content\\\/uploads\\\/2023\\\/06\\\/logo2.jpg\",\"contentUrl\":\"https:\\\/\\\/anivet.lt\\\/elparduotuve\\\/wp-content\\\/uploads\\\/2023\\\/06\\\/logo2.jpg\",\"width\":655,\"height\":194,\"caption\":\"Viskas J\u016bs\u0173 \u0161uns, kat\u0117s prie\u017ei\u016brai\"},\"image\":{\"@id\":\"https:\\\/\\\/anivet.lt\\\/elparduotuve\\\/#\\\/schema\\\/logo\\\/image\\\/\"}}]}<\/script>\n<!-- \/ Yoast SEO Premium plugin. -->","yoast_head_json":{"title":"Hyaloral Medium \u0161unims s\u0105nariams N90 - anivet.lt","description":"Pa\u0161aro papildas, skirtas vidutini\u0173 veisli\u0173 \u0161unims, kuris padeda palaikyti tinkam\u0105 s\u0105nari\u0173 vystym\u0105si ir kremzl\u0117s regeneracij\u0105. Klinikiniais tyrimais","robots":{"index":"index","follow":"follow","max-snippet":"max-snippet:-1","max-image-preview":"max-image-preview:large","max-video-preview":"max-video-preview:-1"},"canonical":"https:\/\/anivet.lt\/elparduotuve\/produktas\/hyaloral-medium-n90-papildas-sunims\/","og_locale":"lt_LT","og_type":"article","og_title":"Hyaloral Medium \u0161unims s\u0105nariams N90","og_description":"Pa\u0161aro papildas, skirtas vidutini\u0173 veisli\u0173 \u0161unims, kuris padeda palaikyti tinkam\u0105 s\u0105nari\u0173 vystym\u0105si ir kremzl\u0117s regeneracij\u0105. Klinikiniais tyrimais","og_url":"https:\/\/anivet.lt\/elparduotuve\/produktas\/hyaloral-medium-n90-papildas-sunims\/","og_site_name":"anivet.lt","article_modified_time":"2025-05-27T13:16:13+00:00","og_image":[{"width":1400,"height":1400,"url":"https:\/\/anivet.lt\/elparduotuve\/wp-content\/uploads\/2023\/08\/1690782054-115.png","type":"image\/png"}],"twitter_card":"summary_large_image","twitter_misc":{"Est. reading time":"1 minut\u0117"},"schema":{"@context":"https:\/\/schema.org","@graph":[{"@type":"WebPage","@id":"https:\/\/anivet.lt\/elparduotuve\/produktas\/hyaloral-medium-n90-papildas-sunims\/","url":"https:\/\/anivet.lt\/elparduotuve\/produktas\/hyaloral-medium-n90-papildas-sunims\/","name":"Hyaloral Medium \u0161unims s\u0105nariams N90 - anivet.lt","isPartOf":{"@id":"https:\/\/anivet.lt\/elparduotuve\/#website"},"primaryImageOfPage":{"@id":"https:\/\/anivet.lt\/elparduotuve\/produktas\/hyaloral-medium-n90-papildas-sunims\/#primaryimage"},"image":{"@id":"https:\/\/anivet.lt\/elparduotuve\/produktas\/hyaloral-medium-n90-papildas-sunims\/#primaryimage"},"thumbnailUrl":"https:\/\/anivet.lt\/elparduotuve\/wp-content\/uploads\/2023\/08\/1690782054-115.png","datePublished":"2023-08-21T12:48:24+00:00","dateModified":"2025-05-27T13:16:13+00:00","description":"Pa\u0161aro papildas, skirtas vidutini\u0173 veisli\u0173 \u0161unims, kuris padeda palaikyti tinkam\u0105 s\u0105nari\u0173 vystym\u0105si ir kremzl\u0117s regeneracij\u0105. Klinikiniais tyrimais","breadcrumb":{"@id":"https:\/\/anivet.lt\/elparduotuve\/produktas\/hyaloral-medium-n90-papildas-sunims\/#breadcrumb"},"inLanguage":"lt-LT","potentialAction":[{"@type":"ReadAction","target":["https:\/\/anivet.lt\/elparduotuve\/produktas\/hyaloral-medium-n90-papildas-sunims\/"]}]},{"@type":"ImageObject","inLanguage":"lt-LT","@id":"https:\/\/anivet.lt\/elparduotuve\/produktas\/hyaloral-medium-n90-papildas-sunims\/#primaryimage","url":"https:\/\/anivet.lt\/elparduotuve\/wp-content\/uploads\/2023\/08\/1690782054-115.png","contentUrl":"https:\/\/anivet.lt\/elparduotuve\/wp-content\/uploads\/2023\/08\/1690782054-115.png","width":1400,"height":1400,"caption":"Hyaloral Medium \u0161unims s\u0105nariams N90"},{"@type":"BreadcrumbList","@id":"https:\/\/anivet.lt\/elparduotuve\/produktas\/hyaloral-medium-n90-papildas-sunims\/#breadcrumb","itemListElement":[{"@type":"ListItem","position":1,"name":"Home","item":"https:\/\/anivet.lt\/elparduotuve\/"},{"@type":"ListItem","position":2,"name":"Produktai","item":"https:\/\/anivet.lt\/elparduotuve\/produktai\/"},{"@type":"ListItem","position":3,"name":"Hyaloral Medium \u0161unims s\u0105nariams N90"}]},{"@type":"WebSite","@id":"https:\/\/anivet.lt\/elparduotuve\/#website","url":"https:\/\/anivet.lt\/elparduotuve\/","name":"anivet.lt","description":"Viskas J\u016bs\u0173 \u0161uns, kat\u0117s prie\u017ei\u016brai","publisher":{"@id":"https:\/\/anivet.lt\/elparduotuve\/#organization"},"alternateName":"Viskas J\u016bs\u0173 \u0161uns, kat\u0117s prie\u017ei\u016brai","potentialAction":[{"@type":"SearchAction","target":{"@type":"EntryPoint","urlTemplate":"https:\/\/anivet.lt\/elparduotuve\/?s={search_term_string}"},"query-input":{"@type":"PropertyValueSpecification","valueRequired":true,"valueName":"search_term_string"}}],"inLanguage":"lt-LT"},{"@type":"Organization","@id":"https:\/\/anivet.lt\/elparduotuve\/#organization","name":"Viskas J\u016bs\u0173 \u0161uns, kat\u0117s prie\u017ei\u016brai","url":"https:\/\/anivet.lt\/elparduotuve\/","logo":{"@type":"ImageObject","inLanguage":"lt-LT","@id":"https:\/\/anivet.lt\/elparduotuve\/#\/schema\/logo\/image\/","url":"https:\/\/anivet.lt\/elparduotuve\/wp-content\/uploads\/2023\/06\/logo2.jpg","contentUrl":"https:\/\/anivet.lt\/elparduotuve\/wp-content\/uploads\/2023\/06\/logo2.jpg","width":655,"height":194,"caption":"Viskas J\u016bs\u0173 \u0161uns, kat\u0117s prie\u017ei\u016brai"},"image":{"@id":"https:\/\/anivet.lt\/elparduotuve\/#\/schema\/logo\/image\/"}}]}},"_links":{"self":[{"href":"https:\/\/anivet.lt\/elparduotuve\/wp-json\/wp\/v2\/product\/11088","targetHints":{"allow":["GET"]}}],"collection":[{"href":"https:\/\/anivet.lt\/elparduotuve\/wp-json\/wp\/v2\/product"}],"about":[{"href":"https:\/\/anivet.lt\/elparduotuve\/wp-json\/wp\/v2\/types\/product"}],"wp:featuredmedia":[{"embeddable":true,"href":"https:\/\/anivet.lt\/elparduotuve\/wp-json\/wp\/v2\/media\/11089"}],"wp:attachment":[{"href":"https:\/\/anivet.lt\/elparduotuve\/wp-json\/wp\/v2\/media?parent=11088"}],"wp:term":[{"taxonomy":"product_brand","embeddable":true,"href":"https:\/\/anivet.lt\/elparduotuve\/wp-json\/wp\/v2\/product_brand?post=11088"},{"taxonomy":"product_cat","embeddable":true,"href":"https:\/\/anivet.lt\/elparduotuve\/wp-json\/wp\/v2\/product_cat?post=11088"},{"taxonomy":"product_tag","embeddable":true,"href":"https:\/\/anivet.lt\/elparduotuve\/wp-json\/wp\/v2\/product_tag?post=11088"}],"curies":[{"name":"wp","href":"https:\/\/api.w.org\/{rel}","templated":true}]}}