{"id":11185,"date":"2023-08-23T08:07:04","date_gmt":"2023-08-23T08:07:04","guid":{"rendered":"https:\/\/anivet.lt\/elparduotuve\/?post_type=product&#038;p=11185"},"modified":"2025-05-27T13:16:57","modified_gmt":"2025-05-27T13:16:57","slug":"josera-senior-sausas-maistas-katems","status":"publish","type":"product","link":"https:\/\/anivet.lt\/elparduotuve\/produktas\/josera-senior-sausas-maistas-katems\/","title":{"rendered":"Josera Senior sausas maistas kat\u0117ms"},"content":{"rendered":"<p><span style=\"font-weight: 400\">Visavertis pa\u0161aras vyresnio am\u017eiaus kat\u0117ms, padedantis palaikyti inkst\u0173 funkcij\u0105 ir stabdyti l\u0105steli\u0173 sen\u0117jim\u0105. Auk\u0161tos kokyb\u0117s ingredientai u\u017etikrina puik\u0173 vir\u0161kinim\u0105 ir ger\u0105 toleravim\u0105.<\/span><\/p>\n<ul>\n<li style=\"font-weight: 400\"><span style=\"font-weight: 400\">Idealiai pritaikytas senoms kat\u0117ms: Subalansuotas receptas, atitinkantis brandaus am\u017eiaus ka\u010di\u0173 poreikius.<\/span><\/li>\n<li style=\"font-weight: 400\"><span style=\"font-weight: 400\">Suma\u017eintas fosforo kiekis: Padeda palaikyti inkst\u0173 funkcij\u0105.<\/span><\/li>\n<li style=\"font-weight: 400\"><span style=\"font-weight: 400\">Antioksidant\u0173 gausa: Vitaminai C ir E bei taurinas padeda l\u0117tinti l\u0105steli\u0173 sen\u0117jim\u0105.<\/span><\/li>\n<li style=\"font-weight: 400\"><span style=\"font-weight: 400\">Auk\u0161tos kokyb\u0117s sud\u0117tis: Kruop\u0161\u010diai atrinkti ingredientai u\u017etikrina puik\u0173 vir\u0161kinim\u0105 ir ger\u0105 toleravim\u0105.<\/span><\/li>\n<\/ul>\n<p><span style=\"font-weight: 400\">\u201eJosera Senior\u201c yra sukurtas specialiai vyresnio am\u017eiaus kat\u0117ms, atsi\u017evelgiant \u012f j\u0173 sveikatos poreikius. Maistas padeda palaikyti inkst\u0173 funkcij\u0105, prisideda prie organizmo l\u0105steli\u0173 apsaugos nuo sen\u0117jimo ir suteikia reikaling\u0173 maistini\u0173 med\u017eiag\u0173, u\u017etikrinan\u010di\u0173 gyv\u016bno ger\u0105 savijaut\u0105.<\/span><\/p>\n","protected":false},"excerpt":{"rendered":"<p>Visavertis pa\u0161aras vyresnio am\u017eiaus kat\u0117ms, padedantis palaikyti inkst\u0173 funkcij\u0105 ir stabdyti l\u0105steli\u0173 sen\u0117jim\u0105. Auk\u0161tos kokyb\u0117s ingredientai u\u017etikrina puik\u0173 vir\u0161kinim\u0105 ir<\/p>\n","protected":false},"featured_media":11196,"template":"","meta":[],"product_brand":[],"product_cat":[114,115,102,342],"product_tag":[],"class_list":{"0":"post-11185","1":"product","2":"type-product","3":"status-publish","4":"has-post-thumbnail","6":"product_cat-kaciu-maistas","7":"product_cat-sausas-maistas-ir-skanestai-katems","8":"product_cat-katems","9":"product_cat-josera-kaciu-maistas","10":"pa_prekinis-zenklas-josera","12":"first","13":"instock","14":"taxable","15":"shipping-taxable","16":"purchasable","17":"product-type-variable"},"yoast_head":"<!-- This site is optimized with the Yoast SEO Premium plugin v27.1 (Yoast SEO v27.5) - https:\/\/yoast.com\/product\/yoast-seo-premium-wordpress\/ -->\n<title>Josera Senior sausas maistas kat\u0117ms - anivet.lt<\/title>\n<meta name=\"description\" content=\"Visavertis pa\u0161aras vyresnio am\u017eiaus kat\u0117ms, padedantis palaikyti inkst\u0173 funkcij\u0105 ir stabdyti l\u0105steli\u0173 sen\u0117jim\u0105. Auk\u0161tos kokyb\u0117s ingredientai u\u017etikrina\" \/>\n<meta name=\"robots\" content=\"index, follow, max-snippet:-1, max-image-preview:large, max-video-preview:-1\" \/>\n<link rel=\"canonical\" href=\"https:\/\/anivet.lt\/elparduotuve\/produktas\/josera-senior-sausas-maistas-katems\/\" \/>\n<meta property=\"og:locale\" content=\"lt_LT\" \/>\n<meta property=\"og:type\" content=\"article\" \/>\n<meta property=\"og:title\" content=\"Josera Senior sausas maistas kat\u0117ms\" \/>\n<meta property=\"og:description\" content=\"Visavertis pa\u0161aras vyresnio am\u017eiaus kat\u0117ms, padedantis palaikyti inkst\u0173 funkcij\u0105 ir stabdyti l\u0105steli\u0173 sen\u0117jim\u0105. Auk\u0161tos kokyb\u0117s ingredientai u\u017etikrina\" \/>\n<meta property=\"og:url\" content=\"https:\/\/anivet.lt\/elparduotuve\/produktas\/josera-senior-sausas-maistas-katems\/\" \/>\n<meta property=\"og:site_name\" content=\"anivet.lt\" \/>\n<meta property=\"article:modified_time\" content=\"2025-05-27T13:16:57+00:00\" \/>\n<meta property=\"og:image\" content=\"https:\/\/anivet.lt\/elparduotuve\/wp-content\/uploads\/2023\/08\/01_JOSERA_Senior_2-4.25-10kg_LT.png\" \/>\n\t<meta property=\"og:image:width\" content=\"1200\" \/>\n\t<meta property=\"og:image:height\" content=\"1000\" \/>\n\t<meta property=\"og:image:type\" content=\"image\/png\" \/>\n<meta name=\"twitter:card\" content=\"summary_large_image\" \/>\n<meta name=\"twitter:label1\" content=\"Est. reading time\" \/>\n\t<meta name=\"twitter:data1\" content=\"1 minut\u0117\" \/>\n<script type=\"application\/ld+json\" class=\"yoast-schema-graph\">{\"@context\":\"https:\\\/\\\/schema.org\",\"@graph\":[{\"@type\":\"WebPage\",\"@id\":\"https:\\\/\\\/anivet.lt\\\/elparduotuve\\\/produktas\\\/josera-senior-sausas-maistas-katems\\\/\",\"url\":\"https:\\\/\\\/anivet.lt\\\/elparduotuve\\\/produktas\\\/josera-senior-sausas-maistas-katems\\\/\",\"name\":\"Josera Senior sausas maistas kat\u0117ms - anivet.lt\",\"isPartOf\":{\"@id\":\"https:\\\/\\\/anivet.lt\\\/elparduotuve\\\/#website\"},\"primaryImageOfPage\":{\"@id\":\"https:\\\/\\\/anivet.lt\\\/elparduotuve\\\/produktas\\\/josera-senior-sausas-maistas-katems\\\/#primaryimage\"},\"image\":{\"@id\":\"https:\\\/\\\/anivet.lt\\\/elparduotuve\\\/produktas\\\/josera-senior-sausas-maistas-katems\\\/#primaryimage\"},\"thumbnailUrl\":\"https:\\\/\\\/anivet.lt\\\/elparduotuve\\\/wp-content\\\/uploads\\\/2023\\\/08\\\/01_JOSERA_Senior_2-4.25-10kg_LT.png\",\"datePublished\":\"2023-08-23T08:07:04+00:00\",\"dateModified\":\"2025-05-27T13:16:57+00:00\",\"description\":\"Visavertis pa\u0161aras vyresnio am\u017eiaus kat\u0117ms, padedantis palaikyti inkst\u0173 funkcij\u0105 ir stabdyti l\u0105steli\u0173 sen\u0117jim\u0105. Auk\u0161tos kokyb\u0117s ingredientai u\u017etikrina\",\"breadcrumb\":{\"@id\":\"https:\\\/\\\/anivet.lt\\\/elparduotuve\\\/produktas\\\/josera-senior-sausas-maistas-katems\\\/#breadcrumb\"},\"inLanguage\":\"lt-LT\",\"potentialAction\":[{\"@type\":\"ReadAction\",\"target\":[\"https:\\\/\\\/anivet.lt\\\/elparduotuve\\\/produktas\\\/josera-senior-sausas-maistas-katems\\\/\"]}]},{\"@type\":\"ImageObject\",\"inLanguage\":\"lt-LT\",\"@id\":\"https:\\\/\\\/anivet.lt\\\/elparduotuve\\\/produktas\\\/josera-senior-sausas-maistas-katems\\\/#primaryimage\",\"url\":\"https:\\\/\\\/anivet.lt\\\/elparduotuve\\\/wp-content\\\/uploads\\\/2023\\\/08\\\/01_JOSERA_Senior_2-4.25-10kg_LT.png\",\"contentUrl\":\"https:\\\/\\\/anivet.lt\\\/elparduotuve\\\/wp-content\\\/uploads\\\/2023\\\/08\\\/01_JOSERA_Senior_2-4.25-10kg_LT.png\",\"width\":1200,\"height\":1000,\"caption\":\"Josera Senior sausas maistas kat\u0117ms - 2kg.\"},{\"@type\":\"BreadcrumbList\",\"@id\":\"https:\\\/\\\/anivet.lt\\\/elparduotuve\\\/produktas\\\/josera-senior-sausas-maistas-katems\\\/#breadcrumb\",\"itemListElement\":[{\"@type\":\"ListItem\",\"position\":1,\"name\":\"Home\",\"item\":\"https:\\\/\\\/anivet.lt\\\/elparduotuve\\\/\"},{\"@type\":\"ListItem\",\"position\":2,\"name\":\"Produktai\",\"item\":\"https:\\\/\\\/anivet.lt\\\/elparduotuve\\\/produktai\\\/\"},{\"@type\":\"ListItem\",\"position\":3,\"name\":\"Josera Senior sausas maistas kat\u0117ms\"}]},{\"@type\":\"WebSite\",\"@id\":\"https:\\\/\\\/anivet.lt\\\/elparduotuve\\\/#website\",\"url\":\"https:\\\/\\\/anivet.lt\\\/elparduotuve\\\/\",\"name\":\"anivet.lt\",\"description\":\"Viskas J\u016bs\u0173 \u0161uns, kat\u0117s prie\u017ei\u016brai\",\"publisher\":{\"@id\":\"https:\\\/\\\/anivet.lt\\\/elparduotuve\\\/#organization\"},\"alternateName\":\"Viskas J\u016bs\u0173 \u0161uns, kat\u0117s prie\u017ei\u016brai\",\"potentialAction\":[{\"@type\":\"SearchAction\",\"target\":{\"@type\":\"EntryPoint\",\"urlTemplate\":\"https:\\\/\\\/anivet.lt\\\/elparduotuve\\\/?s={search_term_string}\"},\"query-input\":{\"@type\":\"PropertyValueSpecification\",\"valueRequired\":true,\"valueName\":\"search_term_string\"}}],\"inLanguage\":\"lt-LT\"},{\"@type\":\"Organization\",\"@id\":\"https:\\\/\\\/anivet.lt\\\/elparduotuve\\\/#organization\",\"name\":\"Viskas J\u016bs\u0173 \u0161uns, kat\u0117s prie\u017ei\u016brai\",\"url\":\"https:\\\/\\\/anivet.lt\\\/elparduotuve\\\/\",\"logo\":{\"@type\":\"ImageObject\",\"inLanguage\":\"lt-LT\",\"@id\":\"https:\\\/\\\/anivet.lt\\\/elparduotuve\\\/#\\\/schema\\\/logo\\\/image\\\/\",\"url\":\"https:\\\/\\\/anivet.lt\\\/elparduotuve\\\/wp-content\\\/uploads\\\/2023\\\/06\\\/logo2.jpg\",\"contentUrl\":\"https:\\\/\\\/anivet.lt\\\/elparduotuve\\\/wp-content\\\/uploads\\\/2023\\\/06\\\/logo2.jpg\",\"width\":655,\"height\":194,\"caption\":\"Viskas J\u016bs\u0173 \u0161uns, kat\u0117s prie\u017ei\u016brai\"},\"image\":{\"@id\":\"https:\\\/\\\/anivet.lt\\\/elparduotuve\\\/#\\\/schema\\\/logo\\\/image\\\/\"}}]}<\/script>\n<!-- \/ Yoast SEO Premium plugin. -->","yoast_head_json":{"title":"Josera Senior sausas maistas kat\u0117ms - anivet.lt","description":"Visavertis pa\u0161aras vyresnio am\u017eiaus kat\u0117ms, padedantis palaikyti inkst\u0173 funkcij\u0105 ir stabdyti l\u0105steli\u0173 sen\u0117jim\u0105. Auk\u0161tos kokyb\u0117s ingredientai u\u017etikrina","robots":{"index":"index","follow":"follow","max-snippet":"max-snippet:-1","max-image-preview":"max-image-preview:large","max-video-preview":"max-video-preview:-1"},"canonical":"https:\/\/anivet.lt\/elparduotuve\/produktas\/josera-senior-sausas-maistas-katems\/","og_locale":"lt_LT","og_type":"article","og_title":"Josera Senior sausas maistas kat\u0117ms","og_description":"Visavertis pa\u0161aras vyresnio am\u017eiaus kat\u0117ms, padedantis palaikyti inkst\u0173 funkcij\u0105 ir stabdyti l\u0105steli\u0173 sen\u0117jim\u0105. Auk\u0161tos kokyb\u0117s ingredientai u\u017etikrina","og_url":"https:\/\/anivet.lt\/elparduotuve\/produktas\/josera-senior-sausas-maistas-katems\/","og_site_name":"anivet.lt","article_modified_time":"2025-05-27T13:16:57+00:00","og_image":[{"width":1200,"height":1000,"url":"https:\/\/anivet.lt\/elparduotuve\/wp-content\/uploads\/2023\/08\/01_JOSERA_Senior_2-4.25-10kg_LT.png","type":"image\/png"}],"twitter_card":"summary_large_image","twitter_misc":{"Est. reading time":"1 minut\u0117"},"schema":{"@context":"https:\/\/schema.org","@graph":[{"@type":"WebPage","@id":"https:\/\/anivet.lt\/elparduotuve\/produktas\/josera-senior-sausas-maistas-katems\/","url":"https:\/\/anivet.lt\/elparduotuve\/produktas\/josera-senior-sausas-maistas-katems\/","name":"Josera Senior sausas maistas kat\u0117ms - anivet.lt","isPartOf":{"@id":"https:\/\/anivet.lt\/elparduotuve\/#website"},"primaryImageOfPage":{"@id":"https:\/\/anivet.lt\/elparduotuve\/produktas\/josera-senior-sausas-maistas-katems\/#primaryimage"},"image":{"@id":"https:\/\/anivet.lt\/elparduotuve\/produktas\/josera-senior-sausas-maistas-katems\/#primaryimage"},"thumbnailUrl":"https:\/\/anivet.lt\/elparduotuve\/wp-content\/uploads\/2023\/08\/01_JOSERA_Senior_2-4.25-10kg_LT.png","datePublished":"2023-08-23T08:07:04+00:00","dateModified":"2025-05-27T13:16:57+00:00","description":"Visavertis pa\u0161aras vyresnio am\u017eiaus kat\u0117ms, padedantis palaikyti inkst\u0173 funkcij\u0105 ir stabdyti l\u0105steli\u0173 sen\u0117jim\u0105. Auk\u0161tos kokyb\u0117s ingredientai u\u017etikrina","breadcrumb":{"@id":"https:\/\/anivet.lt\/elparduotuve\/produktas\/josera-senior-sausas-maistas-katems\/#breadcrumb"},"inLanguage":"lt-LT","potentialAction":[{"@type":"ReadAction","target":["https:\/\/anivet.lt\/elparduotuve\/produktas\/josera-senior-sausas-maistas-katems\/"]}]},{"@type":"ImageObject","inLanguage":"lt-LT","@id":"https:\/\/anivet.lt\/elparduotuve\/produktas\/josera-senior-sausas-maistas-katems\/#primaryimage","url":"https:\/\/anivet.lt\/elparduotuve\/wp-content\/uploads\/2023\/08\/01_JOSERA_Senior_2-4.25-10kg_LT.png","contentUrl":"https:\/\/anivet.lt\/elparduotuve\/wp-content\/uploads\/2023\/08\/01_JOSERA_Senior_2-4.25-10kg_LT.png","width":1200,"height":1000,"caption":"Josera Senior sausas maistas kat\u0117ms - 2kg."},{"@type":"BreadcrumbList","@id":"https:\/\/anivet.lt\/elparduotuve\/produktas\/josera-senior-sausas-maistas-katems\/#breadcrumb","itemListElement":[{"@type":"ListItem","position":1,"name":"Home","item":"https:\/\/anivet.lt\/elparduotuve\/"},{"@type":"ListItem","position":2,"name":"Produktai","item":"https:\/\/anivet.lt\/elparduotuve\/produktai\/"},{"@type":"ListItem","position":3,"name":"Josera Senior sausas maistas kat\u0117ms"}]},{"@type":"WebSite","@id":"https:\/\/anivet.lt\/elparduotuve\/#website","url":"https:\/\/anivet.lt\/elparduotuve\/","name":"anivet.lt","description":"Viskas J\u016bs\u0173 \u0161uns, kat\u0117s prie\u017ei\u016brai","publisher":{"@id":"https:\/\/anivet.lt\/elparduotuve\/#organization"},"alternateName":"Viskas J\u016bs\u0173 \u0161uns, kat\u0117s prie\u017ei\u016brai","potentialAction":[{"@type":"SearchAction","target":{"@type":"EntryPoint","urlTemplate":"https:\/\/anivet.lt\/elparduotuve\/?s={search_term_string}"},"query-input":{"@type":"PropertyValueSpecification","valueRequired":true,"valueName":"search_term_string"}}],"inLanguage":"lt-LT"},{"@type":"Organization","@id":"https:\/\/anivet.lt\/elparduotuve\/#organization","name":"Viskas J\u016bs\u0173 \u0161uns, kat\u0117s prie\u017ei\u016brai","url":"https:\/\/anivet.lt\/elparduotuve\/","logo":{"@type":"ImageObject","inLanguage":"lt-LT","@id":"https:\/\/anivet.lt\/elparduotuve\/#\/schema\/logo\/image\/","url":"https:\/\/anivet.lt\/elparduotuve\/wp-content\/uploads\/2023\/06\/logo2.jpg","contentUrl":"https:\/\/anivet.lt\/elparduotuve\/wp-content\/uploads\/2023\/06\/logo2.jpg","width":655,"height":194,"caption":"Viskas J\u016bs\u0173 \u0161uns, kat\u0117s prie\u017ei\u016brai"},"image":{"@id":"https:\/\/anivet.lt\/elparduotuve\/#\/schema\/logo\/image\/"}}]}},"_links":{"self":[{"href":"https:\/\/anivet.lt\/elparduotuve\/wp-json\/wp\/v2\/product\/11185","targetHints":{"allow":["GET"]}}],"collection":[{"href":"https:\/\/anivet.lt\/elparduotuve\/wp-json\/wp\/v2\/product"}],"about":[{"href":"https:\/\/anivet.lt\/elparduotuve\/wp-json\/wp\/v2\/types\/product"}],"wp:featuredmedia":[{"embeddable":true,"href":"https:\/\/anivet.lt\/elparduotuve\/wp-json\/wp\/v2\/media\/11196"}],"wp:attachment":[{"href":"https:\/\/anivet.lt\/elparduotuve\/wp-json\/wp\/v2\/media?parent=11185"}],"wp:term":[{"taxonomy":"product_brand","embeddable":true,"href":"https:\/\/anivet.lt\/elparduotuve\/wp-json\/wp\/v2\/product_brand?post=11185"},{"taxonomy":"product_cat","embeddable":true,"href":"https:\/\/anivet.lt\/elparduotuve\/wp-json\/wp\/v2\/product_cat?post=11185"},{"taxonomy":"product_tag","embeddable":true,"href":"https:\/\/anivet.lt\/elparduotuve\/wp-json\/wp\/v2\/product_tag?post=11185"}],"curies":[{"name":"wp","href":"https:\/\/api.w.org\/{rel}","templated":true}]}}