{"id":11268,"date":"2023-08-23T10:56:09","date_gmt":"2023-08-23T10:56:09","guid":{"rendered":"https:\/\/anivet.lt\/elparduotuve\/?post_type=product&#038;p=11268"},"modified":"2025-08-06T20:48:32","modified_gmt":"2025-08-06T20:48:32","slug":"josera-culinesse-sausas-maistas-katems","status":"publish","type":"product","link":"https:\/\/anivet.lt\/elparduotuve\/produktas\/josera-culinesse-sausas-maistas-katems\/","title":{"rendered":"Josera Culinesse sausas maistas kat\u0117ms"},"content":{"rendered":"<ul>\n<li style=\"font-weight: 400;\"><span style=\"font-weight: 400;\">I\u0161skirtinis skonis: Pagamintas su la\u0161i\u0161a ir la\u0161i\u0161\u0173 aliejumi, kurie suteikia unikal\u0173 skon\u012f i\u0161rankioms kat\u0117ms.<\/span><\/li>\n<li style=\"font-weight: 400;\"><span style=\"font-weight: 400;\">Subalansuotas riebal\u0173 kiekis: Idealiai tinka tiek namuose gyvenan\u010dioms, tiek lauke praleid\u017eian\u010dioms kat\u0117ms.<\/span><\/li>\n<li style=\"font-weight: 400;\"><span style=\"font-weight: 400;\">Sveika oda ir kailis: Vertingos riebal\u0173 r\u016bg\u0161tys, vitaminai ir mikroelementai padeda palaikyti odos sveikat\u0105 ir kailio \u017evilges\u012f.<\/span><\/li>\n<li style=\"font-weight: 400;\"><span style=\"font-weight: 400;\">\u0160lapimo tak\u0173 apsauga: Receptas palaiko optimali\u0105 \u0161lapimo pH (6,0\u20136,5) ir padeda i\u0161vengti \u0161lapimtaki\u0173 akmen\u0173 susidarymo.<\/span><\/li>\n<li style=\"font-weight: 400;\"><span style=\"font-weight: 400;\">Lengvas vir\u0161kinimas: Puikiai subalansuotas receptas tinka jautrioms vir\u0161kinimo sistemoms.<\/span><\/li>\n<\/ul>\n<p><span style=\"font-weight: 400;\">\u201eJosera Culinesse\u201c yra puikus pasirinkimas tiems, kurie ie\u0161ko skanaus ir sveiko maisto savo i\u0161rankioms kat\u0117ms. Su gard\u017eia la\u0161i\u0161a ir optimaliai subalansuota sud\u0117timi \u0161is maistas ne tik u\u017etikrina kat\u0117s apetit\u0105, bet ir prisideda prie jos bendros sveikatos bei gyvenimo kokyb\u0117s.<\/span><\/p>\n","protected":false},"excerpt":{"rendered":"<p class=\"pdp-info__short-desc\"><span style=\"font-weight: 400;\">Visavertis sausas maistas, sukurtas specialiai i\u0161rankioms suaugusioms kat\u0117ms. Receptas su gard\u017eia la\u0161i\u0161a ir la\u0161i\u0161\u0173 aliejumi ne tik patenkina maisto gurman\u0173 skonio poreikius, bet ir r\u016bpinasi kat\u0117s sveikata.<\/span><\/p>\n","protected":false},"featured_media":11274,"template":"","meta":[],"product_brand":[],"product_cat":[114,115,102,342],"product_tag":[],"class_list":{"0":"post-11268","1":"product","2":"type-product","3":"status-publish","4":"has-post-thumbnail","6":"product_cat-kaciu-maistas","7":"product_cat-sausas-maistas-ir-skanestai-katems","8":"product_cat-katems","9":"product_cat-josera-kaciu-maistas","10":"pa_prekinis-zenklas-josera","12":"first","13":"instock","14":"taxable","15":"shipping-taxable","16":"purchasable","17":"product-type-variable"},"yoast_head":"<!-- This site is optimized with the Yoast SEO Premium plugin v27.1 (Yoast SEO v27.5) - https:\/\/yoast.com\/product\/yoast-seo-premium-wordpress\/ -->\n<title>Josera Culinesse sausas maistas kat\u0117ms - anivet.lt<\/title>\n<meta name=\"description\" content=\"Visavertis sausas maistas, sukurtas specialiai i\u0161rankioms suaugusioms kat\u0117ms. Receptas su gard\u017eia la\u0161i\u0161a ir la\u0161i\u0161\u0173 aliejumi ne tik patenkina maisto gurman\u0173 skonio poreikius, bet ir r\u016bpinasi kat\u0117s sveikata.\" \/>\n<meta name=\"robots\" content=\"index, follow, max-snippet:-1, max-image-preview:large, max-video-preview:-1\" \/>\n<link rel=\"canonical\" href=\"https:\/\/anivet.lt\/elparduotuve\/produktas\/josera-culinesse-sausas-maistas-katems\/\" \/>\n<meta property=\"og:locale\" content=\"lt_LT\" \/>\n<meta property=\"og:type\" content=\"article\" \/>\n<meta property=\"og:title\" content=\"Josera Culinesse sausas maistas kat\u0117ms\" \/>\n<meta property=\"og:description\" content=\"Visavertis sausas maistas, sukurtas specialiai i\u0161rankioms suaugusioms kat\u0117ms. Receptas su gard\u017eia la\u0161i\u0161a ir la\u0161i\u0161\u0173 aliejumi ne tik patenkina maisto gurman\u0173 skonio poreikius, bet ir r\u016bpinasi kat\u0117s sveikata.\" \/>\n<meta property=\"og:url\" content=\"https:\/\/anivet.lt\/elparduotuve\/produktas\/josera-culinesse-sausas-maistas-katems\/\" \/>\n<meta property=\"og:site_name\" content=\"anivet.lt\" \/>\n<meta property=\"article:modified_time\" content=\"2025-08-06T20:48:32+00:00\" \/>\n<meta property=\"og:image\" content=\"https:\/\/anivet.lt\/elparduotuve\/wp-content\/uploads\/2023\/08\/01_JOSERA_Culinesse_2-4.25-10kg_LT.png\" \/>\n\t<meta property=\"og:image:width\" content=\"1200\" \/>\n\t<meta property=\"og:image:height\" content=\"1000\" \/>\n\t<meta property=\"og:image:type\" content=\"image\/png\" \/>\n<meta name=\"twitter:card\" content=\"summary_large_image\" \/>\n<meta name=\"twitter:label1\" content=\"Est. reading time\" \/>\n\t<meta name=\"twitter:data1\" content=\"1 minut\u0117\" \/>\n<script type=\"application\/ld+json\" class=\"yoast-schema-graph\">{\"@context\":\"https:\\\/\\\/schema.org\",\"@graph\":[{\"@type\":\"WebPage\",\"@id\":\"https:\\\/\\\/anivet.lt\\\/elparduotuve\\\/produktas\\\/josera-culinesse-sausas-maistas-katems\\\/\",\"url\":\"https:\\\/\\\/anivet.lt\\\/elparduotuve\\\/produktas\\\/josera-culinesse-sausas-maistas-katems\\\/\",\"name\":\"Josera Culinesse sausas maistas kat\u0117ms - anivet.lt\",\"isPartOf\":{\"@id\":\"https:\\\/\\\/anivet.lt\\\/elparduotuve\\\/#website\"},\"primaryImageOfPage\":{\"@id\":\"https:\\\/\\\/anivet.lt\\\/elparduotuve\\\/produktas\\\/josera-culinesse-sausas-maistas-katems\\\/#primaryimage\"},\"image\":{\"@id\":\"https:\\\/\\\/anivet.lt\\\/elparduotuve\\\/produktas\\\/josera-culinesse-sausas-maistas-katems\\\/#primaryimage\"},\"thumbnailUrl\":\"https:\\\/\\\/anivet.lt\\\/elparduotuve\\\/wp-content\\\/uploads\\\/2023\\\/08\\\/01_JOSERA_Culinesse_2-4.25-10kg_LT.png\",\"datePublished\":\"2023-08-23T10:56:09+00:00\",\"dateModified\":\"2025-08-06T20:48:32+00:00\",\"description\":\"Visavertis sausas maistas, sukurtas specialiai i\u0161rankioms suaugusioms kat\u0117ms. Receptas su gard\u017eia la\u0161i\u0161a ir la\u0161i\u0161\u0173 aliejumi ne tik patenkina maisto gurman\u0173 skonio poreikius, bet ir r\u016bpinasi kat\u0117s sveikata.\",\"breadcrumb\":{\"@id\":\"https:\\\/\\\/anivet.lt\\\/elparduotuve\\\/produktas\\\/josera-culinesse-sausas-maistas-katems\\\/#breadcrumb\"},\"inLanguage\":\"lt-LT\",\"potentialAction\":[{\"@type\":\"ReadAction\",\"target\":[\"https:\\\/\\\/anivet.lt\\\/elparduotuve\\\/produktas\\\/josera-culinesse-sausas-maistas-katems\\\/\"]}]},{\"@type\":\"ImageObject\",\"inLanguage\":\"lt-LT\",\"@id\":\"https:\\\/\\\/anivet.lt\\\/elparduotuve\\\/produktas\\\/josera-culinesse-sausas-maistas-katems\\\/#primaryimage\",\"url\":\"https:\\\/\\\/anivet.lt\\\/elparduotuve\\\/wp-content\\\/uploads\\\/2023\\\/08\\\/01_JOSERA_Culinesse_2-4.25-10kg_LT.png\",\"contentUrl\":\"https:\\\/\\\/anivet.lt\\\/elparduotuve\\\/wp-content\\\/uploads\\\/2023\\\/08\\\/01_JOSERA_Culinesse_2-4.25-10kg_LT.png\",\"width\":1200,\"height\":1000,\"caption\":\"Josera Culinesse sausas maistas kat\u0117ms - 2kg.\"},{\"@type\":\"BreadcrumbList\",\"@id\":\"https:\\\/\\\/anivet.lt\\\/elparduotuve\\\/produktas\\\/josera-culinesse-sausas-maistas-katems\\\/#breadcrumb\",\"itemListElement\":[{\"@type\":\"ListItem\",\"position\":1,\"name\":\"Home\",\"item\":\"https:\\\/\\\/anivet.lt\\\/elparduotuve\\\/\"},{\"@type\":\"ListItem\",\"position\":2,\"name\":\"Produktai\",\"item\":\"https:\\\/\\\/anivet.lt\\\/elparduotuve\\\/produktai\\\/\"},{\"@type\":\"ListItem\",\"position\":3,\"name\":\"Josera Culinesse sausas maistas kat\u0117ms\"}]},{\"@type\":\"WebSite\",\"@id\":\"https:\\\/\\\/anivet.lt\\\/elparduotuve\\\/#website\",\"url\":\"https:\\\/\\\/anivet.lt\\\/elparduotuve\\\/\",\"name\":\"anivet.lt\",\"description\":\"Viskas J\u016bs\u0173 \u0161uns, kat\u0117s prie\u017ei\u016brai\",\"publisher\":{\"@id\":\"https:\\\/\\\/anivet.lt\\\/elparduotuve\\\/#organization\"},\"alternateName\":\"Viskas J\u016bs\u0173 \u0161uns, kat\u0117s prie\u017ei\u016brai\",\"potentialAction\":[{\"@type\":\"SearchAction\",\"target\":{\"@type\":\"EntryPoint\",\"urlTemplate\":\"https:\\\/\\\/anivet.lt\\\/elparduotuve\\\/?s={search_term_string}\"},\"query-input\":{\"@type\":\"PropertyValueSpecification\",\"valueRequired\":true,\"valueName\":\"search_term_string\"}}],\"inLanguage\":\"lt-LT\"},{\"@type\":\"Organization\",\"@id\":\"https:\\\/\\\/anivet.lt\\\/elparduotuve\\\/#organization\",\"name\":\"Viskas J\u016bs\u0173 \u0161uns, kat\u0117s prie\u017ei\u016brai\",\"url\":\"https:\\\/\\\/anivet.lt\\\/elparduotuve\\\/\",\"logo\":{\"@type\":\"ImageObject\",\"inLanguage\":\"lt-LT\",\"@id\":\"https:\\\/\\\/anivet.lt\\\/elparduotuve\\\/#\\\/schema\\\/logo\\\/image\\\/\",\"url\":\"https:\\\/\\\/anivet.lt\\\/elparduotuve\\\/wp-content\\\/uploads\\\/2023\\\/06\\\/logo2.jpg\",\"contentUrl\":\"https:\\\/\\\/anivet.lt\\\/elparduotuve\\\/wp-content\\\/uploads\\\/2023\\\/06\\\/logo2.jpg\",\"width\":655,\"height\":194,\"caption\":\"Viskas J\u016bs\u0173 \u0161uns, kat\u0117s prie\u017ei\u016brai\"},\"image\":{\"@id\":\"https:\\\/\\\/anivet.lt\\\/elparduotuve\\\/#\\\/schema\\\/logo\\\/image\\\/\"}}]}<\/script>\n<!-- \/ Yoast SEO Premium plugin. -->","yoast_head_json":{"title":"Josera Culinesse sausas maistas kat\u0117ms - anivet.lt","description":"Visavertis sausas maistas, sukurtas specialiai i\u0161rankioms suaugusioms kat\u0117ms. Receptas su gard\u017eia la\u0161i\u0161a ir la\u0161i\u0161\u0173 aliejumi ne tik patenkina maisto gurman\u0173 skonio poreikius, bet ir r\u016bpinasi kat\u0117s sveikata.","robots":{"index":"index","follow":"follow","max-snippet":"max-snippet:-1","max-image-preview":"max-image-preview:large","max-video-preview":"max-video-preview:-1"},"canonical":"https:\/\/anivet.lt\/elparduotuve\/produktas\/josera-culinesse-sausas-maistas-katems\/","og_locale":"lt_LT","og_type":"article","og_title":"Josera Culinesse sausas maistas kat\u0117ms","og_description":"Visavertis sausas maistas, sukurtas specialiai i\u0161rankioms suaugusioms kat\u0117ms. Receptas su gard\u017eia la\u0161i\u0161a ir la\u0161i\u0161\u0173 aliejumi ne tik patenkina maisto gurman\u0173 skonio poreikius, bet ir r\u016bpinasi kat\u0117s sveikata.","og_url":"https:\/\/anivet.lt\/elparduotuve\/produktas\/josera-culinesse-sausas-maistas-katems\/","og_site_name":"anivet.lt","article_modified_time":"2025-08-06T20:48:32+00:00","og_image":[{"width":1200,"height":1000,"url":"https:\/\/anivet.lt\/elparduotuve\/wp-content\/uploads\/2023\/08\/01_JOSERA_Culinesse_2-4.25-10kg_LT.png","type":"image\/png"}],"twitter_card":"summary_large_image","twitter_misc":{"Est. reading time":"1 minut\u0117"},"schema":{"@context":"https:\/\/schema.org","@graph":[{"@type":"WebPage","@id":"https:\/\/anivet.lt\/elparduotuve\/produktas\/josera-culinesse-sausas-maistas-katems\/","url":"https:\/\/anivet.lt\/elparduotuve\/produktas\/josera-culinesse-sausas-maistas-katems\/","name":"Josera Culinesse sausas maistas kat\u0117ms - anivet.lt","isPartOf":{"@id":"https:\/\/anivet.lt\/elparduotuve\/#website"},"primaryImageOfPage":{"@id":"https:\/\/anivet.lt\/elparduotuve\/produktas\/josera-culinesse-sausas-maistas-katems\/#primaryimage"},"image":{"@id":"https:\/\/anivet.lt\/elparduotuve\/produktas\/josera-culinesse-sausas-maistas-katems\/#primaryimage"},"thumbnailUrl":"https:\/\/anivet.lt\/elparduotuve\/wp-content\/uploads\/2023\/08\/01_JOSERA_Culinesse_2-4.25-10kg_LT.png","datePublished":"2023-08-23T10:56:09+00:00","dateModified":"2025-08-06T20:48:32+00:00","description":"Visavertis sausas maistas, sukurtas specialiai i\u0161rankioms suaugusioms kat\u0117ms. Receptas su gard\u017eia la\u0161i\u0161a ir la\u0161i\u0161\u0173 aliejumi ne tik patenkina maisto gurman\u0173 skonio poreikius, bet ir r\u016bpinasi kat\u0117s sveikata.","breadcrumb":{"@id":"https:\/\/anivet.lt\/elparduotuve\/produktas\/josera-culinesse-sausas-maistas-katems\/#breadcrumb"},"inLanguage":"lt-LT","potentialAction":[{"@type":"ReadAction","target":["https:\/\/anivet.lt\/elparduotuve\/produktas\/josera-culinesse-sausas-maistas-katems\/"]}]},{"@type":"ImageObject","inLanguage":"lt-LT","@id":"https:\/\/anivet.lt\/elparduotuve\/produktas\/josera-culinesse-sausas-maistas-katems\/#primaryimage","url":"https:\/\/anivet.lt\/elparduotuve\/wp-content\/uploads\/2023\/08\/01_JOSERA_Culinesse_2-4.25-10kg_LT.png","contentUrl":"https:\/\/anivet.lt\/elparduotuve\/wp-content\/uploads\/2023\/08\/01_JOSERA_Culinesse_2-4.25-10kg_LT.png","width":1200,"height":1000,"caption":"Josera Culinesse sausas maistas kat\u0117ms - 2kg."},{"@type":"BreadcrumbList","@id":"https:\/\/anivet.lt\/elparduotuve\/produktas\/josera-culinesse-sausas-maistas-katems\/#breadcrumb","itemListElement":[{"@type":"ListItem","position":1,"name":"Home","item":"https:\/\/anivet.lt\/elparduotuve\/"},{"@type":"ListItem","position":2,"name":"Produktai","item":"https:\/\/anivet.lt\/elparduotuve\/produktai\/"},{"@type":"ListItem","position":3,"name":"Josera Culinesse sausas maistas kat\u0117ms"}]},{"@type":"WebSite","@id":"https:\/\/anivet.lt\/elparduotuve\/#website","url":"https:\/\/anivet.lt\/elparduotuve\/","name":"anivet.lt","description":"Viskas J\u016bs\u0173 \u0161uns, kat\u0117s prie\u017ei\u016brai","publisher":{"@id":"https:\/\/anivet.lt\/elparduotuve\/#organization"},"alternateName":"Viskas J\u016bs\u0173 \u0161uns, kat\u0117s prie\u017ei\u016brai","potentialAction":[{"@type":"SearchAction","target":{"@type":"EntryPoint","urlTemplate":"https:\/\/anivet.lt\/elparduotuve\/?s={search_term_string}"},"query-input":{"@type":"PropertyValueSpecification","valueRequired":true,"valueName":"search_term_string"}}],"inLanguage":"lt-LT"},{"@type":"Organization","@id":"https:\/\/anivet.lt\/elparduotuve\/#organization","name":"Viskas J\u016bs\u0173 \u0161uns, kat\u0117s prie\u017ei\u016brai","url":"https:\/\/anivet.lt\/elparduotuve\/","logo":{"@type":"ImageObject","inLanguage":"lt-LT","@id":"https:\/\/anivet.lt\/elparduotuve\/#\/schema\/logo\/image\/","url":"https:\/\/anivet.lt\/elparduotuve\/wp-content\/uploads\/2023\/06\/logo2.jpg","contentUrl":"https:\/\/anivet.lt\/elparduotuve\/wp-content\/uploads\/2023\/06\/logo2.jpg","width":655,"height":194,"caption":"Viskas J\u016bs\u0173 \u0161uns, kat\u0117s prie\u017ei\u016brai"},"image":{"@id":"https:\/\/anivet.lt\/elparduotuve\/#\/schema\/logo\/image\/"}}]}},"_links":{"self":[{"href":"https:\/\/anivet.lt\/elparduotuve\/wp-json\/wp\/v2\/product\/11268","targetHints":{"allow":["GET"]}}],"collection":[{"href":"https:\/\/anivet.lt\/elparduotuve\/wp-json\/wp\/v2\/product"}],"about":[{"href":"https:\/\/anivet.lt\/elparduotuve\/wp-json\/wp\/v2\/types\/product"}],"wp:featuredmedia":[{"embeddable":true,"href":"https:\/\/anivet.lt\/elparduotuve\/wp-json\/wp\/v2\/media\/11274"}],"wp:attachment":[{"href":"https:\/\/anivet.lt\/elparduotuve\/wp-json\/wp\/v2\/media?parent=11268"}],"wp:term":[{"taxonomy":"product_brand","embeddable":true,"href":"https:\/\/anivet.lt\/elparduotuve\/wp-json\/wp\/v2\/product_brand?post=11268"},{"taxonomy":"product_cat","embeddable":true,"href":"https:\/\/anivet.lt\/elparduotuve\/wp-json\/wp\/v2\/product_cat?post=11268"},{"taxonomy":"product_tag","embeddable":true,"href":"https:\/\/anivet.lt\/elparduotuve\/wp-json\/wp\/v2\/product_tag?post=11268"}],"curies":[{"name":"wp","href":"https:\/\/api.w.org\/{rel}","templated":true}]}}