{"id":11446,"date":"2023-08-23T20:21:10","date_gmt":"2023-08-23T20:21:10","guid":{"rendered":"https:\/\/anivet.lt\/elparduotuve\/?post_type=product&#038;p=11446"},"modified":"2026-03-18T10:31:23","modified_gmt":"2026-03-18T10:31:23","slug":"josera-chicken-rice-sausas-maistas-sunims","status":"publish","type":"product","link":"https:\/\/anivet.lt\/elparduotuve\/produktas\/josera-chicken-rice-sausas-maistas-sunims\/","title":{"rendered":"Josera Chicken-Rice sausas maistas \u0161unims"},"content":{"rendered":"<ul>\n<li style=\"font-weight: 400;\"><span style=\"font-weight: 400;\">Puikus kainos ir kokyb\u0117s santykis: Subalansuota mityba u\u017e prieinam\u0105 kain\u0105.<\/span><\/li>\n<li style=\"font-weight: 400;\"><span style=\"font-weight: 400;\">Didelis pauk\u0161tienos kiekis: U\u017etikrina lengvai vir\u0161kinam\u0105 baltym\u0173 \u0161altin\u012f.<\/span><\/li>\n<li style=\"font-weight: 400;\"><span style=\"font-weight: 400;\">Sveika oda ir kailis: Vertingos riebal\u0173 r\u016bg\u0161tys padeda palaikyti sveik\u0105 od\u0105 ir \u017evilgant\u012f kail\u012f.<\/span><\/li>\n<li style=\"font-weight: 400;\"><span style=\"font-weight: 400;\">Tinka vidutini\u0173 ir dideli\u0173 veisli\u0173 suaugusiems \u0161unims su normaliu aktyvumo lygiu.<\/span><\/li>\n<\/ul>\n<p><span style=\"font-weight: 400;\">Tai patikimas sprendimas j\u016bs\u0173 \u0161uns kasdienei mitybai. Subalansuota sud\u0117tis, papildyta vertingomis riebal\u0173 r\u016bg\u0161timis, padeda palaikyti sveik\u0105 od\u0105, kail\u012f ir energingum\u0105, o ekonomi\u0161ka kaina leid\u017eia i\u0161laikyti kokyb\u0119 be kompromis\u0173.<\/span><\/p>\n","protected":false},"excerpt":{"rendered":"<p class=\"pdp-info__short-desc\"><span style=\"font-weight: 400;\">Visavertis sausas pa\u0161aras, pritaikytas vidutini\u0173 ir dideli\u0173 veisli\u0173 suaugusi\u0173 \u0161un\u0173 kasdieniams poreikiams. Didelis pauk\u0161tienos kiekis ir subalansuota sud\u0117tis u\u017etikrina reikaling\u0173 maistini\u0173 med\u017eiag\u0173 kiek\u012f ir puiki\u0105 savijaut\u0105. Idealus pasirinkimas tiems, kurie ie\u0161ko kokyb\u0117s u\u017e prieinam\u0105 kain\u0105.<\/span><\/p>\n","protected":false},"featured_media":20829,"template":"","meta":[],"product_brand":[],"product_cat":[101,103,104,334],"product_tag":[],"class_list":{"0":"post-11446","1":"product","2":"type-product","3":"status-publish","4":"has-post-thumbnail","6":"product_cat-sunims","7":"product_cat-sunu-maistas","8":"product_cat-sausas-maistas","9":"product_cat-josera-sunu-maistas","10":"pa_prekinis-zenklas-josera","12":"first","13":"instock","14":"taxable","15":"shipping-taxable","16":"purchasable","17":"product-type-simple"},"yoast_head":"<!-- This site is optimized with the Yoast SEO Premium plugin v27.1 (Yoast SEO v27.5) - https:\/\/yoast.com\/product\/yoast-seo-premium-wordpress\/ -->\n<title>Josera Chicken-Rice sausas maistas \u0161unims - anivet.lt<\/title>\n<meta name=\"description\" content=\"Visavertis sausas pa\u0161aras, pritaikytas vidutini\u0173 ir dideli\u0173 veisli\u0173 suaugusi\u0173 \u0161un\u0173 kasdieniams poreikiams. Didelis pauk\u0161tienos kiekis ir subalansuota sud\u0117tis u\u017etikrina reikaling\u0173 maistini\u0173 med\u017eiag\u0173 kiek\u012f ir puiki\u0105 savijaut\u0105. Idealus pasirinkimas tiems, kurie ie\u0161ko kokyb\u0117s u\u017e prieinam\u0105 kain\u0105.\" \/>\n<meta name=\"robots\" content=\"index, follow, max-snippet:-1, max-image-preview:large, max-video-preview:-1\" \/>\n<link rel=\"canonical\" href=\"https:\/\/anivet.lt\/elparduotuve\/produktas\/josera-chicken-rice-sausas-maistas-sunims\/\" \/>\n<meta property=\"og:locale\" content=\"lt_LT\" \/>\n<meta property=\"og:type\" content=\"article\" \/>\n<meta property=\"og:title\" content=\"Josera Chicken-Rice sausas maistas \u0161unims\" \/>\n<meta property=\"og:description\" content=\"Visavertis sausas pa\u0161aras, pritaikytas vidutini\u0173 ir dideli\u0173 veisli\u0173 suaugusi\u0173 \u0161un\u0173 kasdieniams poreikiams. Didelis pauk\u0161tienos kiekis ir subalansuota sud\u0117tis u\u017etikrina reikaling\u0173 maistini\u0173 med\u017eiag\u0173 kiek\u012f ir puiki\u0105 savijaut\u0105. Idealus pasirinkimas tiems, kurie ie\u0161ko kokyb\u0117s u\u017e prieinam\u0105 kain\u0105.\" \/>\n<meta property=\"og:url\" content=\"https:\/\/anivet.lt\/elparduotuve\/produktas\/josera-chicken-rice-sausas-maistas-sunims\/\" \/>\n<meta property=\"og:site_name\" content=\"anivet.lt\" \/>\n<meta property=\"article:modified_time\" content=\"2026-03-18T10:31:23+00:00\" \/>\n<meta property=\"og:image\" content=\"https:\/\/anivet.lt\/elparduotuve\/wp-content\/uploads\/2023\/08\/Josera-Chicken-Rice-sausas-maistas-sunims.jpg\" \/>\n\t<meta property=\"og:image:width\" content=\"600\" \/>\n\t<meta property=\"og:image:height\" content=\"600\" \/>\n\t<meta property=\"og:image:type\" content=\"image\/jpeg\" \/>\n<meta name=\"twitter:card\" content=\"summary_large_image\" \/>\n<meta name=\"twitter:label1\" content=\"Est. reading time\" \/>\n\t<meta name=\"twitter:data1\" content=\"1 minut\u0117\" \/>\n<script type=\"application\/ld+json\" class=\"yoast-schema-graph\">{\"@context\":\"https:\\\/\\\/schema.org\",\"@graph\":[{\"@type\":\"WebPage\",\"@id\":\"https:\\\/\\\/anivet.lt\\\/elparduotuve\\\/produktas\\\/josera-chicken-rice-sausas-maistas-sunims\\\/\",\"url\":\"https:\\\/\\\/anivet.lt\\\/elparduotuve\\\/produktas\\\/josera-chicken-rice-sausas-maistas-sunims\\\/\",\"name\":\"Josera Chicken-Rice sausas maistas \u0161unims - anivet.lt\",\"isPartOf\":{\"@id\":\"https:\\\/\\\/anivet.lt\\\/elparduotuve\\\/#website\"},\"primaryImageOfPage\":{\"@id\":\"https:\\\/\\\/anivet.lt\\\/elparduotuve\\\/produktas\\\/josera-chicken-rice-sausas-maistas-sunims\\\/#primaryimage\"},\"image\":{\"@id\":\"https:\\\/\\\/anivet.lt\\\/elparduotuve\\\/produktas\\\/josera-chicken-rice-sausas-maistas-sunims\\\/#primaryimage\"},\"thumbnailUrl\":\"https:\\\/\\\/anivet.lt\\\/elparduotuve\\\/wp-content\\\/uploads\\\/2023\\\/08\\\/Josera-Chicken-Rice-sausas-maistas-sunims.jpg\",\"datePublished\":\"2023-08-23T20:21:10+00:00\",\"dateModified\":\"2026-03-18T10:31:23+00:00\",\"description\":\"Visavertis sausas pa\u0161aras, pritaikytas vidutini\u0173 ir dideli\u0173 veisli\u0173 suaugusi\u0173 \u0161un\u0173 kasdieniams poreikiams. Didelis pauk\u0161tienos kiekis ir subalansuota sud\u0117tis u\u017etikrina reikaling\u0173 maistini\u0173 med\u017eiag\u0173 kiek\u012f ir puiki\u0105 savijaut\u0105. Idealus pasirinkimas tiems, kurie ie\u0161ko kokyb\u0117s u\u017e prieinam\u0105 kain\u0105.\",\"breadcrumb\":{\"@id\":\"https:\\\/\\\/anivet.lt\\\/elparduotuve\\\/produktas\\\/josera-chicken-rice-sausas-maistas-sunims\\\/#breadcrumb\"},\"inLanguage\":\"lt-LT\",\"potentialAction\":[{\"@type\":\"ReadAction\",\"target\":[\"https:\\\/\\\/anivet.lt\\\/elparduotuve\\\/produktas\\\/josera-chicken-rice-sausas-maistas-sunims\\\/\"]}]},{\"@type\":\"ImageObject\",\"inLanguage\":\"lt-LT\",\"@id\":\"https:\\\/\\\/anivet.lt\\\/elparduotuve\\\/produktas\\\/josera-chicken-rice-sausas-maistas-sunims\\\/#primaryimage\",\"url\":\"https:\\\/\\\/anivet.lt\\\/elparduotuve\\\/wp-content\\\/uploads\\\/2023\\\/08\\\/Josera-Chicken-Rice-sausas-maistas-sunims.jpg\",\"contentUrl\":\"https:\\\/\\\/anivet.lt\\\/elparduotuve\\\/wp-content\\\/uploads\\\/2023\\\/08\\\/Josera-Chicken-Rice-sausas-maistas-sunims.jpg\",\"width\":600,\"height\":600,\"caption\":\"Josera Chicken-Rice sausas maistas \u0161unims\"},{\"@type\":\"BreadcrumbList\",\"@id\":\"https:\\\/\\\/anivet.lt\\\/elparduotuve\\\/produktas\\\/josera-chicken-rice-sausas-maistas-sunims\\\/#breadcrumb\",\"itemListElement\":[{\"@type\":\"ListItem\",\"position\":1,\"name\":\"Home\",\"item\":\"https:\\\/\\\/anivet.lt\\\/elparduotuve\\\/\"},{\"@type\":\"ListItem\",\"position\":2,\"name\":\"Produktai\",\"item\":\"https:\\\/\\\/anivet.lt\\\/elparduotuve\\\/produktai\\\/\"},{\"@type\":\"ListItem\",\"position\":3,\"name\":\"Josera Chicken-Rice sausas maistas \u0161unims\"}]},{\"@type\":\"WebSite\",\"@id\":\"https:\\\/\\\/anivet.lt\\\/elparduotuve\\\/#website\",\"url\":\"https:\\\/\\\/anivet.lt\\\/elparduotuve\\\/\",\"name\":\"anivet.lt\",\"description\":\"Viskas J\u016bs\u0173 \u0161uns, kat\u0117s prie\u017ei\u016brai\",\"publisher\":{\"@id\":\"https:\\\/\\\/anivet.lt\\\/elparduotuve\\\/#organization\"},\"alternateName\":\"Viskas J\u016bs\u0173 \u0161uns, kat\u0117s prie\u017ei\u016brai\",\"potentialAction\":[{\"@type\":\"SearchAction\",\"target\":{\"@type\":\"EntryPoint\",\"urlTemplate\":\"https:\\\/\\\/anivet.lt\\\/elparduotuve\\\/?s={search_term_string}\"},\"query-input\":{\"@type\":\"PropertyValueSpecification\",\"valueRequired\":true,\"valueName\":\"search_term_string\"}}],\"inLanguage\":\"lt-LT\"},{\"@type\":\"Organization\",\"@id\":\"https:\\\/\\\/anivet.lt\\\/elparduotuve\\\/#organization\",\"name\":\"Viskas J\u016bs\u0173 \u0161uns, kat\u0117s prie\u017ei\u016brai\",\"url\":\"https:\\\/\\\/anivet.lt\\\/elparduotuve\\\/\",\"logo\":{\"@type\":\"ImageObject\",\"inLanguage\":\"lt-LT\",\"@id\":\"https:\\\/\\\/anivet.lt\\\/elparduotuve\\\/#\\\/schema\\\/logo\\\/image\\\/\",\"url\":\"https:\\\/\\\/anivet.lt\\\/elparduotuve\\\/wp-content\\\/uploads\\\/2023\\\/06\\\/logo2.jpg\",\"contentUrl\":\"https:\\\/\\\/anivet.lt\\\/elparduotuve\\\/wp-content\\\/uploads\\\/2023\\\/06\\\/logo2.jpg\",\"width\":655,\"height\":194,\"caption\":\"Viskas J\u016bs\u0173 \u0161uns, kat\u0117s prie\u017ei\u016brai\"},\"image\":{\"@id\":\"https:\\\/\\\/anivet.lt\\\/elparduotuve\\\/#\\\/schema\\\/logo\\\/image\\\/\"}}]}<\/script>\n<!-- \/ Yoast SEO Premium plugin. -->","yoast_head_json":{"title":"Josera Chicken-Rice sausas maistas \u0161unims - anivet.lt","description":"Visavertis sausas pa\u0161aras, pritaikytas vidutini\u0173 ir dideli\u0173 veisli\u0173 suaugusi\u0173 \u0161un\u0173 kasdieniams poreikiams. Didelis pauk\u0161tienos kiekis ir subalansuota sud\u0117tis u\u017etikrina reikaling\u0173 maistini\u0173 med\u017eiag\u0173 kiek\u012f ir puiki\u0105 savijaut\u0105. Idealus pasirinkimas tiems, kurie ie\u0161ko kokyb\u0117s u\u017e prieinam\u0105 kain\u0105.","robots":{"index":"index","follow":"follow","max-snippet":"max-snippet:-1","max-image-preview":"max-image-preview:large","max-video-preview":"max-video-preview:-1"},"canonical":"https:\/\/anivet.lt\/elparduotuve\/produktas\/josera-chicken-rice-sausas-maistas-sunims\/","og_locale":"lt_LT","og_type":"article","og_title":"Josera Chicken-Rice sausas maistas \u0161unims","og_description":"Visavertis sausas pa\u0161aras, pritaikytas vidutini\u0173 ir dideli\u0173 veisli\u0173 suaugusi\u0173 \u0161un\u0173 kasdieniams poreikiams. Didelis pauk\u0161tienos kiekis ir subalansuota sud\u0117tis u\u017etikrina reikaling\u0173 maistini\u0173 med\u017eiag\u0173 kiek\u012f ir puiki\u0105 savijaut\u0105. Idealus pasirinkimas tiems, kurie ie\u0161ko kokyb\u0117s u\u017e prieinam\u0105 kain\u0105.","og_url":"https:\/\/anivet.lt\/elparduotuve\/produktas\/josera-chicken-rice-sausas-maistas-sunims\/","og_site_name":"anivet.lt","article_modified_time":"2026-03-18T10:31:23+00:00","og_image":[{"width":600,"height":600,"url":"https:\/\/anivet.lt\/elparduotuve\/wp-content\/uploads\/2023\/08\/Josera-Chicken-Rice-sausas-maistas-sunims.jpg","type":"image\/jpeg"}],"twitter_card":"summary_large_image","twitter_misc":{"Est. reading time":"1 minut\u0117"},"schema":{"@context":"https:\/\/schema.org","@graph":[{"@type":"WebPage","@id":"https:\/\/anivet.lt\/elparduotuve\/produktas\/josera-chicken-rice-sausas-maistas-sunims\/","url":"https:\/\/anivet.lt\/elparduotuve\/produktas\/josera-chicken-rice-sausas-maistas-sunims\/","name":"Josera Chicken-Rice sausas maistas \u0161unims - anivet.lt","isPartOf":{"@id":"https:\/\/anivet.lt\/elparduotuve\/#website"},"primaryImageOfPage":{"@id":"https:\/\/anivet.lt\/elparduotuve\/produktas\/josera-chicken-rice-sausas-maistas-sunims\/#primaryimage"},"image":{"@id":"https:\/\/anivet.lt\/elparduotuve\/produktas\/josera-chicken-rice-sausas-maistas-sunims\/#primaryimage"},"thumbnailUrl":"https:\/\/anivet.lt\/elparduotuve\/wp-content\/uploads\/2023\/08\/Josera-Chicken-Rice-sausas-maistas-sunims.jpg","datePublished":"2023-08-23T20:21:10+00:00","dateModified":"2026-03-18T10:31:23+00:00","description":"Visavertis sausas pa\u0161aras, pritaikytas vidutini\u0173 ir dideli\u0173 veisli\u0173 suaugusi\u0173 \u0161un\u0173 kasdieniams poreikiams. Didelis pauk\u0161tienos kiekis ir subalansuota sud\u0117tis u\u017etikrina reikaling\u0173 maistini\u0173 med\u017eiag\u0173 kiek\u012f ir puiki\u0105 savijaut\u0105. Idealus pasirinkimas tiems, kurie ie\u0161ko kokyb\u0117s u\u017e prieinam\u0105 kain\u0105.","breadcrumb":{"@id":"https:\/\/anivet.lt\/elparduotuve\/produktas\/josera-chicken-rice-sausas-maistas-sunims\/#breadcrumb"},"inLanguage":"lt-LT","potentialAction":[{"@type":"ReadAction","target":["https:\/\/anivet.lt\/elparduotuve\/produktas\/josera-chicken-rice-sausas-maistas-sunims\/"]}]},{"@type":"ImageObject","inLanguage":"lt-LT","@id":"https:\/\/anivet.lt\/elparduotuve\/produktas\/josera-chicken-rice-sausas-maistas-sunims\/#primaryimage","url":"https:\/\/anivet.lt\/elparduotuve\/wp-content\/uploads\/2023\/08\/Josera-Chicken-Rice-sausas-maistas-sunims.jpg","contentUrl":"https:\/\/anivet.lt\/elparduotuve\/wp-content\/uploads\/2023\/08\/Josera-Chicken-Rice-sausas-maistas-sunims.jpg","width":600,"height":600,"caption":"Josera Chicken-Rice sausas maistas \u0161unims"},{"@type":"BreadcrumbList","@id":"https:\/\/anivet.lt\/elparduotuve\/produktas\/josera-chicken-rice-sausas-maistas-sunims\/#breadcrumb","itemListElement":[{"@type":"ListItem","position":1,"name":"Home","item":"https:\/\/anivet.lt\/elparduotuve\/"},{"@type":"ListItem","position":2,"name":"Produktai","item":"https:\/\/anivet.lt\/elparduotuve\/produktai\/"},{"@type":"ListItem","position":3,"name":"Josera Chicken-Rice sausas maistas \u0161unims"}]},{"@type":"WebSite","@id":"https:\/\/anivet.lt\/elparduotuve\/#website","url":"https:\/\/anivet.lt\/elparduotuve\/","name":"anivet.lt","description":"Viskas J\u016bs\u0173 \u0161uns, kat\u0117s prie\u017ei\u016brai","publisher":{"@id":"https:\/\/anivet.lt\/elparduotuve\/#organization"},"alternateName":"Viskas J\u016bs\u0173 \u0161uns, kat\u0117s prie\u017ei\u016brai","potentialAction":[{"@type":"SearchAction","target":{"@type":"EntryPoint","urlTemplate":"https:\/\/anivet.lt\/elparduotuve\/?s={search_term_string}"},"query-input":{"@type":"PropertyValueSpecification","valueRequired":true,"valueName":"search_term_string"}}],"inLanguage":"lt-LT"},{"@type":"Organization","@id":"https:\/\/anivet.lt\/elparduotuve\/#organization","name":"Viskas J\u016bs\u0173 \u0161uns, kat\u0117s prie\u017ei\u016brai","url":"https:\/\/anivet.lt\/elparduotuve\/","logo":{"@type":"ImageObject","inLanguage":"lt-LT","@id":"https:\/\/anivet.lt\/elparduotuve\/#\/schema\/logo\/image\/","url":"https:\/\/anivet.lt\/elparduotuve\/wp-content\/uploads\/2023\/06\/logo2.jpg","contentUrl":"https:\/\/anivet.lt\/elparduotuve\/wp-content\/uploads\/2023\/06\/logo2.jpg","width":655,"height":194,"caption":"Viskas J\u016bs\u0173 \u0161uns, kat\u0117s prie\u017ei\u016brai"},"image":{"@id":"https:\/\/anivet.lt\/elparduotuve\/#\/schema\/logo\/image\/"}}]}},"_links":{"self":[{"href":"https:\/\/anivet.lt\/elparduotuve\/wp-json\/wp\/v2\/product\/11446","targetHints":{"allow":["GET"]}}],"collection":[{"href":"https:\/\/anivet.lt\/elparduotuve\/wp-json\/wp\/v2\/product"}],"about":[{"href":"https:\/\/anivet.lt\/elparduotuve\/wp-json\/wp\/v2\/types\/product"}],"wp:featuredmedia":[{"embeddable":true,"href":"https:\/\/anivet.lt\/elparduotuve\/wp-json\/wp\/v2\/media\/20829"}],"wp:attachment":[{"href":"https:\/\/anivet.lt\/elparduotuve\/wp-json\/wp\/v2\/media?parent=11446"}],"wp:term":[{"taxonomy":"product_brand","embeddable":true,"href":"https:\/\/anivet.lt\/elparduotuve\/wp-json\/wp\/v2\/product_brand?post=11446"},{"taxonomy":"product_cat","embeddable":true,"href":"https:\/\/anivet.lt\/elparduotuve\/wp-json\/wp\/v2\/product_cat?post=11446"},{"taxonomy":"product_tag","embeddable":true,"href":"https:\/\/anivet.lt\/elparduotuve\/wp-json\/wp\/v2\/product_tag?post=11446"}],"curies":[{"name":"wp","href":"https:\/\/api.w.org\/{rel}","templated":true}]}}