{"id":11492,"date":"2023-08-24T12:34:04","date_gmt":"2023-08-24T12:34:04","guid":{"rendered":"https:\/\/anivet.lt\/elparduotuve\/?post_type=product&#038;p=11492"},"modified":"2025-06-27T08:07:33","modified_gmt":"2025-06-27T08:07:33","slug":"super-food-snacks-85g-jautiena","status":"publish","type":"product","link":"https:\/\/anivet.lt\/elparduotuve\/produktas\/super-food-snacks-85g-jautiena\/","title":{"rendered":"Nature&#8217;s Variety Super Food Snacks 85g (jautiena)"},"content":{"rendered":"<ul>\n<li style=\"font-weight: 400;\" aria-level=\"1\"><span style=\"font-weight: 400;\">Didelis m\u0117sos kiekis: Jautiena (75%) \u2013 puikus auk\u0161tos kokyb\u0117s baltym\u0173 \u0161altinis, reikalingas augintinio energijai ir raumen\u0173 vystymuisi.<\/span><\/li>\n<li style=\"font-weight: 400;\" aria-level=\"1\"><span style=\"font-weight: 400;\">Supermaisto ingredientai: Bolivin\u0117s balandos s\u0117klos ir \u0161pinatai praturtina skan\u0117stus mineralais ir antioksidantais.<\/span><\/li>\n<li style=\"font-weight: 400;\" aria-level=\"1\"><span style=\"font-weight: 400;\">Nat\u016brali sud\u0117tis: Be dirbtini\u0173 da\u017eikli\u0173, skonio stiprikli\u0173 ir konservant\u0173 \u2013 tik nat\u016bral\u016bs ingredientai.<\/span><\/li>\n<li style=\"font-weight: 400;\" aria-level=\"1\"><span style=\"font-weight: 400;\">Pagerinta vir\u0161kinimo sveikata: Lin\u0173 s\u0117menys ir sald\u017eiosios bulv\u0117s prisideda prie geresn\u0117s vir\u0161kinimo funkcijos.<\/span><\/li>\n<li style=\"font-weight: 400;\" aria-level=\"1\"><span style=\"font-weight: 400;\">Orkait\u0117je kepti: Skan\u0117stai i\u0161laiko maistin\u0119 vert\u0119 ir nat\u016bral\u0173 skon\u012f.<\/span><\/li>\n<\/ul>\n<p><span style=\"font-weight: 400;\">\u0160ie skan\u0117stai yra ne tik maistingi, bet ir skan\u016bs \u2013 tai idealus b\u016bdas palepinti savo augintin\u012f sveiku u\u017ekand\u017eiu. Puikiai tinka kasdieniam naudojimui arba kaip paskatinimas dres\u016bros metu.<\/span><\/p>\n","protected":false},"excerpt":{"rendered":"<p><span style=\"font-weight: 400;\">Gard\u016bs skan\u0117stai su jautiena, \u0161pinatais ir bolivine balanda yra puikus pasirinkimas j\u016bs\u0173 augintinio sveikai mitybai. Nat\u016bral\u016bs ingredientai, kepimas orkait\u0117je ir auk\u0161tos kokyb\u0117s sud\u0117tis u\u017etikrina puik\u0173 skon\u012f ir naud\u0105 augintinio sveikatai.<\/span><\/p>\n","protected":false},"featured_media":11493,"template":"","meta":[],"product_brand":[],"product_cat":[101,103,106,335],"product_tag":[],"class_list":{"0":"post-11492","1":"product","2":"type-product","3":"status-publish","4":"has-post-thumbnail","6":"product_cat-sunims","7":"product_cat-sunu-maistas","8":"product_cat-skanestai","9":"product_cat-natures-variety-sunu-maistas","10":"pa_prekinis-zenklas-natures-variety","12":"first","13":"instock","14":"taxable","15":"shipping-taxable","16":"purchasable","17":"product-type-simple"},"yoast_head":"<!-- This site is optimized with the Yoast SEO Premium plugin v27.1 (Yoast SEO v27.5) - https:\/\/yoast.com\/product\/yoast-seo-premium-wordpress\/ -->\n<title>Nature&#039;s Variety Super Food Snacks 85g (jautiena) - anivet.lt<\/title>\n<meta name=\"description\" content=\"Gard\u016bs skan\u0117stai su jautiena, \u0161pinatais ir bolivine balanda yra puikus pasirinkimas j\u016bs\u0173 augintinio sveikai mitybai. Nat\u016bral\u016bs ingredientai, kepimas orkait\u0117je ir auk\u0161tos kokyb\u0117s sud\u0117tis u\u017etikrina puik\u0173 skon\u012f ir naud\u0105 augintinio sveikatai.\" \/>\n<meta name=\"robots\" content=\"index, follow, max-snippet:-1, max-image-preview:large, max-video-preview:-1\" \/>\n<link rel=\"canonical\" href=\"https:\/\/anivet.lt\/elparduotuve\/produktas\/super-food-snacks-85g-jautiena\/\" \/>\n<meta property=\"og:locale\" content=\"lt_LT\" \/>\n<meta property=\"og:type\" content=\"article\" \/>\n<meta property=\"og:title\" content=\"Nature&#039;s Variety Super Food Snacks 85g (jautiena)\" \/>\n<meta property=\"og:description\" content=\"Gard\u016bs skan\u0117stai su jautiena, \u0161pinatais ir bolivine balanda yra puikus pasirinkimas j\u016bs\u0173 augintinio sveikai mitybai. Nat\u016bral\u016bs ingredientai, kepimas orkait\u0117je ir auk\u0161tos kokyb\u0117s sud\u0117tis u\u017etikrina puik\u0173 skon\u012f ir naud\u0105 augintinio sveikatai.\" \/>\n<meta property=\"og:url\" content=\"https:\/\/anivet.lt\/elparduotuve\/produktas\/super-food-snacks-85g-jautiena\/\" \/>\n<meta property=\"og:site_name\" content=\"anivet.lt\" \/>\n<meta property=\"article:modified_time\" content=\"2025-06-27T08:07:33+00:00\" \/>\n<meta property=\"og:image\" content=\"https:\/\/anivet.lt\/elparduotuve\/wp-content\/uploads\/2023\/08\/Skanestas-suniui-85g-jautiena.png\" \/>\n\t<meta property=\"og:image:width\" content=\"1466\" \/>\n\t<meta property=\"og:image:height\" content=\"1500\" \/>\n\t<meta property=\"og:image:type\" content=\"image\/png\" \/>\n<meta name=\"twitter:card\" content=\"summary_large_image\" \/>\n<meta name=\"twitter:label1\" content=\"Est. reading time\" \/>\n\t<meta name=\"twitter:data1\" content=\"1 minut\u0117\" \/>\n<script type=\"application\/ld+json\" class=\"yoast-schema-graph\">{\"@context\":\"https:\\\/\\\/schema.org\",\"@graph\":[{\"@type\":\"WebPage\",\"@id\":\"https:\\\/\\\/anivet.lt\\\/elparduotuve\\\/produktas\\\/super-food-snacks-85g-jautiena\\\/\",\"url\":\"https:\\\/\\\/anivet.lt\\\/elparduotuve\\\/produktas\\\/super-food-snacks-85g-jautiena\\\/\",\"name\":\"Nature's Variety Super Food Snacks 85g (jautiena) - anivet.lt\",\"isPartOf\":{\"@id\":\"https:\\\/\\\/anivet.lt\\\/elparduotuve\\\/#website\"},\"primaryImageOfPage\":{\"@id\":\"https:\\\/\\\/anivet.lt\\\/elparduotuve\\\/produktas\\\/super-food-snacks-85g-jautiena\\\/#primaryimage\"},\"image\":{\"@id\":\"https:\\\/\\\/anivet.lt\\\/elparduotuve\\\/produktas\\\/super-food-snacks-85g-jautiena\\\/#primaryimage\"},\"thumbnailUrl\":\"https:\\\/\\\/anivet.lt\\\/elparduotuve\\\/wp-content\\\/uploads\\\/2023\\\/08\\\/Skanestas-suniui-85g-jautiena.png\",\"datePublished\":\"2023-08-24T12:34:04+00:00\",\"dateModified\":\"2025-06-27T08:07:33+00:00\",\"description\":\"Gard\u016bs skan\u0117stai su jautiena, \u0161pinatais ir bolivine balanda yra puikus pasirinkimas j\u016bs\u0173 augintinio sveikai mitybai. Nat\u016bral\u016bs ingredientai, kepimas orkait\u0117je ir auk\u0161tos kokyb\u0117s sud\u0117tis u\u017etikrina puik\u0173 skon\u012f ir naud\u0105 augintinio sveikatai.\",\"breadcrumb\":{\"@id\":\"https:\\\/\\\/anivet.lt\\\/elparduotuve\\\/produktas\\\/super-food-snacks-85g-jautiena\\\/#breadcrumb\"},\"inLanguage\":\"lt-LT\",\"potentialAction\":[{\"@type\":\"ReadAction\",\"target\":[\"https:\\\/\\\/anivet.lt\\\/elparduotuve\\\/produktas\\\/super-food-snacks-85g-jautiena\\\/\"]}]},{\"@type\":\"ImageObject\",\"inLanguage\":\"lt-LT\",\"@id\":\"https:\\\/\\\/anivet.lt\\\/elparduotuve\\\/produktas\\\/super-food-snacks-85g-jautiena\\\/#primaryimage\",\"url\":\"https:\\\/\\\/anivet.lt\\\/elparduotuve\\\/wp-content\\\/uploads\\\/2023\\\/08\\\/Skanestas-suniui-85g-jautiena.png\",\"contentUrl\":\"https:\\\/\\\/anivet.lt\\\/elparduotuve\\\/wp-content\\\/uploads\\\/2023\\\/08\\\/Skanestas-suniui-85g-jautiena.png\",\"width\":1466,\"height\":1500,\"caption\":\"Nature's Variety Super Food Snacks 85g (jautiena)\"},{\"@type\":\"BreadcrumbList\",\"@id\":\"https:\\\/\\\/anivet.lt\\\/elparduotuve\\\/produktas\\\/super-food-snacks-85g-jautiena\\\/#breadcrumb\",\"itemListElement\":[{\"@type\":\"ListItem\",\"position\":1,\"name\":\"Home\",\"item\":\"https:\\\/\\\/anivet.lt\\\/elparduotuve\\\/\"},{\"@type\":\"ListItem\",\"position\":2,\"name\":\"Produktai\",\"item\":\"https:\\\/\\\/anivet.lt\\\/elparduotuve\\\/produktai\\\/\"},{\"@type\":\"ListItem\",\"position\":3,\"name\":\"Nature&#8217;s Variety Super Food Snacks 85g (jautiena)\"}]},{\"@type\":\"WebSite\",\"@id\":\"https:\\\/\\\/anivet.lt\\\/elparduotuve\\\/#website\",\"url\":\"https:\\\/\\\/anivet.lt\\\/elparduotuve\\\/\",\"name\":\"anivet.lt\",\"description\":\"Viskas J\u016bs\u0173 \u0161uns, kat\u0117s prie\u017ei\u016brai\",\"publisher\":{\"@id\":\"https:\\\/\\\/anivet.lt\\\/elparduotuve\\\/#organization\"},\"alternateName\":\"Viskas J\u016bs\u0173 \u0161uns, kat\u0117s prie\u017ei\u016brai\",\"potentialAction\":[{\"@type\":\"SearchAction\",\"target\":{\"@type\":\"EntryPoint\",\"urlTemplate\":\"https:\\\/\\\/anivet.lt\\\/elparduotuve\\\/?s={search_term_string}\"},\"query-input\":{\"@type\":\"PropertyValueSpecification\",\"valueRequired\":true,\"valueName\":\"search_term_string\"}}],\"inLanguage\":\"lt-LT\"},{\"@type\":\"Organization\",\"@id\":\"https:\\\/\\\/anivet.lt\\\/elparduotuve\\\/#organization\",\"name\":\"Viskas J\u016bs\u0173 \u0161uns, kat\u0117s prie\u017ei\u016brai\",\"url\":\"https:\\\/\\\/anivet.lt\\\/elparduotuve\\\/\",\"logo\":{\"@type\":\"ImageObject\",\"inLanguage\":\"lt-LT\",\"@id\":\"https:\\\/\\\/anivet.lt\\\/elparduotuve\\\/#\\\/schema\\\/logo\\\/image\\\/\",\"url\":\"https:\\\/\\\/anivet.lt\\\/elparduotuve\\\/wp-content\\\/uploads\\\/2023\\\/06\\\/logo2.jpg\",\"contentUrl\":\"https:\\\/\\\/anivet.lt\\\/elparduotuve\\\/wp-content\\\/uploads\\\/2023\\\/06\\\/logo2.jpg\",\"width\":655,\"height\":194,\"caption\":\"Viskas J\u016bs\u0173 \u0161uns, kat\u0117s prie\u017ei\u016brai\"},\"image\":{\"@id\":\"https:\\\/\\\/anivet.lt\\\/elparduotuve\\\/#\\\/schema\\\/logo\\\/image\\\/\"}}]}<\/script>\n<!-- \/ Yoast SEO Premium plugin. -->","yoast_head_json":{"title":"Nature's Variety Super Food Snacks 85g (jautiena) - anivet.lt","description":"Gard\u016bs skan\u0117stai su jautiena, \u0161pinatais ir bolivine balanda yra puikus pasirinkimas j\u016bs\u0173 augintinio sveikai mitybai. Nat\u016bral\u016bs ingredientai, kepimas orkait\u0117je ir auk\u0161tos kokyb\u0117s sud\u0117tis u\u017etikrina puik\u0173 skon\u012f ir naud\u0105 augintinio sveikatai.","robots":{"index":"index","follow":"follow","max-snippet":"max-snippet:-1","max-image-preview":"max-image-preview:large","max-video-preview":"max-video-preview:-1"},"canonical":"https:\/\/anivet.lt\/elparduotuve\/produktas\/super-food-snacks-85g-jautiena\/","og_locale":"lt_LT","og_type":"article","og_title":"Nature's Variety Super Food Snacks 85g (jautiena)","og_description":"Gard\u016bs skan\u0117stai su jautiena, \u0161pinatais ir bolivine balanda yra puikus pasirinkimas j\u016bs\u0173 augintinio sveikai mitybai. Nat\u016bral\u016bs ingredientai, kepimas orkait\u0117je ir auk\u0161tos kokyb\u0117s sud\u0117tis u\u017etikrina puik\u0173 skon\u012f ir naud\u0105 augintinio sveikatai.","og_url":"https:\/\/anivet.lt\/elparduotuve\/produktas\/super-food-snacks-85g-jautiena\/","og_site_name":"anivet.lt","article_modified_time":"2025-06-27T08:07:33+00:00","og_image":[{"width":1466,"height":1500,"url":"https:\/\/anivet.lt\/elparduotuve\/wp-content\/uploads\/2023\/08\/Skanestas-suniui-85g-jautiena.png","type":"image\/png"}],"twitter_card":"summary_large_image","twitter_misc":{"Est. reading time":"1 minut\u0117"},"schema":{"@context":"https:\/\/schema.org","@graph":[{"@type":"WebPage","@id":"https:\/\/anivet.lt\/elparduotuve\/produktas\/super-food-snacks-85g-jautiena\/","url":"https:\/\/anivet.lt\/elparduotuve\/produktas\/super-food-snacks-85g-jautiena\/","name":"Nature's Variety Super Food Snacks 85g (jautiena) - anivet.lt","isPartOf":{"@id":"https:\/\/anivet.lt\/elparduotuve\/#website"},"primaryImageOfPage":{"@id":"https:\/\/anivet.lt\/elparduotuve\/produktas\/super-food-snacks-85g-jautiena\/#primaryimage"},"image":{"@id":"https:\/\/anivet.lt\/elparduotuve\/produktas\/super-food-snacks-85g-jautiena\/#primaryimage"},"thumbnailUrl":"https:\/\/anivet.lt\/elparduotuve\/wp-content\/uploads\/2023\/08\/Skanestas-suniui-85g-jautiena.png","datePublished":"2023-08-24T12:34:04+00:00","dateModified":"2025-06-27T08:07:33+00:00","description":"Gard\u016bs skan\u0117stai su jautiena, \u0161pinatais ir bolivine balanda yra puikus pasirinkimas j\u016bs\u0173 augintinio sveikai mitybai. Nat\u016bral\u016bs ingredientai, kepimas orkait\u0117je ir auk\u0161tos kokyb\u0117s sud\u0117tis u\u017etikrina puik\u0173 skon\u012f ir naud\u0105 augintinio sveikatai.","breadcrumb":{"@id":"https:\/\/anivet.lt\/elparduotuve\/produktas\/super-food-snacks-85g-jautiena\/#breadcrumb"},"inLanguage":"lt-LT","potentialAction":[{"@type":"ReadAction","target":["https:\/\/anivet.lt\/elparduotuve\/produktas\/super-food-snacks-85g-jautiena\/"]}]},{"@type":"ImageObject","inLanguage":"lt-LT","@id":"https:\/\/anivet.lt\/elparduotuve\/produktas\/super-food-snacks-85g-jautiena\/#primaryimage","url":"https:\/\/anivet.lt\/elparduotuve\/wp-content\/uploads\/2023\/08\/Skanestas-suniui-85g-jautiena.png","contentUrl":"https:\/\/anivet.lt\/elparduotuve\/wp-content\/uploads\/2023\/08\/Skanestas-suniui-85g-jautiena.png","width":1466,"height":1500,"caption":"Nature's Variety Super Food Snacks 85g (jautiena)"},{"@type":"BreadcrumbList","@id":"https:\/\/anivet.lt\/elparduotuve\/produktas\/super-food-snacks-85g-jautiena\/#breadcrumb","itemListElement":[{"@type":"ListItem","position":1,"name":"Home","item":"https:\/\/anivet.lt\/elparduotuve\/"},{"@type":"ListItem","position":2,"name":"Produktai","item":"https:\/\/anivet.lt\/elparduotuve\/produktai\/"},{"@type":"ListItem","position":3,"name":"Nature&#8217;s Variety Super Food Snacks 85g (jautiena)"}]},{"@type":"WebSite","@id":"https:\/\/anivet.lt\/elparduotuve\/#website","url":"https:\/\/anivet.lt\/elparduotuve\/","name":"anivet.lt","description":"Viskas J\u016bs\u0173 \u0161uns, kat\u0117s prie\u017ei\u016brai","publisher":{"@id":"https:\/\/anivet.lt\/elparduotuve\/#organization"},"alternateName":"Viskas J\u016bs\u0173 \u0161uns, kat\u0117s prie\u017ei\u016brai","potentialAction":[{"@type":"SearchAction","target":{"@type":"EntryPoint","urlTemplate":"https:\/\/anivet.lt\/elparduotuve\/?s={search_term_string}"},"query-input":{"@type":"PropertyValueSpecification","valueRequired":true,"valueName":"search_term_string"}}],"inLanguage":"lt-LT"},{"@type":"Organization","@id":"https:\/\/anivet.lt\/elparduotuve\/#organization","name":"Viskas J\u016bs\u0173 \u0161uns, kat\u0117s prie\u017ei\u016brai","url":"https:\/\/anivet.lt\/elparduotuve\/","logo":{"@type":"ImageObject","inLanguage":"lt-LT","@id":"https:\/\/anivet.lt\/elparduotuve\/#\/schema\/logo\/image\/","url":"https:\/\/anivet.lt\/elparduotuve\/wp-content\/uploads\/2023\/06\/logo2.jpg","contentUrl":"https:\/\/anivet.lt\/elparduotuve\/wp-content\/uploads\/2023\/06\/logo2.jpg","width":655,"height":194,"caption":"Viskas J\u016bs\u0173 \u0161uns, kat\u0117s prie\u017ei\u016brai"},"image":{"@id":"https:\/\/anivet.lt\/elparduotuve\/#\/schema\/logo\/image\/"}}]}},"_links":{"self":[{"href":"https:\/\/anivet.lt\/elparduotuve\/wp-json\/wp\/v2\/product\/11492","targetHints":{"allow":["GET"]}}],"collection":[{"href":"https:\/\/anivet.lt\/elparduotuve\/wp-json\/wp\/v2\/product"}],"about":[{"href":"https:\/\/anivet.lt\/elparduotuve\/wp-json\/wp\/v2\/types\/product"}],"wp:featuredmedia":[{"embeddable":true,"href":"https:\/\/anivet.lt\/elparduotuve\/wp-json\/wp\/v2\/media\/11493"}],"wp:attachment":[{"href":"https:\/\/anivet.lt\/elparduotuve\/wp-json\/wp\/v2\/media?parent=11492"}],"wp:term":[{"taxonomy":"product_brand","embeddable":true,"href":"https:\/\/anivet.lt\/elparduotuve\/wp-json\/wp\/v2\/product_brand?post=11492"},{"taxonomy":"product_cat","embeddable":true,"href":"https:\/\/anivet.lt\/elparduotuve\/wp-json\/wp\/v2\/product_cat?post=11492"},{"taxonomy":"product_tag","embeddable":true,"href":"https:\/\/anivet.lt\/elparduotuve\/wp-json\/wp\/v2\/product_tag?post=11492"}],"curies":[{"name":"wp","href":"https:\/\/api.w.org\/{rel}","templated":true}]}}