{"id":11571,"date":"2023-09-15T12:58:13","date_gmt":"2023-09-15T12:58:13","guid":{"rendered":"https:\/\/anivet.lt\/elparduotuve\/?post_type=product&#038;p=11571"},"modified":"2025-07-18T13:39:44","modified_gmt":"2025-07-18T13:39:44","slug":"specific-cpd-s-xs-puppy-small-breed-1kg","status":"publish","type":"product","link":"https:\/\/anivet.lt\/elparduotuve\/produktas\/specific-cpd-s-xs-puppy-small-breed-1kg\/","title":{"rendered":"SPECIFIC\u2122 CPD-S-XS ma\u017e\u0173j\u0173 veisli\u0173 \u0161uniukams"},"content":{"rendered":"<p><span style=\"font-weight: 400;\">\u0160is pa\u0161aras sukurtas specialiai ma\u017e\u0173j\u0173 veisli\u0173 \u0161uniukams, atsi\u017evelgiant \u012f j\u0173 intensyvaus augimo poreikius. Praturtintas energija, baltymais, vitaminais ir mineralais, jis padeda u\u017etikrinti sveik\u0105 vystym\u0105si nuo atjunkymo iki suaugusio \u0161uns svorio pasiekimo.<\/span><\/p>\n<ul>\n<li style=\"font-weight: 400;\"><span style=\"font-weight: 400;\">Padidintas maistini\u0173 med\u017eiag\u0173 kiekis: Energija, baltymai, vitaminai ir mineralai skatina sveik\u0105 skeleto ir viso organizmo vystym\u0105si.<\/span><\/li>\n<li style=\"font-weight: 400;\"><span style=\"font-weight: 400;\">DHA ir EPA (omega-3 riebal\u0173 r\u016bg\u0161tys): Padeda vystytis smegenims, reg\u0117jimo organams, odai, kailiui ir s\u0105nariams.<\/span><\/li>\n<li style=\"font-weight: 400;\"><span style=\"font-weight: 400;\">Skaidulos: Runkeli\u0173 i\u0161spaudos palaiko sveik\u0105 \u017earnyno mikroflor\u0105, o gyslo\u010dio luobel\u0117s reguliuoja vir\u0161kinim\u0105.<\/span><\/li>\n<li style=\"font-weight: 400;\"><span style=\"font-weight: 400;\">Universalus naudojimas: Tinkamas \u0161uniukams nuo 5\u20136 savai\u010di\u0173, taip pat \u0161uningoms ir maitinan\u010dioms kal\u0117ms.<\/span><\/li>\n<li style=\"font-weight: 400;\"><span style=\"font-weight: 400;\">Padeda sveikti: Puikiai tinka po operacij\u0173 ar traum\u0173, kai padid\u0117j\u0119s energijos poreikis.<\/span><\/li>\n<\/ul>\n<p><span style=\"font-weight: 400;\">\u201eSpecific CPD-S-XS Puppy Small Breed\u201c u\u017etikrina visas reikalingas maistines med\u017eiagas ma\u017e\u0173 veisli\u0173 \u0161uniukams, kartu palaikydamas j\u0173 energij\u0105 intensyvaus augimo metu. Sud\u0117tyje esantys auk\u0161tos kokyb\u0117s ingredientai ne tik stiprina organizm\u0105, bet ir prisideda prie sveiko vir\u0161kinimo bei kailio spindesio. Tai taip pat puikus pasirinkimas \u0161uningoms ir maitinan\u010dioms kal\u0117ms arba sveikstantiems augintiniams, kuriems reikalinga papildoma parama.<\/span><\/p>\n","protected":false},"excerpt":{"rendered":"<p>\u0160is pa\u0161aras sukurtas specialiai ma\u017e\u0173j\u0173 veisli\u0173 \u0161uniukams, atsi\u017evelgiant \u012f j\u0173 intensyvaus augimo poreikius. Praturtintas energija, baltymais, vitaminais ir mineralais, jis<\/p>\n","protected":false},"featured_media":11665,"template":"","meta":[],"product_brand":[],"product_cat":[101,103,104,321],"product_tag":[],"class_list":{"0":"post-11571","1":"product","2":"type-product","3":"status-publish","4":"has-post-thumbnail","6":"product_cat-sunims","7":"product_cat-sunu-maistas","8":"product_cat-sausas-maistas","9":"product_cat-specific-sunu-maistas","10":"pa_prekinis-zenklas-specific","12":"first","13":"outofstock","14":"taxable","15":"shipping-taxable","16":"purchasable","17":"product-type-simple"},"yoast_head":"<!-- This site is optimized with the Yoast SEO Premium plugin v27.1 (Yoast SEO v27.5) - https:\/\/yoast.com\/product\/yoast-seo-premium-wordpress\/ -->\n<title>SPECIFIC\u2122 CPD-S-XS ma\u017e\u0173j\u0173 veisli\u0173 \u0161uniukams - anivet.lt<\/title>\n<meta name=\"description\" content=\"\u0160is pa\u0161aras sukurtas specialiai ma\u017e\u0173j\u0173 veisli\u0173 \u0161uniukams, atsi\u017evelgiant \u012f j\u0173 intensyvaus augimo poreikius. Praturtintas energija, baltymais, vitaminais ir\" \/>\n<meta name=\"robots\" content=\"index, follow, max-snippet:-1, max-image-preview:large, max-video-preview:-1\" \/>\n<link rel=\"canonical\" href=\"https:\/\/anivet.lt\/elparduotuve\/produktas\/specific-cpd-s-xs-puppy-small-breed-1kg\/\" \/>\n<meta property=\"og:locale\" content=\"lt_LT\" \/>\n<meta property=\"og:type\" content=\"article\" \/>\n<meta property=\"og:title\" content=\"SPECIFIC\u2122 CPD-S-XS ma\u017e\u0173j\u0173 veisli\u0173 \u0161uniukams\" \/>\n<meta property=\"og:description\" content=\"\u0160is pa\u0161aras sukurtas specialiai ma\u017e\u0173j\u0173 veisli\u0173 \u0161uniukams, atsi\u017evelgiant \u012f j\u0173 intensyvaus augimo poreikius. Praturtintas energija, baltymais, vitaminais ir\" \/>\n<meta property=\"og:url\" content=\"https:\/\/anivet.lt\/elparduotuve\/produktas\/specific-cpd-s-xs-puppy-small-breed-1kg\/\" \/>\n<meta property=\"og:site_name\" content=\"anivet.lt\" \/>\n<meta property=\"article:modified_time\" content=\"2025-07-18T13:39:44+00:00\" \/>\n<meta property=\"og:image\" content=\"https:\/\/anivet.lt\/elparduotuve\/wp-content\/uploads\/2023\/09\/SPECIFIC-CPD-S-XS-Puppy-Small-Bread-\u2013-mazu-veisliu-suniukams.webp\" \/>\n\t<meta property=\"og:image:width\" content=\"500\" \/>\n\t<meta property=\"og:image:height\" content=\"500\" \/>\n\t<meta property=\"og:image:type\" content=\"image\/webp\" \/>\n<meta name=\"twitter:card\" content=\"summary_large_image\" \/>\n<meta name=\"twitter:label1\" content=\"Est. reading time\" \/>\n\t<meta name=\"twitter:data1\" content=\"2 minut\u0117s\" \/>\n<script type=\"application\/ld+json\" class=\"yoast-schema-graph\">{\"@context\":\"https:\\\/\\\/schema.org\",\"@graph\":[{\"@type\":\"WebPage\",\"@id\":\"https:\\\/\\\/anivet.lt\\\/elparduotuve\\\/produktas\\\/specific-cpd-s-xs-puppy-small-breed-1kg\\\/\",\"url\":\"https:\\\/\\\/anivet.lt\\\/elparduotuve\\\/produktas\\\/specific-cpd-s-xs-puppy-small-breed-1kg\\\/\",\"name\":\"SPECIFIC\u2122 CPD-S-XS ma\u017e\u0173j\u0173 veisli\u0173 \u0161uniukams - anivet.lt\",\"isPartOf\":{\"@id\":\"https:\\\/\\\/anivet.lt\\\/elparduotuve\\\/#website\"},\"primaryImageOfPage\":{\"@id\":\"https:\\\/\\\/anivet.lt\\\/elparduotuve\\\/produktas\\\/specific-cpd-s-xs-puppy-small-breed-1kg\\\/#primaryimage\"},\"image\":{\"@id\":\"https:\\\/\\\/anivet.lt\\\/elparduotuve\\\/produktas\\\/specific-cpd-s-xs-puppy-small-breed-1kg\\\/#primaryimage\"},\"thumbnailUrl\":\"https:\\\/\\\/anivet.lt\\\/elparduotuve\\\/wp-content\\\/uploads\\\/2023\\\/09\\\/SPECIFIC-CPD-S-XS-Puppy-Small-Bread-\u2013-mazu-veisliu-suniukams.webp\",\"datePublished\":\"2023-09-15T12:58:13+00:00\",\"dateModified\":\"2025-07-18T13:39:44+00:00\",\"description\":\"\u0160is pa\u0161aras sukurtas specialiai ma\u017e\u0173j\u0173 veisli\u0173 \u0161uniukams, atsi\u017evelgiant \u012f j\u0173 intensyvaus augimo poreikius. Praturtintas energija, baltymais, vitaminais ir\",\"breadcrumb\":{\"@id\":\"https:\\\/\\\/anivet.lt\\\/elparduotuve\\\/produktas\\\/specific-cpd-s-xs-puppy-small-breed-1kg\\\/#breadcrumb\"},\"inLanguage\":\"lt-LT\",\"potentialAction\":[{\"@type\":\"ReadAction\",\"target\":[\"https:\\\/\\\/anivet.lt\\\/elparduotuve\\\/produktas\\\/specific-cpd-s-xs-puppy-small-breed-1kg\\\/\"]}]},{\"@type\":\"ImageObject\",\"inLanguage\":\"lt-LT\",\"@id\":\"https:\\\/\\\/anivet.lt\\\/elparduotuve\\\/produktas\\\/specific-cpd-s-xs-puppy-small-breed-1kg\\\/#primaryimage\",\"url\":\"https:\\\/\\\/anivet.lt\\\/elparduotuve\\\/wp-content\\\/uploads\\\/2023\\\/09\\\/SPECIFIC-CPD-S-XS-Puppy-Small-Bread-\u2013-mazu-veisliu-suniukams.webp\",\"contentUrl\":\"https:\\\/\\\/anivet.lt\\\/elparduotuve\\\/wp-content\\\/uploads\\\/2023\\\/09\\\/SPECIFIC-CPD-S-XS-Puppy-Small-Bread-\u2013-mazu-veisliu-suniukams.webp\",\"width\":500,\"height\":500,\"caption\":\"SPECIFIC\u2122 CPD-S-XS ma\u017e\u0173j\u0173 veisli\u0173 \u0161uniukams\"},{\"@type\":\"BreadcrumbList\",\"@id\":\"https:\\\/\\\/anivet.lt\\\/elparduotuve\\\/produktas\\\/specific-cpd-s-xs-puppy-small-breed-1kg\\\/#breadcrumb\",\"itemListElement\":[{\"@type\":\"ListItem\",\"position\":1,\"name\":\"Home\",\"item\":\"https:\\\/\\\/anivet.lt\\\/elparduotuve\\\/\"},{\"@type\":\"ListItem\",\"position\":2,\"name\":\"Produktai\",\"item\":\"https:\\\/\\\/anivet.lt\\\/elparduotuve\\\/produktai\\\/\"},{\"@type\":\"ListItem\",\"position\":3,\"name\":\"SPECIFIC\u2122 CPD-S-XS ma\u017e\u0173j\u0173 veisli\u0173 \u0161uniukams\"}]},{\"@type\":\"WebSite\",\"@id\":\"https:\\\/\\\/anivet.lt\\\/elparduotuve\\\/#website\",\"url\":\"https:\\\/\\\/anivet.lt\\\/elparduotuve\\\/\",\"name\":\"anivet.lt\",\"description\":\"Viskas J\u016bs\u0173 \u0161uns, kat\u0117s prie\u017ei\u016brai\",\"publisher\":{\"@id\":\"https:\\\/\\\/anivet.lt\\\/elparduotuve\\\/#organization\"},\"alternateName\":\"Viskas J\u016bs\u0173 \u0161uns, kat\u0117s prie\u017ei\u016brai\",\"potentialAction\":[{\"@type\":\"SearchAction\",\"target\":{\"@type\":\"EntryPoint\",\"urlTemplate\":\"https:\\\/\\\/anivet.lt\\\/elparduotuve\\\/?s={search_term_string}\"},\"query-input\":{\"@type\":\"PropertyValueSpecification\",\"valueRequired\":true,\"valueName\":\"search_term_string\"}}],\"inLanguage\":\"lt-LT\"},{\"@type\":\"Organization\",\"@id\":\"https:\\\/\\\/anivet.lt\\\/elparduotuve\\\/#organization\",\"name\":\"Viskas J\u016bs\u0173 \u0161uns, kat\u0117s prie\u017ei\u016brai\",\"url\":\"https:\\\/\\\/anivet.lt\\\/elparduotuve\\\/\",\"logo\":{\"@type\":\"ImageObject\",\"inLanguage\":\"lt-LT\",\"@id\":\"https:\\\/\\\/anivet.lt\\\/elparduotuve\\\/#\\\/schema\\\/logo\\\/image\\\/\",\"url\":\"https:\\\/\\\/anivet.lt\\\/elparduotuve\\\/wp-content\\\/uploads\\\/2023\\\/06\\\/logo2.jpg\",\"contentUrl\":\"https:\\\/\\\/anivet.lt\\\/elparduotuve\\\/wp-content\\\/uploads\\\/2023\\\/06\\\/logo2.jpg\",\"width\":655,\"height\":194,\"caption\":\"Viskas J\u016bs\u0173 \u0161uns, kat\u0117s prie\u017ei\u016brai\"},\"image\":{\"@id\":\"https:\\\/\\\/anivet.lt\\\/elparduotuve\\\/#\\\/schema\\\/logo\\\/image\\\/\"}}]}<\/script>\n<!-- \/ Yoast SEO Premium plugin. -->","yoast_head_json":{"title":"SPECIFIC\u2122 CPD-S-XS ma\u017e\u0173j\u0173 veisli\u0173 \u0161uniukams - anivet.lt","description":"\u0160is pa\u0161aras sukurtas specialiai ma\u017e\u0173j\u0173 veisli\u0173 \u0161uniukams, atsi\u017evelgiant \u012f j\u0173 intensyvaus augimo poreikius. Praturtintas energija, baltymais, vitaminais ir","robots":{"index":"index","follow":"follow","max-snippet":"max-snippet:-1","max-image-preview":"max-image-preview:large","max-video-preview":"max-video-preview:-1"},"canonical":"https:\/\/anivet.lt\/elparduotuve\/produktas\/specific-cpd-s-xs-puppy-small-breed-1kg\/","og_locale":"lt_LT","og_type":"article","og_title":"SPECIFIC\u2122 CPD-S-XS ma\u017e\u0173j\u0173 veisli\u0173 \u0161uniukams","og_description":"\u0160is pa\u0161aras sukurtas specialiai ma\u017e\u0173j\u0173 veisli\u0173 \u0161uniukams, atsi\u017evelgiant \u012f j\u0173 intensyvaus augimo poreikius. Praturtintas energija, baltymais, vitaminais ir","og_url":"https:\/\/anivet.lt\/elparduotuve\/produktas\/specific-cpd-s-xs-puppy-small-breed-1kg\/","og_site_name":"anivet.lt","article_modified_time":"2025-07-18T13:39:44+00:00","og_image":[{"width":500,"height":500,"url":"https:\/\/anivet.lt\/elparduotuve\/wp-content\/uploads\/2023\/09\/SPECIFIC-CPD-S-XS-Puppy-Small-Bread-\u2013-mazu-veisliu-suniukams.webp","type":"image\/webp"}],"twitter_card":"summary_large_image","twitter_misc":{"Est. reading time":"2 minut\u0117s"},"schema":{"@context":"https:\/\/schema.org","@graph":[{"@type":"WebPage","@id":"https:\/\/anivet.lt\/elparduotuve\/produktas\/specific-cpd-s-xs-puppy-small-breed-1kg\/","url":"https:\/\/anivet.lt\/elparduotuve\/produktas\/specific-cpd-s-xs-puppy-small-breed-1kg\/","name":"SPECIFIC\u2122 CPD-S-XS ma\u017e\u0173j\u0173 veisli\u0173 \u0161uniukams - anivet.lt","isPartOf":{"@id":"https:\/\/anivet.lt\/elparduotuve\/#website"},"primaryImageOfPage":{"@id":"https:\/\/anivet.lt\/elparduotuve\/produktas\/specific-cpd-s-xs-puppy-small-breed-1kg\/#primaryimage"},"image":{"@id":"https:\/\/anivet.lt\/elparduotuve\/produktas\/specific-cpd-s-xs-puppy-small-breed-1kg\/#primaryimage"},"thumbnailUrl":"https:\/\/anivet.lt\/elparduotuve\/wp-content\/uploads\/2023\/09\/SPECIFIC-CPD-S-XS-Puppy-Small-Bread-\u2013-mazu-veisliu-suniukams.webp","datePublished":"2023-09-15T12:58:13+00:00","dateModified":"2025-07-18T13:39:44+00:00","description":"\u0160is pa\u0161aras sukurtas specialiai ma\u017e\u0173j\u0173 veisli\u0173 \u0161uniukams, atsi\u017evelgiant \u012f j\u0173 intensyvaus augimo poreikius. Praturtintas energija, baltymais, vitaminais ir","breadcrumb":{"@id":"https:\/\/anivet.lt\/elparduotuve\/produktas\/specific-cpd-s-xs-puppy-small-breed-1kg\/#breadcrumb"},"inLanguage":"lt-LT","potentialAction":[{"@type":"ReadAction","target":["https:\/\/anivet.lt\/elparduotuve\/produktas\/specific-cpd-s-xs-puppy-small-breed-1kg\/"]}]},{"@type":"ImageObject","inLanguage":"lt-LT","@id":"https:\/\/anivet.lt\/elparduotuve\/produktas\/specific-cpd-s-xs-puppy-small-breed-1kg\/#primaryimage","url":"https:\/\/anivet.lt\/elparduotuve\/wp-content\/uploads\/2023\/09\/SPECIFIC-CPD-S-XS-Puppy-Small-Bread-\u2013-mazu-veisliu-suniukams.webp","contentUrl":"https:\/\/anivet.lt\/elparduotuve\/wp-content\/uploads\/2023\/09\/SPECIFIC-CPD-S-XS-Puppy-Small-Bread-\u2013-mazu-veisliu-suniukams.webp","width":500,"height":500,"caption":"SPECIFIC\u2122 CPD-S-XS ma\u017e\u0173j\u0173 veisli\u0173 \u0161uniukams"},{"@type":"BreadcrumbList","@id":"https:\/\/anivet.lt\/elparduotuve\/produktas\/specific-cpd-s-xs-puppy-small-breed-1kg\/#breadcrumb","itemListElement":[{"@type":"ListItem","position":1,"name":"Home","item":"https:\/\/anivet.lt\/elparduotuve\/"},{"@type":"ListItem","position":2,"name":"Produktai","item":"https:\/\/anivet.lt\/elparduotuve\/produktai\/"},{"@type":"ListItem","position":3,"name":"SPECIFIC\u2122 CPD-S-XS ma\u017e\u0173j\u0173 veisli\u0173 \u0161uniukams"}]},{"@type":"WebSite","@id":"https:\/\/anivet.lt\/elparduotuve\/#website","url":"https:\/\/anivet.lt\/elparduotuve\/","name":"anivet.lt","description":"Viskas J\u016bs\u0173 \u0161uns, kat\u0117s prie\u017ei\u016brai","publisher":{"@id":"https:\/\/anivet.lt\/elparduotuve\/#organization"},"alternateName":"Viskas J\u016bs\u0173 \u0161uns, kat\u0117s prie\u017ei\u016brai","potentialAction":[{"@type":"SearchAction","target":{"@type":"EntryPoint","urlTemplate":"https:\/\/anivet.lt\/elparduotuve\/?s={search_term_string}"},"query-input":{"@type":"PropertyValueSpecification","valueRequired":true,"valueName":"search_term_string"}}],"inLanguage":"lt-LT"},{"@type":"Organization","@id":"https:\/\/anivet.lt\/elparduotuve\/#organization","name":"Viskas J\u016bs\u0173 \u0161uns, kat\u0117s prie\u017ei\u016brai","url":"https:\/\/anivet.lt\/elparduotuve\/","logo":{"@type":"ImageObject","inLanguage":"lt-LT","@id":"https:\/\/anivet.lt\/elparduotuve\/#\/schema\/logo\/image\/","url":"https:\/\/anivet.lt\/elparduotuve\/wp-content\/uploads\/2023\/06\/logo2.jpg","contentUrl":"https:\/\/anivet.lt\/elparduotuve\/wp-content\/uploads\/2023\/06\/logo2.jpg","width":655,"height":194,"caption":"Viskas J\u016bs\u0173 \u0161uns, kat\u0117s prie\u017ei\u016brai"},"image":{"@id":"https:\/\/anivet.lt\/elparduotuve\/#\/schema\/logo\/image\/"}}]}},"_links":{"self":[{"href":"https:\/\/anivet.lt\/elparduotuve\/wp-json\/wp\/v2\/product\/11571","targetHints":{"allow":["GET"]}}],"collection":[{"href":"https:\/\/anivet.lt\/elparduotuve\/wp-json\/wp\/v2\/product"}],"about":[{"href":"https:\/\/anivet.lt\/elparduotuve\/wp-json\/wp\/v2\/types\/product"}],"wp:featuredmedia":[{"embeddable":true,"href":"https:\/\/anivet.lt\/elparduotuve\/wp-json\/wp\/v2\/media\/11665"}],"wp:attachment":[{"href":"https:\/\/anivet.lt\/elparduotuve\/wp-json\/wp\/v2\/media?parent=11571"}],"wp:term":[{"taxonomy":"product_brand","embeddable":true,"href":"https:\/\/anivet.lt\/elparduotuve\/wp-json\/wp\/v2\/product_brand?post=11571"},{"taxonomy":"product_cat","embeddable":true,"href":"https:\/\/anivet.lt\/elparduotuve\/wp-json\/wp\/v2\/product_cat?post=11571"},{"taxonomy":"product_tag","embeddable":true,"href":"https:\/\/anivet.lt\/elparduotuve\/wp-json\/wp\/v2\/product_tag?post=11571"}],"curies":[{"name":"wp","href":"https:\/\/api.w.org\/{rel}","templated":true}]}}