{"id":11581,"date":"2023-09-15T20:06:08","date_gmt":"2023-09-15T20:06:08","guid":{"rendered":"https:\/\/anivet.lt\/elparduotuve\/?post_type=product&#038;p=11581"},"modified":"2026-04-16T10:18:33","modified_gmt":"2026-04-16T10:18:33","slug":"specific-cpd-m-puppy-medium-breed","status":"publish","type":"product","link":"https:\/\/anivet.lt\/elparduotuve\/produktas\/specific-cpd-m-puppy-medium-breed\/","title":{"rendered":"SPECIFIC\u2122 CPD-M vidutinio dyd\u017eio veisli\u0173 \u0161uniukams"},"content":{"rendered":"<ul>\n<li style=\"font-weight: 400;\" aria-level=\"1\"><span style=\"font-weight: 400;\">Padidintas energijos, baltym\u0173 ir mineral\u0173 kiekis: Palaiko sveik\u0105 augim\u0105, stipr\u0173 skelet\u0105 ir bendr\u0105 organizmo vystym\u0105si.<\/span><\/li>\n<li style=\"font-weight: 400;\" aria-level=\"1\"><span style=\"font-weight: 400;\">DHA ir EPA omega-3 riebal\u0173 r\u016bg\u0161tys: Skatina smegen\u0173, reg\u0117jimo organ\u0173 vystym\u0105si bei sveikos odos, kailio ir s\u0105nari\u0173 b\u016bkl\u0119.<\/span><\/li>\n<li style=\"font-weight: 400;\" aria-level=\"1\"><span style=\"font-weight: 400;\">Runkeli\u0173 i\u0161spaudos ir gyslo\u010dio s\u0117kl\u0173 luobel\u0117s: Gerina \u017earnyno mikroflor\u0105, reguliuoja vir\u0161kinim\u0105 ir u\u017etikrina skland\u0173 \u017earnyno darb\u0105.<\/span><\/li>\n<li style=\"font-weight: 400;\" aria-level=\"1\"><span style=\"font-weight: 400;\">Tinkamas \u0161uniukams ir maitinan\u010dioms kal\u0117ms: Atitinka didelius energijos poreikius intensyvaus augimo ar \u0161uningumo metu.<\/span><\/li>\n<li style=\"font-weight: 400;\" aria-level=\"1\"><span style=\"font-weight: 400;\">Puikus pasirinkimas sveikimui: Tinka po operacij\u0173, traum\u0173 ar anoreksijos, kai reikalingas didesnis energijos ir maistini\u0173 med\u017eiag\u0173 kiekis.<\/span><\/li>\n<\/ul>\n<p><span style=\"font-weight: 400;\">Rekomenduojamas nuo atjunkymo (5\u20136 savait\u0117s) iki 80% suaugusio \u0161uns svorio. Puikiai pritaikytas vidutini\u0173 veisli\u0173 \u0161uniuk\u0173 augimui ir sveikatai palaikyti, taip pat \u0161uning\u0173 bei maitinan\u010di\u0173 kali\u0173 mitybos poreikiams u\u017etikrinti.<\/span><\/p>\n","protected":false},"excerpt":{"rendered":"<p><span style=\"font-weight: 400;\">Pilnavertis ir subalansuotas pa\u0161aras vidutini\u0173 veisli\u0173 \u0161uniukams (10\u201325 kg suaugusio \u0161uns svoris), taip pat \u0161uningoms ir \u017eindan\u010dioms kal\u0117ms bei \u0161unims, sveikstantiems po operacijos, traum\u0173 ar anoreksijos. \u0160is pa\u0161aras u\u017etikrina tinkam\u0105 maistini\u0173 med\u017eiag\u0173 ir energijos kiek\u012f augimo bei didesnio poreikio laikotarpiais.<\/span><\/p>\n","protected":false},"featured_media":11582,"template":"","meta":[],"product_brand":[],"product_cat":[101,103,104,321],"product_tag":[],"class_list":{"0":"post-11581","1":"product","2":"type-product","3":"status-publish","4":"has-post-thumbnail","6":"product_cat-sunims","7":"product_cat-sunu-maistas","8":"product_cat-sausas-maistas","9":"product_cat-specific-sunu-maistas","10":"pa_prekinis-zenklas-specific","12":"first","13":"instock","14":"sale","15":"taxable","16":"shipping-taxable","17":"purchasable","18":"product-type-variable"},"yoast_head":"<!-- This site is optimized with the Yoast SEO Premium plugin v27.1 (Yoast SEO v27.5) - https:\/\/yoast.com\/product\/yoast-seo-premium-wordpress\/ -->\n<title>SPECIFIC\u2122 CPD-M vidutinio dyd\u017eio veisli\u0173 \u0161uniukams - anivet.lt<\/title>\n<meta name=\"description\" content=\"Pilnavertis ir subalansuotas pa\u0161aras vidutini\u0173 veisli\u0173 \u0161uniukams (10\u201325 kg suaugusio \u0161uns svoris), taip pat \u0161uningoms ir \u017eindan\u010dioms kal\u0117ms bei \u0161unims, sveikstantiems po operacijos, traum\u0173 ar anoreksijos. \u0160is pa\u0161aras u\u017etikrina tinkam\u0105 maistini\u0173 med\u017eiag\u0173 ir energijos kiek\u012f augimo bei didesnio poreikio laikotarpiais.\" \/>\n<meta name=\"robots\" content=\"index, follow, max-snippet:-1, max-image-preview:large, max-video-preview:-1\" \/>\n<link rel=\"canonical\" href=\"https:\/\/anivet.lt\/elparduotuve\/produktas\/specific-cpd-m-puppy-medium-breed\/\" \/>\n<meta property=\"og:locale\" content=\"lt_LT\" \/>\n<meta property=\"og:type\" content=\"article\" \/>\n<meta property=\"og:title\" content=\"SPECIFIC\u2122 CPD-M vidutinio dyd\u017eio veisli\u0173 \u0161uniukams\" \/>\n<meta property=\"og:description\" content=\"Pilnavertis ir subalansuotas pa\u0161aras vidutini\u0173 veisli\u0173 \u0161uniukams (10\u201325 kg suaugusio \u0161uns svoris), taip pat \u0161uningoms ir \u017eindan\u010dioms kal\u0117ms bei \u0161unims, sveikstantiems po operacijos, traum\u0173 ar anoreksijos. \u0160is pa\u0161aras u\u017etikrina tinkam\u0105 maistini\u0173 med\u017eiag\u0173 ir energijos kiek\u012f augimo bei didesnio poreikio laikotarpiais.\" \/>\n<meta property=\"og:url\" content=\"https:\/\/anivet.lt\/elparduotuve\/produktas\/specific-cpd-m-puppy-medium-breed\/\" \/>\n<meta property=\"og:site_name\" content=\"anivet.lt\" \/>\n<meta property=\"article:modified_time\" content=\"2026-04-16T10:18:33+00:00\" \/>\n<meta property=\"og:image\" content=\"https:\/\/anivet.lt\/elparduotuve\/wp-content\/uploads\/2023\/09\/SPECIFIC_4-KG_CPD-M-scaled-1.jpg\" \/>\n\t<meta property=\"og:image:width\" content=\"2048\" \/>\n\t<meta property=\"og:image:height\" content=\"2014\" \/>\n\t<meta property=\"og:image:type\" content=\"image\/jpeg\" \/>\n<meta name=\"twitter:card\" content=\"summary_large_image\" \/>\n<meta name=\"twitter:label1\" content=\"Est. reading time\" \/>\n\t<meta name=\"twitter:data1\" content=\"1 minut\u0117\" \/>\n<script type=\"application\/ld+json\" class=\"yoast-schema-graph\">{\"@context\":\"https:\\\/\\\/schema.org\",\"@graph\":[{\"@type\":\"WebPage\",\"@id\":\"https:\\\/\\\/anivet.lt\\\/elparduotuve\\\/produktas\\\/specific-cpd-m-puppy-medium-breed\\\/\",\"url\":\"https:\\\/\\\/anivet.lt\\\/elparduotuve\\\/produktas\\\/specific-cpd-m-puppy-medium-breed\\\/\",\"name\":\"SPECIFIC\u2122 CPD-M vidutinio dyd\u017eio veisli\u0173 \u0161uniukams - anivet.lt\",\"isPartOf\":{\"@id\":\"https:\\\/\\\/anivet.lt\\\/elparduotuve\\\/#website\"},\"primaryImageOfPage\":{\"@id\":\"https:\\\/\\\/anivet.lt\\\/elparduotuve\\\/produktas\\\/specific-cpd-m-puppy-medium-breed\\\/#primaryimage\"},\"image\":{\"@id\":\"https:\\\/\\\/anivet.lt\\\/elparduotuve\\\/produktas\\\/specific-cpd-m-puppy-medium-breed\\\/#primaryimage\"},\"thumbnailUrl\":\"https:\\\/\\\/anivet.lt\\\/elparduotuve\\\/wp-content\\\/uploads\\\/2023\\\/09\\\/SPECIFIC_4-KG_CPD-M-scaled-1.jpg\",\"datePublished\":\"2023-09-15T20:06:08+00:00\",\"dateModified\":\"2026-04-16T10:18:33+00:00\",\"description\":\"Pilnavertis ir subalansuotas pa\u0161aras vidutini\u0173 veisli\u0173 \u0161uniukams (10\u201325 kg suaugusio \u0161uns svoris), taip pat \u0161uningoms ir \u017eindan\u010dioms kal\u0117ms bei \u0161unims, sveikstantiems po operacijos, traum\u0173 ar anoreksijos. \u0160is pa\u0161aras u\u017etikrina tinkam\u0105 maistini\u0173 med\u017eiag\u0173 ir energijos kiek\u012f augimo bei didesnio poreikio laikotarpiais.\",\"breadcrumb\":{\"@id\":\"https:\\\/\\\/anivet.lt\\\/elparduotuve\\\/produktas\\\/specific-cpd-m-puppy-medium-breed\\\/#breadcrumb\"},\"inLanguage\":\"lt-LT\",\"potentialAction\":[{\"@type\":\"ReadAction\",\"target\":[\"https:\\\/\\\/anivet.lt\\\/elparduotuve\\\/produktas\\\/specific-cpd-m-puppy-medium-breed\\\/\"]}]},{\"@type\":\"ImageObject\",\"inLanguage\":\"lt-LT\",\"@id\":\"https:\\\/\\\/anivet.lt\\\/elparduotuve\\\/produktas\\\/specific-cpd-m-puppy-medium-breed\\\/#primaryimage\",\"url\":\"https:\\\/\\\/anivet.lt\\\/elparduotuve\\\/wp-content\\\/uploads\\\/2023\\\/09\\\/SPECIFIC_4-KG_CPD-M-scaled-1.jpg\",\"contentUrl\":\"https:\\\/\\\/anivet.lt\\\/elparduotuve\\\/wp-content\\\/uploads\\\/2023\\\/09\\\/SPECIFIC_4-KG_CPD-M-scaled-1.jpg\",\"width\":2048,\"height\":2014,\"caption\":\"SPECIFIC\u2122 CPD-M vidutinio dyd\u017eio veisli\u0173 \u0161uniukams\"},{\"@type\":\"BreadcrumbList\",\"@id\":\"https:\\\/\\\/anivet.lt\\\/elparduotuve\\\/produktas\\\/specific-cpd-m-puppy-medium-breed\\\/#breadcrumb\",\"itemListElement\":[{\"@type\":\"ListItem\",\"position\":1,\"name\":\"Home\",\"item\":\"https:\\\/\\\/anivet.lt\\\/elparduotuve\\\/\"},{\"@type\":\"ListItem\",\"position\":2,\"name\":\"Produktai\",\"item\":\"https:\\\/\\\/anivet.lt\\\/elparduotuve\\\/produktai\\\/\"},{\"@type\":\"ListItem\",\"position\":3,\"name\":\"SPECIFIC\u2122 CPD-M vidutinio dyd\u017eio veisli\u0173 \u0161uniukams\"}]},{\"@type\":\"WebSite\",\"@id\":\"https:\\\/\\\/anivet.lt\\\/elparduotuve\\\/#website\",\"url\":\"https:\\\/\\\/anivet.lt\\\/elparduotuve\\\/\",\"name\":\"anivet.lt\",\"description\":\"Viskas J\u016bs\u0173 \u0161uns, kat\u0117s prie\u017ei\u016brai\",\"publisher\":{\"@id\":\"https:\\\/\\\/anivet.lt\\\/elparduotuve\\\/#organization\"},\"alternateName\":\"Viskas J\u016bs\u0173 \u0161uns, kat\u0117s prie\u017ei\u016brai\",\"potentialAction\":[{\"@type\":\"SearchAction\",\"target\":{\"@type\":\"EntryPoint\",\"urlTemplate\":\"https:\\\/\\\/anivet.lt\\\/elparduotuve\\\/?s={search_term_string}\"},\"query-input\":{\"@type\":\"PropertyValueSpecification\",\"valueRequired\":true,\"valueName\":\"search_term_string\"}}],\"inLanguage\":\"lt-LT\"},{\"@type\":\"Organization\",\"@id\":\"https:\\\/\\\/anivet.lt\\\/elparduotuve\\\/#organization\",\"name\":\"Viskas J\u016bs\u0173 \u0161uns, kat\u0117s prie\u017ei\u016brai\",\"url\":\"https:\\\/\\\/anivet.lt\\\/elparduotuve\\\/\",\"logo\":{\"@type\":\"ImageObject\",\"inLanguage\":\"lt-LT\",\"@id\":\"https:\\\/\\\/anivet.lt\\\/elparduotuve\\\/#\\\/schema\\\/logo\\\/image\\\/\",\"url\":\"https:\\\/\\\/anivet.lt\\\/elparduotuve\\\/wp-content\\\/uploads\\\/2023\\\/06\\\/logo2.jpg\",\"contentUrl\":\"https:\\\/\\\/anivet.lt\\\/elparduotuve\\\/wp-content\\\/uploads\\\/2023\\\/06\\\/logo2.jpg\",\"width\":655,\"height\":194,\"caption\":\"Viskas J\u016bs\u0173 \u0161uns, kat\u0117s prie\u017ei\u016brai\"},\"image\":{\"@id\":\"https:\\\/\\\/anivet.lt\\\/elparduotuve\\\/#\\\/schema\\\/logo\\\/image\\\/\"}}]}<\/script>\n<!-- \/ Yoast SEO Premium plugin. -->","yoast_head_json":{"title":"SPECIFIC\u2122 CPD-M vidutinio dyd\u017eio veisli\u0173 \u0161uniukams - anivet.lt","description":"Pilnavertis ir subalansuotas pa\u0161aras vidutini\u0173 veisli\u0173 \u0161uniukams (10\u201325 kg suaugusio \u0161uns svoris), taip pat \u0161uningoms ir \u017eindan\u010dioms kal\u0117ms bei \u0161unims, sveikstantiems po operacijos, traum\u0173 ar anoreksijos. \u0160is pa\u0161aras u\u017etikrina tinkam\u0105 maistini\u0173 med\u017eiag\u0173 ir energijos kiek\u012f augimo bei didesnio poreikio laikotarpiais.","robots":{"index":"index","follow":"follow","max-snippet":"max-snippet:-1","max-image-preview":"max-image-preview:large","max-video-preview":"max-video-preview:-1"},"canonical":"https:\/\/anivet.lt\/elparduotuve\/produktas\/specific-cpd-m-puppy-medium-breed\/","og_locale":"lt_LT","og_type":"article","og_title":"SPECIFIC\u2122 CPD-M vidutinio dyd\u017eio veisli\u0173 \u0161uniukams","og_description":"Pilnavertis ir subalansuotas pa\u0161aras vidutini\u0173 veisli\u0173 \u0161uniukams (10\u201325 kg suaugusio \u0161uns svoris), taip pat \u0161uningoms ir \u017eindan\u010dioms kal\u0117ms bei \u0161unims, sveikstantiems po operacijos, traum\u0173 ar anoreksijos. \u0160is pa\u0161aras u\u017etikrina tinkam\u0105 maistini\u0173 med\u017eiag\u0173 ir energijos kiek\u012f augimo bei didesnio poreikio laikotarpiais.","og_url":"https:\/\/anivet.lt\/elparduotuve\/produktas\/specific-cpd-m-puppy-medium-breed\/","og_site_name":"anivet.lt","article_modified_time":"2026-04-16T10:18:33+00:00","og_image":[{"width":2048,"height":2014,"url":"https:\/\/anivet.lt\/elparduotuve\/wp-content\/uploads\/2023\/09\/SPECIFIC_4-KG_CPD-M-scaled-1.jpg","type":"image\/jpeg"}],"twitter_card":"summary_large_image","twitter_misc":{"Est. reading time":"1 minut\u0117"},"schema":{"@context":"https:\/\/schema.org","@graph":[{"@type":"WebPage","@id":"https:\/\/anivet.lt\/elparduotuve\/produktas\/specific-cpd-m-puppy-medium-breed\/","url":"https:\/\/anivet.lt\/elparduotuve\/produktas\/specific-cpd-m-puppy-medium-breed\/","name":"SPECIFIC\u2122 CPD-M vidutinio dyd\u017eio veisli\u0173 \u0161uniukams - anivet.lt","isPartOf":{"@id":"https:\/\/anivet.lt\/elparduotuve\/#website"},"primaryImageOfPage":{"@id":"https:\/\/anivet.lt\/elparduotuve\/produktas\/specific-cpd-m-puppy-medium-breed\/#primaryimage"},"image":{"@id":"https:\/\/anivet.lt\/elparduotuve\/produktas\/specific-cpd-m-puppy-medium-breed\/#primaryimage"},"thumbnailUrl":"https:\/\/anivet.lt\/elparduotuve\/wp-content\/uploads\/2023\/09\/SPECIFIC_4-KG_CPD-M-scaled-1.jpg","datePublished":"2023-09-15T20:06:08+00:00","dateModified":"2026-04-16T10:18:33+00:00","description":"Pilnavertis ir subalansuotas pa\u0161aras vidutini\u0173 veisli\u0173 \u0161uniukams (10\u201325 kg suaugusio \u0161uns svoris), taip pat \u0161uningoms ir \u017eindan\u010dioms kal\u0117ms bei \u0161unims, sveikstantiems po operacijos, traum\u0173 ar anoreksijos. \u0160is pa\u0161aras u\u017etikrina tinkam\u0105 maistini\u0173 med\u017eiag\u0173 ir energijos kiek\u012f augimo bei didesnio poreikio laikotarpiais.","breadcrumb":{"@id":"https:\/\/anivet.lt\/elparduotuve\/produktas\/specific-cpd-m-puppy-medium-breed\/#breadcrumb"},"inLanguage":"lt-LT","potentialAction":[{"@type":"ReadAction","target":["https:\/\/anivet.lt\/elparduotuve\/produktas\/specific-cpd-m-puppy-medium-breed\/"]}]},{"@type":"ImageObject","inLanguage":"lt-LT","@id":"https:\/\/anivet.lt\/elparduotuve\/produktas\/specific-cpd-m-puppy-medium-breed\/#primaryimage","url":"https:\/\/anivet.lt\/elparduotuve\/wp-content\/uploads\/2023\/09\/SPECIFIC_4-KG_CPD-M-scaled-1.jpg","contentUrl":"https:\/\/anivet.lt\/elparduotuve\/wp-content\/uploads\/2023\/09\/SPECIFIC_4-KG_CPD-M-scaled-1.jpg","width":2048,"height":2014,"caption":"SPECIFIC\u2122 CPD-M vidutinio dyd\u017eio veisli\u0173 \u0161uniukams"},{"@type":"BreadcrumbList","@id":"https:\/\/anivet.lt\/elparduotuve\/produktas\/specific-cpd-m-puppy-medium-breed\/#breadcrumb","itemListElement":[{"@type":"ListItem","position":1,"name":"Home","item":"https:\/\/anivet.lt\/elparduotuve\/"},{"@type":"ListItem","position":2,"name":"Produktai","item":"https:\/\/anivet.lt\/elparduotuve\/produktai\/"},{"@type":"ListItem","position":3,"name":"SPECIFIC\u2122 CPD-M vidutinio dyd\u017eio veisli\u0173 \u0161uniukams"}]},{"@type":"WebSite","@id":"https:\/\/anivet.lt\/elparduotuve\/#website","url":"https:\/\/anivet.lt\/elparduotuve\/","name":"anivet.lt","description":"Viskas J\u016bs\u0173 \u0161uns, kat\u0117s prie\u017ei\u016brai","publisher":{"@id":"https:\/\/anivet.lt\/elparduotuve\/#organization"},"alternateName":"Viskas J\u016bs\u0173 \u0161uns, kat\u0117s prie\u017ei\u016brai","potentialAction":[{"@type":"SearchAction","target":{"@type":"EntryPoint","urlTemplate":"https:\/\/anivet.lt\/elparduotuve\/?s={search_term_string}"},"query-input":{"@type":"PropertyValueSpecification","valueRequired":true,"valueName":"search_term_string"}}],"inLanguage":"lt-LT"},{"@type":"Organization","@id":"https:\/\/anivet.lt\/elparduotuve\/#organization","name":"Viskas J\u016bs\u0173 \u0161uns, kat\u0117s prie\u017ei\u016brai","url":"https:\/\/anivet.lt\/elparduotuve\/","logo":{"@type":"ImageObject","inLanguage":"lt-LT","@id":"https:\/\/anivet.lt\/elparduotuve\/#\/schema\/logo\/image\/","url":"https:\/\/anivet.lt\/elparduotuve\/wp-content\/uploads\/2023\/06\/logo2.jpg","contentUrl":"https:\/\/anivet.lt\/elparduotuve\/wp-content\/uploads\/2023\/06\/logo2.jpg","width":655,"height":194,"caption":"Viskas J\u016bs\u0173 \u0161uns, kat\u0117s prie\u017ei\u016brai"},"image":{"@id":"https:\/\/anivet.lt\/elparduotuve\/#\/schema\/logo\/image\/"}}]}},"_links":{"self":[{"href":"https:\/\/anivet.lt\/elparduotuve\/wp-json\/wp\/v2\/product\/11581","targetHints":{"allow":["GET"]}}],"collection":[{"href":"https:\/\/anivet.lt\/elparduotuve\/wp-json\/wp\/v2\/product"}],"about":[{"href":"https:\/\/anivet.lt\/elparduotuve\/wp-json\/wp\/v2\/types\/product"}],"wp:featuredmedia":[{"embeddable":true,"href":"https:\/\/anivet.lt\/elparduotuve\/wp-json\/wp\/v2\/media\/11582"}],"wp:attachment":[{"href":"https:\/\/anivet.lt\/elparduotuve\/wp-json\/wp\/v2\/media?parent=11581"}],"wp:term":[{"taxonomy":"product_brand","embeddable":true,"href":"https:\/\/anivet.lt\/elparduotuve\/wp-json\/wp\/v2\/product_brand?post=11581"},{"taxonomy":"product_cat","embeddable":true,"href":"https:\/\/anivet.lt\/elparduotuve\/wp-json\/wp\/v2\/product_cat?post=11581"},{"taxonomy":"product_tag","embeddable":true,"href":"https:\/\/anivet.lt\/elparduotuve\/wp-json\/wp\/v2\/product_tag?post=11581"}],"curies":[{"name":"wp","href":"https:\/\/api.w.org\/{rel}","templated":true}]}}