{"id":11625,"date":"2023-09-16T13:34:55","date_gmt":"2023-09-16T13:34:55","guid":{"rendered":"https:\/\/anivet.lt\/elparduotuve\/?post_type=product&#038;p=11625"},"modified":"2026-05-14T09:02:16","modified_gmt":"2026-05-14T09:02:16","slug":"specific-fqd-f-kasdieninis-edalas-sveikoms-katems-su-atlanto-sardinemis","status":"publish","type":"product","link":"https:\/\/anivet.lt\/elparduotuve\/produktas\/specific-fqd-f-kasdieninis-edalas-sveikoms-katems-su-atlanto-sardinemis\/","title":{"rendered":"SPECIFIC\u2122 FQD-F kasdieninis \u0117dalas sveikoms kat\u0117ms su Atlanto sardin\u0117mis 2kg"},"content":{"rendered":"<ul>\n<li style=\"font-weight: 400;\" aria-level=\"1\"><span style=\"font-weight: 400;\">Omega-3 riebal\u0173 r\u016bg\u0161tys: EPA ir DHA i\u0161 sardini\u0173, krili\u0173 ir dumbli\u0173 palaiko sveik\u0105 od\u0105, kail\u012f ir s\u0105narius.<\/span><\/li>\n<li style=\"font-weight: 400;\" aria-level=\"1\"><span style=\"font-weight: 400;\">Baltym\u0173 ir maistini\u0173 med\u017eiag\u0173 \u0161altinis: Sardin\u0117s u\u017etikrina auk\u0161tos kokyb\u0117s baltymus ir unikal\u0173 skon\u012f.<\/span><\/li>\n<li style=\"font-weight: 400;\" aria-level=\"1\"><span style=\"font-weight: 400;\">Be glitimo: Tinka kat\u0117ms, netoleruojan\u010dioms glitimo ar turin\u010dioms alergij\u0105 \u0161iam baltymui.<\/span><\/li>\n<li style=\"font-weight: 400;\" aria-level=\"1\"><span style=\"font-weight: 400;\">Plauk\u0173 kamuoliuk\u0173 prevencija: Padidintas skaidul\u0173 kiekis skatina nuryt\u0173 plauk\u0173 pa\u0161alinim\u0105 ir ma\u017eina j\u0173 kaupimosi rizik\u0105.<\/span><\/li>\n<li style=\"font-weight: 400;\" aria-level=\"1\"><span style=\"font-weight: 400;\">Subalansuotas angliavandeni\u0173 kiekis: Kukur\u016bzai ir ry\u017eiai suteikia lengvai vir\u0161kinam\u0105 energijos \u0161altin\u012f.<\/span><\/li>\n<\/ul>\n<p><span style=\"font-weight: 400;\">\u0160is pa\u0161aras yra puikus kasdieninis pasirinkimas j\u016bs\u0173 katei, u\u017etikrinantis visus b\u016btinus maistini\u0173 med\u017eiag\u0173 poreikius. Jis gali b\u016bti naudojamas kartu su kitais SPECIFIC\u2122 pa\u0161arais arba kaip pagrindin\u0117 mitybos dalis, palaikant j\u016bs\u0173 kat\u0117s sveikat\u0105 ir gyvybingum\u0105.<\/span><\/p>\n","protected":false},"excerpt":{"rendered":"<p><span style=\"font-weight: 400;\">Visavertis pa\u0161aras sveikoms kat\u0117ms su Atlanto sardin\u0117mis. \u0160is kasdieninis \u0117dalas, praturtintas MSC sertifikuotomis sardin\u0117mis, u\u017etikrina subalansuot\u0105 mityb\u0105 ir puik\u0173 skon\u012f. Be glitimo, tod\u0117l tinkamas net jautresn\u0117ms kat\u0117ms.<\/span><\/p>\n","protected":false},"featured_media":11626,"template":"","meta":[],"product_brand":[],"product_cat":[114,115,102,326],"product_tag":[],"class_list":{"0":"post-11625","1":"product","2":"type-product","3":"status-publish","4":"has-post-thumbnail","6":"product_cat-kaciu-maistas","7":"product_cat-sausas-maistas-ir-skanestai-katems","8":"product_cat-katems","9":"product_cat-specific-kaciu-maistas","10":"pa_prekinis-zenklas-specific","12":"first","13":"instock","14":"sale","15":"taxable","16":"shipping-taxable","17":"purchasable","18":"product-type-simple"},"yoast_head":"<!-- This site is optimized with the Yoast SEO Premium plugin v27.1 (Yoast SEO v27.5) - https:\/\/yoast.com\/product\/yoast-seo-premium-wordpress\/ -->\n<title>SPECIFIC\u2122 FQD-F kasdieninis \u0117dalas sveikoms kat\u0117ms su Atlanto sardin\u0117mis 2kg - anivet.lt<\/title>\n<meta name=\"description\" content=\"Visavertis pa\u0161aras sveikoms kat\u0117ms su Atlanto sardin\u0117mis. \u0160is kasdieninis \u0117dalas, praturtintas MSC sertifikuotomis sardin\u0117mis, u\u017etikrina subalansuot\u0105 mityb\u0105 ir puik\u0173 skon\u012f. Be glitimo, tod\u0117l tinkamas net jautresn\u0117ms kat\u0117ms.\" \/>\n<meta name=\"robots\" content=\"index, follow, max-snippet:-1, max-image-preview:large, max-video-preview:-1\" \/>\n<link rel=\"canonical\" href=\"https:\/\/anivet.lt\/elparduotuve\/produktas\/specific-fqd-f-kasdieninis-edalas-sveikoms-katems-su-atlanto-sardinemis\/\" \/>\n<meta property=\"og:locale\" content=\"lt_LT\" \/>\n<meta property=\"og:type\" content=\"article\" \/>\n<meta property=\"og:title\" content=\"SPECIFIC\u2122 FQD-F kasdieninis \u0117dalas sveikoms kat\u0117ms su Atlanto sardin\u0117mis 2kg\" \/>\n<meta property=\"og:description\" content=\"Visavertis pa\u0161aras sveikoms kat\u0117ms su Atlanto sardin\u0117mis. \u0160is kasdieninis \u0117dalas, praturtintas MSC sertifikuotomis sardin\u0117mis, u\u017etikrina subalansuot\u0105 mityb\u0105 ir puik\u0173 skon\u012f. Be glitimo, tod\u0117l tinkamas net jautresn\u0117ms kat\u0117ms.\" \/>\n<meta property=\"og:url\" content=\"https:\/\/anivet.lt\/elparduotuve\/produktas\/specific-fqd-f-kasdieninis-edalas-sveikoms-katems-su-atlanto-sardinemis\/\" \/>\n<meta property=\"og:site_name\" content=\"anivet.lt\" \/>\n<meta property=\"article:modified_time\" content=\"2026-05-14T09:02:16+00:00\" \/>\n<meta property=\"og:image\" content=\"https:\/\/anivet.lt\/elparduotuve\/wp-content\/uploads\/2023\/09\/FQD.png\" \/>\n\t<meta property=\"og:image:width\" content=\"1970\" \/>\n\t<meta property=\"og:image:height\" content=\"2000\" \/>\n\t<meta property=\"og:image:type\" content=\"image\/png\" \/>\n<meta name=\"twitter:card\" content=\"summary_large_image\" \/>\n<meta name=\"twitter:label1\" content=\"Est. reading time\" \/>\n\t<meta name=\"twitter:data1\" content=\"1 minut\u0117\" \/>\n<script type=\"application\/ld+json\" class=\"yoast-schema-graph\">{\"@context\":\"https:\\\/\\\/schema.org\",\"@graph\":[{\"@type\":\"WebPage\",\"@id\":\"https:\\\/\\\/anivet.lt\\\/elparduotuve\\\/produktas\\\/specific-fqd-f-kasdieninis-edalas-sveikoms-katems-su-atlanto-sardinemis\\\/\",\"url\":\"https:\\\/\\\/anivet.lt\\\/elparduotuve\\\/produktas\\\/specific-fqd-f-kasdieninis-edalas-sveikoms-katems-su-atlanto-sardinemis\\\/\",\"name\":\"SPECIFIC\u2122 FQD-F kasdieninis \u0117dalas sveikoms kat\u0117ms su Atlanto sardin\u0117mis 2kg - anivet.lt\",\"isPartOf\":{\"@id\":\"https:\\\/\\\/anivet.lt\\\/elparduotuve\\\/#website\"},\"primaryImageOfPage\":{\"@id\":\"https:\\\/\\\/anivet.lt\\\/elparduotuve\\\/produktas\\\/specific-fqd-f-kasdieninis-edalas-sveikoms-katems-su-atlanto-sardinemis\\\/#primaryimage\"},\"image\":{\"@id\":\"https:\\\/\\\/anivet.lt\\\/elparduotuve\\\/produktas\\\/specific-fqd-f-kasdieninis-edalas-sveikoms-katems-su-atlanto-sardinemis\\\/#primaryimage\"},\"thumbnailUrl\":\"https:\\\/\\\/anivet.lt\\\/elparduotuve\\\/wp-content\\\/uploads\\\/2023\\\/09\\\/FQD.png\",\"datePublished\":\"2023-09-16T13:34:55+00:00\",\"dateModified\":\"2026-05-14T09:02:16+00:00\",\"description\":\"Visavertis pa\u0161aras sveikoms kat\u0117ms su Atlanto sardin\u0117mis. \u0160is kasdieninis \u0117dalas, praturtintas MSC sertifikuotomis sardin\u0117mis, u\u017etikrina subalansuot\u0105 mityb\u0105 ir puik\u0173 skon\u012f. Be glitimo, tod\u0117l tinkamas net jautresn\u0117ms kat\u0117ms.\",\"breadcrumb\":{\"@id\":\"https:\\\/\\\/anivet.lt\\\/elparduotuve\\\/produktas\\\/specific-fqd-f-kasdieninis-edalas-sveikoms-katems-su-atlanto-sardinemis\\\/#breadcrumb\"},\"inLanguage\":\"lt-LT\",\"potentialAction\":[{\"@type\":\"ReadAction\",\"target\":[\"https:\\\/\\\/anivet.lt\\\/elparduotuve\\\/produktas\\\/specific-fqd-f-kasdieninis-edalas-sveikoms-katems-su-atlanto-sardinemis\\\/\"]}]},{\"@type\":\"ImageObject\",\"inLanguage\":\"lt-LT\",\"@id\":\"https:\\\/\\\/anivet.lt\\\/elparduotuve\\\/produktas\\\/specific-fqd-f-kasdieninis-edalas-sveikoms-katems-su-atlanto-sardinemis\\\/#primaryimage\",\"url\":\"https:\\\/\\\/anivet.lt\\\/elparduotuve\\\/wp-content\\\/uploads\\\/2023\\\/09\\\/FQD.png\",\"contentUrl\":\"https:\\\/\\\/anivet.lt\\\/elparduotuve\\\/wp-content\\\/uploads\\\/2023\\\/09\\\/FQD.png\",\"width\":1970,\"height\":2000,\"caption\":\"SPECIFIC\u2122 FQD-F kasdieninis \u0117dalas sveikoms kat\u0117ms su Atlanto sardin\u0117mis 2kg\"},{\"@type\":\"BreadcrumbList\",\"@id\":\"https:\\\/\\\/anivet.lt\\\/elparduotuve\\\/produktas\\\/specific-fqd-f-kasdieninis-edalas-sveikoms-katems-su-atlanto-sardinemis\\\/#breadcrumb\",\"itemListElement\":[{\"@type\":\"ListItem\",\"position\":1,\"name\":\"Home\",\"item\":\"https:\\\/\\\/anivet.lt\\\/elparduotuve\\\/\"},{\"@type\":\"ListItem\",\"position\":2,\"name\":\"Produktai\",\"item\":\"https:\\\/\\\/anivet.lt\\\/elparduotuve\\\/produktai\\\/\"},{\"@type\":\"ListItem\",\"position\":3,\"name\":\"SPECIFIC\u2122 FQD-F kasdieninis \u0117dalas sveikoms kat\u0117ms su Atlanto sardin\u0117mis 2kg\"}]},{\"@type\":\"WebSite\",\"@id\":\"https:\\\/\\\/anivet.lt\\\/elparduotuve\\\/#website\",\"url\":\"https:\\\/\\\/anivet.lt\\\/elparduotuve\\\/\",\"name\":\"anivet.lt\",\"description\":\"Viskas J\u016bs\u0173 \u0161uns, kat\u0117s prie\u017ei\u016brai\",\"publisher\":{\"@id\":\"https:\\\/\\\/anivet.lt\\\/elparduotuve\\\/#organization\"},\"alternateName\":\"Viskas J\u016bs\u0173 \u0161uns, kat\u0117s prie\u017ei\u016brai\",\"potentialAction\":[{\"@type\":\"SearchAction\",\"target\":{\"@type\":\"EntryPoint\",\"urlTemplate\":\"https:\\\/\\\/anivet.lt\\\/elparduotuve\\\/?s={search_term_string}\"},\"query-input\":{\"@type\":\"PropertyValueSpecification\",\"valueRequired\":true,\"valueName\":\"search_term_string\"}}],\"inLanguage\":\"lt-LT\"},{\"@type\":\"Organization\",\"@id\":\"https:\\\/\\\/anivet.lt\\\/elparduotuve\\\/#organization\",\"name\":\"Viskas J\u016bs\u0173 \u0161uns, kat\u0117s prie\u017ei\u016brai\",\"url\":\"https:\\\/\\\/anivet.lt\\\/elparduotuve\\\/\",\"logo\":{\"@type\":\"ImageObject\",\"inLanguage\":\"lt-LT\",\"@id\":\"https:\\\/\\\/anivet.lt\\\/elparduotuve\\\/#\\\/schema\\\/logo\\\/image\\\/\",\"url\":\"https:\\\/\\\/anivet.lt\\\/elparduotuve\\\/wp-content\\\/uploads\\\/2023\\\/06\\\/logo2.jpg\",\"contentUrl\":\"https:\\\/\\\/anivet.lt\\\/elparduotuve\\\/wp-content\\\/uploads\\\/2023\\\/06\\\/logo2.jpg\",\"width\":655,\"height\":194,\"caption\":\"Viskas J\u016bs\u0173 \u0161uns, kat\u0117s prie\u017ei\u016brai\"},\"image\":{\"@id\":\"https:\\\/\\\/anivet.lt\\\/elparduotuve\\\/#\\\/schema\\\/logo\\\/image\\\/\"}}]}<\/script>\n<!-- \/ Yoast SEO Premium plugin. -->","yoast_head_json":{"title":"SPECIFIC\u2122 FQD-F kasdieninis \u0117dalas sveikoms kat\u0117ms su Atlanto sardin\u0117mis 2kg - anivet.lt","description":"Visavertis pa\u0161aras sveikoms kat\u0117ms su Atlanto sardin\u0117mis. \u0160is kasdieninis \u0117dalas, praturtintas MSC sertifikuotomis sardin\u0117mis, u\u017etikrina subalansuot\u0105 mityb\u0105 ir puik\u0173 skon\u012f. Be glitimo, tod\u0117l tinkamas net jautresn\u0117ms kat\u0117ms.","robots":{"index":"index","follow":"follow","max-snippet":"max-snippet:-1","max-image-preview":"max-image-preview:large","max-video-preview":"max-video-preview:-1"},"canonical":"https:\/\/anivet.lt\/elparduotuve\/produktas\/specific-fqd-f-kasdieninis-edalas-sveikoms-katems-su-atlanto-sardinemis\/","og_locale":"lt_LT","og_type":"article","og_title":"SPECIFIC\u2122 FQD-F kasdieninis \u0117dalas sveikoms kat\u0117ms su Atlanto sardin\u0117mis 2kg","og_description":"Visavertis pa\u0161aras sveikoms kat\u0117ms su Atlanto sardin\u0117mis. \u0160is kasdieninis \u0117dalas, praturtintas MSC sertifikuotomis sardin\u0117mis, u\u017etikrina subalansuot\u0105 mityb\u0105 ir puik\u0173 skon\u012f. Be glitimo, tod\u0117l tinkamas net jautresn\u0117ms kat\u0117ms.","og_url":"https:\/\/anivet.lt\/elparduotuve\/produktas\/specific-fqd-f-kasdieninis-edalas-sveikoms-katems-su-atlanto-sardinemis\/","og_site_name":"anivet.lt","article_modified_time":"2026-05-14T09:02:16+00:00","og_image":[{"width":1970,"height":2000,"url":"https:\/\/anivet.lt\/elparduotuve\/wp-content\/uploads\/2023\/09\/FQD.png","type":"image\/png"}],"twitter_card":"summary_large_image","twitter_misc":{"Est. reading time":"1 minut\u0117"},"schema":{"@context":"https:\/\/schema.org","@graph":[{"@type":"WebPage","@id":"https:\/\/anivet.lt\/elparduotuve\/produktas\/specific-fqd-f-kasdieninis-edalas-sveikoms-katems-su-atlanto-sardinemis\/","url":"https:\/\/anivet.lt\/elparduotuve\/produktas\/specific-fqd-f-kasdieninis-edalas-sveikoms-katems-su-atlanto-sardinemis\/","name":"SPECIFIC\u2122 FQD-F kasdieninis \u0117dalas sveikoms kat\u0117ms su Atlanto sardin\u0117mis 2kg - anivet.lt","isPartOf":{"@id":"https:\/\/anivet.lt\/elparduotuve\/#website"},"primaryImageOfPage":{"@id":"https:\/\/anivet.lt\/elparduotuve\/produktas\/specific-fqd-f-kasdieninis-edalas-sveikoms-katems-su-atlanto-sardinemis\/#primaryimage"},"image":{"@id":"https:\/\/anivet.lt\/elparduotuve\/produktas\/specific-fqd-f-kasdieninis-edalas-sveikoms-katems-su-atlanto-sardinemis\/#primaryimage"},"thumbnailUrl":"https:\/\/anivet.lt\/elparduotuve\/wp-content\/uploads\/2023\/09\/FQD.png","datePublished":"2023-09-16T13:34:55+00:00","dateModified":"2026-05-14T09:02:16+00:00","description":"Visavertis pa\u0161aras sveikoms kat\u0117ms su Atlanto sardin\u0117mis. \u0160is kasdieninis \u0117dalas, praturtintas MSC sertifikuotomis sardin\u0117mis, u\u017etikrina subalansuot\u0105 mityb\u0105 ir puik\u0173 skon\u012f. Be glitimo, tod\u0117l tinkamas net jautresn\u0117ms kat\u0117ms.","breadcrumb":{"@id":"https:\/\/anivet.lt\/elparduotuve\/produktas\/specific-fqd-f-kasdieninis-edalas-sveikoms-katems-su-atlanto-sardinemis\/#breadcrumb"},"inLanguage":"lt-LT","potentialAction":[{"@type":"ReadAction","target":["https:\/\/anivet.lt\/elparduotuve\/produktas\/specific-fqd-f-kasdieninis-edalas-sveikoms-katems-su-atlanto-sardinemis\/"]}]},{"@type":"ImageObject","inLanguage":"lt-LT","@id":"https:\/\/anivet.lt\/elparduotuve\/produktas\/specific-fqd-f-kasdieninis-edalas-sveikoms-katems-su-atlanto-sardinemis\/#primaryimage","url":"https:\/\/anivet.lt\/elparduotuve\/wp-content\/uploads\/2023\/09\/FQD.png","contentUrl":"https:\/\/anivet.lt\/elparduotuve\/wp-content\/uploads\/2023\/09\/FQD.png","width":1970,"height":2000,"caption":"SPECIFIC\u2122 FQD-F kasdieninis \u0117dalas sveikoms kat\u0117ms su Atlanto sardin\u0117mis 2kg"},{"@type":"BreadcrumbList","@id":"https:\/\/anivet.lt\/elparduotuve\/produktas\/specific-fqd-f-kasdieninis-edalas-sveikoms-katems-su-atlanto-sardinemis\/#breadcrumb","itemListElement":[{"@type":"ListItem","position":1,"name":"Home","item":"https:\/\/anivet.lt\/elparduotuve\/"},{"@type":"ListItem","position":2,"name":"Produktai","item":"https:\/\/anivet.lt\/elparduotuve\/produktai\/"},{"@type":"ListItem","position":3,"name":"SPECIFIC\u2122 FQD-F kasdieninis \u0117dalas sveikoms kat\u0117ms su Atlanto sardin\u0117mis 2kg"}]},{"@type":"WebSite","@id":"https:\/\/anivet.lt\/elparduotuve\/#website","url":"https:\/\/anivet.lt\/elparduotuve\/","name":"anivet.lt","description":"Viskas J\u016bs\u0173 \u0161uns, kat\u0117s prie\u017ei\u016brai","publisher":{"@id":"https:\/\/anivet.lt\/elparduotuve\/#organization"},"alternateName":"Viskas J\u016bs\u0173 \u0161uns, kat\u0117s prie\u017ei\u016brai","potentialAction":[{"@type":"SearchAction","target":{"@type":"EntryPoint","urlTemplate":"https:\/\/anivet.lt\/elparduotuve\/?s={search_term_string}"},"query-input":{"@type":"PropertyValueSpecification","valueRequired":true,"valueName":"search_term_string"}}],"inLanguage":"lt-LT"},{"@type":"Organization","@id":"https:\/\/anivet.lt\/elparduotuve\/#organization","name":"Viskas J\u016bs\u0173 \u0161uns, kat\u0117s prie\u017ei\u016brai","url":"https:\/\/anivet.lt\/elparduotuve\/","logo":{"@type":"ImageObject","inLanguage":"lt-LT","@id":"https:\/\/anivet.lt\/elparduotuve\/#\/schema\/logo\/image\/","url":"https:\/\/anivet.lt\/elparduotuve\/wp-content\/uploads\/2023\/06\/logo2.jpg","contentUrl":"https:\/\/anivet.lt\/elparduotuve\/wp-content\/uploads\/2023\/06\/logo2.jpg","width":655,"height":194,"caption":"Viskas J\u016bs\u0173 \u0161uns, kat\u0117s prie\u017ei\u016brai"},"image":{"@id":"https:\/\/anivet.lt\/elparduotuve\/#\/schema\/logo\/image\/"}}]}},"_links":{"self":[{"href":"https:\/\/anivet.lt\/elparduotuve\/wp-json\/wp\/v2\/product\/11625","targetHints":{"allow":["GET"]}}],"collection":[{"href":"https:\/\/anivet.lt\/elparduotuve\/wp-json\/wp\/v2\/product"}],"about":[{"href":"https:\/\/anivet.lt\/elparduotuve\/wp-json\/wp\/v2\/types\/product"}],"wp:featuredmedia":[{"embeddable":true,"href":"https:\/\/anivet.lt\/elparduotuve\/wp-json\/wp\/v2\/media\/11626"}],"wp:attachment":[{"href":"https:\/\/anivet.lt\/elparduotuve\/wp-json\/wp\/v2\/media?parent=11625"}],"wp:term":[{"taxonomy":"product_brand","embeddable":true,"href":"https:\/\/anivet.lt\/elparduotuve\/wp-json\/wp\/v2\/product_brand?post=11625"},{"taxonomy":"product_cat","embeddable":true,"href":"https:\/\/anivet.lt\/elparduotuve\/wp-json\/wp\/v2\/product_cat?post=11625"},{"taxonomy":"product_tag","embeddable":true,"href":"https:\/\/anivet.lt\/elparduotuve\/wp-json\/wp\/v2\/product_tag?post=11625"}],"curies":[{"name":"wp","href":"https:\/\/api.w.org\/{rel}","templated":true}]}}