{"id":11641,"date":"2023-09-16T16:05:08","date_gmt":"2023-09-16T16:05:08","guid":{"rendered":"https:\/\/anivet.lt\/elparduotuve\/?post_type=product&#038;p=11641"},"modified":"2026-04-16T10:35:52","modified_gmt":"2026-04-16T10:35:52","slug":"specific-frd-pasaras-antsvorio-turincioms-katems","status":"publish","type":"product","link":"https:\/\/anivet.lt\/elparduotuve\/produktas\/specific-frd-pasaras-antsvorio-turincioms-katems\/","title":{"rendered":"SPECIFIC\u2122 FRD pa\u0161aras antsvorio turin\u010dioms kat\u0117ms"},"content":{"rendered":"<ul>\n<li style=\"font-weight: 400;\" aria-level=\"1\"><span style=\"font-weight: 400;\">Ma\u017ea energetin\u0117 vert\u0117: Ma\u017eas riebal\u0173 ir didelis skaidul\u0173 kiekis u\u017etikrina sotum\u0105 net suma\u017eint\u0173 porcij\u0173 metu, leid\u017eiant efektyviai ma\u017einti svor\u012f.<\/span><\/li>\n<li style=\"font-weight: 400;\" aria-level=\"1\"><span style=\"font-weight: 400;\">Didelis baltym\u0173 kiekis: Palaiko raumen\u0173 mas\u0119 ir u\u017etikrina, kad kat\u0117s apetitas bus patenkintas.<\/span><\/li>\n<li style=\"font-weight: 400;\" aria-level=\"1\"><span style=\"font-weight: 400;\">Omega-3 riebal\u0173 r\u016bg\u0161tys: Palaiko sveik\u0105 od\u0105, kail\u012f ir s\u0105nari\u0173 judrum\u0105, ypa\u010d svarbu antsvorio turin\u010dioms kat\u0117ms.<\/span><\/li>\n<li style=\"font-weight: 400;\" aria-level=\"1\"><span style=\"font-weight: 400;\">Palaipsnis gliukoz\u0117s i\u0161siskyrimas: Sud\u0117tiniai angliavandeniai ir skaidulos padeda reguliuoti cukraus kiek\u012f kraujyje, tinkantys cukriniu diabetu sergan\u010dioms kat\u0117ms.<\/span><\/li>\n<li style=\"font-weight: 400;\" aria-level=\"1\"><span style=\"font-weight: 400;\">Vir\u0161kinimo trakto palaikymas: Padidintas skaidul\u0173 kiekis skatina \u017earnyno judesius ir palaiko sveik\u0105 vir\u0161kinim\u0105.<\/span><\/li>\n<\/ul>\n<p><span style=\"font-weight: 400;\">\u0160is pa\u0161aras ne tik padeda suma\u017einti svor\u012f, bet ir palaiko j\u016bs\u0173 kat\u0117s bendr\u0105 sveikat\u0105, \u012fskaitant \u0161lapimo tak\u0173 ir vir\u0161kinimo sistemos funkcij\u0105. S\u0117kmingam svorio ma\u017einimui svarbi reguliari \u0161\u0117rimo kontrol\u0117 ir augintinio steb\u0117jimas. Pasiekus norim\u0105 svor\u012f, pa\u0161aras gali b\u016bti naudojamas tolimesnei svorio kontrolei.<\/span><\/p>\n<p><strong>Nerekomenduojama:<\/strong><\/p>\n<ul>\n<li>Ka\u010diukams, vaikingoms arba \u017eindan\u010dioms kat\u0117ms, kurioms reikia didelio energijos kiekio.<\/li>\n<\/ul>\n","protected":false},"excerpt":{"rendered":"<p><span style=\"font-weight: 400;\">Subalansuotas pa\u0161aras antsvorio turin\u010dioms kat\u0117ms. \u0160is specialiai sukurtas \u0117dalas padeda valdyti antsvor\u012f ir susijusias sveikatos problemas, tokias kaip cukrinis diabetas, l\u0117tin\u0117s vir\u0161kinamojo trakto ligos ar hiperlipidemija, u\u017etikrinant sotumo jausm\u0105 ir sveik\u0105 gyvenimo b\u016bd\u0105.<\/span><\/p>\n","protected":false},"featured_media":11642,"template":"","meta":[],"product_brand":[],"product_cat":[114,102,118,326],"product_tag":[],"class_list":{"0":"post-11641","1":"product","2":"type-product","3":"status-publish","4":"has-post-thumbnail","6":"product_cat-kaciu-maistas","7":"product_cat-katems","8":"product_cat-veterinarinis-maistas-katems","9":"product_cat-specific-kaciu-maistas","10":"pa_prekinis-zenklas-specific","12":"first","13":"instock","14":"sale","15":"taxable","16":"shipping-taxable","17":"purchasable","18":"product-type-variable"},"yoast_head":"<!-- This site is optimized with the Yoast SEO Premium plugin v27.1 (Yoast SEO v27.5) - https:\/\/yoast.com\/product\/yoast-seo-premium-wordpress\/ -->\n<title>SPECIFIC\u2122 FRD pa\u0161aras antsvorio turin\u010dioms kat\u0117ms - anivet.lt<\/title>\n<meta name=\"description\" content=\"Subalansuotas pa\u0161aras antsvorio turin\u010dioms kat\u0117ms. \u0160is specialiai sukurtas \u0117dalas padeda valdyti antsvor\u012f ir susijusias sveikatos problemas, tokias kaip cukrinis diabetas, l\u0117tin\u0117s vir\u0161kinamojo trakto ligos ar hiperlipidemija, u\u017etikrinant sotumo jausm\u0105 ir sveik\u0105 gyvenimo b\u016bd\u0105.\" \/>\n<meta name=\"robots\" content=\"index, follow, max-snippet:-1, max-image-preview:large, max-video-preview:-1\" \/>\n<link rel=\"canonical\" href=\"https:\/\/anivet.lt\/elparduotuve\/produktas\/specific-frd-pasaras-antsvorio-turincioms-katems\/\" \/>\n<meta property=\"og:locale\" content=\"lt_LT\" \/>\n<meta property=\"og:type\" content=\"article\" \/>\n<meta property=\"og:title\" content=\"SPECIFIC\u2122 FRD pa\u0161aras antsvorio turin\u010dioms kat\u0117ms\" \/>\n<meta property=\"og:description\" content=\"Subalansuotas pa\u0161aras antsvorio turin\u010dioms kat\u0117ms. \u0160is specialiai sukurtas \u0117dalas padeda valdyti antsvor\u012f ir susijusias sveikatos problemas, tokias kaip cukrinis diabetas, l\u0117tin\u0117s vir\u0161kinamojo trakto ligos ar hiperlipidemija, u\u017etikrinant sotumo jausm\u0105 ir sveik\u0105 gyvenimo b\u016bd\u0105.\" \/>\n<meta property=\"og:url\" content=\"https:\/\/anivet.lt\/elparduotuve\/produktas\/specific-frd-pasaras-antsvorio-turincioms-katems\/\" \/>\n<meta property=\"og:site_name\" content=\"anivet.lt\" \/>\n<meta property=\"article:modified_time\" content=\"2026-04-16T10:35:52+00:00\" \/>\n<meta property=\"og:image\" content=\"https:\/\/anivet.lt\/elparduotuve\/wp-content\/uploads\/2023\/09\/FRD.png\" \/>\n\t<meta property=\"og:image:width\" content=\"1970\" \/>\n\t<meta property=\"og:image:height\" content=\"2000\" \/>\n\t<meta property=\"og:image:type\" content=\"image\/png\" \/>\n<meta name=\"twitter:card\" content=\"summary_large_image\" \/>\n<meta name=\"twitter:label1\" content=\"Est. reading time\" \/>\n\t<meta name=\"twitter:data1\" content=\"1 minut\u0117\" \/>\n<script type=\"application\/ld+json\" class=\"yoast-schema-graph\">{\"@context\":\"https:\\\/\\\/schema.org\",\"@graph\":[{\"@type\":\"WebPage\",\"@id\":\"https:\\\/\\\/anivet.lt\\\/elparduotuve\\\/produktas\\\/specific-frd-pasaras-antsvorio-turincioms-katems\\\/\",\"url\":\"https:\\\/\\\/anivet.lt\\\/elparduotuve\\\/produktas\\\/specific-frd-pasaras-antsvorio-turincioms-katems\\\/\",\"name\":\"SPECIFIC\u2122 FRD pa\u0161aras antsvorio turin\u010dioms kat\u0117ms - anivet.lt\",\"isPartOf\":{\"@id\":\"https:\\\/\\\/anivet.lt\\\/elparduotuve\\\/#website\"},\"primaryImageOfPage\":{\"@id\":\"https:\\\/\\\/anivet.lt\\\/elparduotuve\\\/produktas\\\/specific-frd-pasaras-antsvorio-turincioms-katems\\\/#primaryimage\"},\"image\":{\"@id\":\"https:\\\/\\\/anivet.lt\\\/elparduotuve\\\/produktas\\\/specific-frd-pasaras-antsvorio-turincioms-katems\\\/#primaryimage\"},\"thumbnailUrl\":\"https:\\\/\\\/anivet.lt\\\/elparduotuve\\\/wp-content\\\/uploads\\\/2023\\\/09\\\/FRD.png\",\"datePublished\":\"2023-09-16T16:05:08+00:00\",\"dateModified\":\"2026-04-16T10:35:52+00:00\",\"description\":\"Subalansuotas pa\u0161aras antsvorio turin\u010dioms kat\u0117ms. \u0160is specialiai sukurtas \u0117dalas padeda valdyti antsvor\u012f ir susijusias sveikatos problemas, tokias kaip cukrinis diabetas, l\u0117tin\u0117s vir\u0161kinamojo trakto ligos ar hiperlipidemija, u\u017etikrinant sotumo jausm\u0105 ir sveik\u0105 gyvenimo b\u016bd\u0105.\",\"breadcrumb\":{\"@id\":\"https:\\\/\\\/anivet.lt\\\/elparduotuve\\\/produktas\\\/specific-frd-pasaras-antsvorio-turincioms-katems\\\/#breadcrumb\"},\"inLanguage\":\"lt-LT\",\"potentialAction\":[{\"@type\":\"ReadAction\",\"target\":[\"https:\\\/\\\/anivet.lt\\\/elparduotuve\\\/produktas\\\/specific-frd-pasaras-antsvorio-turincioms-katems\\\/\"]}]},{\"@type\":\"ImageObject\",\"inLanguage\":\"lt-LT\",\"@id\":\"https:\\\/\\\/anivet.lt\\\/elparduotuve\\\/produktas\\\/specific-frd-pasaras-antsvorio-turincioms-katems\\\/#primaryimage\",\"url\":\"https:\\\/\\\/anivet.lt\\\/elparduotuve\\\/wp-content\\\/uploads\\\/2023\\\/09\\\/FRD.png\",\"contentUrl\":\"https:\\\/\\\/anivet.lt\\\/elparduotuve\\\/wp-content\\\/uploads\\\/2023\\\/09\\\/FRD.png\",\"width\":1970,\"height\":2000,\"caption\":\"SPECIFIC\u2122 FRD pa\u0161aras antsvorio turin\u010dioms kat\u0117ms\"},{\"@type\":\"BreadcrumbList\",\"@id\":\"https:\\\/\\\/anivet.lt\\\/elparduotuve\\\/produktas\\\/specific-frd-pasaras-antsvorio-turincioms-katems\\\/#breadcrumb\",\"itemListElement\":[{\"@type\":\"ListItem\",\"position\":1,\"name\":\"Home\",\"item\":\"https:\\\/\\\/anivet.lt\\\/elparduotuve\\\/\"},{\"@type\":\"ListItem\",\"position\":2,\"name\":\"Produktai\",\"item\":\"https:\\\/\\\/anivet.lt\\\/elparduotuve\\\/produktai\\\/\"},{\"@type\":\"ListItem\",\"position\":3,\"name\":\"SPECIFIC\u2122 FRD pa\u0161aras antsvorio turin\u010dioms kat\u0117ms\"}]},{\"@type\":\"WebSite\",\"@id\":\"https:\\\/\\\/anivet.lt\\\/elparduotuve\\\/#website\",\"url\":\"https:\\\/\\\/anivet.lt\\\/elparduotuve\\\/\",\"name\":\"anivet.lt\",\"description\":\"Viskas J\u016bs\u0173 \u0161uns, kat\u0117s prie\u017ei\u016brai\",\"publisher\":{\"@id\":\"https:\\\/\\\/anivet.lt\\\/elparduotuve\\\/#organization\"},\"alternateName\":\"Viskas J\u016bs\u0173 \u0161uns, kat\u0117s prie\u017ei\u016brai\",\"potentialAction\":[{\"@type\":\"SearchAction\",\"target\":{\"@type\":\"EntryPoint\",\"urlTemplate\":\"https:\\\/\\\/anivet.lt\\\/elparduotuve\\\/?s={search_term_string}\"},\"query-input\":{\"@type\":\"PropertyValueSpecification\",\"valueRequired\":true,\"valueName\":\"search_term_string\"}}],\"inLanguage\":\"lt-LT\"},{\"@type\":\"Organization\",\"@id\":\"https:\\\/\\\/anivet.lt\\\/elparduotuve\\\/#organization\",\"name\":\"Viskas J\u016bs\u0173 \u0161uns, kat\u0117s prie\u017ei\u016brai\",\"url\":\"https:\\\/\\\/anivet.lt\\\/elparduotuve\\\/\",\"logo\":{\"@type\":\"ImageObject\",\"inLanguage\":\"lt-LT\",\"@id\":\"https:\\\/\\\/anivet.lt\\\/elparduotuve\\\/#\\\/schema\\\/logo\\\/image\\\/\",\"url\":\"https:\\\/\\\/anivet.lt\\\/elparduotuve\\\/wp-content\\\/uploads\\\/2023\\\/06\\\/logo2.jpg\",\"contentUrl\":\"https:\\\/\\\/anivet.lt\\\/elparduotuve\\\/wp-content\\\/uploads\\\/2023\\\/06\\\/logo2.jpg\",\"width\":655,\"height\":194,\"caption\":\"Viskas J\u016bs\u0173 \u0161uns, kat\u0117s prie\u017ei\u016brai\"},\"image\":{\"@id\":\"https:\\\/\\\/anivet.lt\\\/elparduotuve\\\/#\\\/schema\\\/logo\\\/image\\\/\"}}]}<\/script>\n<!-- \/ Yoast SEO Premium plugin. -->","yoast_head_json":{"title":"SPECIFIC\u2122 FRD pa\u0161aras antsvorio turin\u010dioms kat\u0117ms - anivet.lt","description":"Subalansuotas pa\u0161aras antsvorio turin\u010dioms kat\u0117ms. \u0160is specialiai sukurtas \u0117dalas padeda valdyti antsvor\u012f ir susijusias sveikatos problemas, tokias kaip cukrinis diabetas, l\u0117tin\u0117s vir\u0161kinamojo trakto ligos ar hiperlipidemija, u\u017etikrinant sotumo jausm\u0105 ir sveik\u0105 gyvenimo b\u016bd\u0105.","robots":{"index":"index","follow":"follow","max-snippet":"max-snippet:-1","max-image-preview":"max-image-preview:large","max-video-preview":"max-video-preview:-1"},"canonical":"https:\/\/anivet.lt\/elparduotuve\/produktas\/specific-frd-pasaras-antsvorio-turincioms-katems\/","og_locale":"lt_LT","og_type":"article","og_title":"SPECIFIC\u2122 FRD pa\u0161aras antsvorio turin\u010dioms kat\u0117ms","og_description":"Subalansuotas pa\u0161aras antsvorio turin\u010dioms kat\u0117ms. \u0160is specialiai sukurtas \u0117dalas padeda valdyti antsvor\u012f ir susijusias sveikatos problemas, tokias kaip cukrinis diabetas, l\u0117tin\u0117s vir\u0161kinamojo trakto ligos ar hiperlipidemija, u\u017etikrinant sotumo jausm\u0105 ir sveik\u0105 gyvenimo b\u016bd\u0105.","og_url":"https:\/\/anivet.lt\/elparduotuve\/produktas\/specific-frd-pasaras-antsvorio-turincioms-katems\/","og_site_name":"anivet.lt","article_modified_time":"2026-04-16T10:35:52+00:00","og_image":[{"width":1970,"height":2000,"url":"https:\/\/anivet.lt\/elparduotuve\/wp-content\/uploads\/2023\/09\/FRD.png","type":"image\/png"}],"twitter_card":"summary_large_image","twitter_misc":{"Est. reading time":"1 minut\u0117"},"schema":{"@context":"https:\/\/schema.org","@graph":[{"@type":"WebPage","@id":"https:\/\/anivet.lt\/elparduotuve\/produktas\/specific-frd-pasaras-antsvorio-turincioms-katems\/","url":"https:\/\/anivet.lt\/elparduotuve\/produktas\/specific-frd-pasaras-antsvorio-turincioms-katems\/","name":"SPECIFIC\u2122 FRD pa\u0161aras antsvorio turin\u010dioms kat\u0117ms - anivet.lt","isPartOf":{"@id":"https:\/\/anivet.lt\/elparduotuve\/#website"},"primaryImageOfPage":{"@id":"https:\/\/anivet.lt\/elparduotuve\/produktas\/specific-frd-pasaras-antsvorio-turincioms-katems\/#primaryimage"},"image":{"@id":"https:\/\/anivet.lt\/elparduotuve\/produktas\/specific-frd-pasaras-antsvorio-turincioms-katems\/#primaryimage"},"thumbnailUrl":"https:\/\/anivet.lt\/elparduotuve\/wp-content\/uploads\/2023\/09\/FRD.png","datePublished":"2023-09-16T16:05:08+00:00","dateModified":"2026-04-16T10:35:52+00:00","description":"Subalansuotas pa\u0161aras antsvorio turin\u010dioms kat\u0117ms. \u0160is specialiai sukurtas \u0117dalas padeda valdyti antsvor\u012f ir susijusias sveikatos problemas, tokias kaip cukrinis diabetas, l\u0117tin\u0117s vir\u0161kinamojo trakto ligos ar hiperlipidemija, u\u017etikrinant sotumo jausm\u0105 ir sveik\u0105 gyvenimo b\u016bd\u0105.","breadcrumb":{"@id":"https:\/\/anivet.lt\/elparduotuve\/produktas\/specific-frd-pasaras-antsvorio-turincioms-katems\/#breadcrumb"},"inLanguage":"lt-LT","potentialAction":[{"@type":"ReadAction","target":["https:\/\/anivet.lt\/elparduotuve\/produktas\/specific-frd-pasaras-antsvorio-turincioms-katems\/"]}]},{"@type":"ImageObject","inLanguage":"lt-LT","@id":"https:\/\/anivet.lt\/elparduotuve\/produktas\/specific-frd-pasaras-antsvorio-turincioms-katems\/#primaryimage","url":"https:\/\/anivet.lt\/elparduotuve\/wp-content\/uploads\/2023\/09\/FRD.png","contentUrl":"https:\/\/anivet.lt\/elparduotuve\/wp-content\/uploads\/2023\/09\/FRD.png","width":1970,"height":2000,"caption":"SPECIFIC\u2122 FRD pa\u0161aras antsvorio turin\u010dioms kat\u0117ms"},{"@type":"BreadcrumbList","@id":"https:\/\/anivet.lt\/elparduotuve\/produktas\/specific-frd-pasaras-antsvorio-turincioms-katems\/#breadcrumb","itemListElement":[{"@type":"ListItem","position":1,"name":"Home","item":"https:\/\/anivet.lt\/elparduotuve\/"},{"@type":"ListItem","position":2,"name":"Produktai","item":"https:\/\/anivet.lt\/elparduotuve\/produktai\/"},{"@type":"ListItem","position":3,"name":"SPECIFIC\u2122 FRD pa\u0161aras antsvorio turin\u010dioms kat\u0117ms"}]},{"@type":"WebSite","@id":"https:\/\/anivet.lt\/elparduotuve\/#website","url":"https:\/\/anivet.lt\/elparduotuve\/","name":"anivet.lt","description":"Viskas J\u016bs\u0173 \u0161uns, kat\u0117s prie\u017ei\u016brai","publisher":{"@id":"https:\/\/anivet.lt\/elparduotuve\/#organization"},"alternateName":"Viskas J\u016bs\u0173 \u0161uns, kat\u0117s prie\u017ei\u016brai","potentialAction":[{"@type":"SearchAction","target":{"@type":"EntryPoint","urlTemplate":"https:\/\/anivet.lt\/elparduotuve\/?s={search_term_string}"},"query-input":{"@type":"PropertyValueSpecification","valueRequired":true,"valueName":"search_term_string"}}],"inLanguage":"lt-LT"},{"@type":"Organization","@id":"https:\/\/anivet.lt\/elparduotuve\/#organization","name":"Viskas J\u016bs\u0173 \u0161uns, kat\u0117s prie\u017ei\u016brai","url":"https:\/\/anivet.lt\/elparduotuve\/","logo":{"@type":"ImageObject","inLanguage":"lt-LT","@id":"https:\/\/anivet.lt\/elparduotuve\/#\/schema\/logo\/image\/","url":"https:\/\/anivet.lt\/elparduotuve\/wp-content\/uploads\/2023\/06\/logo2.jpg","contentUrl":"https:\/\/anivet.lt\/elparduotuve\/wp-content\/uploads\/2023\/06\/logo2.jpg","width":655,"height":194,"caption":"Viskas J\u016bs\u0173 \u0161uns, kat\u0117s prie\u017ei\u016brai"},"image":{"@id":"https:\/\/anivet.lt\/elparduotuve\/#\/schema\/logo\/image\/"}}]}},"_links":{"self":[{"href":"https:\/\/anivet.lt\/elparduotuve\/wp-json\/wp\/v2\/product\/11641","targetHints":{"allow":["GET"]}}],"collection":[{"href":"https:\/\/anivet.lt\/elparduotuve\/wp-json\/wp\/v2\/product"}],"about":[{"href":"https:\/\/anivet.lt\/elparduotuve\/wp-json\/wp\/v2\/types\/product"}],"wp:featuredmedia":[{"embeddable":true,"href":"https:\/\/anivet.lt\/elparduotuve\/wp-json\/wp\/v2\/media\/11642"}],"wp:attachment":[{"href":"https:\/\/anivet.lt\/elparduotuve\/wp-json\/wp\/v2\/media?parent=11641"}],"wp:term":[{"taxonomy":"product_brand","embeddable":true,"href":"https:\/\/anivet.lt\/elparduotuve\/wp-json\/wp\/v2\/product_brand?post=11641"},{"taxonomy":"product_cat","embeddable":true,"href":"https:\/\/anivet.lt\/elparduotuve\/wp-json\/wp\/v2\/product_cat?post=11641"},{"taxonomy":"product_tag","embeddable":true,"href":"https:\/\/anivet.lt\/elparduotuve\/wp-json\/wp\/v2\/product_tag?post=11641"}],"curies":[{"name":"wp","href":"https:\/\/api.w.org\/{rel}","templated":true}]}}