{"id":11646,"date":"2023-09-16T16:31:14","date_gmt":"2023-09-16T16:31:14","guid":{"rendered":"https:\/\/anivet.lt\/elparduotuve\/?post_type=product&#038;p=11646"},"modified":"2026-05-11T18:52:50","modified_gmt":"2026-05-11T18:52:50","slug":"specific-puppy-large-giant-breed","status":"publish","type":"product","link":"https:\/\/anivet.lt\/elparduotuve\/produktas\/specific-puppy-large-giant-breed\/","title":{"rendered":"SPECIFIC\u2122 CPD-XL did\u017ei\u0173j\u0173 ir giganti\u0161k\u0173 veisli\u0173 \u0161uniukams"},"content":{"rendered":"<ul>\n<li style=\"font-weight: 400;\" aria-level=\"1\"><span style=\"font-weight: 400;\">Tobulai subalansuotas sud\u0117tis: Energijos, baltym\u0173, vitamin\u0173 ir mineral\u0173 kiekis pritaikytas sveikam augimui ir skeleto formavimuisi.<\/span><\/li>\n<li style=\"font-weight: 400;\" aria-level=\"1\"><span style=\"font-weight: 400;\">Omega-3 riebal\u0173 r\u016bg\u0161tys: EPA ir DHA skatina s\u0105nari\u0173, odos, kailio, smegen\u0173 ir reg\u0117jimo organ\u0173 vystym\u0105si.<\/span><\/li>\n<li style=\"font-weight: 400;\" aria-level=\"1\"><span style=\"font-weight: 400;\">Sveikas vir\u0161kinimas: Runkeli\u0173 i\u0161spaudos ir gyslo\u010dio s\u0117kl\u0173 luobel\u0117s palaiko \u017earnyno mikrofloros balans\u0105 ir reguliuoja vir\u0161kinim\u0105.<\/span><\/li>\n<li style=\"font-weight: 400;\" aria-level=\"1\"><span style=\"font-weight: 400;\">Taurinas \u0161ird\u017eiai: U\u017etikrina \u0161irdies raumen\u0173 funkcij\u0105 ir sveik\u0105 med\u017eiag\u0173 apykait\u0105.<\/span><\/li>\n<li style=\"font-weight: 400;\" aria-level=\"1\"><span style=\"font-weight: 400;\">Specialiai pritaikyti gabaliukai: Skatina kramtym\u0105, prailgina valgymo trukm\u0119 ir suma\u017eina rijim\u0105.<\/span><\/li>\n<\/ul>\n<p><span style=\"font-weight: 400;\">\u0160is pa\u0161aras ne tik padeda u\u017etikrinti sveik\u0105 j\u016bs\u0173 \u0161uniuko augim\u0105, bet ir palaiko jo gerov\u0119 bei energij\u0105. Reguliarus naudojimas prisideda prie optimalaus vystymosi ir gyvenimo kokyb\u0117s gerinimo. Rekomenduojama atid\u017eiai steb\u0117ti \u0161uniuko augim\u0105 ir u\u017etikrinti, kad jis neb\u016bt\u0173 permaitinamas.<\/span><\/p>\n<h3><b>Nerekomenduojama:<\/b><\/h3>\n<ul>\n<li style=\"font-weight: 400;\" aria-level=\"1\"><span style=\"font-weight: 400;\">\u0160uningoms arba \u017eindan\u010dioms kal\u0117ms, <\/span><span style=\"font-weight: 400;\">nes turi ma\u017eiau energijos ir kalcio negu SPECIFIC\u2122 CPD-S Puppy Small Breed ir SPECIFIC\u2122 CPD-M Puppy Medium Breed. Tad did\u017ei\u0173j\u0173 ir giganti\u0161k\u0173 veisli\u0173 \u0161uningoms arba \u017eindan\u010dioms kal\u0117ms rekomenduojama duoti SPECIFIC\u2122 CPD-M Puppy Medium Breed.<\/span><\/li>\n<\/ul>\n","protected":false},"excerpt":{"rendered":"<p><span style=\"font-weight: 400;\">Specialiai sukurtas \u0117dalas atitinka augan\u010di\u0173 \u0161uniuk\u0173, kuri\u0173 suaugusio \u0161uns svoris vir\u0161ija 25 kg, unikalius mitybos poreikius. Jis padeda u\u017etikrinti sveik\u0105 vystym\u0105si nuo atjunkymo iki 80% suaugusio \u0161uns svorio pasiekimo.<\/span><\/p>\n","protected":false},"featured_media":11647,"template":"","meta":[],"product_brand":[],"product_cat":[101,103,104,321],"product_tag":[],"class_list":{"0":"post-11646","1":"product","2":"type-product","3":"status-publish","4":"has-post-thumbnail","6":"product_cat-sunims","7":"product_cat-sunu-maistas","8":"product_cat-sausas-maistas","9":"product_cat-specific-sunu-maistas","10":"pa_prekinis-zenklas-specific","12":"first","13":"instock","14":"sale","15":"taxable","16":"shipping-taxable","17":"purchasable","18":"product-type-variable"},"yoast_head":"<!-- This site is optimized with the Yoast SEO Premium plugin v27.1 (Yoast SEO v27.5) - https:\/\/yoast.com\/product\/yoast-seo-premium-wordpress\/ -->\n<title>SPECIFIC\u2122 CPD-XL did\u017ei\u0173j\u0173 ir giganti\u0161k\u0173 veisli\u0173 \u0161uniukams - anivet.lt<\/title>\n<meta name=\"description\" content=\"Specialiai sukurtas \u0117dalas atitinka augan\u010di\u0173 \u0161uniuk\u0173, kuri\u0173 suaugusio \u0161uns svoris vir\u0161ija 25 kg, unikalius mitybos poreikius. Jis padeda u\u017etikrinti sveik\u0105 vystym\u0105si nuo atjunkymo iki 80% suaugusio \u0161uns svorio pasiekimo.\" \/>\n<meta name=\"robots\" content=\"index, follow, max-snippet:-1, max-image-preview:large, max-video-preview:-1\" \/>\n<link rel=\"canonical\" href=\"https:\/\/anivet.lt\/elparduotuve\/produktas\/specific-puppy-large-giant-breed\/\" \/>\n<meta property=\"og:locale\" content=\"lt_LT\" \/>\n<meta property=\"og:type\" content=\"article\" \/>\n<meta property=\"og:title\" content=\"SPECIFIC\u2122 CPD-XL did\u017ei\u0173j\u0173 ir giganti\u0161k\u0173 veisli\u0173 \u0161uniukams\" \/>\n<meta property=\"og:description\" content=\"Specialiai sukurtas \u0117dalas atitinka augan\u010di\u0173 \u0161uniuk\u0173, kuri\u0173 suaugusio \u0161uns svoris vir\u0161ija 25 kg, unikalius mitybos poreikius. Jis padeda u\u017etikrinti sveik\u0105 vystym\u0105si nuo atjunkymo iki 80% suaugusio \u0161uns svorio pasiekimo.\" \/>\n<meta property=\"og:url\" content=\"https:\/\/anivet.lt\/elparduotuve\/produktas\/specific-puppy-large-giant-breed\/\" \/>\n<meta property=\"og:site_name\" content=\"anivet.lt\" \/>\n<meta property=\"article:modified_time\" content=\"2026-05-11T18:52:50+00:00\" \/>\n<meta property=\"og:image\" content=\"https:\/\/anivet.lt\/elparduotuve\/wp-content\/uploads\/2023\/09\/7Ikmgo71jgongLsOmhNRPWRl7Al315aKMejhrtEu.png\" \/>\n\t<meta property=\"og:image:width\" content=\"1822\" \/>\n\t<meta property=\"og:image:height\" content=\"2000\" \/>\n\t<meta property=\"og:image:type\" content=\"image\/png\" \/>\n<meta name=\"twitter:card\" content=\"summary_large_image\" \/>\n<meta name=\"twitter:label1\" content=\"Est. reading time\" \/>\n\t<meta name=\"twitter:data1\" content=\"1 minut\u0117\" \/>\n<script type=\"application\/ld+json\" class=\"yoast-schema-graph\">{\"@context\":\"https:\\\/\\\/schema.org\",\"@graph\":[{\"@type\":\"WebPage\",\"@id\":\"https:\\\/\\\/anivet.lt\\\/elparduotuve\\\/produktas\\\/specific-puppy-large-giant-breed\\\/\",\"url\":\"https:\\\/\\\/anivet.lt\\\/elparduotuve\\\/produktas\\\/specific-puppy-large-giant-breed\\\/\",\"name\":\"SPECIFIC\u2122 CPD-XL did\u017ei\u0173j\u0173 ir giganti\u0161k\u0173 veisli\u0173 \u0161uniukams - anivet.lt\",\"isPartOf\":{\"@id\":\"https:\\\/\\\/anivet.lt\\\/elparduotuve\\\/#website\"},\"primaryImageOfPage\":{\"@id\":\"https:\\\/\\\/anivet.lt\\\/elparduotuve\\\/produktas\\\/specific-puppy-large-giant-breed\\\/#primaryimage\"},\"image\":{\"@id\":\"https:\\\/\\\/anivet.lt\\\/elparduotuve\\\/produktas\\\/specific-puppy-large-giant-breed\\\/#primaryimage\"},\"thumbnailUrl\":\"https:\\\/\\\/anivet.lt\\\/elparduotuve\\\/wp-content\\\/uploads\\\/2023\\\/09\\\/7Ikmgo71jgongLsOmhNRPWRl7Al315aKMejhrtEu.png\",\"datePublished\":\"2023-09-16T16:31:14+00:00\",\"dateModified\":\"2026-05-11T18:52:50+00:00\",\"description\":\"Specialiai sukurtas \u0117dalas atitinka augan\u010di\u0173 \u0161uniuk\u0173, kuri\u0173 suaugusio \u0161uns svoris vir\u0161ija 25 kg, unikalius mitybos poreikius. Jis padeda u\u017etikrinti sveik\u0105 vystym\u0105si nuo atjunkymo iki 80% suaugusio \u0161uns svorio pasiekimo.\",\"breadcrumb\":{\"@id\":\"https:\\\/\\\/anivet.lt\\\/elparduotuve\\\/produktas\\\/specific-puppy-large-giant-breed\\\/#breadcrumb\"},\"inLanguage\":\"lt-LT\",\"potentialAction\":[{\"@type\":\"ReadAction\",\"target\":[\"https:\\\/\\\/anivet.lt\\\/elparduotuve\\\/produktas\\\/specific-puppy-large-giant-breed\\\/\"]}]},{\"@type\":\"ImageObject\",\"inLanguage\":\"lt-LT\",\"@id\":\"https:\\\/\\\/anivet.lt\\\/elparduotuve\\\/produktas\\\/specific-puppy-large-giant-breed\\\/#primaryimage\",\"url\":\"https:\\\/\\\/anivet.lt\\\/elparduotuve\\\/wp-content\\\/uploads\\\/2023\\\/09\\\/7Ikmgo71jgongLsOmhNRPWRl7Al315aKMejhrtEu.png\",\"contentUrl\":\"https:\\\/\\\/anivet.lt\\\/elparduotuve\\\/wp-content\\\/uploads\\\/2023\\\/09\\\/7Ikmgo71jgongLsOmhNRPWRl7Al315aKMejhrtEu.png\",\"width\":1822,\"height\":2000,\"caption\":\"SPECIFIC\u2122 CPD-XL did\u017ei\u0173j\u0173 ir giganti\u0161k\u0173 veisli\u0173 \u0161uniukams\"},{\"@type\":\"BreadcrumbList\",\"@id\":\"https:\\\/\\\/anivet.lt\\\/elparduotuve\\\/produktas\\\/specific-puppy-large-giant-breed\\\/#breadcrumb\",\"itemListElement\":[{\"@type\":\"ListItem\",\"position\":1,\"name\":\"Home\",\"item\":\"https:\\\/\\\/anivet.lt\\\/elparduotuve\\\/\"},{\"@type\":\"ListItem\",\"position\":2,\"name\":\"Produktai\",\"item\":\"https:\\\/\\\/anivet.lt\\\/elparduotuve\\\/produktai\\\/\"},{\"@type\":\"ListItem\",\"position\":3,\"name\":\"SPECIFIC\u2122 CPD-XL did\u017ei\u0173j\u0173 ir giganti\u0161k\u0173 veisli\u0173 \u0161uniukams\"}]},{\"@type\":\"WebSite\",\"@id\":\"https:\\\/\\\/anivet.lt\\\/elparduotuve\\\/#website\",\"url\":\"https:\\\/\\\/anivet.lt\\\/elparduotuve\\\/\",\"name\":\"anivet.lt\",\"description\":\"Viskas J\u016bs\u0173 \u0161uns, kat\u0117s prie\u017ei\u016brai\",\"publisher\":{\"@id\":\"https:\\\/\\\/anivet.lt\\\/elparduotuve\\\/#organization\"},\"alternateName\":\"Viskas J\u016bs\u0173 \u0161uns, kat\u0117s prie\u017ei\u016brai\",\"potentialAction\":[{\"@type\":\"SearchAction\",\"target\":{\"@type\":\"EntryPoint\",\"urlTemplate\":\"https:\\\/\\\/anivet.lt\\\/elparduotuve\\\/?s={search_term_string}\"},\"query-input\":{\"@type\":\"PropertyValueSpecification\",\"valueRequired\":true,\"valueName\":\"search_term_string\"}}],\"inLanguage\":\"lt-LT\"},{\"@type\":\"Organization\",\"@id\":\"https:\\\/\\\/anivet.lt\\\/elparduotuve\\\/#organization\",\"name\":\"Viskas J\u016bs\u0173 \u0161uns, kat\u0117s prie\u017ei\u016brai\",\"url\":\"https:\\\/\\\/anivet.lt\\\/elparduotuve\\\/\",\"logo\":{\"@type\":\"ImageObject\",\"inLanguage\":\"lt-LT\",\"@id\":\"https:\\\/\\\/anivet.lt\\\/elparduotuve\\\/#\\\/schema\\\/logo\\\/image\\\/\",\"url\":\"https:\\\/\\\/anivet.lt\\\/elparduotuve\\\/wp-content\\\/uploads\\\/2023\\\/06\\\/logo2.jpg\",\"contentUrl\":\"https:\\\/\\\/anivet.lt\\\/elparduotuve\\\/wp-content\\\/uploads\\\/2023\\\/06\\\/logo2.jpg\",\"width\":655,\"height\":194,\"caption\":\"Viskas J\u016bs\u0173 \u0161uns, kat\u0117s prie\u017ei\u016brai\"},\"image\":{\"@id\":\"https:\\\/\\\/anivet.lt\\\/elparduotuve\\\/#\\\/schema\\\/logo\\\/image\\\/\"}}]}<\/script>\n<!-- \/ Yoast SEO Premium plugin. -->","yoast_head_json":{"title":"SPECIFIC\u2122 CPD-XL did\u017ei\u0173j\u0173 ir giganti\u0161k\u0173 veisli\u0173 \u0161uniukams - anivet.lt","description":"Specialiai sukurtas \u0117dalas atitinka augan\u010di\u0173 \u0161uniuk\u0173, kuri\u0173 suaugusio \u0161uns svoris vir\u0161ija 25 kg, unikalius mitybos poreikius. Jis padeda u\u017etikrinti sveik\u0105 vystym\u0105si nuo atjunkymo iki 80% suaugusio \u0161uns svorio pasiekimo.","robots":{"index":"index","follow":"follow","max-snippet":"max-snippet:-1","max-image-preview":"max-image-preview:large","max-video-preview":"max-video-preview:-1"},"canonical":"https:\/\/anivet.lt\/elparduotuve\/produktas\/specific-puppy-large-giant-breed\/","og_locale":"lt_LT","og_type":"article","og_title":"SPECIFIC\u2122 CPD-XL did\u017ei\u0173j\u0173 ir giganti\u0161k\u0173 veisli\u0173 \u0161uniukams","og_description":"Specialiai sukurtas \u0117dalas atitinka augan\u010di\u0173 \u0161uniuk\u0173, kuri\u0173 suaugusio \u0161uns svoris vir\u0161ija 25 kg, unikalius mitybos poreikius. Jis padeda u\u017etikrinti sveik\u0105 vystym\u0105si nuo atjunkymo iki 80% suaugusio \u0161uns svorio pasiekimo.","og_url":"https:\/\/anivet.lt\/elparduotuve\/produktas\/specific-puppy-large-giant-breed\/","og_site_name":"anivet.lt","article_modified_time":"2026-05-11T18:52:50+00:00","og_image":[{"width":1822,"height":2000,"url":"https:\/\/anivet.lt\/elparduotuve\/wp-content\/uploads\/2023\/09\/7Ikmgo71jgongLsOmhNRPWRl7Al315aKMejhrtEu.png","type":"image\/png"}],"twitter_card":"summary_large_image","twitter_misc":{"Est. reading time":"1 minut\u0117"},"schema":{"@context":"https:\/\/schema.org","@graph":[{"@type":"WebPage","@id":"https:\/\/anivet.lt\/elparduotuve\/produktas\/specific-puppy-large-giant-breed\/","url":"https:\/\/anivet.lt\/elparduotuve\/produktas\/specific-puppy-large-giant-breed\/","name":"SPECIFIC\u2122 CPD-XL did\u017ei\u0173j\u0173 ir giganti\u0161k\u0173 veisli\u0173 \u0161uniukams - anivet.lt","isPartOf":{"@id":"https:\/\/anivet.lt\/elparduotuve\/#website"},"primaryImageOfPage":{"@id":"https:\/\/anivet.lt\/elparduotuve\/produktas\/specific-puppy-large-giant-breed\/#primaryimage"},"image":{"@id":"https:\/\/anivet.lt\/elparduotuve\/produktas\/specific-puppy-large-giant-breed\/#primaryimage"},"thumbnailUrl":"https:\/\/anivet.lt\/elparduotuve\/wp-content\/uploads\/2023\/09\/7Ikmgo71jgongLsOmhNRPWRl7Al315aKMejhrtEu.png","datePublished":"2023-09-16T16:31:14+00:00","dateModified":"2026-05-11T18:52:50+00:00","description":"Specialiai sukurtas \u0117dalas atitinka augan\u010di\u0173 \u0161uniuk\u0173, kuri\u0173 suaugusio \u0161uns svoris vir\u0161ija 25 kg, unikalius mitybos poreikius. Jis padeda u\u017etikrinti sveik\u0105 vystym\u0105si nuo atjunkymo iki 80% suaugusio \u0161uns svorio pasiekimo.","breadcrumb":{"@id":"https:\/\/anivet.lt\/elparduotuve\/produktas\/specific-puppy-large-giant-breed\/#breadcrumb"},"inLanguage":"lt-LT","potentialAction":[{"@type":"ReadAction","target":["https:\/\/anivet.lt\/elparduotuve\/produktas\/specific-puppy-large-giant-breed\/"]}]},{"@type":"ImageObject","inLanguage":"lt-LT","@id":"https:\/\/anivet.lt\/elparduotuve\/produktas\/specific-puppy-large-giant-breed\/#primaryimage","url":"https:\/\/anivet.lt\/elparduotuve\/wp-content\/uploads\/2023\/09\/7Ikmgo71jgongLsOmhNRPWRl7Al315aKMejhrtEu.png","contentUrl":"https:\/\/anivet.lt\/elparduotuve\/wp-content\/uploads\/2023\/09\/7Ikmgo71jgongLsOmhNRPWRl7Al315aKMejhrtEu.png","width":1822,"height":2000,"caption":"SPECIFIC\u2122 CPD-XL did\u017ei\u0173j\u0173 ir giganti\u0161k\u0173 veisli\u0173 \u0161uniukams"},{"@type":"BreadcrumbList","@id":"https:\/\/anivet.lt\/elparduotuve\/produktas\/specific-puppy-large-giant-breed\/#breadcrumb","itemListElement":[{"@type":"ListItem","position":1,"name":"Home","item":"https:\/\/anivet.lt\/elparduotuve\/"},{"@type":"ListItem","position":2,"name":"Produktai","item":"https:\/\/anivet.lt\/elparduotuve\/produktai\/"},{"@type":"ListItem","position":3,"name":"SPECIFIC\u2122 CPD-XL did\u017ei\u0173j\u0173 ir giganti\u0161k\u0173 veisli\u0173 \u0161uniukams"}]},{"@type":"WebSite","@id":"https:\/\/anivet.lt\/elparduotuve\/#website","url":"https:\/\/anivet.lt\/elparduotuve\/","name":"anivet.lt","description":"Viskas J\u016bs\u0173 \u0161uns, kat\u0117s prie\u017ei\u016brai","publisher":{"@id":"https:\/\/anivet.lt\/elparduotuve\/#organization"},"alternateName":"Viskas J\u016bs\u0173 \u0161uns, kat\u0117s prie\u017ei\u016brai","potentialAction":[{"@type":"SearchAction","target":{"@type":"EntryPoint","urlTemplate":"https:\/\/anivet.lt\/elparduotuve\/?s={search_term_string}"},"query-input":{"@type":"PropertyValueSpecification","valueRequired":true,"valueName":"search_term_string"}}],"inLanguage":"lt-LT"},{"@type":"Organization","@id":"https:\/\/anivet.lt\/elparduotuve\/#organization","name":"Viskas J\u016bs\u0173 \u0161uns, kat\u0117s prie\u017ei\u016brai","url":"https:\/\/anivet.lt\/elparduotuve\/","logo":{"@type":"ImageObject","inLanguage":"lt-LT","@id":"https:\/\/anivet.lt\/elparduotuve\/#\/schema\/logo\/image\/","url":"https:\/\/anivet.lt\/elparduotuve\/wp-content\/uploads\/2023\/06\/logo2.jpg","contentUrl":"https:\/\/anivet.lt\/elparduotuve\/wp-content\/uploads\/2023\/06\/logo2.jpg","width":655,"height":194,"caption":"Viskas J\u016bs\u0173 \u0161uns, kat\u0117s prie\u017ei\u016brai"},"image":{"@id":"https:\/\/anivet.lt\/elparduotuve\/#\/schema\/logo\/image\/"}}]}},"_links":{"self":[{"href":"https:\/\/anivet.lt\/elparduotuve\/wp-json\/wp\/v2\/product\/11646","targetHints":{"allow":["GET"]}}],"collection":[{"href":"https:\/\/anivet.lt\/elparduotuve\/wp-json\/wp\/v2\/product"}],"about":[{"href":"https:\/\/anivet.lt\/elparduotuve\/wp-json\/wp\/v2\/types\/product"}],"wp:featuredmedia":[{"embeddable":true,"href":"https:\/\/anivet.lt\/elparduotuve\/wp-json\/wp\/v2\/media\/11647"}],"wp:attachment":[{"href":"https:\/\/anivet.lt\/elparduotuve\/wp-json\/wp\/v2\/media?parent=11646"}],"wp:term":[{"taxonomy":"product_brand","embeddable":true,"href":"https:\/\/anivet.lt\/elparduotuve\/wp-json\/wp\/v2\/product_brand?post=11646"},{"taxonomy":"product_cat","embeddable":true,"href":"https:\/\/anivet.lt\/elparduotuve\/wp-json\/wp\/v2\/product_cat?post=11646"},{"taxonomy":"product_tag","embeddable":true,"href":"https:\/\/anivet.lt\/elparduotuve\/wp-json\/wp\/v2\/product_tag?post=11646"}],"curies":[{"name":"wp","href":"https:\/\/api.w.org\/{rel}","templated":true}]}}