{"id":11650,"date":"2023-09-16T16:41:38","date_gmt":"2023-09-16T16:41:38","guid":{"rendered":"https:\/\/anivet.lt\/elparduotuve\/?post_type=product&#038;p=11650"},"modified":"2026-02-02T18:27:27","modified_gmt":"2026-02-02T18:27:27","slug":"specific-fed-dm-pasaras-katems-turincioms-endokrininiu-sutrikimu","status":"publish","type":"product","link":"https:\/\/anivet.lt\/elparduotuve\/produktas\/specific-fed-dm-pasaras-katems-turincioms-endokrininiu-sutrikimu\/","title":{"rendered":"SPECIFIC\u2122 FED-DM pa\u0161aras kat\u0117ms, turin\u010dioms endokrinini\u0173 sutrikim\u0173"},"content":{"rendered":"<ul>\n<li style=\"font-weight: 400;\" aria-level=\"1\"><span style=\"font-weight: 400;\">Padidintas baltym\u0173 ir ma\u017eas angliavandeni\u0173 kiekis: Baltymai aktyvina insulino i\u0161siskyrim\u0105, o ma\u017eo glikemijos indekso angliavandeniai ma\u017eina hiperglikemij\u0105 po valgio.<\/span><\/li>\n<li style=\"font-weight: 400;\" aria-level=\"1\"><span style=\"font-weight: 400;\">Auk\u0161tas omega-3 riebal\u0173 r\u016bg\u0161\u010di\u0173 kiekis: Padeda valdyti u\u017edegiminius procesus, didina jautrum\u0105 insulinui ir palaiko normalius triglicerid\u0173 kiekius.<\/span><\/li>\n<li style=\"font-weight: 400;\" aria-level=\"1\"><span style=\"font-weight: 400;\">Didelis antioksidant\u0173 kiekis: Vitaminai A, E ir vaisi\u0173 ekstraktai neutralizuoja oksidacin\u012f stres\u0105, ma\u017eindami diabeto komplikacij\u0173 rizik\u0105.<\/span><\/li>\n<li style=\"font-weight: 400;\" aria-level=\"1\"><span style=\"font-weight: 400;\">Praturtintas fermentin\u0117mis skaidulomis: FOS ir l\u0105steliena gerina \u017earnyno veikl\u0105 bei skatina sveik\u0173 bakterij\u0173 augim\u0105.<\/span><\/li>\n<li style=\"font-weight: 400;\" aria-level=\"1\"><span style=\"font-weight: 400;\">Raumen\u0173 mas\u0117s palaikymas: D\u0117l didelio baltym\u0173 kiekio tinkamas kat\u0117ms su nykstan\u010dia raumenine mase ar hipertiroidizmu.<\/span><\/li>\n<\/ul>\n<p><span style=\"font-weight: 400;\">\u0160is pa\u0161aras ne tik padeda valdyti diabet\u0105 ir susijusias sveikatos problemas, bet ir u\u017etikrina subalansuot\u0105 mityb\u0105 bei energij\u0105 j\u016bs\u0173 katei. Reguliarus vartojimas gali prisid\u0117ti prie geresn\u0117s gyvenimo kokyb\u0117s ir ilgalaik\u0117s sveikatos palaikymo.<\/span><\/p>\n","protected":false},"excerpt":{"rendered":"<p><span style=\"font-weight: 400;\">Subalansuotas sprendimas kat\u0117ms, turin\u010dioms endokrinini\u0173 sutrikim\u0173. \u0160is pilnavertis sausas pa\u0161aras sukurtas specialiai kat\u0117ms, sergan\u010dioms cukriniu diabetu, pankreatitu ar ken\u010dian\u010dioms d\u0117l raumenin\u0117s mas\u0117s nykimo. Optimaliai pritaikyta sud\u0117tis padeda palaikyti bendr\u0105 sveikat\u0105 ir ger\u0105 savijaut\u0105.<\/span><\/p>\n","protected":false},"featured_media":11651,"template":"","meta":[],"product_brand":[],"product_cat":[114,102,118,326],"product_tag":[],"class_list":{"0":"post-11650","1":"product","2":"type-product","3":"status-publish","4":"has-post-thumbnail","6":"product_cat-kaciu-maistas","7":"product_cat-katems","8":"product_cat-veterinarinis-maistas-katems","9":"product_cat-specific-kaciu-maistas","10":"pa_prekinis-zenklas-specific","12":"first","13":"instock","14":"taxable","15":"shipping-taxable","16":"purchasable","17":"product-type-simple"},"yoast_head":"<!-- This site is optimized with the Yoast SEO Premium plugin v27.1 (Yoast SEO v27.5) - https:\/\/yoast.com\/product\/yoast-seo-premium-wordpress\/ -->\n<title>SPECIFIC\u2122 FED-DM pa\u0161aras kat\u0117ms, turin\u010dioms endokrinini\u0173 sutrikim\u0173 - anivet.lt<\/title>\n<meta name=\"description\" content=\"Subalansuotas sprendimas kat\u0117ms, turin\u010dioms endokrinini\u0173 sutrikim\u0173. \u0160is pilnavertis sausas pa\u0161aras sukurtas specialiai kat\u0117ms, sergan\u010dioms cukriniu diabetu, pankreatitu ar ken\u010dian\u010dioms d\u0117l raumenin\u0117s mas\u0117s nykimo. Optimaliai pritaikyta sud\u0117tis padeda palaikyti bendr\u0105 sveikat\u0105 ir ger\u0105 savijaut\u0105.\" \/>\n<meta name=\"robots\" content=\"index, follow, max-snippet:-1, max-image-preview:large, max-video-preview:-1\" \/>\n<link rel=\"canonical\" href=\"https:\/\/anivet.lt\/elparduotuve\/produktas\/specific-fed-dm-pasaras-katems-turincioms-endokrininiu-sutrikimu\/\" \/>\n<meta property=\"og:locale\" content=\"lt_LT\" \/>\n<meta property=\"og:type\" content=\"article\" \/>\n<meta property=\"og:title\" content=\"SPECIFIC\u2122 FED-DM pa\u0161aras kat\u0117ms, turin\u010dioms endokrinini\u0173 sutrikim\u0173\" \/>\n<meta property=\"og:description\" content=\"Subalansuotas sprendimas kat\u0117ms, turin\u010dioms endokrinini\u0173 sutrikim\u0173. \u0160is pilnavertis sausas pa\u0161aras sukurtas specialiai kat\u0117ms, sergan\u010dioms cukriniu diabetu, pankreatitu ar ken\u010dian\u010dioms d\u0117l raumenin\u0117s mas\u0117s nykimo. Optimaliai pritaikyta sud\u0117tis padeda palaikyti bendr\u0105 sveikat\u0105 ir ger\u0105 savijaut\u0105.\" \/>\n<meta property=\"og:url\" content=\"https:\/\/anivet.lt\/elparduotuve\/produktas\/specific-fed-dm-pasaras-katems-turincioms-endokrininiu-sutrikimu\/\" \/>\n<meta property=\"og:site_name\" content=\"anivet.lt\" \/>\n<meta property=\"article:modified_time\" content=\"2026-02-02T18:27:27+00:00\" \/>\n<meta property=\"og:image\" content=\"https:\/\/anivet.lt\/elparduotuve\/wp-content\/uploads\/2023\/09\/FED-DM.png\" \/>\n\t<meta property=\"og:image:width\" content=\"1970\" \/>\n\t<meta property=\"og:image:height\" content=\"2000\" \/>\n\t<meta property=\"og:image:type\" content=\"image\/png\" \/>\n<meta name=\"twitter:card\" content=\"summary_large_image\" \/>\n<meta name=\"twitter:label1\" content=\"Est. reading time\" \/>\n\t<meta name=\"twitter:data1\" content=\"1 minut\u0117\" \/>\n<script type=\"application\/ld+json\" class=\"yoast-schema-graph\">{\"@context\":\"https:\\\/\\\/schema.org\",\"@graph\":[{\"@type\":\"WebPage\",\"@id\":\"https:\\\/\\\/anivet.lt\\\/elparduotuve\\\/produktas\\\/specific-fed-dm-pasaras-katems-turincioms-endokrininiu-sutrikimu\\\/\",\"url\":\"https:\\\/\\\/anivet.lt\\\/elparduotuve\\\/produktas\\\/specific-fed-dm-pasaras-katems-turincioms-endokrininiu-sutrikimu\\\/\",\"name\":\"SPECIFIC\u2122 FED-DM pa\u0161aras kat\u0117ms, turin\u010dioms endokrinini\u0173 sutrikim\u0173 - anivet.lt\",\"isPartOf\":{\"@id\":\"https:\\\/\\\/anivet.lt\\\/elparduotuve\\\/#website\"},\"primaryImageOfPage\":{\"@id\":\"https:\\\/\\\/anivet.lt\\\/elparduotuve\\\/produktas\\\/specific-fed-dm-pasaras-katems-turincioms-endokrininiu-sutrikimu\\\/#primaryimage\"},\"image\":{\"@id\":\"https:\\\/\\\/anivet.lt\\\/elparduotuve\\\/produktas\\\/specific-fed-dm-pasaras-katems-turincioms-endokrininiu-sutrikimu\\\/#primaryimage\"},\"thumbnailUrl\":\"https:\\\/\\\/anivet.lt\\\/elparduotuve\\\/wp-content\\\/uploads\\\/2023\\\/09\\\/FED-DM.png\",\"datePublished\":\"2023-09-16T16:41:38+00:00\",\"dateModified\":\"2026-02-02T18:27:27+00:00\",\"description\":\"Subalansuotas sprendimas kat\u0117ms, turin\u010dioms endokrinini\u0173 sutrikim\u0173. \u0160is pilnavertis sausas pa\u0161aras sukurtas specialiai kat\u0117ms, sergan\u010dioms cukriniu diabetu, pankreatitu ar ken\u010dian\u010dioms d\u0117l raumenin\u0117s mas\u0117s nykimo. Optimaliai pritaikyta sud\u0117tis padeda palaikyti bendr\u0105 sveikat\u0105 ir ger\u0105 savijaut\u0105.\",\"breadcrumb\":{\"@id\":\"https:\\\/\\\/anivet.lt\\\/elparduotuve\\\/produktas\\\/specific-fed-dm-pasaras-katems-turincioms-endokrininiu-sutrikimu\\\/#breadcrumb\"},\"inLanguage\":\"lt-LT\",\"potentialAction\":[{\"@type\":\"ReadAction\",\"target\":[\"https:\\\/\\\/anivet.lt\\\/elparduotuve\\\/produktas\\\/specific-fed-dm-pasaras-katems-turincioms-endokrininiu-sutrikimu\\\/\"]}]},{\"@type\":\"ImageObject\",\"inLanguage\":\"lt-LT\",\"@id\":\"https:\\\/\\\/anivet.lt\\\/elparduotuve\\\/produktas\\\/specific-fed-dm-pasaras-katems-turincioms-endokrininiu-sutrikimu\\\/#primaryimage\",\"url\":\"https:\\\/\\\/anivet.lt\\\/elparduotuve\\\/wp-content\\\/uploads\\\/2023\\\/09\\\/FED-DM.png\",\"contentUrl\":\"https:\\\/\\\/anivet.lt\\\/elparduotuve\\\/wp-content\\\/uploads\\\/2023\\\/09\\\/FED-DM.png\",\"width\":1970,\"height\":2000,\"caption\":\"SPECIFIC\u2122 FED-DM pa\u0161aras kat\u0117ms, turin\u010dioms endokrinini\u0173 sutrikim\u0173\"},{\"@type\":\"BreadcrumbList\",\"@id\":\"https:\\\/\\\/anivet.lt\\\/elparduotuve\\\/produktas\\\/specific-fed-dm-pasaras-katems-turincioms-endokrininiu-sutrikimu\\\/#breadcrumb\",\"itemListElement\":[{\"@type\":\"ListItem\",\"position\":1,\"name\":\"Home\",\"item\":\"https:\\\/\\\/anivet.lt\\\/elparduotuve\\\/\"},{\"@type\":\"ListItem\",\"position\":2,\"name\":\"Produktai\",\"item\":\"https:\\\/\\\/anivet.lt\\\/elparduotuve\\\/produktai\\\/\"},{\"@type\":\"ListItem\",\"position\":3,\"name\":\"SPECIFIC\u2122 FED-DM pa\u0161aras kat\u0117ms, turin\u010dioms endokrinini\u0173 sutrikim\u0173\"}]},{\"@type\":\"WebSite\",\"@id\":\"https:\\\/\\\/anivet.lt\\\/elparduotuve\\\/#website\",\"url\":\"https:\\\/\\\/anivet.lt\\\/elparduotuve\\\/\",\"name\":\"anivet.lt\",\"description\":\"Viskas J\u016bs\u0173 \u0161uns, kat\u0117s prie\u017ei\u016brai\",\"publisher\":{\"@id\":\"https:\\\/\\\/anivet.lt\\\/elparduotuve\\\/#organization\"},\"alternateName\":\"Viskas J\u016bs\u0173 \u0161uns, kat\u0117s prie\u017ei\u016brai\",\"potentialAction\":[{\"@type\":\"SearchAction\",\"target\":{\"@type\":\"EntryPoint\",\"urlTemplate\":\"https:\\\/\\\/anivet.lt\\\/elparduotuve\\\/?s={search_term_string}\"},\"query-input\":{\"@type\":\"PropertyValueSpecification\",\"valueRequired\":true,\"valueName\":\"search_term_string\"}}],\"inLanguage\":\"lt-LT\"},{\"@type\":\"Organization\",\"@id\":\"https:\\\/\\\/anivet.lt\\\/elparduotuve\\\/#organization\",\"name\":\"Viskas J\u016bs\u0173 \u0161uns, kat\u0117s prie\u017ei\u016brai\",\"url\":\"https:\\\/\\\/anivet.lt\\\/elparduotuve\\\/\",\"logo\":{\"@type\":\"ImageObject\",\"inLanguage\":\"lt-LT\",\"@id\":\"https:\\\/\\\/anivet.lt\\\/elparduotuve\\\/#\\\/schema\\\/logo\\\/image\\\/\",\"url\":\"https:\\\/\\\/anivet.lt\\\/elparduotuve\\\/wp-content\\\/uploads\\\/2023\\\/06\\\/logo2.jpg\",\"contentUrl\":\"https:\\\/\\\/anivet.lt\\\/elparduotuve\\\/wp-content\\\/uploads\\\/2023\\\/06\\\/logo2.jpg\",\"width\":655,\"height\":194,\"caption\":\"Viskas J\u016bs\u0173 \u0161uns, kat\u0117s prie\u017ei\u016brai\"},\"image\":{\"@id\":\"https:\\\/\\\/anivet.lt\\\/elparduotuve\\\/#\\\/schema\\\/logo\\\/image\\\/\"}}]}<\/script>\n<!-- \/ Yoast SEO Premium plugin. -->","yoast_head_json":{"title":"SPECIFIC\u2122 FED-DM pa\u0161aras kat\u0117ms, turin\u010dioms endokrinini\u0173 sutrikim\u0173 - anivet.lt","description":"Subalansuotas sprendimas kat\u0117ms, turin\u010dioms endokrinini\u0173 sutrikim\u0173. \u0160is pilnavertis sausas pa\u0161aras sukurtas specialiai kat\u0117ms, sergan\u010dioms cukriniu diabetu, pankreatitu ar ken\u010dian\u010dioms d\u0117l raumenin\u0117s mas\u0117s nykimo. Optimaliai pritaikyta sud\u0117tis padeda palaikyti bendr\u0105 sveikat\u0105 ir ger\u0105 savijaut\u0105.","robots":{"index":"index","follow":"follow","max-snippet":"max-snippet:-1","max-image-preview":"max-image-preview:large","max-video-preview":"max-video-preview:-1"},"canonical":"https:\/\/anivet.lt\/elparduotuve\/produktas\/specific-fed-dm-pasaras-katems-turincioms-endokrininiu-sutrikimu\/","og_locale":"lt_LT","og_type":"article","og_title":"SPECIFIC\u2122 FED-DM pa\u0161aras kat\u0117ms, turin\u010dioms endokrinini\u0173 sutrikim\u0173","og_description":"Subalansuotas sprendimas kat\u0117ms, turin\u010dioms endokrinini\u0173 sutrikim\u0173. \u0160is pilnavertis sausas pa\u0161aras sukurtas specialiai kat\u0117ms, sergan\u010dioms cukriniu diabetu, pankreatitu ar ken\u010dian\u010dioms d\u0117l raumenin\u0117s mas\u0117s nykimo. Optimaliai pritaikyta sud\u0117tis padeda palaikyti bendr\u0105 sveikat\u0105 ir ger\u0105 savijaut\u0105.","og_url":"https:\/\/anivet.lt\/elparduotuve\/produktas\/specific-fed-dm-pasaras-katems-turincioms-endokrininiu-sutrikimu\/","og_site_name":"anivet.lt","article_modified_time":"2026-02-02T18:27:27+00:00","og_image":[{"width":1970,"height":2000,"url":"https:\/\/anivet.lt\/elparduotuve\/wp-content\/uploads\/2023\/09\/FED-DM.png","type":"image\/png"}],"twitter_card":"summary_large_image","twitter_misc":{"Est. reading time":"1 minut\u0117"},"schema":{"@context":"https:\/\/schema.org","@graph":[{"@type":"WebPage","@id":"https:\/\/anivet.lt\/elparduotuve\/produktas\/specific-fed-dm-pasaras-katems-turincioms-endokrininiu-sutrikimu\/","url":"https:\/\/anivet.lt\/elparduotuve\/produktas\/specific-fed-dm-pasaras-katems-turincioms-endokrininiu-sutrikimu\/","name":"SPECIFIC\u2122 FED-DM pa\u0161aras kat\u0117ms, turin\u010dioms endokrinini\u0173 sutrikim\u0173 - anivet.lt","isPartOf":{"@id":"https:\/\/anivet.lt\/elparduotuve\/#website"},"primaryImageOfPage":{"@id":"https:\/\/anivet.lt\/elparduotuve\/produktas\/specific-fed-dm-pasaras-katems-turincioms-endokrininiu-sutrikimu\/#primaryimage"},"image":{"@id":"https:\/\/anivet.lt\/elparduotuve\/produktas\/specific-fed-dm-pasaras-katems-turincioms-endokrininiu-sutrikimu\/#primaryimage"},"thumbnailUrl":"https:\/\/anivet.lt\/elparduotuve\/wp-content\/uploads\/2023\/09\/FED-DM.png","datePublished":"2023-09-16T16:41:38+00:00","dateModified":"2026-02-02T18:27:27+00:00","description":"Subalansuotas sprendimas kat\u0117ms, turin\u010dioms endokrinini\u0173 sutrikim\u0173. \u0160is pilnavertis sausas pa\u0161aras sukurtas specialiai kat\u0117ms, sergan\u010dioms cukriniu diabetu, pankreatitu ar ken\u010dian\u010dioms d\u0117l raumenin\u0117s mas\u0117s nykimo. Optimaliai pritaikyta sud\u0117tis padeda palaikyti bendr\u0105 sveikat\u0105 ir ger\u0105 savijaut\u0105.","breadcrumb":{"@id":"https:\/\/anivet.lt\/elparduotuve\/produktas\/specific-fed-dm-pasaras-katems-turincioms-endokrininiu-sutrikimu\/#breadcrumb"},"inLanguage":"lt-LT","potentialAction":[{"@type":"ReadAction","target":["https:\/\/anivet.lt\/elparduotuve\/produktas\/specific-fed-dm-pasaras-katems-turincioms-endokrininiu-sutrikimu\/"]}]},{"@type":"ImageObject","inLanguage":"lt-LT","@id":"https:\/\/anivet.lt\/elparduotuve\/produktas\/specific-fed-dm-pasaras-katems-turincioms-endokrininiu-sutrikimu\/#primaryimage","url":"https:\/\/anivet.lt\/elparduotuve\/wp-content\/uploads\/2023\/09\/FED-DM.png","contentUrl":"https:\/\/anivet.lt\/elparduotuve\/wp-content\/uploads\/2023\/09\/FED-DM.png","width":1970,"height":2000,"caption":"SPECIFIC\u2122 FED-DM pa\u0161aras kat\u0117ms, turin\u010dioms endokrinini\u0173 sutrikim\u0173"},{"@type":"BreadcrumbList","@id":"https:\/\/anivet.lt\/elparduotuve\/produktas\/specific-fed-dm-pasaras-katems-turincioms-endokrininiu-sutrikimu\/#breadcrumb","itemListElement":[{"@type":"ListItem","position":1,"name":"Home","item":"https:\/\/anivet.lt\/elparduotuve\/"},{"@type":"ListItem","position":2,"name":"Produktai","item":"https:\/\/anivet.lt\/elparduotuve\/produktai\/"},{"@type":"ListItem","position":3,"name":"SPECIFIC\u2122 FED-DM pa\u0161aras kat\u0117ms, turin\u010dioms endokrinini\u0173 sutrikim\u0173"}]},{"@type":"WebSite","@id":"https:\/\/anivet.lt\/elparduotuve\/#website","url":"https:\/\/anivet.lt\/elparduotuve\/","name":"anivet.lt","description":"Viskas J\u016bs\u0173 \u0161uns, kat\u0117s prie\u017ei\u016brai","publisher":{"@id":"https:\/\/anivet.lt\/elparduotuve\/#organization"},"alternateName":"Viskas J\u016bs\u0173 \u0161uns, kat\u0117s prie\u017ei\u016brai","potentialAction":[{"@type":"SearchAction","target":{"@type":"EntryPoint","urlTemplate":"https:\/\/anivet.lt\/elparduotuve\/?s={search_term_string}"},"query-input":{"@type":"PropertyValueSpecification","valueRequired":true,"valueName":"search_term_string"}}],"inLanguage":"lt-LT"},{"@type":"Organization","@id":"https:\/\/anivet.lt\/elparduotuve\/#organization","name":"Viskas J\u016bs\u0173 \u0161uns, kat\u0117s prie\u017ei\u016brai","url":"https:\/\/anivet.lt\/elparduotuve\/","logo":{"@type":"ImageObject","inLanguage":"lt-LT","@id":"https:\/\/anivet.lt\/elparduotuve\/#\/schema\/logo\/image\/","url":"https:\/\/anivet.lt\/elparduotuve\/wp-content\/uploads\/2023\/06\/logo2.jpg","contentUrl":"https:\/\/anivet.lt\/elparduotuve\/wp-content\/uploads\/2023\/06\/logo2.jpg","width":655,"height":194,"caption":"Viskas J\u016bs\u0173 \u0161uns, kat\u0117s prie\u017ei\u016brai"},"image":{"@id":"https:\/\/anivet.lt\/elparduotuve\/#\/schema\/logo\/image\/"}}]}},"_links":{"self":[{"href":"https:\/\/anivet.lt\/elparduotuve\/wp-json\/wp\/v2\/product\/11650","targetHints":{"allow":["GET"]}}],"collection":[{"href":"https:\/\/anivet.lt\/elparduotuve\/wp-json\/wp\/v2\/product"}],"about":[{"href":"https:\/\/anivet.lt\/elparduotuve\/wp-json\/wp\/v2\/types\/product"}],"wp:featuredmedia":[{"embeddable":true,"href":"https:\/\/anivet.lt\/elparduotuve\/wp-json\/wp\/v2\/media\/11651"}],"wp:attachment":[{"href":"https:\/\/anivet.lt\/elparduotuve\/wp-json\/wp\/v2\/media?parent=11650"}],"wp:term":[{"taxonomy":"product_brand","embeddable":true,"href":"https:\/\/anivet.lt\/elparduotuve\/wp-json\/wp\/v2\/product_brand?post=11650"},{"taxonomy":"product_cat","embeddable":true,"href":"https:\/\/anivet.lt\/elparduotuve\/wp-json\/wp\/v2\/product_cat?post=11650"},{"taxonomy":"product_tag","embeddable":true,"href":"https:\/\/anivet.lt\/elparduotuve\/wp-json\/wp\/v2\/product_tag?post=11650"}],"curies":[{"name":"wp","href":"https:\/\/api.w.org\/{rel}","templated":true}]}}