{"id":11708,"date":"2023-09-19T10:29:09","date_gmt":"2023-09-19T10:29:09","guid":{"rendered":"https:\/\/anivet.lt\/elparduotuve\/?post_type=product&#038;p=11708"},"modified":"2026-05-11T18:42:57","modified_gmt":"2026-05-11T18:42:57","slug":"fpw-konservas-augantiems-kaciukams-vaikingoms-ir-zindancioms-visu-veisliu-katemis","status":"publish","type":"product","link":"https:\/\/anivet.lt\/elparduotuve\/produktas\/fpw-konservas-augantiems-kaciukams-vaikingoms-ir-zindancioms-visu-veisliu-katemis\/","title":{"rendered":"SPECIFIC\u2122 FPW konservas augantiems ka\u010diukams, vaikingoms ir \u017eindan\u010dioms vis\u0173 veisli\u0173 kat\u0117mis"},"content":{"rendered":"<ul>\n<li><span style=\"font-weight: 400;\">Padidintas maistini\u0173 med\u017eiag\u0173 kiekis: Turi daugiau energijos, baltym\u0173, vitamin\u0173 ir mineral\u0173, b\u016btini\u0173 augantiems ka\u010diukams bei vaikingoms ar \u017eindan\u010dioms kat\u0117ms.<\/span><\/li>\n<li><span style=\"font-weight: 400;\">Skatina vystym\u0105si: DHA omega-3 r\u016bg\u0161tis padeda smegen\u0173 ir reg\u0117jimo organ\u0173 vystymuisi.<\/span><\/li>\n<li><span style=\"font-weight: 400;\">Sveika oda ir kailis: EPA ir DHA r\u016bg\u0161tys puosel\u0117ja odos sveikat\u0105, kailio spindes\u012f ir s\u0105nari\u0173 b\u016bkl\u0119.<\/span><\/li>\n<li><span style=\"font-weight: 400;\">Puikiai vir\u0161kinamas: Auk\u0161tos kokyb\u0117s ingredientai u\u017etikrina optimal\u0173 maistini\u0173 med\u017eiag\u0173 \u012fsisavinim\u0105, suma\u017eindami i\u0161mat\u0173 kiek\u012f.<\/span><\/li>\n<li><span style=\"font-weight: 400;\">Palaiko vir\u0161kinam\u0105j\u012f trakt\u0105: Sud\u0117tyje yra gyslo\u010dio s\u0117kl\u0173 luobeli\u0173, nauding\u0173 \u017earnyno veiklai.<\/span><\/li>\n<\/ul>\n","protected":false},"excerpt":{"rendered":"<p><span style=\"font-weight: 400;\">Pilnavertis pa\u0161aras, sukurtas augantiems ka\u010diukams, vaikingoms ir \u017eindan\u010dioms kat\u0117ms, taip pat tinkantis sveikimo laikotarpiu arba anoreksijos atvejais. \u0160is pa\u0161aras u\u017etikrina subalansuot\u0105 mityb\u0105, atitinkan\u010di\u0105 augan\u010dio organizmo ar padid\u0117jusi\u0173 poreiki\u0173 kat\u0117s energijos ir maistini\u0173 med\u017eiag\u0173 reikalavimus.<\/span><\/p>\n","protected":false},"featured_media":19097,"template":"","meta":[],"product_brand":[],"product_cat":[114,102,116,326],"product_tag":[],"class_list":{"0":"post-11708","1":"product","2":"type-product","3":"status-publish","4":"has-post-thumbnail","6":"product_cat-kaciu-maistas","7":"product_cat-katems","8":"product_cat-konservai-katems","9":"product_cat-specific-kaciu-maistas","10":"pa_prekinis-zenklas-specific","12":"first","13":"instock","14":"sale","15":"taxable","16":"shipping-taxable","17":"purchasable","18":"product-type-variable"},"yoast_head":"<!-- This site is optimized with the Yoast SEO Premium plugin v27.1 (Yoast SEO v27.5) - https:\/\/yoast.com\/product\/yoast-seo-premium-wordpress\/ -->\n<title>SPECIFIC\u2122 FPW konservas augantiems ka\u010diukams, vaikingoms ir \u017eindan\u010dioms vis\u0173 veisli\u0173 kat\u0117mis - anivet.lt<\/title>\n<meta name=\"description\" content=\"Pilnavertis pa\u0161aras, sukurtas augantiems ka\u010diukams, vaikingoms ir \u017eindan\u010dioms kat\u0117ms, taip pat tinkantis sveikimo laikotarpiu arba anoreksijos atvejais. \u0160is pa\u0161aras u\u017etikrina subalansuot\u0105 mityb\u0105, atitinkan\u010di\u0105 augan\u010dio organizmo ar padid\u0117jusi\u0173 poreiki\u0173 kat\u0117s energijos ir maistini\u0173 med\u017eiag\u0173 reikalavimus.\" \/>\n<meta name=\"robots\" content=\"index, follow, max-snippet:-1, max-image-preview:large, max-video-preview:-1\" \/>\n<link rel=\"canonical\" href=\"https:\/\/anivet.lt\/elparduotuve\/produktas\/fpw-konservas-augantiems-kaciukams-vaikingoms-ir-zindancioms-visu-veisliu-katemis\/\" \/>\n<meta property=\"og:locale\" content=\"lt_LT\" \/>\n<meta property=\"og:type\" content=\"article\" \/>\n<meta property=\"og:title\" content=\"SPECIFIC\u2122 FPW konservas augantiems ka\u010diukams, vaikingoms ir \u017eindan\u010dioms vis\u0173 veisli\u0173 kat\u0117mis\" \/>\n<meta property=\"og:description\" content=\"Pilnavertis pa\u0161aras, sukurtas augantiems ka\u010diukams, vaikingoms ir \u017eindan\u010dioms kat\u0117ms, taip pat tinkantis sveikimo laikotarpiu arba anoreksijos atvejais. \u0160is pa\u0161aras u\u017etikrina subalansuot\u0105 mityb\u0105, atitinkan\u010di\u0105 augan\u010dio organizmo ar padid\u0117jusi\u0173 poreiki\u0173 kat\u0117s energijos ir maistini\u0173 med\u017eiag\u0173 reikalavimus.\" \/>\n<meta property=\"og:url\" content=\"https:\/\/anivet.lt\/elparduotuve\/produktas\/fpw-konservas-augantiems-kaciukams-vaikingoms-ir-zindancioms-visu-veisliu-katemis\/\" \/>\n<meta property=\"og:site_name\" content=\"anivet.lt\" \/>\n<meta property=\"article:modified_time\" content=\"2026-05-11T18:42:57+00:00\" \/>\n<meta property=\"og:image\" content=\"https:\/\/anivet.lt\/elparduotuve\/wp-content\/uploads\/2023\/09\/Specific-FPW.jpg\" \/>\n\t<meta property=\"og:image:width\" content=\"1000\" \/>\n\t<meta property=\"og:image:height\" content=\"699\" \/>\n\t<meta property=\"og:image:type\" content=\"image\/jpeg\" \/>\n<meta name=\"twitter:card\" content=\"summary_large_image\" \/>\n<meta name=\"twitter:label1\" content=\"Est. reading time\" \/>\n\t<meta name=\"twitter:data1\" content=\"1 minut\u0117\" \/>\n<script type=\"application\/ld+json\" class=\"yoast-schema-graph\">{\"@context\":\"https:\\\/\\\/schema.org\",\"@graph\":[{\"@type\":\"WebPage\",\"@id\":\"https:\\\/\\\/anivet.lt\\\/elparduotuve\\\/produktas\\\/fpw-konservas-augantiems-kaciukams-vaikingoms-ir-zindancioms-visu-veisliu-katemis\\\/\",\"url\":\"https:\\\/\\\/anivet.lt\\\/elparduotuve\\\/produktas\\\/fpw-konservas-augantiems-kaciukams-vaikingoms-ir-zindancioms-visu-veisliu-katemis\\\/\",\"name\":\"SPECIFIC\u2122 FPW konservas augantiems ka\u010diukams, vaikingoms ir \u017eindan\u010dioms vis\u0173 veisli\u0173 kat\u0117mis - anivet.lt\",\"isPartOf\":{\"@id\":\"https:\\\/\\\/anivet.lt\\\/elparduotuve\\\/#website\"},\"primaryImageOfPage\":{\"@id\":\"https:\\\/\\\/anivet.lt\\\/elparduotuve\\\/produktas\\\/fpw-konservas-augantiems-kaciukams-vaikingoms-ir-zindancioms-visu-veisliu-katemis\\\/#primaryimage\"},\"image\":{\"@id\":\"https:\\\/\\\/anivet.lt\\\/elparduotuve\\\/produktas\\\/fpw-konservas-augantiems-kaciukams-vaikingoms-ir-zindancioms-visu-veisliu-katemis\\\/#primaryimage\"},\"thumbnailUrl\":\"https:\\\/\\\/anivet.lt\\\/elparduotuve\\\/wp-content\\\/uploads\\\/2023\\\/09\\\/Specific-FPW.jpg\",\"datePublished\":\"2023-09-19T10:29:09+00:00\",\"dateModified\":\"2026-05-11T18:42:57+00:00\",\"description\":\"Pilnavertis pa\u0161aras, sukurtas augantiems ka\u010diukams, vaikingoms ir \u017eindan\u010dioms kat\u0117ms, taip pat tinkantis sveikimo laikotarpiu arba anoreksijos atvejais. \u0160is pa\u0161aras u\u017etikrina subalansuot\u0105 mityb\u0105, atitinkan\u010di\u0105 augan\u010dio organizmo ar padid\u0117jusi\u0173 poreiki\u0173 kat\u0117s energijos ir maistini\u0173 med\u017eiag\u0173 reikalavimus.\",\"breadcrumb\":{\"@id\":\"https:\\\/\\\/anivet.lt\\\/elparduotuve\\\/produktas\\\/fpw-konservas-augantiems-kaciukams-vaikingoms-ir-zindancioms-visu-veisliu-katemis\\\/#breadcrumb\"},\"inLanguage\":\"lt-LT\",\"potentialAction\":[{\"@type\":\"ReadAction\",\"target\":[\"https:\\\/\\\/anivet.lt\\\/elparduotuve\\\/produktas\\\/fpw-konservas-augantiems-kaciukams-vaikingoms-ir-zindancioms-visu-veisliu-katemis\\\/\"]}]},{\"@type\":\"ImageObject\",\"inLanguage\":\"lt-LT\",\"@id\":\"https:\\\/\\\/anivet.lt\\\/elparduotuve\\\/produktas\\\/fpw-konservas-augantiems-kaciukams-vaikingoms-ir-zindancioms-visu-veisliu-katemis\\\/#primaryimage\",\"url\":\"https:\\\/\\\/anivet.lt\\\/elparduotuve\\\/wp-content\\\/uploads\\\/2023\\\/09\\\/Specific-FPW.jpg\",\"contentUrl\":\"https:\\\/\\\/anivet.lt\\\/elparduotuve\\\/wp-content\\\/uploads\\\/2023\\\/09\\\/Specific-FPW.jpg\",\"width\":1000,\"height\":699,\"caption\":\"SPECIFIC\u2122 FPW konservas augantiems ka\u010diukams, vaikingoms ir \u017eindan\u010dioms vis\u0173 veisli\u0173 kat\u0117mis\"},{\"@type\":\"BreadcrumbList\",\"@id\":\"https:\\\/\\\/anivet.lt\\\/elparduotuve\\\/produktas\\\/fpw-konservas-augantiems-kaciukams-vaikingoms-ir-zindancioms-visu-veisliu-katemis\\\/#breadcrumb\",\"itemListElement\":[{\"@type\":\"ListItem\",\"position\":1,\"name\":\"Home\",\"item\":\"https:\\\/\\\/anivet.lt\\\/elparduotuve\\\/\"},{\"@type\":\"ListItem\",\"position\":2,\"name\":\"Produktai\",\"item\":\"https:\\\/\\\/anivet.lt\\\/elparduotuve\\\/produktai\\\/\"},{\"@type\":\"ListItem\",\"position\":3,\"name\":\"SPECIFIC\u2122 FPW konservas augantiems ka\u010diukams, vaikingoms ir \u017eindan\u010dioms vis\u0173 veisli\u0173 kat\u0117mis\"}]},{\"@type\":\"WebSite\",\"@id\":\"https:\\\/\\\/anivet.lt\\\/elparduotuve\\\/#website\",\"url\":\"https:\\\/\\\/anivet.lt\\\/elparduotuve\\\/\",\"name\":\"anivet.lt\",\"description\":\"Viskas J\u016bs\u0173 \u0161uns, kat\u0117s prie\u017ei\u016brai\",\"publisher\":{\"@id\":\"https:\\\/\\\/anivet.lt\\\/elparduotuve\\\/#organization\"},\"alternateName\":\"Viskas J\u016bs\u0173 \u0161uns, kat\u0117s prie\u017ei\u016brai\",\"potentialAction\":[{\"@type\":\"SearchAction\",\"target\":{\"@type\":\"EntryPoint\",\"urlTemplate\":\"https:\\\/\\\/anivet.lt\\\/elparduotuve\\\/?s={search_term_string}\"},\"query-input\":{\"@type\":\"PropertyValueSpecification\",\"valueRequired\":true,\"valueName\":\"search_term_string\"}}],\"inLanguage\":\"lt-LT\"},{\"@type\":\"Organization\",\"@id\":\"https:\\\/\\\/anivet.lt\\\/elparduotuve\\\/#organization\",\"name\":\"Viskas J\u016bs\u0173 \u0161uns, kat\u0117s prie\u017ei\u016brai\",\"url\":\"https:\\\/\\\/anivet.lt\\\/elparduotuve\\\/\",\"logo\":{\"@type\":\"ImageObject\",\"inLanguage\":\"lt-LT\",\"@id\":\"https:\\\/\\\/anivet.lt\\\/elparduotuve\\\/#\\\/schema\\\/logo\\\/image\\\/\",\"url\":\"https:\\\/\\\/anivet.lt\\\/elparduotuve\\\/wp-content\\\/uploads\\\/2023\\\/06\\\/logo2.jpg\",\"contentUrl\":\"https:\\\/\\\/anivet.lt\\\/elparduotuve\\\/wp-content\\\/uploads\\\/2023\\\/06\\\/logo2.jpg\",\"width\":655,\"height\":194,\"caption\":\"Viskas J\u016bs\u0173 \u0161uns, kat\u0117s prie\u017ei\u016brai\"},\"image\":{\"@id\":\"https:\\\/\\\/anivet.lt\\\/elparduotuve\\\/#\\\/schema\\\/logo\\\/image\\\/\"}}]}<\/script>\n<!-- \/ Yoast SEO Premium plugin. -->","yoast_head_json":{"title":"SPECIFIC\u2122 FPW konservas augantiems ka\u010diukams, vaikingoms ir \u017eindan\u010dioms vis\u0173 veisli\u0173 kat\u0117mis - anivet.lt","description":"Pilnavertis pa\u0161aras, sukurtas augantiems ka\u010diukams, vaikingoms ir \u017eindan\u010dioms kat\u0117ms, taip pat tinkantis sveikimo laikotarpiu arba anoreksijos atvejais. \u0160is pa\u0161aras u\u017etikrina subalansuot\u0105 mityb\u0105, atitinkan\u010di\u0105 augan\u010dio organizmo ar padid\u0117jusi\u0173 poreiki\u0173 kat\u0117s energijos ir maistini\u0173 med\u017eiag\u0173 reikalavimus.","robots":{"index":"index","follow":"follow","max-snippet":"max-snippet:-1","max-image-preview":"max-image-preview:large","max-video-preview":"max-video-preview:-1"},"canonical":"https:\/\/anivet.lt\/elparduotuve\/produktas\/fpw-konservas-augantiems-kaciukams-vaikingoms-ir-zindancioms-visu-veisliu-katemis\/","og_locale":"lt_LT","og_type":"article","og_title":"SPECIFIC\u2122 FPW konservas augantiems ka\u010diukams, vaikingoms ir \u017eindan\u010dioms vis\u0173 veisli\u0173 kat\u0117mis","og_description":"Pilnavertis pa\u0161aras, sukurtas augantiems ka\u010diukams, vaikingoms ir \u017eindan\u010dioms kat\u0117ms, taip pat tinkantis sveikimo laikotarpiu arba anoreksijos atvejais. \u0160is pa\u0161aras u\u017etikrina subalansuot\u0105 mityb\u0105, atitinkan\u010di\u0105 augan\u010dio organizmo ar padid\u0117jusi\u0173 poreiki\u0173 kat\u0117s energijos ir maistini\u0173 med\u017eiag\u0173 reikalavimus.","og_url":"https:\/\/anivet.lt\/elparduotuve\/produktas\/fpw-konservas-augantiems-kaciukams-vaikingoms-ir-zindancioms-visu-veisliu-katemis\/","og_site_name":"anivet.lt","article_modified_time":"2026-05-11T18:42:57+00:00","og_image":[{"width":1000,"height":699,"url":"https:\/\/anivet.lt\/elparduotuve\/wp-content\/uploads\/2023\/09\/Specific-FPW.jpg","type":"image\/jpeg"}],"twitter_card":"summary_large_image","twitter_misc":{"Est. reading time":"1 minut\u0117"},"schema":{"@context":"https:\/\/schema.org","@graph":[{"@type":"WebPage","@id":"https:\/\/anivet.lt\/elparduotuve\/produktas\/fpw-konservas-augantiems-kaciukams-vaikingoms-ir-zindancioms-visu-veisliu-katemis\/","url":"https:\/\/anivet.lt\/elparduotuve\/produktas\/fpw-konservas-augantiems-kaciukams-vaikingoms-ir-zindancioms-visu-veisliu-katemis\/","name":"SPECIFIC\u2122 FPW konservas augantiems ka\u010diukams, vaikingoms ir \u017eindan\u010dioms vis\u0173 veisli\u0173 kat\u0117mis - anivet.lt","isPartOf":{"@id":"https:\/\/anivet.lt\/elparduotuve\/#website"},"primaryImageOfPage":{"@id":"https:\/\/anivet.lt\/elparduotuve\/produktas\/fpw-konservas-augantiems-kaciukams-vaikingoms-ir-zindancioms-visu-veisliu-katemis\/#primaryimage"},"image":{"@id":"https:\/\/anivet.lt\/elparduotuve\/produktas\/fpw-konservas-augantiems-kaciukams-vaikingoms-ir-zindancioms-visu-veisliu-katemis\/#primaryimage"},"thumbnailUrl":"https:\/\/anivet.lt\/elparduotuve\/wp-content\/uploads\/2023\/09\/Specific-FPW.jpg","datePublished":"2023-09-19T10:29:09+00:00","dateModified":"2026-05-11T18:42:57+00:00","description":"Pilnavertis pa\u0161aras, sukurtas augantiems ka\u010diukams, vaikingoms ir \u017eindan\u010dioms kat\u0117ms, taip pat tinkantis sveikimo laikotarpiu arba anoreksijos atvejais. \u0160is pa\u0161aras u\u017etikrina subalansuot\u0105 mityb\u0105, atitinkan\u010di\u0105 augan\u010dio organizmo ar padid\u0117jusi\u0173 poreiki\u0173 kat\u0117s energijos ir maistini\u0173 med\u017eiag\u0173 reikalavimus.","breadcrumb":{"@id":"https:\/\/anivet.lt\/elparduotuve\/produktas\/fpw-konservas-augantiems-kaciukams-vaikingoms-ir-zindancioms-visu-veisliu-katemis\/#breadcrumb"},"inLanguage":"lt-LT","potentialAction":[{"@type":"ReadAction","target":["https:\/\/anivet.lt\/elparduotuve\/produktas\/fpw-konservas-augantiems-kaciukams-vaikingoms-ir-zindancioms-visu-veisliu-katemis\/"]}]},{"@type":"ImageObject","inLanguage":"lt-LT","@id":"https:\/\/anivet.lt\/elparduotuve\/produktas\/fpw-konservas-augantiems-kaciukams-vaikingoms-ir-zindancioms-visu-veisliu-katemis\/#primaryimage","url":"https:\/\/anivet.lt\/elparduotuve\/wp-content\/uploads\/2023\/09\/Specific-FPW.jpg","contentUrl":"https:\/\/anivet.lt\/elparduotuve\/wp-content\/uploads\/2023\/09\/Specific-FPW.jpg","width":1000,"height":699,"caption":"SPECIFIC\u2122 FPW konservas augantiems ka\u010diukams, vaikingoms ir \u017eindan\u010dioms vis\u0173 veisli\u0173 kat\u0117mis"},{"@type":"BreadcrumbList","@id":"https:\/\/anivet.lt\/elparduotuve\/produktas\/fpw-konservas-augantiems-kaciukams-vaikingoms-ir-zindancioms-visu-veisliu-katemis\/#breadcrumb","itemListElement":[{"@type":"ListItem","position":1,"name":"Home","item":"https:\/\/anivet.lt\/elparduotuve\/"},{"@type":"ListItem","position":2,"name":"Produktai","item":"https:\/\/anivet.lt\/elparduotuve\/produktai\/"},{"@type":"ListItem","position":3,"name":"SPECIFIC\u2122 FPW konservas augantiems ka\u010diukams, vaikingoms ir \u017eindan\u010dioms vis\u0173 veisli\u0173 kat\u0117mis"}]},{"@type":"WebSite","@id":"https:\/\/anivet.lt\/elparduotuve\/#website","url":"https:\/\/anivet.lt\/elparduotuve\/","name":"anivet.lt","description":"Viskas J\u016bs\u0173 \u0161uns, kat\u0117s prie\u017ei\u016brai","publisher":{"@id":"https:\/\/anivet.lt\/elparduotuve\/#organization"},"alternateName":"Viskas J\u016bs\u0173 \u0161uns, kat\u0117s prie\u017ei\u016brai","potentialAction":[{"@type":"SearchAction","target":{"@type":"EntryPoint","urlTemplate":"https:\/\/anivet.lt\/elparduotuve\/?s={search_term_string}"},"query-input":{"@type":"PropertyValueSpecification","valueRequired":true,"valueName":"search_term_string"}}],"inLanguage":"lt-LT"},{"@type":"Organization","@id":"https:\/\/anivet.lt\/elparduotuve\/#organization","name":"Viskas J\u016bs\u0173 \u0161uns, kat\u0117s prie\u017ei\u016brai","url":"https:\/\/anivet.lt\/elparduotuve\/","logo":{"@type":"ImageObject","inLanguage":"lt-LT","@id":"https:\/\/anivet.lt\/elparduotuve\/#\/schema\/logo\/image\/","url":"https:\/\/anivet.lt\/elparduotuve\/wp-content\/uploads\/2023\/06\/logo2.jpg","contentUrl":"https:\/\/anivet.lt\/elparduotuve\/wp-content\/uploads\/2023\/06\/logo2.jpg","width":655,"height":194,"caption":"Viskas J\u016bs\u0173 \u0161uns, kat\u0117s prie\u017ei\u016brai"},"image":{"@id":"https:\/\/anivet.lt\/elparduotuve\/#\/schema\/logo\/image\/"}}]}},"_links":{"self":[{"href":"https:\/\/anivet.lt\/elparduotuve\/wp-json\/wp\/v2\/product\/11708","targetHints":{"allow":["GET"]}}],"collection":[{"href":"https:\/\/anivet.lt\/elparduotuve\/wp-json\/wp\/v2\/product"}],"about":[{"href":"https:\/\/anivet.lt\/elparduotuve\/wp-json\/wp\/v2\/types\/product"}],"wp:featuredmedia":[{"embeddable":true,"href":"https:\/\/anivet.lt\/elparduotuve\/wp-json\/wp\/v2\/media\/19097"}],"wp:attachment":[{"href":"https:\/\/anivet.lt\/elparduotuve\/wp-json\/wp\/v2\/media?parent=11708"}],"wp:term":[{"taxonomy":"product_brand","embeddable":true,"href":"https:\/\/anivet.lt\/elparduotuve\/wp-json\/wp\/v2\/product_brand?post=11708"},{"taxonomy":"product_cat","embeddable":true,"href":"https:\/\/anivet.lt\/elparduotuve\/wp-json\/wp\/v2\/product_cat?post=11708"},{"taxonomy":"product_tag","embeddable":true,"href":"https:\/\/anivet.lt\/elparduotuve\/wp-json\/wp\/v2\/product_tag?post=11708"}],"curies":[{"name":"wp","href":"https:\/\/api.w.org\/{rel}","templated":true}]}}