{"id":11738,"date":"2023-09-19T12:46:25","date_gmt":"2023-09-19T12:46:25","guid":{"rendered":"https:\/\/anivet.lt\/elparduotuve\/?post_type=product&#038;p=11738"},"modified":"2025-08-27T09:40:18","modified_gmt":"2025-08-27T09:40:18","slug":"specific-f-bio-w-ekologiski-konservai-katems-su-vistiena","status":"publish","type":"product","link":"https:\/\/anivet.lt\/elparduotuve\/produktas\/specific-f-bio-w-ekologiski-konservai-katems-su-vistiena\/","title":{"rendered":"SPECIFIC\u2122 F-BIO-W ekologi\u0161ki konservai kat\u0117ms su vi\u0161tiena"},"content":{"rendered":"<ul>\n<li style=\"font-weight: 400;\" aria-level=\"1\"><span style=\"font-weight: 400;\">Ekologi\u0161ka sud\u0117tis: Ne ma\u017eiau kaip 95% sudedam\u0173j\u0173 dali\u0173 yra ekologi\u0161kos, \u012fskaitant vi\u0161tien\u0105 (9.8%), kiaulien\u0105 ir jautien\u0105.<\/span><\/li>\n<li style=\"font-weight: 400;\" aria-level=\"1\"><span style=\"font-weight: 400;\">Tinka diabetu sergan\u010dioms kat\u0117ms: Ma\u017eas angliavandeni\u0173 kiekis padeda kontroliuoti gliukoz\u0117s kiek\u012f kraujyje.<\/span><\/li>\n<li style=\"font-weight: 400;\" aria-level=\"1\"><span style=\"font-weight: 400;\">Padeda sergant idiopatiniu cistitu: Skatina didesn\u012f \u0161lapimo kiek\u012f, kas naudinga \u0161lapimo tak\u0173 sveikatai.<\/span><\/li>\n<li style=\"font-weight: 400;\" aria-level=\"1\"><span style=\"font-weight: 400;\">Sertifikuotas ekologinis produktas: Pa\u0161aras sertifikuotas \u201eAustria Bio Guarantee\u201c ir atitinka grie\u017etus ES ekologinio \u017eenklinimo reikalavimus.<\/span><\/li>\n<li style=\"font-weight: 400;\" aria-level=\"1\"><span style=\"font-weight: 400;\">Puikiai vir\u0161kinamas: Auk\u0161tos kokyb\u0117s ingredientai u\u017etikrina lengv\u0105 \u012fsisavinim\u0105 ir apr\u016bpina visas b\u016btinas maistines med\u017eiagas.<\/span><\/li>\n<\/ul>\n<p><span style=\"font-weight: 400;\">\u0160ie ekologi\u0161ki konservai ne tik patenkins j\u016bs\u0173 kat\u0117s mitybos poreikius, bet ir suteiks jai energijos bei palaikys puiki\u0105 sveikat\u0105. Puikus pasirinkimas, u\u017etikrinantis kokybi\u0161k\u0105 mityb\u0105 kartu su skoni\u0173 \u012fvairove.<\/span><\/p>\n","protected":false},"excerpt":{"rendered":"<article class=\"article article_h6 bGaps-2 bGaps-sm-3 bGapsLast-0\"><span style=\"font-weight: 400;\">Auk\u0161tos kokyb\u0117s kasdieninis pa\u0161aras, skirtas sveikoms suaugusioms kat\u0117ms, taip pat tinkantis kat\u0117ms, sergan\u010dioms cukriniu diabetu ar idiopatiniu cistitu. Sud\u0117tis sudaryta laikantis ES ekologini\u0173 \u017eenklinimo reikalavim\u0173, o visos sudedamosios dalys yra i\u0161 sertifikuot\u0173 ekologini\u0173 \u016bki\u0173.<\/span><\/article>\n","protected":false},"featured_media":11742,"template":"","meta":[],"product_brand":[],"product_cat":[114,102,116,326],"product_tag":[],"class_list":{"0":"post-11738","1":"product","2":"type-product","3":"status-publish","4":"has-post-thumbnail","6":"product_cat-kaciu-maistas","7":"product_cat-katems","8":"product_cat-konservai-katems","9":"product_cat-specific-kaciu-maistas","10":"pa_prekinis-zenklas-specific","12":"first","13":"outofstock","14":"taxable","15":"shipping-taxable","16":"purchasable","17":"product-type-variable"},"yoast_head":"<!-- This site is optimized with the Yoast SEO Premium plugin v27.1 (Yoast SEO v27.5) - https:\/\/yoast.com\/product\/yoast-seo-premium-wordpress\/ -->\n<title>SPECIFIC\u2122 F-BIO-W ekologi\u0161ki konservai kat\u0117ms su vi\u0161tiena - anivet.lt<\/title>\n<meta name=\"description\" content=\"Auk\u0161tos kokyb\u0117s kasdieninis pa\u0161aras, skirtas sveikoms suaugusioms kat\u0117ms, taip pat tinkantis kat\u0117ms, sergan\u010dioms cukriniu diabetu ar idiopatiniu cistitu. Sud\u0117tis sudaryta laikantis ES ekologini\u0173 \u017eenklinimo reikalavim\u0173, o visos sudedamosios dalys yra i\u0161 sertifikuot\u0173 ekologini\u0173 \u016bki\u0173.\" \/>\n<meta name=\"robots\" content=\"index, follow, max-snippet:-1, max-image-preview:large, max-video-preview:-1\" \/>\n<link rel=\"canonical\" href=\"https:\/\/anivet.lt\/elparduotuve\/produktas\/specific-f-bio-w-ekologiski-konservai-katems-su-vistiena\/\" \/>\n<meta property=\"og:locale\" content=\"lt_LT\" \/>\n<meta property=\"og:type\" content=\"article\" \/>\n<meta property=\"og:title\" content=\"SPECIFIC\u2122 F-BIO-W ekologi\u0161ki konservai kat\u0117ms su vi\u0161tiena\" \/>\n<meta property=\"og:description\" content=\"Auk\u0161tos kokyb\u0117s kasdieninis pa\u0161aras, skirtas sveikoms suaugusioms kat\u0117ms, taip pat tinkantis kat\u0117ms, sergan\u010dioms cukriniu diabetu ar idiopatiniu cistitu. Sud\u0117tis sudaryta laikantis ES ekologini\u0173 \u017eenklinimo reikalavim\u0173, o visos sudedamosios dalys yra i\u0161 sertifikuot\u0173 ekologini\u0173 \u016bki\u0173.\" \/>\n<meta property=\"og:url\" content=\"https:\/\/anivet.lt\/elparduotuve\/produktas\/specific-f-bio-w-ekologiski-konservai-katems-su-vistiena\/\" \/>\n<meta property=\"og:site_name\" content=\"anivet.lt\" \/>\n<meta property=\"article:modified_time\" content=\"2025-08-27T09:40:18+00:00\" \/>\n<meta property=\"og:image\" content=\"https:\/\/anivet.lt\/elparduotuve\/wp-content\/uploads\/2023\/09\/FSTNy1zTtxJbSQaB4GiOvkp1bqbzbNUwEKWTZWHX-e1695127260830.png\" \/>\n\t<meta property=\"og:image:width\" content=\"1246\" \/>\n\t<meta property=\"og:image:height\" content=\"1393\" \/>\n\t<meta property=\"og:image:type\" content=\"image\/png\" \/>\n<meta name=\"twitter:card\" content=\"summary_large_image\" \/>\n<meta name=\"twitter:label1\" content=\"Est. reading time\" \/>\n\t<meta name=\"twitter:data1\" content=\"1 minut\u0117\" \/>\n<script type=\"application\/ld+json\" class=\"yoast-schema-graph\">{\"@context\":\"https:\\\/\\\/schema.org\",\"@graph\":[{\"@type\":\"WebPage\",\"@id\":\"https:\\\/\\\/anivet.lt\\\/elparduotuve\\\/produktas\\\/specific-f-bio-w-ekologiski-konservai-katems-su-vistiena\\\/\",\"url\":\"https:\\\/\\\/anivet.lt\\\/elparduotuve\\\/produktas\\\/specific-f-bio-w-ekologiski-konservai-katems-su-vistiena\\\/\",\"name\":\"SPECIFIC\u2122 F-BIO-W ekologi\u0161ki konservai kat\u0117ms su vi\u0161tiena - anivet.lt\",\"isPartOf\":{\"@id\":\"https:\\\/\\\/anivet.lt\\\/elparduotuve\\\/#website\"},\"primaryImageOfPage\":{\"@id\":\"https:\\\/\\\/anivet.lt\\\/elparduotuve\\\/produktas\\\/specific-f-bio-w-ekologiski-konservai-katems-su-vistiena\\\/#primaryimage\"},\"image\":{\"@id\":\"https:\\\/\\\/anivet.lt\\\/elparduotuve\\\/produktas\\\/specific-f-bio-w-ekologiski-konservai-katems-su-vistiena\\\/#primaryimage\"},\"thumbnailUrl\":\"https:\\\/\\\/anivet.lt\\\/elparduotuve\\\/wp-content\\\/uploads\\\/2023\\\/09\\\/FSTNy1zTtxJbSQaB4GiOvkp1bqbzbNUwEKWTZWHX-e1695127260830.png\",\"datePublished\":\"2023-09-19T12:46:25+00:00\",\"dateModified\":\"2025-08-27T09:40:18+00:00\",\"description\":\"Auk\u0161tos kokyb\u0117s kasdieninis pa\u0161aras, skirtas sveikoms suaugusioms kat\u0117ms, taip pat tinkantis kat\u0117ms, sergan\u010dioms cukriniu diabetu ar idiopatiniu cistitu. Sud\u0117tis sudaryta laikantis ES ekologini\u0173 \u017eenklinimo reikalavim\u0173, o visos sudedamosios dalys yra i\u0161 sertifikuot\u0173 ekologini\u0173 \u016bki\u0173.\",\"breadcrumb\":{\"@id\":\"https:\\\/\\\/anivet.lt\\\/elparduotuve\\\/produktas\\\/specific-f-bio-w-ekologiski-konservai-katems-su-vistiena\\\/#breadcrumb\"},\"inLanguage\":\"lt-LT\",\"potentialAction\":[{\"@type\":\"ReadAction\",\"target\":[\"https:\\\/\\\/anivet.lt\\\/elparduotuve\\\/produktas\\\/specific-f-bio-w-ekologiski-konservai-katems-su-vistiena\\\/\"]}]},{\"@type\":\"ImageObject\",\"inLanguage\":\"lt-LT\",\"@id\":\"https:\\\/\\\/anivet.lt\\\/elparduotuve\\\/produktas\\\/specific-f-bio-w-ekologiski-konservai-katems-su-vistiena\\\/#primaryimage\",\"url\":\"https:\\\/\\\/anivet.lt\\\/elparduotuve\\\/wp-content\\\/uploads\\\/2023\\\/09\\\/FSTNy1zTtxJbSQaB4GiOvkp1bqbzbNUwEKWTZWHX-e1695127260830.png\",\"contentUrl\":\"https:\\\/\\\/anivet.lt\\\/elparduotuve\\\/wp-content\\\/uploads\\\/2023\\\/09\\\/FSTNy1zTtxJbSQaB4GiOvkp1bqbzbNUwEKWTZWHX-e1695127260830.png\",\"width\":1246,\"height\":1393,\"caption\":\"SPECIFIC\u2122 F-BIO-W ekologi\u0161ki konservai kat\u0117ms su vi\u0161tiena\"},{\"@type\":\"BreadcrumbList\",\"@id\":\"https:\\\/\\\/anivet.lt\\\/elparduotuve\\\/produktas\\\/specific-f-bio-w-ekologiski-konservai-katems-su-vistiena\\\/#breadcrumb\",\"itemListElement\":[{\"@type\":\"ListItem\",\"position\":1,\"name\":\"Home\",\"item\":\"https:\\\/\\\/anivet.lt\\\/elparduotuve\\\/\"},{\"@type\":\"ListItem\",\"position\":2,\"name\":\"Produktai\",\"item\":\"https:\\\/\\\/anivet.lt\\\/elparduotuve\\\/produktai\\\/\"},{\"@type\":\"ListItem\",\"position\":3,\"name\":\"SPECIFIC\u2122 F-BIO-W ekologi\u0161ki konservai kat\u0117ms su vi\u0161tiena\"}]},{\"@type\":\"WebSite\",\"@id\":\"https:\\\/\\\/anivet.lt\\\/elparduotuve\\\/#website\",\"url\":\"https:\\\/\\\/anivet.lt\\\/elparduotuve\\\/\",\"name\":\"anivet.lt\",\"description\":\"Viskas J\u016bs\u0173 \u0161uns, kat\u0117s prie\u017ei\u016brai\",\"publisher\":{\"@id\":\"https:\\\/\\\/anivet.lt\\\/elparduotuve\\\/#organization\"},\"alternateName\":\"Viskas J\u016bs\u0173 \u0161uns, kat\u0117s prie\u017ei\u016brai\",\"potentialAction\":[{\"@type\":\"SearchAction\",\"target\":{\"@type\":\"EntryPoint\",\"urlTemplate\":\"https:\\\/\\\/anivet.lt\\\/elparduotuve\\\/?s={search_term_string}\"},\"query-input\":{\"@type\":\"PropertyValueSpecification\",\"valueRequired\":true,\"valueName\":\"search_term_string\"}}],\"inLanguage\":\"lt-LT\"},{\"@type\":\"Organization\",\"@id\":\"https:\\\/\\\/anivet.lt\\\/elparduotuve\\\/#organization\",\"name\":\"Viskas J\u016bs\u0173 \u0161uns, kat\u0117s prie\u017ei\u016brai\",\"url\":\"https:\\\/\\\/anivet.lt\\\/elparduotuve\\\/\",\"logo\":{\"@type\":\"ImageObject\",\"inLanguage\":\"lt-LT\",\"@id\":\"https:\\\/\\\/anivet.lt\\\/elparduotuve\\\/#\\\/schema\\\/logo\\\/image\\\/\",\"url\":\"https:\\\/\\\/anivet.lt\\\/elparduotuve\\\/wp-content\\\/uploads\\\/2023\\\/06\\\/logo2.jpg\",\"contentUrl\":\"https:\\\/\\\/anivet.lt\\\/elparduotuve\\\/wp-content\\\/uploads\\\/2023\\\/06\\\/logo2.jpg\",\"width\":655,\"height\":194,\"caption\":\"Viskas J\u016bs\u0173 \u0161uns, kat\u0117s prie\u017ei\u016brai\"},\"image\":{\"@id\":\"https:\\\/\\\/anivet.lt\\\/elparduotuve\\\/#\\\/schema\\\/logo\\\/image\\\/\"}}]}<\/script>\n<!-- \/ Yoast SEO Premium plugin. -->","yoast_head_json":{"title":"SPECIFIC\u2122 F-BIO-W ekologi\u0161ki konservai kat\u0117ms su vi\u0161tiena - anivet.lt","description":"Auk\u0161tos kokyb\u0117s kasdieninis pa\u0161aras, skirtas sveikoms suaugusioms kat\u0117ms, taip pat tinkantis kat\u0117ms, sergan\u010dioms cukriniu diabetu ar idiopatiniu cistitu. Sud\u0117tis sudaryta laikantis ES ekologini\u0173 \u017eenklinimo reikalavim\u0173, o visos sudedamosios dalys yra i\u0161 sertifikuot\u0173 ekologini\u0173 \u016bki\u0173.","robots":{"index":"index","follow":"follow","max-snippet":"max-snippet:-1","max-image-preview":"max-image-preview:large","max-video-preview":"max-video-preview:-1"},"canonical":"https:\/\/anivet.lt\/elparduotuve\/produktas\/specific-f-bio-w-ekologiski-konservai-katems-su-vistiena\/","og_locale":"lt_LT","og_type":"article","og_title":"SPECIFIC\u2122 F-BIO-W ekologi\u0161ki konservai kat\u0117ms su vi\u0161tiena","og_description":"Auk\u0161tos kokyb\u0117s kasdieninis pa\u0161aras, skirtas sveikoms suaugusioms kat\u0117ms, taip pat tinkantis kat\u0117ms, sergan\u010dioms cukriniu diabetu ar idiopatiniu cistitu. Sud\u0117tis sudaryta laikantis ES ekologini\u0173 \u017eenklinimo reikalavim\u0173, o visos sudedamosios dalys yra i\u0161 sertifikuot\u0173 ekologini\u0173 \u016bki\u0173.","og_url":"https:\/\/anivet.lt\/elparduotuve\/produktas\/specific-f-bio-w-ekologiski-konservai-katems-su-vistiena\/","og_site_name":"anivet.lt","article_modified_time":"2025-08-27T09:40:18+00:00","og_image":[{"width":1246,"height":1393,"url":"https:\/\/anivet.lt\/elparduotuve\/wp-content\/uploads\/2023\/09\/FSTNy1zTtxJbSQaB4GiOvkp1bqbzbNUwEKWTZWHX-e1695127260830.png","type":"image\/png"}],"twitter_card":"summary_large_image","twitter_misc":{"Est. reading time":"1 minut\u0117"},"schema":{"@context":"https:\/\/schema.org","@graph":[{"@type":"WebPage","@id":"https:\/\/anivet.lt\/elparduotuve\/produktas\/specific-f-bio-w-ekologiski-konservai-katems-su-vistiena\/","url":"https:\/\/anivet.lt\/elparduotuve\/produktas\/specific-f-bio-w-ekologiski-konservai-katems-su-vistiena\/","name":"SPECIFIC\u2122 F-BIO-W ekologi\u0161ki konservai kat\u0117ms su vi\u0161tiena - anivet.lt","isPartOf":{"@id":"https:\/\/anivet.lt\/elparduotuve\/#website"},"primaryImageOfPage":{"@id":"https:\/\/anivet.lt\/elparduotuve\/produktas\/specific-f-bio-w-ekologiski-konservai-katems-su-vistiena\/#primaryimage"},"image":{"@id":"https:\/\/anivet.lt\/elparduotuve\/produktas\/specific-f-bio-w-ekologiski-konservai-katems-su-vistiena\/#primaryimage"},"thumbnailUrl":"https:\/\/anivet.lt\/elparduotuve\/wp-content\/uploads\/2023\/09\/FSTNy1zTtxJbSQaB4GiOvkp1bqbzbNUwEKWTZWHX-e1695127260830.png","datePublished":"2023-09-19T12:46:25+00:00","dateModified":"2025-08-27T09:40:18+00:00","description":"Auk\u0161tos kokyb\u0117s kasdieninis pa\u0161aras, skirtas sveikoms suaugusioms kat\u0117ms, taip pat tinkantis kat\u0117ms, sergan\u010dioms cukriniu diabetu ar idiopatiniu cistitu. Sud\u0117tis sudaryta laikantis ES ekologini\u0173 \u017eenklinimo reikalavim\u0173, o visos sudedamosios dalys yra i\u0161 sertifikuot\u0173 ekologini\u0173 \u016bki\u0173.","breadcrumb":{"@id":"https:\/\/anivet.lt\/elparduotuve\/produktas\/specific-f-bio-w-ekologiski-konservai-katems-su-vistiena\/#breadcrumb"},"inLanguage":"lt-LT","potentialAction":[{"@type":"ReadAction","target":["https:\/\/anivet.lt\/elparduotuve\/produktas\/specific-f-bio-w-ekologiski-konservai-katems-su-vistiena\/"]}]},{"@type":"ImageObject","inLanguage":"lt-LT","@id":"https:\/\/anivet.lt\/elparduotuve\/produktas\/specific-f-bio-w-ekologiski-konservai-katems-su-vistiena\/#primaryimage","url":"https:\/\/anivet.lt\/elparduotuve\/wp-content\/uploads\/2023\/09\/FSTNy1zTtxJbSQaB4GiOvkp1bqbzbNUwEKWTZWHX-e1695127260830.png","contentUrl":"https:\/\/anivet.lt\/elparduotuve\/wp-content\/uploads\/2023\/09\/FSTNy1zTtxJbSQaB4GiOvkp1bqbzbNUwEKWTZWHX-e1695127260830.png","width":1246,"height":1393,"caption":"SPECIFIC\u2122 F-BIO-W ekologi\u0161ki konservai kat\u0117ms su vi\u0161tiena"},{"@type":"BreadcrumbList","@id":"https:\/\/anivet.lt\/elparduotuve\/produktas\/specific-f-bio-w-ekologiski-konservai-katems-su-vistiena\/#breadcrumb","itemListElement":[{"@type":"ListItem","position":1,"name":"Home","item":"https:\/\/anivet.lt\/elparduotuve\/"},{"@type":"ListItem","position":2,"name":"Produktai","item":"https:\/\/anivet.lt\/elparduotuve\/produktai\/"},{"@type":"ListItem","position":3,"name":"SPECIFIC\u2122 F-BIO-W ekologi\u0161ki konservai kat\u0117ms su vi\u0161tiena"}]},{"@type":"WebSite","@id":"https:\/\/anivet.lt\/elparduotuve\/#website","url":"https:\/\/anivet.lt\/elparduotuve\/","name":"anivet.lt","description":"Viskas J\u016bs\u0173 \u0161uns, kat\u0117s prie\u017ei\u016brai","publisher":{"@id":"https:\/\/anivet.lt\/elparduotuve\/#organization"},"alternateName":"Viskas J\u016bs\u0173 \u0161uns, kat\u0117s prie\u017ei\u016brai","potentialAction":[{"@type":"SearchAction","target":{"@type":"EntryPoint","urlTemplate":"https:\/\/anivet.lt\/elparduotuve\/?s={search_term_string}"},"query-input":{"@type":"PropertyValueSpecification","valueRequired":true,"valueName":"search_term_string"}}],"inLanguage":"lt-LT"},{"@type":"Organization","@id":"https:\/\/anivet.lt\/elparduotuve\/#organization","name":"Viskas J\u016bs\u0173 \u0161uns, kat\u0117s prie\u017ei\u016brai","url":"https:\/\/anivet.lt\/elparduotuve\/","logo":{"@type":"ImageObject","inLanguage":"lt-LT","@id":"https:\/\/anivet.lt\/elparduotuve\/#\/schema\/logo\/image\/","url":"https:\/\/anivet.lt\/elparduotuve\/wp-content\/uploads\/2023\/06\/logo2.jpg","contentUrl":"https:\/\/anivet.lt\/elparduotuve\/wp-content\/uploads\/2023\/06\/logo2.jpg","width":655,"height":194,"caption":"Viskas J\u016bs\u0173 \u0161uns, kat\u0117s prie\u017ei\u016brai"},"image":{"@id":"https:\/\/anivet.lt\/elparduotuve\/#\/schema\/logo\/image\/"}}]}},"_links":{"self":[{"href":"https:\/\/anivet.lt\/elparduotuve\/wp-json\/wp\/v2\/product\/11738","targetHints":{"allow":["GET"]}}],"collection":[{"href":"https:\/\/anivet.lt\/elparduotuve\/wp-json\/wp\/v2\/product"}],"about":[{"href":"https:\/\/anivet.lt\/elparduotuve\/wp-json\/wp\/v2\/types\/product"}],"wp:featuredmedia":[{"embeddable":true,"href":"https:\/\/anivet.lt\/elparduotuve\/wp-json\/wp\/v2\/media\/11742"}],"wp:attachment":[{"href":"https:\/\/anivet.lt\/elparduotuve\/wp-json\/wp\/v2\/media?parent=11738"}],"wp:term":[{"taxonomy":"product_brand","embeddable":true,"href":"https:\/\/anivet.lt\/elparduotuve\/wp-json\/wp\/v2\/product_brand?post=11738"},{"taxonomy":"product_cat","embeddable":true,"href":"https:\/\/anivet.lt\/elparduotuve\/wp-json\/wp\/v2\/product_cat?post=11738"},{"taxonomy":"product_tag","embeddable":true,"href":"https:\/\/anivet.lt\/elparduotuve\/wp-json\/wp\/v2\/product_tag?post=11738"}],"curies":[{"name":"wp","href":"https:\/\/api.w.org\/{rel}","templated":true}]}}