{"id":11775,"date":"2023-09-19T15:11:35","date_gmt":"2023-09-19T15:11:35","guid":{"rendered":"https:\/\/anivet.lt\/elparduotuve\/?post_type=product&#038;p=11775"},"modified":"2026-04-16T10:30:13","modified_gmt":"2026-04-16T10:30:13","slug":"specific-fiw-konservas-katems-turincioms-virskinimo-sutrikimu","status":"publish","type":"product","link":"https:\/\/anivet.lt\/elparduotuve\/produktas\/specific-fiw-konservas-katems-turincioms-virskinimo-sutrikimu\/","title":{"rendered":"SPECIFIC\u2122 FIW konservas kat\u0117ms, turin\u010dioms vir\u0161kinimo sutrikim\u0173"},"content":{"rendered":"<ul>\n<li style=\"font-weight: 400;\" aria-level=\"1\"><span style=\"font-weight: 400;\">Itin lengvai vir\u0161kinamos sud\u0117tin\u0117s dalys: U\u017etikrina optimal\u0173 maistini\u0173 med\u017eiag\u0173 \u012fsisavinim\u0105 ir kompensuoja \u017earnyno ferment\u0173 tr\u016bkum\u0105.<\/span><\/li>\n<li style=\"font-weight: 400;\" aria-level=\"1\"><span style=\"font-weight: 400;\">Padidintas mineral\u0173 ir elektrolit\u0173 kiekis: Papildo prarastas med\u017eiagas viduriuojant ar vemiant, palaikant skys\u010di\u0173 balans\u0105 organizme.<\/span><\/li>\n<li style=\"font-weight: 400;\" aria-level=\"1\"><span style=\"font-weight: 400;\">Imuniteto stiprinimas: Mieli\u0173 beta-gliukanai ir MOS padeda apsaugoti \u017earnyn\u0105 nuo patogenini\u0173 bakterij\u0173 bei aktyvina imunin\u0119 sistem\u0105.<\/span><\/li>\n<li style=\"font-weight: 400;\" aria-level=\"1\"><span style=\"font-weight: 400;\">Vir\u0161kinimo trakto palaikymas: Gyslo\u010dio s\u0117kl\u0173 luobel\u0117s ir ceolitas sugeria skys\u010dius, reguliuoja vir\u0161kinim\u0105 ir \u0161alina toksinus.<\/span><\/li>\n<li style=\"font-weight: 400;\" aria-level=\"1\"><span style=\"font-weight: 400;\">Kvapo ma\u017einimas: Jukos ekstraktas suma\u017eina dvoki\u0173 duj\u0173 susidarym\u0105 ir neutralizuoja nemalonius kvapus.<\/span><\/li>\n<\/ul>\n<p><span style=\"font-weight: 400;\">\u0160is konservas yra tinkamas tiek jauniems, tiek suaugusiems augintiniams, u\u017etikrinant subalansuot\u0105 mityb\u0105 ir vir\u0161kinimo komfort\u0105. Jo reguliarus vartojimas padeda palaikyti sveik\u0105 \u017earnyno veikl\u0105 bei bendr\u0105 kat\u0117s gerov\u0119.<\/span><\/p>\n","protected":false},"excerpt":{"rendered":"<p><span style=\"font-weight: 400;\">Visavertis ir subalansuotas pa\u0161aras specialiai pritaikytas kat\u0117ms, turin\u010dioms \u012fvairi\u0173 vir\u0161kinimo problem\u0173, toki\u0173 kaip malabsorbcija, kasos egzokrinin\u0117s funkcijos nepakankamumas, ar \u016bmin\u0117s bei l\u0117tin\u0117s vir\u0161kinamojo trakto ligos. Tinka tiek gydymo, tiek sveikimo metu.<\/span><\/p>\n","protected":false},"featured_media":11776,"template":"","meta":[],"product_brand":[],"product_cat":[114,102,118,326],"product_tag":[],"class_list":{"0":"post-11775","1":"product","2":"type-product","3":"status-publish","4":"has-post-thumbnail","6":"product_cat-kaciu-maistas","7":"product_cat-katems","8":"product_cat-veterinarinis-maistas-katems","9":"product_cat-specific-kaciu-maistas","10":"pa_prekinis-zenklas-specific","12":"first","13":"instock","14":"sale","15":"taxable","16":"shipping-taxable","17":"purchasable","18":"product-type-variable"},"yoast_head":"<!-- This site is optimized with the Yoast SEO Premium plugin v27.1 (Yoast SEO v27.5) - https:\/\/yoast.com\/product\/yoast-seo-premium-wordpress\/ -->\n<title>SPECIFIC\u2122 FIW konservas kat\u0117ms, turin\u010dioms vir\u0161kinimo sutrikim\u0173 - anivet.lt<\/title>\n<meta name=\"description\" content=\"Visavertis ir subalansuotas pa\u0161aras specialiai pritaikytas kat\u0117ms, turin\u010dioms \u012fvairi\u0173 vir\u0161kinimo problem\u0173, toki\u0173 kaip malabsorbcija, kasos egzokrinin\u0117s funkcijos nepakankamumas, ar \u016bmin\u0117s bei l\u0117tin\u0117s vir\u0161kinamojo trakto ligos. Tinka tiek gydymo, tiek sveikimo metu.\" \/>\n<meta name=\"robots\" content=\"index, follow, max-snippet:-1, max-image-preview:large, max-video-preview:-1\" \/>\n<link rel=\"canonical\" href=\"https:\/\/anivet.lt\/elparduotuve\/produktas\/specific-fiw-konservas-katems-turincioms-virskinimo-sutrikimu\/\" \/>\n<meta property=\"og:locale\" content=\"lt_LT\" \/>\n<meta property=\"og:type\" content=\"article\" \/>\n<meta property=\"og:title\" content=\"SPECIFIC\u2122 FIW konservas kat\u0117ms, turin\u010dioms vir\u0161kinimo sutrikim\u0173\" \/>\n<meta property=\"og:description\" content=\"Visavertis ir subalansuotas pa\u0161aras specialiai pritaikytas kat\u0117ms, turin\u010dioms \u012fvairi\u0173 vir\u0161kinimo problem\u0173, toki\u0173 kaip malabsorbcija, kasos egzokrinin\u0117s funkcijos nepakankamumas, ar \u016bmin\u0117s bei l\u0117tin\u0117s vir\u0161kinamojo trakto ligos. Tinka tiek gydymo, tiek sveikimo metu.\" \/>\n<meta property=\"og:url\" content=\"https:\/\/anivet.lt\/elparduotuve\/produktas\/specific-fiw-konservas-katems-turincioms-virskinimo-sutrikimu\/\" \/>\n<meta property=\"og:site_name\" content=\"anivet.lt\" \/>\n<meta property=\"article:modified_time\" content=\"2026-04-16T10:30:13+00:00\" \/>\n<meta property=\"og:image\" content=\"https:\/\/anivet.lt\/elparduotuve\/wp-content\/uploads\/2023\/09\/fiw-e1695135993485.png\" \/>\n\t<meta property=\"og:image:width\" content=\"1236\" \/>\n\t<meta property=\"og:image:height\" content=\"1393\" \/>\n\t<meta property=\"og:image:type\" content=\"image\/png\" \/>\n<meta name=\"twitter:card\" content=\"summary_large_image\" \/>\n<meta name=\"twitter:label1\" content=\"Est. reading time\" \/>\n\t<meta name=\"twitter:data1\" content=\"1 minut\u0117\" \/>\n<script type=\"application\/ld+json\" class=\"yoast-schema-graph\">{\"@context\":\"https:\\\/\\\/schema.org\",\"@graph\":[{\"@type\":\"WebPage\",\"@id\":\"https:\\\/\\\/anivet.lt\\\/elparduotuve\\\/produktas\\\/specific-fiw-konservas-katems-turincioms-virskinimo-sutrikimu\\\/\",\"url\":\"https:\\\/\\\/anivet.lt\\\/elparduotuve\\\/produktas\\\/specific-fiw-konservas-katems-turincioms-virskinimo-sutrikimu\\\/\",\"name\":\"SPECIFIC\u2122 FIW konservas kat\u0117ms, turin\u010dioms vir\u0161kinimo sutrikim\u0173 - anivet.lt\",\"isPartOf\":{\"@id\":\"https:\\\/\\\/anivet.lt\\\/elparduotuve\\\/#website\"},\"primaryImageOfPage\":{\"@id\":\"https:\\\/\\\/anivet.lt\\\/elparduotuve\\\/produktas\\\/specific-fiw-konservas-katems-turincioms-virskinimo-sutrikimu\\\/#primaryimage\"},\"image\":{\"@id\":\"https:\\\/\\\/anivet.lt\\\/elparduotuve\\\/produktas\\\/specific-fiw-konservas-katems-turincioms-virskinimo-sutrikimu\\\/#primaryimage\"},\"thumbnailUrl\":\"https:\\\/\\\/anivet.lt\\\/elparduotuve\\\/wp-content\\\/uploads\\\/2023\\\/09\\\/fiw-e1695135993485.png\",\"datePublished\":\"2023-09-19T15:11:35+00:00\",\"dateModified\":\"2026-04-16T10:30:13+00:00\",\"description\":\"Visavertis ir subalansuotas pa\u0161aras specialiai pritaikytas kat\u0117ms, turin\u010dioms \u012fvairi\u0173 vir\u0161kinimo problem\u0173, toki\u0173 kaip malabsorbcija, kasos egzokrinin\u0117s funkcijos nepakankamumas, ar \u016bmin\u0117s bei l\u0117tin\u0117s vir\u0161kinamojo trakto ligos. Tinka tiek gydymo, tiek sveikimo metu.\",\"breadcrumb\":{\"@id\":\"https:\\\/\\\/anivet.lt\\\/elparduotuve\\\/produktas\\\/specific-fiw-konservas-katems-turincioms-virskinimo-sutrikimu\\\/#breadcrumb\"},\"inLanguage\":\"lt-LT\",\"potentialAction\":[{\"@type\":\"ReadAction\",\"target\":[\"https:\\\/\\\/anivet.lt\\\/elparduotuve\\\/produktas\\\/specific-fiw-konservas-katems-turincioms-virskinimo-sutrikimu\\\/\"]}]},{\"@type\":\"ImageObject\",\"inLanguage\":\"lt-LT\",\"@id\":\"https:\\\/\\\/anivet.lt\\\/elparduotuve\\\/produktas\\\/specific-fiw-konservas-katems-turincioms-virskinimo-sutrikimu\\\/#primaryimage\",\"url\":\"https:\\\/\\\/anivet.lt\\\/elparduotuve\\\/wp-content\\\/uploads\\\/2023\\\/09\\\/fiw-e1695135993485.png\",\"contentUrl\":\"https:\\\/\\\/anivet.lt\\\/elparduotuve\\\/wp-content\\\/uploads\\\/2023\\\/09\\\/fiw-e1695135993485.png\",\"width\":1236,\"height\":1393,\"caption\":\"SPECIFIC\u2122 FIW konservas kat\u0117ms, turin\u010dioms vir\u0161kinimo sutrikim\u0173\"},{\"@type\":\"BreadcrumbList\",\"@id\":\"https:\\\/\\\/anivet.lt\\\/elparduotuve\\\/produktas\\\/specific-fiw-konservas-katems-turincioms-virskinimo-sutrikimu\\\/#breadcrumb\",\"itemListElement\":[{\"@type\":\"ListItem\",\"position\":1,\"name\":\"Home\",\"item\":\"https:\\\/\\\/anivet.lt\\\/elparduotuve\\\/\"},{\"@type\":\"ListItem\",\"position\":2,\"name\":\"Produktai\",\"item\":\"https:\\\/\\\/anivet.lt\\\/elparduotuve\\\/produktai\\\/\"},{\"@type\":\"ListItem\",\"position\":3,\"name\":\"SPECIFIC\u2122 FIW konservas kat\u0117ms, turin\u010dioms vir\u0161kinimo sutrikim\u0173\"}]},{\"@type\":\"WebSite\",\"@id\":\"https:\\\/\\\/anivet.lt\\\/elparduotuve\\\/#website\",\"url\":\"https:\\\/\\\/anivet.lt\\\/elparduotuve\\\/\",\"name\":\"anivet.lt\",\"description\":\"Viskas J\u016bs\u0173 \u0161uns, kat\u0117s prie\u017ei\u016brai\",\"publisher\":{\"@id\":\"https:\\\/\\\/anivet.lt\\\/elparduotuve\\\/#organization\"},\"alternateName\":\"Viskas J\u016bs\u0173 \u0161uns, kat\u0117s prie\u017ei\u016brai\",\"potentialAction\":[{\"@type\":\"SearchAction\",\"target\":{\"@type\":\"EntryPoint\",\"urlTemplate\":\"https:\\\/\\\/anivet.lt\\\/elparduotuve\\\/?s={search_term_string}\"},\"query-input\":{\"@type\":\"PropertyValueSpecification\",\"valueRequired\":true,\"valueName\":\"search_term_string\"}}],\"inLanguage\":\"lt-LT\"},{\"@type\":\"Organization\",\"@id\":\"https:\\\/\\\/anivet.lt\\\/elparduotuve\\\/#organization\",\"name\":\"Viskas J\u016bs\u0173 \u0161uns, kat\u0117s prie\u017ei\u016brai\",\"url\":\"https:\\\/\\\/anivet.lt\\\/elparduotuve\\\/\",\"logo\":{\"@type\":\"ImageObject\",\"inLanguage\":\"lt-LT\",\"@id\":\"https:\\\/\\\/anivet.lt\\\/elparduotuve\\\/#\\\/schema\\\/logo\\\/image\\\/\",\"url\":\"https:\\\/\\\/anivet.lt\\\/elparduotuve\\\/wp-content\\\/uploads\\\/2023\\\/06\\\/logo2.jpg\",\"contentUrl\":\"https:\\\/\\\/anivet.lt\\\/elparduotuve\\\/wp-content\\\/uploads\\\/2023\\\/06\\\/logo2.jpg\",\"width\":655,\"height\":194,\"caption\":\"Viskas J\u016bs\u0173 \u0161uns, kat\u0117s prie\u017ei\u016brai\"},\"image\":{\"@id\":\"https:\\\/\\\/anivet.lt\\\/elparduotuve\\\/#\\\/schema\\\/logo\\\/image\\\/\"}}]}<\/script>\n<!-- \/ Yoast SEO Premium plugin. -->","yoast_head_json":{"title":"SPECIFIC\u2122 FIW konservas kat\u0117ms, turin\u010dioms vir\u0161kinimo sutrikim\u0173 - anivet.lt","description":"Visavertis ir subalansuotas pa\u0161aras specialiai pritaikytas kat\u0117ms, turin\u010dioms \u012fvairi\u0173 vir\u0161kinimo problem\u0173, toki\u0173 kaip malabsorbcija, kasos egzokrinin\u0117s funkcijos nepakankamumas, ar \u016bmin\u0117s bei l\u0117tin\u0117s vir\u0161kinamojo trakto ligos. Tinka tiek gydymo, tiek sveikimo metu.","robots":{"index":"index","follow":"follow","max-snippet":"max-snippet:-1","max-image-preview":"max-image-preview:large","max-video-preview":"max-video-preview:-1"},"canonical":"https:\/\/anivet.lt\/elparduotuve\/produktas\/specific-fiw-konservas-katems-turincioms-virskinimo-sutrikimu\/","og_locale":"lt_LT","og_type":"article","og_title":"SPECIFIC\u2122 FIW konservas kat\u0117ms, turin\u010dioms vir\u0161kinimo sutrikim\u0173","og_description":"Visavertis ir subalansuotas pa\u0161aras specialiai pritaikytas kat\u0117ms, turin\u010dioms \u012fvairi\u0173 vir\u0161kinimo problem\u0173, toki\u0173 kaip malabsorbcija, kasos egzokrinin\u0117s funkcijos nepakankamumas, ar \u016bmin\u0117s bei l\u0117tin\u0117s vir\u0161kinamojo trakto ligos. Tinka tiek gydymo, tiek sveikimo metu.","og_url":"https:\/\/anivet.lt\/elparduotuve\/produktas\/specific-fiw-konservas-katems-turincioms-virskinimo-sutrikimu\/","og_site_name":"anivet.lt","article_modified_time":"2026-04-16T10:30:13+00:00","og_image":[{"width":1236,"height":1393,"url":"https:\/\/anivet.lt\/elparduotuve\/wp-content\/uploads\/2023\/09\/fiw-e1695135993485.png","type":"image\/png"}],"twitter_card":"summary_large_image","twitter_misc":{"Est. reading time":"1 minut\u0117"},"schema":{"@context":"https:\/\/schema.org","@graph":[{"@type":"WebPage","@id":"https:\/\/anivet.lt\/elparduotuve\/produktas\/specific-fiw-konservas-katems-turincioms-virskinimo-sutrikimu\/","url":"https:\/\/anivet.lt\/elparduotuve\/produktas\/specific-fiw-konservas-katems-turincioms-virskinimo-sutrikimu\/","name":"SPECIFIC\u2122 FIW konservas kat\u0117ms, turin\u010dioms vir\u0161kinimo sutrikim\u0173 - anivet.lt","isPartOf":{"@id":"https:\/\/anivet.lt\/elparduotuve\/#website"},"primaryImageOfPage":{"@id":"https:\/\/anivet.lt\/elparduotuve\/produktas\/specific-fiw-konservas-katems-turincioms-virskinimo-sutrikimu\/#primaryimage"},"image":{"@id":"https:\/\/anivet.lt\/elparduotuve\/produktas\/specific-fiw-konservas-katems-turincioms-virskinimo-sutrikimu\/#primaryimage"},"thumbnailUrl":"https:\/\/anivet.lt\/elparduotuve\/wp-content\/uploads\/2023\/09\/fiw-e1695135993485.png","datePublished":"2023-09-19T15:11:35+00:00","dateModified":"2026-04-16T10:30:13+00:00","description":"Visavertis ir subalansuotas pa\u0161aras specialiai pritaikytas kat\u0117ms, turin\u010dioms \u012fvairi\u0173 vir\u0161kinimo problem\u0173, toki\u0173 kaip malabsorbcija, kasos egzokrinin\u0117s funkcijos nepakankamumas, ar \u016bmin\u0117s bei l\u0117tin\u0117s vir\u0161kinamojo trakto ligos. Tinka tiek gydymo, tiek sveikimo metu.","breadcrumb":{"@id":"https:\/\/anivet.lt\/elparduotuve\/produktas\/specific-fiw-konservas-katems-turincioms-virskinimo-sutrikimu\/#breadcrumb"},"inLanguage":"lt-LT","potentialAction":[{"@type":"ReadAction","target":["https:\/\/anivet.lt\/elparduotuve\/produktas\/specific-fiw-konservas-katems-turincioms-virskinimo-sutrikimu\/"]}]},{"@type":"ImageObject","inLanguage":"lt-LT","@id":"https:\/\/anivet.lt\/elparduotuve\/produktas\/specific-fiw-konservas-katems-turincioms-virskinimo-sutrikimu\/#primaryimage","url":"https:\/\/anivet.lt\/elparduotuve\/wp-content\/uploads\/2023\/09\/fiw-e1695135993485.png","contentUrl":"https:\/\/anivet.lt\/elparduotuve\/wp-content\/uploads\/2023\/09\/fiw-e1695135993485.png","width":1236,"height":1393,"caption":"SPECIFIC\u2122 FIW konservas kat\u0117ms, turin\u010dioms vir\u0161kinimo sutrikim\u0173"},{"@type":"BreadcrumbList","@id":"https:\/\/anivet.lt\/elparduotuve\/produktas\/specific-fiw-konservas-katems-turincioms-virskinimo-sutrikimu\/#breadcrumb","itemListElement":[{"@type":"ListItem","position":1,"name":"Home","item":"https:\/\/anivet.lt\/elparduotuve\/"},{"@type":"ListItem","position":2,"name":"Produktai","item":"https:\/\/anivet.lt\/elparduotuve\/produktai\/"},{"@type":"ListItem","position":3,"name":"SPECIFIC\u2122 FIW konservas kat\u0117ms, turin\u010dioms vir\u0161kinimo sutrikim\u0173"}]},{"@type":"WebSite","@id":"https:\/\/anivet.lt\/elparduotuve\/#website","url":"https:\/\/anivet.lt\/elparduotuve\/","name":"anivet.lt","description":"Viskas J\u016bs\u0173 \u0161uns, kat\u0117s prie\u017ei\u016brai","publisher":{"@id":"https:\/\/anivet.lt\/elparduotuve\/#organization"},"alternateName":"Viskas J\u016bs\u0173 \u0161uns, kat\u0117s prie\u017ei\u016brai","potentialAction":[{"@type":"SearchAction","target":{"@type":"EntryPoint","urlTemplate":"https:\/\/anivet.lt\/elparduotuve\/?s={search_term_string}"},"query-input":{"@type":"PropertyValueSpecification","valueRequired":true,"valueName":"search_term_string"}}],"inLanguage":"lt-LT"},{"@type":"Organization","@id":"https:\/\/anivet.lt\/elparduotuve\/#organization","name":"Viskas J\u016bs\u0173 \u0161uns, kat\u0117s prie\u017ei\u016brai","url":"https:\/\/anivet.lt\/elparduotuve\/","logo":{"@type":"ImageObject","inLanguage":"lt-LT","@id":"https:\/\/anivet.lt\/elparduotuve\/#\/schema\/logo\/image\/","url":"https:\/\/anivet.lt\/elparduotuve\/wp-content\/uploads\/2023\/06\/logo2.jpg","contentUrl":"https:\/\/anivet.lt\/elparduotuve\/wp-content\/uploads\/2023\/06\/logo2.jpg","width":655,"height":194,"caption":"Viskas J\u016bs\u0173 \u0161uns, kat\u0117s prie\u017ei\u016brai"},"image":{"@id":"https:\/\/anivet.lt\/elparduotuve\/#\/schema\/logo\/image\/"}}]}},"_links":{"self":[{"href":"https:\/\/anivet.lt\/elparduotuve\/wp-json\/wp\/v2\/product\/11775","targetHints":{"allow":["GET"]}}],"collection":[{"href":"https:\/\/anivet.lt\/elparduotuve\/wp-json\/wp\/v2\/product"}],"about":[{"href":"https:\/\/anivet.lt\/elparduotuve\/wp-json\/wp\/v2\/types\/product"}],"wp:featuredmedia":[{"embeddable":true,"href":"https:\/\/anivet.lt\/elparduotuve\/wp-json\/wp\/v2\/media\/11776"}],"wp:attachment":[{"href":"https:\/\/anivet.lt\/elparduotuve\/wp-json\/wp\/v2\/media?parent=11775"}],"wp:term":[{"taxonomy":"product_brand","embeddable":true,"href":"https:\/\/anivet.lt\/elparduotuve\/wp-json\/wp\/v2\/product_brand?post=11775"},{"taxonomy":"product_cat","embeddable":true,"href":"https:\/\/anivet.lt\/elparduotuve\/wp-json\/wp\/v2\/product_cat?post=11775"},{"taxonomy":"product_tag","embeddable":true,"href":"https:\/\/anivet.lt\/elparduotuve\/wp-json\/wp\/v2\/product_tag?post=11775"}],"curies":[{"name":"wp","href":"https:\/\/api.w.org\/{rel}","templated":true}]}}