{"id":11778,"date":"2023-09-19T15:31:19","date_gmt":"2023-09-19T15:31:19","guid":{"rendered":"https:\/\/anivet.lt\/elparduotuve\/?post_type=product&#038;p=11778"},"modified":"2026-04-16T10:30:03","modified_gmt":"2026-04-16T10:30:03","slug":"specific-fjw-konservai-katems-sanariu-stiprinimui","status":"publish","type":"product","link":"https:\/\/anivet.lt\/elparduotuve\/produktas\/specific-fjw-konservai-katems-sanariu-stiprinimui\/","title":{"rendered":"SPECIFIC\u2122 FJW konservai kat\u0117ms, s\u0105nari\u0173 stiprinimui"},"content":{"rendered":"<ul>\n<li style=\"font-weight: 400;\" aria-level=\"1\"><span style=\"font-weight: 400;\">Didelis omega-3 ir omega-6 riebal\u0173 r\u016bg\u0161\u010di\u0173 kiekis: EPA, DHA ir GLA r\u016bg\u0161tys prisideda prie sveik\u0173 s\u0105nari\u0173 ir judrumo palaikymo.<\/span><\/li>\n<li style=\"font-weight: 400;\" aria-level=\"1\"><span style=\"font-weight: 400;\">Gliukozaminas ir chondroitinas: Nat\u016bral\u016bs s\u0105nari\u0173 b\u016bkl\u0117s gerintojai, padedantys palaikyti kremzli\u0173 ir s\u0105nari\u0173 sveikat\u0105.<\/span><\/li>\n<li style=\"font-weight: 400;\" aria-level=\"1\"><span style=\"font-weight: 400;\">Antioksidantai ir manganas: Apsaugo s\u0105narius nuo laisv\u0173j\u0173 radikal\u0173 ir skatina sveik\u0105 proteoglikan\u0173 sintez\u0119.<\/span><\/li>\n<li style=\"font-weight: 400;\" aria-level=\"1\"><span style=\"font-weight: 400;\">Optimalus energijos kiekis: Ma\u017eina antsvorio rizik\u0105 ir palaiko sveik\u0105 k\u016bno svor\u012f, o L-karnitinas padeda deginti riebalus ir palaikyti lies\u0105 raumen\u0173 mas\u0119.<\/span><\/li>\n<li style=\"font-weight: 400;\" aria-level=\"1\"><span style=\"font-weight: 400;\">\u0160lapimo trakto sveikata: Subalansuotas pH ir \u017eemas santykinis pertekliaus rodiklis apsaugo nuo struvit\u0173 ir kalcio oksalat\u0173 susidarymo.<\/span><\/li>\n<\/ul>\n<p><span style=\"font-weight: 400;\">\u0160ie konservai ne tik padeda palaikyti sveikus s\u0105narius ir ger\u0105 judrum\u0105, bet ir prisideda prie bendros kat\u0117s sveikatos. \u0160is subalansuotas pa\u0161aras u\u017etikrina optimali\u0105 mityb\u0105, palaiko ideal\u0173 k\u016bno svor\u012f ir gerina vir\u0161kinimo bei \u0161lapimo tak\u0173 funkcijas. Tai tinkamas pasirinkimas kat\u0117ms, kuri\u0173 s\u0105nari\u0173 funkcija reikalauja papildomos prie\u017ei\u016bros.<\/span><\/p>\n","protected":false},"excerpt":{"rendered":"<p><span style=\"font-weight: 400;\">Visavertis, subalansuotas pa\u0161aras, sukurtas suaugusioms ir senyvo am\u017eiaus kat\u0117ms, skirtas palaikyti sveik\u0105 s\u0105nari\u0173 funkcij\u0105 ir u\u017etikrinti geresn\u012f judrum\u0105. Tinka kat\u0117ms, turin\u010dioms polink\u012f \u012f osteoartrit\u0105 ar jau ken\u010dian\u010dioms nuo \u0161io sutrikimo.<\/span><\/p>\n","protected":false},"featured_media":11779,"template":"","meta":[],"product_brand":[],"product_cat":[114,102,118,326],"product_tag":[],"class_list":{"0":"post-11778","1":"product","2":"type-product","3":"status-publish","4":"has-post-thumbnail","6":"product_cat-kaciu-maistas","7":"product_cat-katems","8":"product_cat-veterinarinis-maistas-katems","9":"product_cat-specific-kaciu-maistas","10":"pa_prekinis-zenklas-specific","12":"first","13":"instock","14":"sale","15":"taxable","16":"shipping-taxable","17":"purchasable","18":"product-type-variable"},"yoast_head":"<!-- This site is optimized with the Yoast SEO Premium plugin v27.1 (Yoast SEO v27.5) - https:\/\/yoast.com\/product\/yoast-seo-premium-wordpress\/ -->\n<title>SPECIFIC\u2122 FJW konservai kat\u0117ms, s\u0105nari\u0173 stiprinimui - anivet.lt<\/title>\n<meta name=\"description\" content=\"Visavertis, subalansuotas pa\u0161aras, sukurtas suaugusioms ir senyvo am\u017eiaus kat\u0117ms, skirtas palaikyti sveik\u0105 s\u0105nari\u0173 funkcij\u0105 ir u\u017etikrinti geresn\u012f judrum\u0105. Tinka kat\u0117ms, turin\u010dioms polink\u012f \u012f osteoartrit\u0105 ar jau ken\u010dian\u010dioms nuo \u0161io sutrikimo.\" \/>\n<meta name=\"robots\" content=\"index, follow, max-snippet:-1, max-image-preview:large, max-video-preview:-1\" \/>\n<link rel=\"canonical\" href=\"https:\/\/anivet.lt\/elparduotuve\/produktas\/specific-fjw-konservai-katems-sanariu-stiprinimui\/\" \/>\n<meta property=\"og:locale\" content=\"lt_LT\" \/>\n<meta property=\"og:type\" content=\"article\" \/>\n<meta property=\"og:title\" content=\"SPECIFIC\u2122 FJW konservai kat\u0117ms, s\u0105nari\u0173 stiprinimui\" \/>\n<meta property=\"og:description\" content=\"Visavertis, subalansuotas pa\u0161aras, sukurtas suaugusioms ir senyvo am\u017eiaus kat\u0117ms, skirtas palaikyti sveik\u0105 s\u0105nari\u0173 funkcij\u0105 ir u\u017etikrinti geresn\u012f judrum\u0105. Tinka kat\u0117ms, turin\u010dioms polink\u012f \u012f osteoartrit\u0105 ar jau ken\u010dian\u010dioms nuo \u0161io sutrikimo.\" \/>\n<meta property=\"og:url\" content=\"https:\/\/anivet.lt\/elparduotuve\/produktas\/specific-fjw-konservai-katems-sanariu-stiprinimui\/\" \/>\n<meta property=\"og:site_name\" content=\"anivet.lt\" \/>\n<meta property=\"article:modified_time\" content=\"2026-04-16T10:30:03+00:00\" \/>\n<meta property=\"og:image\" content=\"https:\/\/anivet.lt\/elparduotuve\/wp-content\/uploads\/2023\/09\/FJW-e1695137178602.jpg\" \/>\n\t<meta property=\"og:image:width\" content=\"269\" \/>\n\t<meta property=\"og:image:height\" content=\"278\" \/>\n\t<meta property=\"og:image:type\" content=\"image\/jpeg\" \/>\n<meta name=\"twitter:card\" content=\"summary_large_image\" \/>\n<meta name=\"twitter:label1\" content=\"Est. reading time\" \/>\n\t<meta name=\"twitter:data1\" content=\"1 minut\u0117\" \/>\n<script type=\"application\/ld+json\" class=\"yoast-schema-graph\">{\"@context\":\"https:\\\/\\\/schema.org\",\"@graph\":[{\"@type\":\"WebPage\",\"@id\":\"https:\\\/\\\/anivet.lt\\\/elparduotuve\\\/produktas\\\/specific-fjw-konservai-katems-sanariu-stiprinimui\\\/\",\"url\":\"https:\\\/\\\/anivet.lt\\\/elparduotuve\\\/produktas\\\/specific-fjw-konservai-katems-sanariu-stiprinimui\\\/\",\"name\":\"SPECIFIC\u2122 FJW konservai kat\u0117ms, s\u0105nari\u0173 stiprinimui - anivet.lt\",\"isPartOf\":{\"@id\":\"https:\\\/\\\/anivet.lt\\\/elparduotuve\\\/#website\"},\"primaryImageOfPage\":{\"@id\":\"https:\\\/\\\/anivet.lt\\\/elparduotuve\\\/produktas\\\/specific-fjw-konservai-katems-sanariu-stiprinimui\\\/#primaryimage\"},\"image\":{\"@id\":\"https:\\\/\\\/anivet.lt\\\/elparduotuve\\\/produktas\\\/specific-fjw-konservai-katems-sanariu-stiprinimui\\\/#primaryimage\"},\"thumbnailUrl\":\"https:\\\/\\\/anivet.lt\\\/elparduotuve\\\/wp-content\\\/uploads\\\/2023\\\/09\\\/FJW-e1695137178602.jpg\",\"datePublished\":\"2023-09-19T15:31:19+00:00\",\"dateModified\":\"2026-04-16T10:30:03+00:00\",\"description\":\"Visavertis, subalansuotas pa\u0161aras, sukurtas suaugusioms ir senyvo am\u017eiaus kat\u0117ms, skirtas palaikyti sveik\u0105 s\u0105nari\u0173 funkcij\u0105 ir u\u017etikrinti geresn\u012f judrum\u0105. Tinka kat\u0117ms, turin\u010dioms polink\u012f \u012f osteoartrit\u0105 ar jau ken\u010dian\u010dioms nuo \u0161io sutrikimo.\",\"breadcrumb\":{\"@id\":\"https:\\\/\\\/anivet.lt\\\/elparduotuve\\\/produktas\\\/specific-fjw-konservai-katems-sanariu-stiprinimui\\\/#breadcrumb\"},\"inLanguage\":\"lt-LT\",\"potentialAction\":[{\"@type\":\"ReadAction\",\"target\":[\"https:\\\/\\\/anivet.lt\\\/elparduotuve\\\/produktas\\\/specific-fjw-konservai-katems-sanariu-stiprinimui\\\/\"]}]},{\"@type\":\"ImageObject\",\"inLanguage\":\"lt-LT\",\"@id\":\"https:\\\/\\\/anivet.lt\\\/elparduotuve\\\/produktas\\\/specific-fjw-konservai-katems-sanariu-stiprinimui\\\/#primaryimage\",\"url\":\"https:\\\/\\\/anivet.lt\\\/elparduotuve\\\/wp-content\\\/uploads\\\/2023\\\/09\\\/FJW-e1695137178602.jpg\",\"contentUrl\":\"https:\\\/\\\/anivet.lt\\\/elparduotuve\\\/wp-content\\\/uploads\\\/2023\\\/09\\\/FJW-e1695137178602.jpg\",\"width\":269,\"height\":278,\"caption\":\"SPECIFIC\u2122 FJW konservai kat\u0117ms, s\u0105nari\u0173 stiprinimui\"},{\"@type\":\"BreadcrumbList\",\"@id\":\"https:\\\/\\\/anivet.lt\\\/elparduotuve\\\/produktas\\\/specific-fjw-konservai-katems-sanariu-stiprinimui\\\/#breadcrumb\",\"itemListElement\":[{\"@type\":\"ListItem\",\"position\":1,\"name\":\"Home\",\"item\":\"https:\\\/\\\/anivet.lt\\\/elparduotuve\\\/\"},{\"@type\":\"ListItem\",\"position\":2,\"name\":\"Produktai\",\"item\":\"https:\\\/\\\/anivet.lt\\\/elparduotuve\\\/produktai\\\/\"},{\"@type\":\"ListItem\",\"position\":3,\"name\":\"SPECIFIC\u2122 FJW konservai kat\u0117ms, s\u0105nari\u0173 stiprinimui\"}]},{\"@type\":\"WebSite\",\"@id\":\"https:\\\/\\\/anivet.lt\\\/elparduotuve\\\/#website\",\"url\":\"https:\\\/\\\/anivet.lt\\\/elparduotuve\\\/\",\"name\":\"anivet.lt\",\"description\":\"Viskas J\u016bs\u0173 \u0161uns, kat\u0117s prie\u017ei\u016brai\",\"publisher\":{\"@id\":\"https:\\\/\\\/anivet.lt\\\/elparduotuve\\\/#organization\"},\"alternateName\":\"Viskas J\u016bs\u0173 \u0161uns, kat\u0117s prie\u017ei\u016brai\",\"potentialAction\":[{\"@type\":\"SearchAction\",\"target\":{\"@type\":\"EntryPoint\",\"urlTemplate\":\"https:\\\/\\\/anivet.lt\\\/elparduotuve\\\/?s={search_term_string}\"},\"query-input\":{\"@type\":\"PropertyValueSpecification\",\"valueRequired\":true,\"valueName\":\"search_term_string\"}}],\"inLanguage\":\"lt-LT\"},{\"@type\":\"Organization\",\"@id\":\"https:\\\/\\\/anivet.lt\\\/elparduotuve\\\/#organization\",\"name\":\"Viskas J\u016bs\u0173 \u0161uns, kat\u0117s prie\u017ei\u016brai\",\"url\":\"https:\\\/\\\/anivet.lt\\\/elparduotuve\\\/\",\"logo\":{\"@type\":\"ImageObject\",\"inLanguage\":\"lt-LT\",\"@id\":\"https:\\\/\\\/anivet.lt\\\/elparduotuve\\\/#\\\/schema\\\/logo\\\/image\\\/\",\"url\":\"https:\\\/\\\/anivet.lt\\\/elparduotuve\\\/wp-content\\\/uploads\\\/2023\\\/06\\\/logo2.jpg\",\"contentUrl\":\"https:\\\/\\\/anivet.lt\\\/elparduotuve\\\/wp-content\\\/uploads\\\/2023\\\/06\\\/logo2.jpg\",\"width\":655,\"height\":194,\"caption\":\"Viskas J\u016bs\u0173 \u0161uns, kat\u0117s prie\u017ei\u016brai\"},\"image\":{\"@id\":\"https:\\\/\\\/anivet.lt\\\/elparduotuve\\\/#\\\/schema\\\/logo\\\/image\\\/\"}}]}<\/script>\n<!-- \/ Yoast SEO Premium plugin. -->","yoast_head_json":{"title":"SPECIFIC\u2122 FJW konservai kat\u0117ms, s\u0105nari\u0173 stiprinimui - anivet.lt","description":"Visavertis, subalansuotas pa\u0161aras, sukurtas suaugusioms ir senyvo am\u017eiaus kat\u0117ms, skirtas palaikyti sveik\u0105 s\u0105nari\u0173 funkcij\u0105 ir u\u017etikrinti geresn\u012f judrum\u0105. Tinka kat\u0117ms, turin\u010dioms polink\u012f \u012f osteoartrit\u0105 ar jau ken\u010dian\u010dioms nuo \u0161io sutrikimo.","robots":{"index":"index","follow":"follow","max-snippet":"max-snippet:-1","max-image-preview":"max-image-preview:large","max-video-preview":"max-video-preview:-1"},"canonical":"https:\/\/anivet.lt\/elparduotuve\/produktas\/specific-fjw-konservai-katems-sanariu-stiprinimui\/","og_locale":"lt_LT","og_type":"article","og_title":"SPECIFIC\u2122 FJW konservai kat\u0117ms, s\u0105nari\u0173 stiprinimui","og_description":"Visavertis, subalansuotas pa\u0161aras, sukurtas suaugusioms ir senyvo am\u017eiaus kat\u0117ms, skirtas palaikyti sveik\u0105 s\u0105nari\u0173 funkcij\u0105 ir u\u017etikrinti geresn\u012f judrum\u0105. Tinka kat\u0117ms, turin\u010dioms polink\u012f \u012f osteoartrit\u0105 ar jau ken\u010dian\u010dioms nuo \u0161io sutrikimo.","og_url":"https:\/\/anivet.lt\/elparduotuve\/produktas\/specific-fjw-konservai-katems-sanariu-stiprinimui\/","og_site_name":"anivet.lt","article_modified_time":"2026-04-16T10:30:03+00:00","og_image":[{"width":269,"height":278,"url":"https:\/\/anivet.lt\/elparduotuve\/wp-content\/uploads\/2023\/09\/FJW-e1695137178602.jpg","type":"image\/jpeg"}],"twitter_card":"summary_large_image","twitter_misc":{"Est. reading time":"1 minut\u0117"},"schema":{"@context":"https:\/\/schema.org","@graph":[{"@type":"WebPage","@id":"https:\/\/anivet.lt\/elparduotuve\/produktas\/specific-fjw-konservai-katems-sanariu-stiprinimui\/","url":"https:\/\/anivet.lt\/elparduotuve\/produktas\/specific-fjw-konservai-katems-sanariu-stiprinimui\/","name":"SPECIFIC\u2122 FJW konservai kat\u0117ms, s\u0105nari\u0173 stiprinimui - anivet.lt","isPartOf":{"@id":"https:\/\/anivet.lt\/elparduotuve\/#website"},"primaryImageOfPage":{"@id":"https:\/\/anivet.lt\/elparduotuve\/produktas\/specific-fjw-konservai-katems-sanariu-stiprinimui\/#primaryimage"},"image":{"@id":"https:\/\/anivet.lt\/elparduotuve\/produktas\/specific-fjw-konservai-katems-sanariu-stiprinimui\/#primaryimage"},"thumbnailUrl":"https:\/\/anivet.lt\/elparduotuve\/wp-content\/uploads\/2023\/09\/FJW-e1695137178602.jpg","datePublished":"2023-09-19T15:31:19+00:00","dateModified":"2026-04-16T10:30:03+00:00","description":"Visavertis, subalansuotas pa\u0161aras, sukurtas suaugusioms ir senyvo am\u017eiaus kat\u0117ms, skirtas palaikyti sveik\u0105 s\u0105nari\u0173 funkcij\u0105 ir u\u017etikrinti geresn\u012f judrum\u0105. Tinka kat\u0117ms, turin\u010dioms polink\u012f \u012f osteoartrit\u0105 ar jau ken\u010dian\u010dioms nuo \u0161io sutrikimo.","breadcrumb":{"@id":"https:\/\/anivet.lt\/elparduotuve\/produktas\/specific-fjw-konservai-katems-sanariu-stiprinimui\/#breadcrumb"},"inLanguage":"lt-LT","potentialAction":[{"@type":"ReadAction","target":["https:\/\/anivet.lt\/elparduotuve\/produktas\/specific-fjw-konservai-katems-sanariu-stiprinimui\/"]}]},{"@type":"ImageObject","inLanguage":"lt-LT","@id":"https:\/\/anivet.lt\/elparduotuve\/produktas\/specific-fjw-konservai-katems-sanariu-stiprinimui\/#primaryimage","url":"https:\/\/anivet.lt\/elparduotuve\/wp-content\/uploads\/2023\/09\/FJW-e1695137178602.jpg","contentUrl":"https:\/\/anivet.lt\/elparduotuve\/wp-content\/uploads\/2023\/09\/FJW-e1695137178602.jpg","width":269,"height":278,"caption":"SPECIFIC\u2122 FJW konservai kat\u0117ms, s\u0105nari\u0173 stiprinimui"},{"@type":"BreadcrumbList","@id":"https:\/\/anivet.lt\/elparduotuve\/produktas\/specific-fjw-konservai-katems-sanariu-stiprinimui\/#breadcrumb","itemListElement":[{"@type":"ListItem","position":1,"name":"Home","item":"https:\/\/anivet.lt\/elparduotuve\/"},{"@type":"ListItem","position":2,"name":"Produktai","item":"https:\/\/anivet.lt\/elparduotuve\/produktai\/"},{"@type":"ListItem","position":3,"name":"SPECIFIC\u2122 FJW konservai kat\u0117ms, s\u0105nari\u0173 stiprinimui"}]},{"@type":"WebSite","@id":"https:\/\/anivet.lt\/elparduotuve\/#website","url":"https:\/\/anivet.lt\/elparduotuve\/","name":"anivet.lt","description":"Viskas J\u016bs\u0173 \u0161uns, kat\u0117s prie\u017ei\u016brai","publisher":{"@id":"https:\/\/anivet.lt\/elparduotuve\/#organization"},"alternateName":"Viskas J\u016bs\u0173 \u0161uns, kat\u0117s prie\u017ei\u016brai","potentialAction":[{"@type":"SearchAction","target":{"@type":"EntryPoint","urlTemplate":"https:\/\/anivet.lt\/elparduotuve\/?s={search_term_string}"},"query-input":{"@type":"PropertyValueSpecification","valueRequired":true,"valueName":"search_term_string"}}],"inLanguage":"lt-LT"},{"@type":"Organization","@id":"https:\/\/anivet.lt\/elparduotuve\/#organization","name":"Viskas J\u016bs\u0173 \u0161uns, kat\u0117s prie\u017ei\u016brai","url":"https:\/\/anivet.lt\/elparduotuve\/","logo":{"@type":"ImageObject","inLanguage":"lt-LT","@id":"https:\/\/anivet.lt\/elparduotuve\/#\/schema\/logo\/image\/","url":"https:\/\/anivet.lt\/elparduotuve\/wp-content\/uploads\/2023\/06\/logo2.jpg","contentUrl":"https:\/\/anivet.lt\/elparduotuve\/wp-content\/uploads\/2023\/06\/logo2.jpg","width":655,"height":194,"caption":"Viskas J\u016bs\u0173 \u0161uns, kat\u0117s prie\u017ei\u016brai"},"image":{"@id":"https:\/\/anivet.lt\/elparduotuve\/#\/schema\/logo\/image\/"}}]}},"_links":{"self":[{"href":"https:\/\/anivet.lt\/elparduotuve\/wp-json\/wp\/v2\/product\/11778","targetHints":{"allow":["GET"]}}],"collection":[{"href":"https:\/\/anivet.lt\/elparduotuve\/wp-json\/wp\/v2\/product"}],"about":[{"href":"https:\/\/anivet.lt\/elparduotuve\/wp-json\/wp\/v2\/types\/product"}],"wp:featuredmedia":[{"embeddable":true,"href":"https:\/\/anivet.lt\/elparduotuve\/wp-json\/wp\/v2\/media\/11779"}],"wp:attachment":[{"href":"https:\/\/anivet.lt\/elparduotuve\/wp-json\/wp\/v2\/media?parent=11778"}],"wp:term":[{"taxonomy":"product_brand","embeddable":true,"href":"https:\/\/anivet.lt\/elparduotuve\/wp-json\/wp\/v2\/product_brand?post=11778"},{"taxonomy":"product_cat","embeddable":true,"href":"https:\/\/anivet.lt\/elparduotuve\/wp-json\/wp\/v2\/product_cat?post=11778"},{"taxonomy":"product_tag","embeddable":true,"href":"https:\/\/anivet.lt\/elparduotuve\/wp-json\/wp\/v2\/product_tag?post=11778"}],"curies":[{"name":"wp","href":"https:\/\/api.w.org\/{rel}","templated":true}]}}