{"id":11784,"date":"2023-09-19T15:53:02","date_gmt":"2023-09-19T15:53:02","guid":{"rendered":"https:\/\/anivet.lt\/elparduotuve\/?post_type=product&#038;p=11784"},"modified":"2025-08-27T09:19:12","modified_gmt":"2025-08-27T09:19:12","slug":"specific-few-dm-konservai-katems-turincioms-endokrininiu-sutrikimu","status":"publish","type":"product","link":"https:\/\/anivet.lt\/elparduotuve\/produktas\/specific-few-dm-konservai-katems-turincioms-endokrininiu-sutrikimu\/","title":{"rendered":"SPECIFIC\u2122 FEW-DM konservai kat\u0117ms, turin\u010dioms endokrinini\u0173 sutrikim\u0173"},"content":{"rendered":"<ul>\n<li><span lang=\"en-US\">Ma\u017eas angliavandeni\u0173 ir didelis baltym\u0173 kiekis: Padeda suma\u017einti hiperglikemij\u0105 po valgio ir palaikyti raumen\u0173 mas\u0119 hipertiroidizmu sergan\u010dioms kat\u0117ms.<\/span><\/li>\n<li>Omega-3 riebal\u0173 r\u016bg\u0161tys: Veikia prie\u0161u\u017edegimi\u0161kai, gerina imunitet\u0105 ir didina jautrum\u0105 insulinui.<\/li>\n<li>Antioksidantai: Neutralizuoja oksidacin\u012f stres\u0105 ir padeda i\u0161vengti diabeto komplikacij\u0173.<\/li>\n<li>Frukto-oligosacharidai (FOS): Skatina ger\u0173j\u0173 bakterij\u0173 augim\u0105, gerina \u017earnyno veikl\u0105.<\/li>\n<li>Taurinas ir L-karnitinas: Palaiko \u0161irdies sveikat\u0105 ir energijos apykait\u0105.<\/li>\n<li>Tinka svorio kontrolei: Padidintas skaidul\u0173 kiekis padeda palaipsniui skaidyti angliavandenius ir palaiko sotumo jausm\u0105.<strong>Nerekomenduojama:<\/strong><\/li>\n<li>Ka\u010diukams, vaikingoms arba \u017eindan\u010dioms kat\u0117ms.<\/li>\n<\/ul>\n<p>\u0160is pa\u0161aras yra puikus sprendimas j\u016bs\u0173 katei, jei ji susiduria su endokrinin\u0117mis problemomis. Jo subalansuota sud\u0117tis ne tik padeda valdyti sveikatos b\u016bkl\u0119, bet ir u\u017etikrina auk\u0161tos kokyb\u0117s mityb\u0105. Rekomenduojama reguliariai steb\u0117ti gliukoz\u0117s kiek\u012f kraujyje ir insulino poreik\u012f, jei kat\u0117 yra gydoma \u0161iuo pa\u0161aru.<\/p>\n","protected":false},"excerpt":{"rendered":"<p>Visavertis pa\u0161aras, specialiai sukurtas kat\u0117ms, sergan\u010dioms cukriniu diabetu, pankreatitu arba hipertiroidizmu. \u0160is pa\u0161aras ne tik padeda kontroliuoti \u0161i\u0173 lig\u0173 simptomus, bet ir u\u017etikrina tinkam\u0105 mityb\u0105.<\/p>\n","protected":false},"featured_media":11785,"template":"","meta":[],"product_brand":[],"product_cat":[114,102,118,326],"product_tag":[],"class_list":{"0":"post-11784","1":"product","2":"type-product","3":"status-publish","4":"has-post-thumbnail","6":"product_cat-kaciu-maistas","7":"product_cat-katems","8":"product_cat-veterinarinis-maistas-katems","9":"product_cat-specific-kaciu-maistas","10":"pa_prekinis-zenklas-specific","12":"first","13":"instock","14":"taxable","15":"shipping-taxable","16":"purchasable","17":"product-type-variable"},"yoast_head":"<!-- This site is optimized with the Yoast SEO Premium plugin v27.1 (Yoast SEO v27.5) - https:\/\/yoast.com\/product\/yoast-seo-premium-wordpress\/ -->\n<title>SPECIFIC\u2122 FEW-DM konservai kat\u0117ms, turin\u010dioms endokrinini\u0173 sutrikim\u0173 - anivet.lt<\/title>\n<meta name=\"description\" content=\"Visavertis pa\u0161aras, specialiai sukurtas kat\u0117ms, sergan\u010dioms cukriniu diabetu, pankreatitu arba hipertiroidizmu. \u0160is pa\u0161aras ne tik padeda kontroliuoti \u0161i\u0173 lig\u0173 simptomus, bet ir u\u017etikrina tinkam\u0105 mityb\u0105.\" \/>\n<meta name=\"robots\" content=\"index, follow, max-snippet:-1, max-image-preview:large, max-video-preview:-1\" \/>\n<link rel=\"canonical\" href=\"https:\/\/anivet.lt\/elparduotuve\/produktas\/specific-few-dm-konservai-katems-turincioms-endokrininiu-sutrikimu\/\" \/>\n<meta property=\"og:locale\" content=\"lt_LT\" \/>\n<meta property=\"og:type\" content=\"article\" \/>\n<meta property=\"og:title\" content=\"SPECIFIC\u2122 FEW-DM konservai kat\u0117ms, turin\u010dioms endokrinini\u0173 sutrikim\u0173\" \/>\n<meta property=\"og:description\" content=\"Visavertis pa\u0161aras, specialiai sukurtas kat\u0117ms, sergan\u010dioms cukriniu diabetu, pankreatitu arba hipertiroidizmu. \u0160is pa\u0161aras ne tik padeda kontroliuoti \u0161i\u0173 lig\u0173 simptomus, bet ir u\u017etikrina tinkam\u0105 mityb\u0105.\" \/>\n<meta property=\"og:url\" content=\"https:\/\/anivet.lt\/elparduotuve\/produktas\/specific-few-dm-konservai-katems-turincioms-endokrininiu-sutrikimu\/\" \/>\n<meta property=\"og:site_name\" content=\"anivet.lt\" \/>\n<meta property=\"article:modified_time\" content=\"2025-08-27T09:19:12+00:00\" \/>\n<meta property=\"og:image\" content=\"https:\/\/anivet.lt\/elparduotuve\/wp-content\/uploads\/2023\/09\/few-dm-e1695138377321.png\" \/>\n\t<meta property=\"og:image:width\" content=\"1260\" \/>\n\t<meta property=\"og:image:height\" content=\"1393\" \/>\n\t<meta property=\"og:image:type\" content=\"image\/png\" \/>\n<meta name=\"twitter:card\" content=\"summary_large_image\" \/>\n<meta name=\"twitter:label1\" content=\"Est. reading time\" \/>\n\t<meta name=\"twitter:data1\" content=\"1 minut\u0117\" \/>\n<script type=\"application\/ld+json\" class=\"yoast-schema-graph\">{\"@context\":\"https:\\\/\\\/schema.org\",\"@graph\":[{\"@type\":\"WebPage\",\"@id\":\"https:\\\/\\\/anivet.lt\\\/elparduotuve\\\/produktas\\\/specific-few-dm-konservai-katems-turincioms-endokrininiu-sutrikimu\\\/\",\"url\":\"https:\\\/\\\/anivet.lt\\\/elparduotuve\\\/produktas\\\/specific-few-dm-konservai-katems-turincioms-endokrininiu-sutrikimu\\\/\",\"name\":\"SPECIFIC\u2122 FEW-DM konservai kat\u0117ms, turin\u010dioms endokrinini\u0173 sutrikim\u0173 - anivet.lt\",\"isPartOf\":{\"@id\":\"https:\\\/\\\/anivet.lt\\\/elparduotuve\\\/#website\"},\"primaryImageOfPage\":{\"@id\":\"https:\\\/\\\/anivet.lt\\\/elparduotuve\\\/produktas\\\/specific-few-dm-konservai-katems-turincioms-endokrininiu-sutrikimu\\\/#primaryimage\"},\"image\":{\"@id\":\"https:\\\/\\\/anivet.lt\\\/elparduotuve\\\/produktas\\\/specific-few-dm-konservai-katems-turincioms-endokrininiu-sutrikimu\\\/#primaryimage\"},\"thumbnailUrl\":\"https:\\\/\\\/anivet.lt\\\/elparduotuve\\\/wp-content\\\/uploads\\\/2023\\\/09\\\/few-dm-e1695138377321.png\",\"datePublished\":\"2023-09-19T15:53:02+00:00\",\"dateModified\":\"2025-08-27T09:19:12+00:00\",\"description\":\"Visavertis pa\u0161aras, specialiai sukurtas kat\u0117ms, sergan\u010dioms cukriniu diabetu, pankreatitu arba hipertiroidizmu. \u0160is pa\u0161aras ne tik padeda kontroliuoti \u0161i\u0173 lig\u0173 simptomus, bet ir u\u017etikrina tinkam\u0105 mityb\u0105.\",\"breadcrumb\":{\"@id\":\"https:\\\/\\\/anivet.lt\\\/elparduotuve\\\/produktas\\\/specific-few-dm-konservai-katems-turincioms-endokrininiu-sutrikimu\\\/#breadcrumb\"},\"inLanguage\":\"lt-LT\",\"potentialAction\":[{\"@type\":\"ReadAction\",\"target\":[\"https:\\\/\\\/anivet.lt\\\/elparduotuve\\\/produktas\\\/specific-few-dm-konservai-katems-turincioms-endokrininiu-sutrikimu\\\/\"]}]},{\"@type\":\"ImageObject\",\"inLanguage\":\"lt-LT\",\"@id\":\"https:\\\/\\\/anivet.lt\\\/elparduotuve\\\/produktas\\\/specific-few-dm-konservai-katems-turincioms-endokrininiu-sutrikimu\\\/#primaryimage\",\"url\":\"https:\\\/\\\/anivet.lt\\\/elparduotuve\\\/wp-content\\\/uploads\\\/2023\\\/09\\\/few-dm-e1695138377321.png\",\"contentUrl\":\"https:\\\/\\\/anivet.lt\\\/elparduotuve\\\/wp-content\\\/uploads\\\/2023\\\/09\\\/few-dm-e1695138377321.png\",\"width\":1260,\"height\":1393,\"caption\":\"SPECIFIC\u2122 FEW-DM konservai kat\u0117ms, turin\u010dioms endokrinini\u0173 sutrikim\u0173\"},{\"@type\":\"BreadcrumbList\",\"@id\":\"https:\\\/\\\/anivet.lt\\\/elparduotuve\\\/produktas\\\/specific-few-dm-konservai-katems-turincioms-endokrininiu-sutrikimu\\\/#breadcrumb\",\"itemListElement\":[{\"@type\":\"ListItem\",\"position\":1,\"name\":\"Home\",\"item\":\"https:\\\/\\\/anivet.lt\\\/elparduotuve\\\/\"},{\"@type\":\"ListItem\",\"position\":2,\"name\":\"Produktai\",\"item\":\"https:\\\/\\\/anivet.lt\\\/elparduotuve\\\/produktai\\\/\"},{\"@type\":\"ListItem\",\"position\":3,\"name\":\"SPECIFIC\u2122 FEW-DM konservai kat\u0117ms, turin\u010dioms endokrinini\u0173 sutrikim\u0173\"}]},{\"@type\":\"WebSite\",\"@id\":\"https:\\\/\\\/anivet.lt\\\/elparduotuve\\\/#website\",\"url\":\"https:\\\/\\\/anivet.lt\\\/elparduotuve\\\/\",\"name\":\"anivet.lt\",\"description\":\"Viskas J\u016bs\u0173 \u0161uns, kat\u0117s prie\u017ei\u016brai\",\"publisher\":{\"@id\":\"https:\\\/\\\/anivet.lt\\\/elparduotuve\\\/#organization\"},\"alternateName\":\"Viskas J\u016bs\u0173 \u0161uns, kat\u0117s prie\u017ei\u016brai\",\"potentialAction\":[{\"@type\":\"SearchAction\",\"target\":{\"@type\":\"EntryPoint\",\"urlTemplate\":\"https:\\\/\\\/anivet.lt\\\/elparduotuve\\\/?s={search_term_string}\"},\"query-input\":{\"@type\":\"PropertyValueSpecification\",\"valueRequired\":true,\"valueName\":\"search_term_string\"}}],\"inLanguage\":\"lt-LT\"},{\"@type\":\"Organization\",\"@id\":\"https:\\\/\\\/anivet.lt\\\/elparduotuve\\\/#organization\",\"name\":\"Viskas J\u016bs\u0173 \u0161uns, kat\u0117s prie\u017ei\u016brai\",\"url\":\"https:\\\/\\\/anivet.lt\\\/elparduotuve\\\/\",\"logo\":{\"@type\":\"ImageObject\",\"inLanguage\":\"lt-LT\",\"@id\":\"https:\\\/\\\/anivet.lt\\\/elparduotuve\\\/#\\\/schema\\\/logo\\\/image\\\/\",\"url\":\"https:\\\/\\\/anivet.lt\\\/elparduotuve\\\/wp-content\\\/uploads\\\/2023\\\/06\\\/logo2.jpg\",\"contentUrl\":\"https:\\\/\\\/anivet.lt\\\/elparduotuve\\\/wp-content\\\/uploads\\\/2023\\\/06\\\/logo2.jpg\",\"width\":655,\"height\":194,\"caption\":\"Viskas J\u016bs\u0173 \u0161uns, kat\u0117s prie\u017ei\u016brai\"},\"image\":{\"@id\":\"https:\\\/\\\/anivet.lt\\\/elparduotuve\\\/#\\\/schema\\\/logo\\\/image\\\/\"}}]}<\/script>\n<!-- \/ Yoast SEO Premium plugin. -->","yoast_head_json":{"title":"SPECIFIC\u2122 FEW-DM konservai kat\u0117ms, turin\u010dioms endokrinini\u0173 sutrikim\u0173 - anivet.lt","description":"Visavertis pa\u0161aras, specialiai sukurtas kat\u0117ms, sergan\u010dioms cukriniu diabetu, pankreatitu arba hipertiroidizmu. \u0160is pa\u0161aras ne tik padeda kontroliuoti \u0161i\u0173 lig\u0173 simptomus, bet ir u\u017etikrina tinkam\u0105 mityb\u0105.","robots":{"index":"index","follow":"follow","max-snippet":"max-snippet:-1","max-image-preview":"max-image-preview:large","max-video-preview":"max-video-preview:-1"},"canonical":"https:\/\/anivet.lt\/elparduotuve\/produktas\/specific-few-dm-konservai-katems-turincioms-endokrininiu-sutrikimu\/","og_locale":"lt_LT","og_type":"article","og_title":"SPECIFIC\u2122 FEW-DM konservai kat\u0117ms, turin\u010dioms endokrinini\u0173 sutrikim\u0173","og_description":"Visavertis pa\u0161aras, specialiai sukurtas kat\u0117ms, sergan\u010dioms cukriniu diabetu, pankreatitu arba hipertiroidizmu. \u0160is pa\u0161aras ne tik padeda kontroliuoti \u0161i\u0173 lig\u0173 simptomus, bet ir u\u017etikrina tinkam\u0105 mityb\u0105.","og_url":"https:\/\/anivet.lt\/elparduotuve\/produktas\/specific-few-dm-konservai-katems-turincioms-endokrininiu-sutrikimu\/","og_site_name":"anivet.lt","article_modified_time":"2025-08-27T09:19:12+00:00","og_image":[{"width":1260,"height":1393,"url":"https:\/\/anivet.lt\/elparduotuve\/wp-content\/uploads\/2023\/09\/few-dm-e1695138377321.png","type":"image\/png"}],"twitter_card":"summary_large_image","twitter_misc":{"Est. reading time":"1 minut\u0117"},"schema":{"@context":"https:\/\/schema.org","@graph":[{"@type":"WebPage","@id":"https:\/\/anivet.lt\/elparduotuve\/produktas\/specific-few-dm-konservai-katems-turincioms-endokrininiu-sutrikimu\/","url":"https:\/\/anivet.lt\/elparduotuve\/produktas\/specific-few-dm-konservai-katems-turincioms-endokrininiu-sutrikimu\/","name":"SPECIFIC\u2122 FEW-DM konservai kat\u0117ms, turin\u010dioms endokrinini\u0173 sutrikim\u0173 - anivet.lt","isPartOf":{"@id":"https:\/\/anivet.lt\/elparduotuve\/#website"},"primaryImageOfPage":{"@id":"https:\/\/anivet.lt\/elparduotuve\/produktas\/specific-few-dm-konservai-katems-turincioms-endokrininiu-sutrikimu\/#primaryimage"},"image":{"@id":"https:\/\/anivet.lt\/elparduotuve\/produktas\/specific-few-dm-konservai-katems-turincioms-endokrininiu-sutrikimu\/#primaryimage"},"thumbnailUrl":"https:\/\/anivet.lt\/elparduotuve\/wp-content\/uploads\/2023\/09\/few-dm-e1695138377321.png","datePublished":"2023-09-19T15:53:02+00:00","dateModified":"2025-08-27T09:19:12+00:00","description":"Visavertis pa\u0161aras, specialiai sukurtas kat\u0117ms, sergan\u010dioms cukriniu diabetu, pankreatitu arba hipertiroidizmu. \u0160is pa\u0161aras ne tik padeda kontroliuoti \u0161i\u0173 lig\u0173 simptomus, bet ir u\u017etikrina tinkam\u0105 mityb\u0105.","breadcrumb":{"@id":"https:\/\/anivet.lt\/elparduotuve\/produktas\/specific-few-dm-konservai-katems-turincioms-endokrininiu-sutrikimu\/#breadcrumb"},"inLanguage":"lt-LT","potentialAction":[{"@type":"ReadAction","target":["https:\/\/anivet.lt\/elparduotuve\/produktas\/specific-few-dm-konservai-katems-turincioms-endokrininiu-sutrikimu\/"]}]},{"@type":"ImageObject","inLanguage":"lt-LT","@id":"https:\/\/anivet.lt\/elparduotuve\/produktas\/specific-few-dm-konservai-katems-turincioms-endokrininiu-sutrikimu\/#primaryimage","url":"https:\/\/anivet.lt\/elparduotuve\/wp-content\/uploads\/2023\/09\/few-dm-e1695138377321.png","contentUrl":"https:\/\/anivet.lt\/elparduotuve\/wp-content\/uploads\/2023\/09\/few-dm-e1695138377321.png","width":1260,"height":1393,"caption":"SPECIFIC\u2122 FEW-DM konservai kat\u0117ms, turin\u010dioms endokrinini\u0173 sutrikim\u0173"},{"@type":"BreadcrumbList","@id":"https:\/\/anivet.lt\/elparduotuve\/produktas\/specific-few-dm-konservai-katems-turincioms-endokrininiu-sutrikimu\/#breadcrumb","itemListElement":[{"@type":"ListItem","position":1,"name":"Home","item":"https:\/\/anivet.lt\/elparduotuve\/"},{"@type":"ListItem","position":2,"name":"Produktai","item":"https:\/\/anivet.lt\/elparduotuve\/produktai\/"},{"@type":"ListItem","position":3,"name":"SPECIFIC\u2122 FEW-DM konservai kat\u0117ms, turin\u010dioms endokrinini\u0173 sutrikim\u0173"}]},{"@type":"WebSite","@id":"https:\/\/anivet.lt\/elparduotuve\/#website","url":"https:\/\/anivet.lt\/elparduotuve\/","name":"anivet.lt","description":"Viskas J\u016bs\u0173 \u0161uns, kat\u0117s prie\u017ei\u016brai","publisher":{"@id":"https:\/\/anivet.lt\/elparduotuve\/#organization"},"alternateName":"Viskas J\u016bs\u0173 \u0161uns, kat\u0117s prie\u017ei\u016brai","potentialAction":[{"@type":"SearchAction","target":{"@type":"EntryPoint","urlTemplate":"https:\/\/anivet.lt\/elparduotuve\/?s={search_term_string}"},"query-input":{"@type":"PropertyValueSpecification","valueRequired":true,"valueName":"search_term_string"}}],"inLanguage":"lt-LT"},{"@type":"Organization","@id":"https:\/\/anivet.lt\/elparduotuve\/#organization","name":"Viskas J\u016bs\u0173 \u0161uns, kat\u0117s prie\u017ei\u016brai","url":"https:\/\/anivet.lt\/elparduotuve\/","logo":{"@type":"ImageObject","inLanguage":"lt-LT","@id":"https:\/\/anivet.lt\/elparduotuve\/#\/schema\/logo\/image\/","url":"https:\/\/anivet.lt\/elparduotuve\/wp-content\/uploads\/2023\/06\/logo2.jpg","contentUrl":"https:\/\/anivet.lt\/elparduotuve\/wp-content\/uploads\/2023\/06\/logo2.jpg","width":655,"height":194,"caption":"Viskas J\u016bs\u0173 \u0161uns, kat\u0117s prie\u017ei\u016brai"},"image":{"@id":"https:\/\/anivet.lt\/elparduotuve\/#\/schema\/logo\/image\/"}}]}},"_links":{"self":[{"href":"https:\/\/anivet.lt\/elparduotuve\/wp-json\/wp\/v2\/product\/11784","targetHints":{"allow":["GET"]}}],"collection":[{"href":"https:\/\/anivet.lt\/elparduotuve\/wp-json\/wp\/v2\/product"}],"about":[{"href":"https:\/\/anivet.lt\/elparduotuve\/wp-json\/wp\/v2\/types\/product"}],"wp:featuredmedia":[{"embeddable":true,"href":"https:\/\/anivet.lt\/elparduotuve\/wp-json\/wp\/v2\/media\/11785"}],"wp:attachment":[{"href":"https:\/\/anivet.lt\/elparduotuve\/wp-json\/wp\/v2\/media?parent=11784"}],"wp:term":[{"taxonomy":"product_brand","embeddable":true,"href":"https:\/\/anivet.lt\/elparduotuve\/wp-json\/wp\/v2\/product_brand?post=11784"},{"taxonomy":"product_cat","embeddable":true,"href":"https:\/\/anivet.lt\/elparduotuve\/wp-json\/wp\/v2\/product_cat?post=11784"},{"taxonomy":"product_tag","embeddable":true,"href":"https:\/\/anivet.lt\/elparduotuve\/wp-json\/wp\/v2\/product_tag?post=11784"}],"curies":[{"name":"wp","href":"https:\/\/api.w.org\/{rel}","templated":true}]}}