{"id":11833,"date":"2023-09-19T19:42:22","date_gmt":"2023-09-19T19:42:22","guid":{"rendered":"https:\/\/anivet.lt\/elparduotuve\/?post_type=product&#038;p=11833"},"modified":"2026-04-16T10:02:08","modified_gmt":"2026-04-16T10:02:08","slug":"specific-cid-digestive-support","status":"publish","type":"product","link":"https:\/\/anivet.lt\/elparduotuve\/produktas\/specific-cid-digestive-support\/","title":{"rendered":"SPECIFIC\u2122 CID pa\u0161aras \u0161unims, turintiems vir\u0161kinimo problem\u0173"},"content":{"rendered":"<ul>\n<li style=\"font-weight: 400;\" aria-level=\"1\"><span style=\"font-weight: 400;\">Lengvai vir\u0161kinamos sudedamosios dalys: Kompensuoja susilpn\u0117jusi\u0105 \u017earnyno ferment\u0173 veikl\u0105, u\u017etikrina optimal\u0173 maistini\u0173 med\u017eiag\u0173 \u012fsisavinim\u0105.<\/span><\/li>\n<li style=\"font-weight: 400;\" aria-level=\"1\"><span style=\"font-weight: 400;\">Padidintas elektrolit\u0173 ir vitamin\u0173 kiekis: Kompensuoja med\u017eiagas, prarastas d\u0117l viduriavimo ar v\u0117mimo.<\/span><\/li>\n<li style=\"font-weight: 400;\" aria-level=\"1\"><span style=\"font-weight: 400;\">Mieli\u0173 \u00df-1,3\/1,6 gliukanai ir MOS: Aktyvina imunin\u0119 sistem\u0105, suri\u0161a patogenines bakterijas ir ma\u017eina j\u0173 poveik\u012f \u017earnyno gleivinei.<\/span><\/li>\n<li style=\"font-weight: 400;\" aria-level=\"1\"><span style=\"font-weight: 400;\">Fermentuojamos skaidulos: Runkeli\u0173 i\u0161spaudos, FOS ir KOS palaiko ger\u0173j\u0173 bakterij\u0173 augim\u0105 ir reguliuoja \u017earnyno veikl\u0105.<\/span><\/li>\n<li style=\"font-weight: 400;\" aria-level=\"1\"><span style=\"font-weight: 400;\">Ceolitas ir jukos ekstraktas: Absorbuoja toksines med\u017eiagas ir ma\u017eina nemaloni\u0173 kvap\u0173 susidarym\u0105.<\/span><\/li>\n<\/ul>\n<p><span style=\"font-weight: 400;\">\u0160is pa\u0161aras idealiai tinka \u0161unims su vir\u0161kinimo sutrikimais, u\u017etikrina reikiam\u0105 maistini\u0173 med\u017eiag\u0173 kiek\u012f augantiems ir suaugusiems \u0161unims. Rekomenduojama dienos norm\u0105 padalyti \u012f 3-5 porcijas. Subalansuota sud\u0117tis ir lengvas vir\u0161kinamumas padeda palaikyti ger\u0105 sveikat\u0105 ir vir\u0161kinimo funkcijas.<\/span><\/p>\n","protected":false},"excerpt":{"rendered":"<p><span style=\"font-weight: 400;\">Visavertis ir subalansuotas pa\u0161aras, skirtas \u0161unims, turintiems vir\u0161kinimo problem\u0173, toki\u0173 kaip malabsorbcija, prastas vir\u0161kinimas, kasos egzokrinin\u0117s funkcijos nepakankamumas ar \u016bmios bei l\u0117tin\u0117s vir\u0161kinimo trakto ligos. \u0160is pa\u0161aras taip pat tinkamas sveikstantiems po lig\u0173 ar sergantiems dirgliosios \u017earnos sindromu.<\/span><\/p>\n","protected":false},"featured_media":11834,"template":"","meta":[],"product_brand":[],"product_cat":[101,103,107,321],"product_tag":[],"class_list":{"0":"post-11833","1":"product","2":"type-product","3":"status-publish","4":"has-post-thumbnail","6":"product_cat-sunims","7":"product_cat-sunu-maistas","8":"product_cat-veterinarine-dieta","9":"product_cat-specific-sunu-maistas","10":"pa_prekinis-zenklas-specific","12":"first","13":"instock","14":"sale","15":"taxable","16":"shipping-taxable","17":"purchasable","18":"product-type-variable"},"yoast_head":"<!-- This site is optimized with the Yoast SEO Premium plugin v27.1 (Yoast SEO v27.5) - https:\/\/yoast.com\/product\/yoast-seo-premium-wordpress\/ -->\n<title>SPECIFIC\u2122 CID pa\u0161aras \u0161unims, turintiems vir\u0161kinimo problem\u0173 - anivet.lt<\/title>\n<meta name=\"description\" content=\"Visavertis ir subalansuotas pa\u0161aras, skirtas \u0161unims, turintiems vir\u0161kinimo problem\u0173, toki\u0173 kaip malabsorbcija, prastas vir\u0161kinimas, kasos egzokrinin\u0117s funkcijos nepakankamumas ar \u016bmios bei l\u0117tin\u0117s vir\u0161kinimo trakto ligos. \u0160is pa\u0161aras taip pat tinkamas sveikstantiems po lig\u0173 ar sergantiems dirgliosios \u017earnos sindromu.\" \/>\n<meta name=\"robots\" content=\"index, follow, max-snippet:-1, max-image-preview:large, max-video-preview:-1\" \/>\n<link rel=\"canonical\" href=\"https:\/\/anivet.lt\/elparduotuve\/produktas\/specific-cid-digestive-support\/\" \/>\n<meta property=\"og:locale\" content=\"lt_LT\" \/>\n<meta property=\"og:type\" content=\"article\" \/>\n<meta property=\"og:title\" content=\"SPECIFIC\u2122 CID pa\u0161aras \u0161unims, turintiems vir\u0161kinimo problem\u0173\" \/>\n<meta property=\"og:description\" content=\"Visavertis ir subalansuotas pa\u0161aras, skirtas \u0161unims, turintiems vir\u0161kinimo problem\u0173, toki\u0173 kaip malabsorbcija, prastas vir\u0161kinimas, kasos egzokrinin\u0117s funkcijos nepakankamumas ar \u016bmios bei l\u0117tin\u0117s vir\u0161kinimo trakto ligos. \u0160is pa\u0161aras taip pat tinkamas sveikstantiems po lig\u0173 ar sergantiems dirgliosios \u017earnos sindromu.\" \/>\n<meta property=\"og:url\" content=\"https:\/\/anivet.lt\/elparduotuve\/produktas\/specific-cid-digestive-support\/\" \/>\n<meta property=\"og:site_name\" content=\"anivet.lt\" \/>\n<meta property=\"article:modified_time\" content=\"2026-04-16T10:02:08+00:00\" \/>\n<meta property=\"og:image\" content=\"https:\/\/anivet.lt\/elparduotuve\/wp-content\/uploads\/2023\/09\/U41eEhhN6YBwv6Z0K8yfRUFLvpbUINACT5yHH5ZH.png\" \/>\n\t<meta property=\"og:image:width\" content=\"1822\" \/>\n\t<meta property=\"og:image:height\" content=\"2000\" \/>\n\t<meta property=\"og:image:type\" content=\"image\/png\" \/>\n<meta name=\"twitter:card\" content=\"summary_large_image\" \/>\n<meta name=\"twitter:label1\" content=\"Est. reading time\" \/>\n\t<meta name=\"twitter:data1\" content=\"1 minut\u0117\" \/>\n<script type=\"application\/ld+json\" class=\"yoast-schema-graph\">{\"@context\":\"https:\\\/\\\/schema.org\",\"@graph\":[{\"@type\":\"WebPage\",\"@id\":\"https:\\\/\\\/anivet.lt\\\/elparduotuve\\\/produktas\\\/specific-cid-digestive-support\\\/\",\"url\":\"https:\\\/\\\/anivet.lt\\\/elparduotuve\\\/produktas\\\/specific-cid-digestive-support\\\/\",\"name\":\"SPECIFIC\u2122 CID pa\u0161aras \u0161unims, turintiems vir\u0161kinimo problem\u0173 - anivet.lt\",\"isPartOf\":{\"@id\":\"https:\\\/\\\/anivet.lt\\\/elparduotuve\\\/#website\"},\"primaryImageOfPage\":{\"@id\":\"https:\\\/\\\/anivet.lt\\\/elparduotuve\\\/produktas\\\/specific-cid-digestive-support\\\/#primaryimage\"},\"image\":{\"@id\":\"https:\\\/\\\/anivet.lt\\\/elparduotuve\\\/produktas\\\/specific-cid-digestive-support\\\/#primaryimage\"},\"thumbnailUrl\":\"https:\\\/\\\/anivet.lt\\\/elparduotuve\\\/wp-content\\\/uploads\\\/2023\\\/09\\\/U41eEhhN6YBwv6Z0K8yfRUFLvpbUINACT5yHH5ZH.png\",\"datePublished\":\"2023-09-19T19:42:22+00:00\",\"dateModified\":\"2026-04-16T10:02:08+00:00\",\"description\":\"Visavertis ir subalansuotas pa\u0161aras, skirtas \u0161unims, turintiems vir\u0161kinimo problem\u0173, toki\u0173 kaip malabsorbcija, prastas vir\u0161kinimas, kasos egzokrinin\u0117s funkcijos nepakankamumas ar \u016bmios bei l\u0117tin\u0117s vir\u0161kinimo trakto ligos. \u0160is pa\u0161aras taip pat tinkamas sveikstantiems po lig\u0173 ar sergantiems dirgliosios \u017earnos sindromu.\",\"breadcrumb\":{\"@id\":\"https:\\\/\\\/anivet.lt\\\/elparduotuve\\\/produktas\\\/specific-cid-digestive-support\\\/#breadcrumb\"},\"inLanguage\":\"lt-LT\",\"potentialAction\":[{\"@type\":\"ReadAction\",\"target\":[\"https:\\\/\\\/anivet.lt\\\/elparduotuve\\\/produktas\\\/specific-cid-digestive-support\\\/\"]}]},{\"@type\":\"ImageObject\",\"inLanguage\":\"lt-LT\",\"@id\":\"https:\\\/\\\/anivet.lt\\\/elparduotuve\\\/produktas\\\/specific-cid-digestive-support\\\/#primaryimage\",\"url\":\"https:\\\/\\\/anivet.lt\\\/elparduotuve\\\/wp-content\\\/uploads\\\/2023\\\/09\\\/U41eEhhN6YBwv6Z0K8yfRUFLvpbUINACT5yHH5ZH.png\",\"contentUrl\":\"https:\\\/\\\/anivet.lt\\\/elparduotuve\\\/wp-content\\\/uploads\\\/2023\\\/09\\\/U41eEhhN6YBwv6Z0K8yfRUFLvpbUINACT5yHH5ZH.png\",\"width\":1822,\"height\":2000,\"caption\":\"SPECIFIC\u2122 CID pa\u0161aras \u0161unims, turintiems vir\u0161kinimo problem\u0173\"},{\"@type\":\"BreadcrumbList\",\"@id\":\"https:\\\/\\\/anivet.lt\\\/elparduotuve\\\/produktas\\\/specific-cid-digestive-support\\\/#breadcrumb\",\"itemListElement\":[{\"@type\":\"ListItem\",\"position\":1,\"name\":\"Home\",\"item\":\"https:\\\/\\\/anivet.lt\\\/elparduotuve\\\/\"},{\"@type\":\"ListItem\",\"position\":2,\"name\":\"Produktai\",\"item\":\"https:\\\/\\\/anivet.lt\\\/elparduotuve\\\/produktai\\\/\"},{\"@type\":\"ListItem\",\"position\":3,\"name\":\"SPECIFIC\u2122 CID pa\u0161aras \u0161unims, turintiems vir\u0161kinimo problem\u0173\"}]},{\"@type\":\"WebSite\",\"@id\":\"https:\\\/\\\/anivet.lt\\\/elparduotuve\\\/#website\",\"url\":\"https:\\\/\\\/anivet.lt\\\/elparduotuve\\\/\",\"name\":\"anivet.lt\",\"description\":\"Viskas J\u016bs\u0173 \u0161uns, kat\u0117s prie\u017ei\u016brai\",\"publisher\":{\"@id\":\"https:\\\/\\\/anivet.lt\\\/elparduotuve\\\/#organization\"},\"alternateName\":\"Viskas J\u016bs\u0173 \u0161uns, kat\u0117s prie\u017ei\u016brai\",\"potentialAction\":[{\"@type\":\"SearchAction\",\"target\":{\"@type\":\"EntryPoint\",\"urlTemplate\":\"https:\\\/\\\/anivet.lt\\\/elparduotuve\\\/?s={search_term_string}\"},\"query-input\":{\"@type\":\"PropertyValueSpecification\",\"valueRequired\":true,\"valueName\":\"search_term_string\"}}],\"inLanguage\":\"lt-LT\"},{\"@type\":\"Organization\",\"@id\":\"https:\\\/\\\/anivet.lt\\\/elparduotuve\\\/#organization\",\"name\":\"Viskas J\u016bs\u0173 \u0161uns, kat\u0117s prie\u017ei\u016brai\",\"url\":\"https:\\\/\\\/anivet.lt\\\/elparduotuve\\\/\",\"logo\":{\"@type\":\"ImageObject\",\"inLanguage\":\"lt-LT\",\"@id\":\"https:\\\/\\\/anivet.lt\\\/elparduotuve\\\/#\\\/schema\\\/logo\\\/image\\\/\",\"url\":\"https:\\\/\\\/anivet.lt\\\/elparduotuve\\\/wp-content\\\/uploads\\\/2023\\\/06\\\/logo2.jpg\",\"contentUrl\":\"https:\\\/\\\/anivet.lt\\\/elparduotuve\\\/wp-content\\\/uploads\\\/2023\\\/06\\\/logo2.jpg\",\"width\":655,\"height\":194,\"caption\":\"Viskas J\u016bs\u0173 \u0161uns, kat\u0117s prie\u017ei\u016brai\"},\"image\":{\"@id\":\"https:\\\/\\\/anivet.lt\\\/elparduotuve\\\/#\\\/schema\\\/logo\\\/image\\\/\"}}]}<\/script>\n<!-- \/ Yoast SEO Premium plugin. -->","yoast_head_json":{"title":"SPECIFIC\u2122 CID pa\u0161aras \u0161unims, turintiems vir\u0161kinimo problem\u0173 - anivet.lt","description":"Visavertis ir subalansuotas pa\u0161aras, skirtas \u0161unims, turintiems vir\u0161kinimo problem\u0173, toki\u0173 kaip malabsorbcija, prastas vir\u0161kinimas, kasos egzokrinin\u0117s funkcijos nepakankamumas ar \u016bmios bei l\u0117tin\u0117s vir\u0161kinimo trakto ligos. \u0160is pa\u0161aras taip pat tinkamas sveikstantiems po lig\u0173 ar sergantiems dirgliosios \u017earnos sindromu.","robots":{"index":"index","follow":"follow","max-snippet":"max-snippet:-1","max-image-preview":"max-image-preview:large","max-video-preview":"max-video-preview:-1"},"canonical":"https:\/\/anivet.lt\/elparduotuve\/produktas\/specific-cid-digestive-support\/","og_locale":"lt_LT","og_type":"article","og_title":"SPECIFIC\u2122 CID pa\u0161aras \u0161unims, turintiems vir\u0161kinimo problem\u0173","og_description":"Visavertis ir subalansuotas pa\u0161aras, skirtas \u0161unims, turintiems vir\u0161kinimo problem\u0173, toki\u0173 kaip malabsorbcija, prastas vir\u0161kinimas, kasos egzokrinin\u0117s funkcijos nepakankamumas ar \u016bmios bei l\u0117tin\u0117s vir\u0161kinimo trakto ligos. \u0160is pa\u0161aras taip pat tinkamas sveikstantiems po lig\u0173 ar sergantiems dirgliosios \u017earnos sindromu.","og_url":"https:\/\/anivet.lt\/elparduotuve\/produktas\/specific-cid-digestive-support\/","og_site_name":"anivet.lt","article_modified_time":"2026-04-16T10:02:08+00:00","og_image":[{"width":1822,"height":2000,"url":"https:\/\/anivet.lt\/elparduotuve\/wp-content\/uploads\/2023\/09\/U41eEhhN6YBwv6Z0K8yfRUFLvpbUINACT5yHH5ZH.png","type":"image\/png"}],"twitter_card":"summary_large_image","twitter_misc":{"Est. reading time":"1 minut\u0117"},"schema":{"@context":"https:\/\/schema.org","@graph":[{"@type":"WebPage","@id":"https:\/\/anivet.lt\/elparduotuve\/produktas\/specific-cid-digestive-support\/","url":"https:\/\/anivet.lt\/elparduotuve\/produktas\/specific-cid-digestive-support\/","name":"SPECIFIC\u2122 CID pa\u0161aras \u0161unims, turintiems vir\u0161kinimo problem\u0173 - anivet.lt","isPartOf":{"@id":"https:\/\/anivet.lt\/elparduotuve\/#website"},"primaryImageOfPage":{"@id":"https:\/\/anivet.lt\/elparduotuve\/produktas\/specific-cid-digestive-support\/#primaryimage"},"image":{"@id":"https:\/\/anivet.lt\/elparduotuve\/produktas\/specific-cid-digestive-support\/#primaryimage"},"thumbnailUrl":"https:\/\/anivet.lt\/elparduotuve\/wp-content\/uploads\/2023\/09\/U41eEhhN6YBwv6Z0K8yfRUFLvpbUINACT5yHH5ZH.png","datePublished":"2023-09-19T19:42:22+00:00","dateModified":"2026-04-16T10:02:08+00:00","description":"Visavertis ir subalansuotas pa\u0161aras, skirtas \u0161unims, turintiems vir\u0161kinimo problem\u0173, toki\u0173 kaip malabsorbcija, prastas vir\u0161kinimas, kasos egzokrinin\u0117s funkcijos nepakankamumas ar \u016bmios bei l\u0117tin\u0117s vir\u0161kinimo trakto ligos. \u0160is pa\u0161aras taip pat tinkamas sveikstantiems po lig\u0173 ar sergantiems dirgliosios \u017earnos sindromu.","breadcrumb":{"@id":"https:\/\/anivet.lt\/elparduotuve\/produktas\/specific-cid-digestive-support\/#breadcrumb"},"inLanguage":"lt-LT","potentialAction":[{"@type":"ReadAction","target":["https:\/\/anivet.lt\/elparduotuve\/produktas\/specific-cid-digestive-support\/"]}]},{"@type":"ImageObject","inLanguage":"lt-LT","@id":"https:\/\/anivet.lt\/elparduotuve\/produktas\/specific-cid-digestive-support\/#primaryimage","url":"https:\/\/anivet.lt\/elparduotuve\/wp-content\/uploads\/2023\/09\/U41eEhhN6YBwv6Z0K8yfRUFLvpbUINACT5yHH5ZH.png","contentUrl":"https:\/\/anivet.lt\/elparduotuve\/wp-content\/uploads\/2023\/09\/U41eEhhN6YBwv6Z0K8yfRUFLvpbUINACT5yHH5ZH.png","width":1822,"height":2000,"caption":"SPECIFIC\u2122 CID pa\u0161aras \u0161unims, turintiems vir\u0161kinimo problem\u0173"},{"@type":"BreadcrumbList","@id":"https:\/\/anivet.lt\/elparduotuve\/produktas\/specific-cid-digestive-support\/#breadcrumb","itemListElement":[{"@type":"ListItem","position":1,"name":"Home","item":"https:\/\/anivet.lt\/elparduotuve\/"},{"@type":"ListItem","position":2,"name":"Produktai","item":"https:\/\/anivet.lt\/elparduotuve\/produktai\/"},{"@type":"ListItem","position":3,"name":"SPECIFIC\u2122 CID pa\u0161aras \u0161unims, turintiems vir\u0161kinimo problem\u0173"}]},{"@type":"WebSite","@id":"https:\/\/anivet.lt\/elparduotuve\/#website","url":"https:\/\/anivet.lt\/elparduotuve\/","name":"anivet.lt","description":"Viskas J\u016bs\u0173 \u0161uns, kat\u0117s prie\u017ei\u016brai","publisher":{"@id":"https:\/\/anivet.lt\/elparduotuve\/#organization"},"alternateName":"Viskas J\u016bs\u0173 \u0161uns, kat\u0117s prie\u017ei\u016brai","potentialAction":[{"@type":"SearchAction","target":{"@type":"EntryPoint","urlTemplate":"https:\/\/anivet.lt\/elparduotuve\/?s={search_term_string}"},"query-input":{"@type":"PropertyValueSpecification","valueRequired":true,"valueName":"search_term_string"}}],"inLanguage":"lt-LT"},{"@type":"Organization","@id":"https:\/\/anivet.lt\/elparduotuve\/#organization","name":"Viskas J\u016bs\u0173 \u0161uns, kat\u0117s prie\u017ei\u016brai","url":"https:\/\/anivet.lt\/elparduotuve\/","logo":{"@type":"ImageObject","inLanguage":"lt-LT","@id":"https:\/\/anivet.lt\/elparduotuve\/#\/schema\/logo\/image\/","url":"https:\/\/anivet.lt\/elparduotuve\/wp-content\/uploads\/2023\/06\/logo2.jpg","contentUrl":"https:\/\/anivet.lt\/elparduotuve\/wp-content\/uploads\/2023\/06\/logo2.jpg","width":655,"height":194,"caption":"Viskas J\u016bs\u0173 \u0161uns, kat\u0117s prie\u017ei\u016brai"},"image":{"@id":"https:\/\/anivet.lt\/elparduotuve\/#\/schema\/logo\/image\/"}}]}},"_links":{"self":[{"href":"https:\/\/anivet.lt\/elparduotuve\/wp-json\/wp\/v2\/product\/11833","targetHints":{"allow":["GET"]}}],"collection":[{"href":"https:\/\/anivet.lt\/elparduotuve\/wp-json\/wp\/v2\/product"}],"about":[{"href":"https:\/\/anivet.lt\/elparduotuve\/wp-json\/wp\/v2\/types\/product"}],"wp:featuredmedia":[{"embeddable":true,"href":"https:\/\/anivet.lt\/elparduotuve\/wp-json\/wp\/v2\/media\/11834"}],"wp:attachment":[{"href":"https:\/\/anivet.lt\/elparduotuve\/wp-json\/wp\/v2\/media?parent=11833"}],"wp:term":[{"taxonomy":"product_brand","embeddable":true,"href":"https:\/\/anivet.lt\/elparduotuve\/wp-json\/wp\/v2\/product_brand?post=11833"},{"taxonomy":"product_cat","embeddable":true,"href":"https:\/\/anivet.lt\/elparduotuve\/wp-json\/wp\/v2\/product_cat?post=11833"},{"taxonomy":"product_tag","embeddable":true,"href":"https:\/\/anivet.lt\/elparduotuve\/wp-json\/wp\/v2\/product_tag?post=11833"}],"curies":[{"name":"wp","href":"https:\/\/api.w.org\/{rel}","templated":true}]}}