{"id":11911,"date":"2023-09-21T10:43:35","date_gmt":"2023-09-21T10:43:35","guid":{"rendered":"https:\/\/anivet.lt\/elparduotuve\/?post_type=product&#038;p=11911"},"modified":"2025-11-23T08:29:22","modified_gmt":"2025-11-23T08:29:22","slug":"specific-ct-h-sveikuoliski-skanestai-sunims","status":"publish","type":"product","link":"https:\/\/anivet.lt\/elparduotuve\/produktas\/specific-ct-h-sveikuoliski-skanestai-sunims\/","title":{"rendered":"SPECIFIC\u2122 CT-H sveikuoli\u0161ki skan\u0117stai \u0161unims"},"content":{"rendered":"<ul>\n<li>\n<ul>\n<li style=\"font-weight: 400;\" aria-level=\"1\"><span style=\"font-weight: 400;\">Ma\u017eas riebal\u0173 kiekis: Suma\u017eina energin\u0119 vert\u0119 ir antsvorio rizik\u0105.<\/span><\/li>\n<li style=\"font-weight: 400;\" aria-level=\"1\"><span style=\"font-weight: 400;\">Didelis skaidul\u0173 kiekis: Palaiko sotumo jausm\u0105 ir padeda i\u0161laikyti optimal\u0173 k\u016bno svor\u012f.<\/span><\/li>\n<li style=\"font-weight: 400;\" aria-level=\"1\"><span style=\"font-weight: 400;\">Tinka diabetu sergantiems \u0161unims: L\u0117tai i\u0161siskirianti gliukoz\u0117 padeda reguliuoti cukraus kiek\u012f kraujyje.<\/span><\/li>\n<li style=\"font-weight: 400;\" aria-level=\"1\"><span style=\"font-weight: 400;\">Subalansuoti ingredientai: Tinka kaip papildas kasdieninei mitybai, nepakenkiant sveikai mitybos pusiausvyrai.<\/span><\/li>\n<li style=\"font-weight: 400;\" aria-level=\"1\"><span style=\"font-weight: 400;\">Puikus skonis: Malonus skan\u0117st\u0173 skonis d\u017eiugina \u0161unis, nepridedant nereikaling\u0173 kalorij\u0173.<\/span><\/li>\n<\/ul>\n<p><span style=\"font-weight: 400;\">\u0160ie skan\u0117stai idealiai tinka norint palaikyti subalansuot\u0105 mityb\u0105, nepridedant nereikalingo kalorij\u0173 kiekio. Skan\u0117stai puikiai tinka ne tik sveikiems \u0161unims, bet ir tiems, kurie turi polink\u012f \u012f nutukim\u0105 ar serga diabetu.<\/span><\/li>\n<\/ul>\n","protected":false},"excerpt":{"rendered":"<p><span style=\"font-weight: 400;\">Sveikuoli\u0161ki skan\u0117stai, tinkantys vis\u0173 am\u017ei\u0173 ir veisli\u0173 \u0161unims. Puikus pasirinkimas norint paskatinti ar palepinti augintin\u012f, i\u0161laikant jo optimal\u0173 svor\u012f ir sveikat\u0105. Skan\u0117stai taip pat yra tinkami \u0161unims, turintiems speciali\u0173 mitybos poreiki\u0173, \u012fskaitant cukrin\u012f diabet\u0105.<\/span><\/p>\n","protected":false},"featured_media":11912,"template":"","meta":[],"product_brand":[],"product_cat":[101,103,106,321],"product_tag":[],"class_list":{"0":"post-11911","1":"product","2":"type-product","3":"status-publish","4":"has-post-thumbnail","6":"product_cat-sunims","7":"product_cat-sunu-maistas","8":"product_cat-skanestai","9":"product_cat-specific-sunu-maistas","10":"pa_prekinis-zenklas-specific","12":"first","13":"instock","14":"taxable","15":"shipping-taxable","16":"purchasable","17":"product-type-simple"},"yoast_head":"<!-- This site is optimized with the Yoast SEO Premium plugin v27.1 (Yoast SEO v27.5) - https:\/\/yoast.com\/product\/yoast-seo-premium-wordpress\/ -->\n<title>SPECIFIC\u2122 CT-H sveikuoli\u0161ki skan\u0117stai \u0161unims - anivet.lt<\/title>\n<meta name=\"description\" content=\"Sveikuoli\u0161ki skan\u0117stai, tinkantys vis\u0173 am\u017ei\u0173 ir veisli\u0173 \u0161unims. Puikus pasirinkimas norint paskatinti ar palepinti augintin\u012f, i\u0161laikant jo optimal\u0173 svor\u012f ir sveikat\u0105. Skan\u0117stai taip pat yra tinkami \u0161unims, turintiems speciali\u0173 mitybos poreiki\u0173, \u012fskaitant cukrin\u012f diabet\u0105.\" \/>\n<meta name=\"robots\" content=\"index, follow, max-snippet:-1, max-image-preview:large, max-video-preview:-1\" \/>\n<link rel=\"canonical\" href=\"https:\/\/anivet.lt\/elparduotuve\/produktas\/specific-ct-h-sveikuoliski-skanestai-sunims\/\" \/>\n<meta property=\"og:locale\" content=\"lt_LT\" \/>\n<meta property=\"og:type\" content=\"article\" \/>\n<meta property=\"og:title\" content=\"SPECIFIC\u2122 CT-H sveikuoli\u0161ki skan\u0117stai \u0161unims\" \/>\n<meta property=\"og:description\" content=\"Sveikuoli\u0161ki skan\u0117stai, tinkantys vis\u0173 am\u017ei\u0173 ir veisli\u0173 \u0161unims. Puikus pasirinkimas norint paskatinti ar palepinti augintin\u012f, i\u0161laikant jo optimal\u0173 svor\u012f ir sveikat\u0105. Skan\u0117stai taip pat yra tinkami \u0161unims, turintiems speciali\u0173 mitybos poreiki\u0173, \u012fskaitant cukrin\u012f diabet\u0105.\" \/>\n<meta property=\"og:url\" content=\"https:\/\/anivet.lt\/elparduotuve\/produktas\/specific-ct-h-sveikuoliski-skanestai-sunims\/\" \/>\n<meta property=\"og:site_name\" content=\"anivet.lt\" \/>\n<meta property=\"article:modified_time\" content=\"2025-11-23T08:29:22+00:00\" \/>\n<meta property=\"og:image\" content=\"https:\/\/anivet.lt\/elparduotuve\/wp-content\/uploads\/2023\/09\/PcdZu1g1itZwySRMxsMRAtRe8VvmqfK5FAf7Br0z.jpg\" \/>\n\t<meta property=\"og:image:width\" content=\"1000\" \/>\n\t<meta property=\"og:image:height\" content=\"1000\" \/>\n\t<meta property=\"og:image:type\" content=\"image\/jpeg\" \/>\n<meta name=\"twitter:card\" content=\"summary_large_image\" \/>\n<meta name=\"twitter:label1\" content=\"Est. reading time\" \/>\n\t<meta name=\"twitter:data1\" content=\"1 minut\u0117\" \/>\n<script type=\"application\/ld+json\" class=\"yoast-schema-graph\">{\"@context\":\"https:\\\/\\\/schema.org\",\"@graph\":[{\"@type\":\"WebPage\",\"@id\":\"https:\\\/\\\/anivet.lt\\\/elparduotuve\\\/produktas\\\/specific-ct-h-sveikuoliski-skanestai-sunims\\\/\",\"url\":\"https:\\\/\\\/anivet.lt\\\/elparduotuve\\\/produktas\\\/specific-ct-h-sveikuoliski-skanestai-sunims\\\/\",\"name\":\"SPECIFIC\u2122 CT-H sveikuoli\u0161ki skan\u0117stai \u0161unims - anivet.lt\",\"isPartOf\":{\"@id\":\"https:\\\/\\\/anivet.lt\\\/elparduotuve\\\/#website\"},\"primaryImageOfPage\":{\"@id\":\"https:\\\/\\\/anivet.lt\\\/elparduotuve\\\/produktas\\\/specific-ct-h-sveikuoliski-skanestai-sunims\\\/#primaryimage\"},\"image\":{\"@id\":\"https:\\\/\\\/anivet.lt\\\/elparduotuve\\\/produktas\\\/specific-ct-h-sveikuoliski-skanestai-sunims\\\/#primaryimage\"},\"thumbnailUrl\":\"https:\\\/\\\/anivet.lt\\\/elparduotuve\\\/wp-content\\\/uploads\\\/2023\\\/09\\\/PcdZu1g1itZwySRMxsMRAtRe8VvmqfK5FAf7Br0z.jpg\",\"datePublished\":\"2023-09-21T10:43:35+00:00\",\"dateModified\":\"2025-11-23T08:29:22+00:00\",\"description\":\"Sveikuoli\u0161ki skan\u0117stai, tinkantys vis\u0173 am\u017ei\u0173 ir veisli\u0173 \u0161unims. Puikus pasirinkimas norint paskatinti ar palepinti augintin\u012f, i\u0161laikant jo optimal\u0173 svor\u012f ir sveikat\u0105. Skan\u0117stai taip pat yra tinkami \u0161unims, turintiems speciali\u0173 mitybos poreiki\u0173, \u012fskaitant cukrin\u012f diabet\u0105.\",\"breadcrumb\":{\"@id\":\"https:\\\/\\\/anivet.lt\\\/elparduotuve\\\/produktas\\\/specific-ct-h-sveikuoliski-skanestai-sunims\\\/#breadcrumb\"},\"inLanguage\":\"lt-LT\",\"potentialAction\":[{\"@type\":\"ReadAction\",\"target\":[\"https:\\\/\\\/anivet.lt\\\/elparduotuve\\\/produktas\\\/specific-ct-h-sveikuoliski-skanestai-sunims\\\/\"]}]},{\"@type\":\"ImageObject\",\"inLanguage\":\"lt-LT\",\"@id\":\"https:\\\/\\\/anivet.lt\\\/elparduotuve\\\/produktas\\\/specific-ct-h-sveikuoliski-skanestai-sunims\\\/#primaryimage\",\"url\":\"https:\\\/\\\/anivet.lt\\\/elparduotuve\\\/wp-content\\\/uploads\\\/2023\\\/09\\\/PcdZu1g1itZwySRMxsMRAtRe8VvmqfK5FAf7Br0z.jpg\",\"contentUrl\":\"https:\\\/\\\/anivet.lt\\\/elparduotuve\\\/wp-content\\\/uploads\\\/2023\\\/09\\\/PcdZu1g1itZwySRMxsMRAtRe8VvmqfK5FAf7Br0z.jpg\",\"width\":1000,\"height\":1000,\"caption\":\"SPECIFIC\u2122 CT-H sveikuoli\u0161ki skan\u0117stai \u0161unims\"},{\"@type\":\"BreadcrumbList\",\"@id\":\"https:\\\/\\\/anivet.lt\\\/elparduotuve\\\/produktas\\\/specific-ct-h-sveikuoliski-skanestai-sunims\\\/#breadcrumb\",\"itemListElement\":[{\"@type\":\"ListItem\",\"position\":1,\"name\":\"Home\",\"item\":\"https:\\\/\\\/anivet.lt\\\/elparduotuve\\\/\"},{\"@type\":\"ListItem\",\"position\":2,\"name\":\"Produktai\",\"item\":\"https:\\\/\\\/anivet.lt\\\/elparduotuve\\\/produktai\\\/\"},{\"@type\":\"ListItem\",\"position\":3,\"name\":\"SPECIFIC\u2122 CT-H sveikuoli\u0161ki skan\u0117stai \u0161unims\"}]},{\"@type\":\"WebSite\",\"@id\":\"https:\\\/\\\/anivet.lt\\\/elparduotuve\\\/#website\",\"url\":\"https:\\\/\\\/anivet.lt\\\/elparduotuve\\\/\",\"name\":\"anivet.lt\",\"description\":\"Viskas J\u016bs\u0173 \u0161uns, kat\u0117s prie\u017ei\u016brai\",\"publisher\":{\"@id\":\"https:\\\/\\\/anivet.lt\\\/elparduotuve\\\/#organization\"},\"alternateName\":\"Viskas J\u016bs\u0173 \u0161uns, kat\u0117s prie\u017ei\u016brai\",\"potentialAction\":[{\"@type\":\"SearchAction\",\"target\":{\"@type\":\"EntryPoint\",\"urlTemplate\":\"https:\\\/\\\/anivet.lt\\\/elparduotuve\\\/?s={search_term_string}\"},\"query-input\":{\"@type\":\"PropertyValueSpecification\",\"valueRequired\":true,\"valueName\":\"search_term_string\"}}],\"inLanguage\":\"lt-LT\"},{\"@type\":\"Organization\",\"@id\":\"https:\\\/\\\/anivet.lt\\\/elparduotuve\\\/#organization\",\"name\":\"Viskas J\u016bs\u0173 \u0161uns, kat\u0117s prie\u017ei\u016brai\",\"url\":\"https:\\\/\\\/anivet.lt\\\/elparduotuve\\\/\",\"logo\":{\"@type\":\"ImageObject\",\"inLanguage\":\"lt-LT\",\"@id\":\"https:\\\/\\\/anivet.lt\\\/elparduotuve\\\/#\\\/schema\\\/logo\\\/image\\\/\",\"url\":\"https:\\\/\\\/anivet.lt\\\/elparduotuve\\\/wp-content\\\/uploads\\\/2023\\\/06\\\/logo2.jpg\",\"contentUrl\":\"https:\\\/\\\/anivet.lt\\\/elparduotuve\\\/wp-content\\\/uploads\\\/2023\\\/06\\\/logo2.jpg\",\"width\":655,\"height\":194,\"caption\":\"Viskas J\u016bs\u0173 \u0161uns, kat\u0117s prie\u017ei\u016brai\"},\"image\":{\"@id\":\"https:\\\/\\\/anivet.lt\\\/elparduotuve\\\/#\\\/schema\\\/logo\\\/image\\\/\"}}]}<\/script>\n<!-- \/ Yoast SEO Premium plugin. -->","yoast_head_json":{"title":"SPECIFIC\u2122 CT-H sveikuoli\u0161ki skan\u0117stai \u0161unims - anivet.lt","description":"Sveikuoli\u0161ki skan\u0117stai, tinkantys vis\u0173 am\u017ei\u0173 ir veisli\u0173 \u0161unims. Puikus pasirinkimas norint paskatinti ar palepinti augintin\u012f, i\u0161laikant jo optimal\u0173 svor\u012f ir sveikat\u0105. Skan\u0117stai taip pat yra tinkami \u0161unims, turintiems speciali\u0173 mitybos poreiki\u0173, \u012fskaitant cukrin\u012f diabet\u0105.","robots":{"index":"index","follow":"follow","max-snippet":"max-snippet:-1","max-image-preview":"max-image-preview:large","max-video-preview":"max-video-preview:-1"},"canonical":"https:\/\/anivet.lt\/elparduotuve\/produktas\/specific-ct-h-sveikuoliski-skanestai-sunims\/","og_locale":"lt_LT","og_type":"article","og_title":"SPECIFIC\u2122 CT-H sveikuoli\u0161ki skan\u0117stai \u0161unims","og_description":"Sveikuoli\u0161ki skan\u0117stai, tinkantys vis\u0173 am\u017ei\u0173 ir veisli\u0173 \u0161unims. Puikus pasirinkimas norint paskatinti ar palepinti augintin\u012f, i\u0161laikant jo optimal\u0173 svor\u012f ir sveikat\u0105. Skan\u0117stai taip pat yra tinkami \u0161unims, turintiems speciali\u0173 mitybos poreiki\u0173, \u012fskaitant cukrin\u012f diabet\u0105.","og_url":"https:\/\/anivet.lt\/elparduotuve\/produktas\/specific-ct-h-sveikuoliski-skanestai-sunims\/","og_site_name":"anivet.lt","article_modified_time":"2025-11-23T08:29:22+00:00","og_image":[{"width":1000,"height":1000,"url":"https:\/\/anivet.lt\/elparduotuve\/wp-content\/uploads\/2023\/09\/PcdZu1g1itZwySRMxsMRAtRe8VvmqfK5FAf7Br0z.jpg","type":"image\/jpeg"}],"twitter_card":"summary_large_image","twitter_misc":{"Est. reading time":"1 minut\u0117"},"schema":{"@context":"https:\/\/schema.org","@graph":[{"@type":"WebPage","@id":"https:\/\/anivet.lt\/elparduotuve\/produktas\/specific-ct-h-sveikuoliski-skanestai-sunims\/","url":"https:\/\/anivet.lt\/elparduotuve\/produktas\/specific-ct-h-sveikuoliski-skanestai-sunims\/","name":"SPECIFIC\u2122 CT-H sveikuoli\u0161ki skan\u0117stai \u0161unims - anivet.lt","isPartOf":{"@id":"https:\/\/anivet.lt\/elparduotuve\/#website"},"primaryImageOfPage":{"@id":"https:\/\/anivet.lt\/elparduotuve\/produktas\/specific-ct-h-sveikuoliski-skanestai-sunims\/#primaryimage"},"image":{"@id":"https:\/\/anivet.lt\/elparduotuve\/produktas\/specific-ct-h-sveikuoliski-skanestai-sunims\/#primaryimage"},"thumbnailUrl":"https:\/\/anivet.lt\/elparduotuve\/wp-content\/uploads\/2023\/09\/PcdZu1g1itZwySRMxsMRAtRe8VvmqfK5FAf7Br0z.jpg","datePublished":"2023-09-21T10:43:35+00:00","dateModified":"2025-11-23T08:29:22+00:00","description":"Sveikuoli\u0161ki skan\u0117stai, tinkantys vis\u0173 am\u017ei\u0173 ir veisli\u0173 \u0161unims. Puikus pasirinkimas norint paskatinti ar palepinti augintin\u012f, i\u0161laikant jo optimal\u0173 svor\u012f ir sveikat\u0105. Skan\u0117stai taip pat yra tinkami \u0161unims, turintiems speciali\u0173 mitybos poreiki\u0173, \u012fskaitant cukrin\u012f diabet\u0105.","breadcrumb":{"@id":"https:\/\/anivet.lt\/elparduotuve\/produktas\/specific-ct-h-sveikuoliski-skanestai-sunims\/#breadcrumb"},"inLanguage":"lt-LT","potentialAction":[{"@type":"ReadAction","target":["https:\/\/anivet.lt\/elparduotuve\/produktas\/specific-ct-h-sveikuoliski-skanestai-sunims\/"]}]},{"@type":"ImageObject","inLanguage":"lt-LT","@id":"https:\/\/anivet.lt\/elparduotuve\/produktas\/specific-ct-h-sveikuoliski-skanestai-sunims\/#primaryimage","url":"https:\/\/anivet.lt\/elparduotuve\/wp-content\/uploads\/2023\/09\/PcdZu1g1itZwySRMxsMRAtRe8VvmqfK5FAf7Br0z.jpg","contentUrl":"https:\/\/anivet.lt\/elparduotuve\/wp-content\/uploads\/2023\/09\/PcdZu1g1itZwySRMxsMRAtRe8VvmqfK5FAf7Br0z.jpg","width":1000,"height":1000,"caption":"SPECIFIC\u2122 CT-H sveikuoli\u0161ki skan\u0117stai \u0161unims"},{"@type":"BreadcrumbList","@id":"https:\/\/anivet.lt\/elparduotuve\/produktas\/specific-ct-h-sveikuoliski-skanestai-sunims\/#breadcrumb","itemListElement":[{"@type":"ListItem","position":1,"name":"Home","item":"https:\/\/anivet.lt\/elparduotuve\/"},{"@type":"ListItem","position":2,"name":"Produktai","item":"https:\/\/anivet.lt\/elparduotuve\/produktai\/"},{"@type":"ListItem","position":3,"name":"SPECIFIC\u2122 CT-H sveikuoli\u0161ki skan\u0117stai \u0161unims"}]},{"@type":"WebSite","@id":"https:\/\/anivet.lt\/elparduotuve\/#website","url":"https:\/\/anivet.lt\/elparduotuve\/","name":"anivet.lt","description":"Viskas J\u016bs\u0173 \u0161uns, kat\u0117s prie\u017ei\u016brai","publisher":{"@id":"https:\/\/anivet.lt\/elparduotuve\/#organization"},"alternateName":"Viskas J\u016bs\u0173 \u0161uns, kat\u0117s prie\u017ei\u016brai","potentialAction":[{"@type":"SearchAction","target":{"@type":"EntryPoint","urlTemplate":"https:\/\/anivet.lt\/elparduotuve\/?s={search_term_string}"},"query-input":{"@type":"PropertyValueSpecification","valueRequired":true,"valueName":"search_term_string"}}],"inLanguage":"lt-LT"},{"@type":"Organization","@id":"https:\/\/anivet.lt\/elparduotuve\/#organization","name":"Viskas J\u016bs\u0173 \u0161uns, kat\u0117s prie\u017ei\u016brai","url":"https:\/\/anivet.lt\/elparduotuve\/","logo":{"@type":"ImageObject","inLanguage":"lt-LT","@id":"https:\/\/anivet.lt\/elparduotuve\/#\/schema\/logo\/image\/","url":"https:\/\/anivet.lt\/elparduotuve\/wp-content\/uploads\/2023\/06\/logo2.jpg","contentUrl":"https:\/\/anivet.lt\/elparduotuve\/wp-content\/uploads\/2023\/06\/logo2.jpg","width":655,"height":194,"caption":"Viskas J\u016bs\u0173 \u0161uns, kat\u0117s prie\u017ei\u016brai"},"image":{"@id":"https:\/\/anivet.lt\/elparduotuve\/#\/schema\/logo\/image\/"}}]}},"_links":{"self":[{"href":"https:\/\/anivet.lt\/elparduotuve\/wp-json\/wp\/v2\/product\/11911","targetHints":{"allow":["GET"]}}],"collection":[{"href":"https:\/\/anivet.lt\/elparduotuve\/wp-json\/wp\/v2\/product"}],"about":[{"href":"https:\/\/anivet.lt\/elparduotuve\/wp-json\/wp\/v2\/types\/product"}],"wp:featuredmedia":[{"embeddable":true,"href":"https:\/\/anivet.lt\/elparduotuve\/wp-json\/wp\/v2\/media\/11912"}],"wp:attachment":[{"href":"https:\/\/anivet.lt\/elparduotuve\/wp-json\/wp\/v2\/media?parent=11911"}],"wp:term":[{"taxonomy":"product_brand","embeddable":true,"href":"https:\/\/anivet.lt\/elparduotuve\/wp-json\/wp\/v2\/product_brand?post=11911"},{"taxonomy":"product_cat","embeddable":true,"href":"https:\/\/anivet.lt\/elparduotuve\/wp-json\/wp\/v2\/product_cat?post=11911"},{"taxonomy":"product_tag","embeddable":true,"href":"https:\/\/anivet.lt\/elparduotuve\/wp-json\/wp\/v2\/product_tag?post=11911"}],"curies":[{"name":"wp","href":"https:\/\/api.w.org\/{rel}","templated":true}]}}