{"id":12049,"date":"2023-10-05T13:01:46","date_gmt":"2023-10-05T13:01:46","guid":{"rendered":"https:\/\/anivet.lt\/elparduotuve\/?post_type=product&#038;p=12049"},"modified":"2026-05-06T10:45:10","modified_gmt":"2026-05-06T10:45:10","slug":"monge-dry-cat-adult-urinary-su-vistiena-15kg","status":"publish","type":"product","link":"https:\/\/anivet.lt\/elparduotuve\/produktas\/monge-dry-cat-adult-urinary-su-vistiena-15kg\/","title":{"rendered":"Monge Dry Cat Adult Urinary su vi\u0161tiena 1,5kg"},"content":{"rendered":"<ul>\n<li style=\"font-weight: 400;\" aria-level=\"1\"><span style=\"font-weight: 400;\">Pagrindin\u0117 sudedamoji dalis \u2013 vi\u0161tiena: \u0160vie\u017eia (5%) ir dehidratuota (18%) vi\u0161tiena suteikia auk\u0161tos kokyb\u0117s baltym\u0173 \u0161altin\u012f.<\/span><\/li>\n<li style=\"font-weight: 400;\" aria-level=\"1\"><span style=\"font-weight: 400;\">\u0160lapimo sistemos prie\u017ei\u016bra: Pa\u0161aras turi r\u016bg\u0161tinan\u010di\u0173 savybi\u0173, kurios padeda ma\u017einti struvit\u0173 akmen\u0173 formavimosi rizik\u0105.<\/span><\/li>\n<li style=\"font-weight: 400;\" aria-level=\"1\"><span style=\"font-weight: 400;\">Naujos kartos prebiotikai: Ksilo-oligosacharidai (X.O.S.) skatina sveik\u0105 vir\u0161kinim\u0105 ir subalansuot\u0105 \u017earnyno mikroflor\u0105.<\/span><\/li>\n<li style=\"font-weight: 400;\" aria-level=\"1\"><span style=\"font-weight: 400;\">Omega riebal\u0173 r\u016bg\u0161tys: La\u0161i\u0161\u0173 aliejus ir kiti riebal\u0173 \u0161altiniai palaiko sveik\u0105 od\u0105 ir kail\u012f.<\/span><\/li>\n<li style=\"font-weight: 400;\" aria-level=\"1\"><span style=\"font-weight: 400;\">Lengvai vir\u0161kinamas: Specialiai subalansuota sud\u0117tis tinka jautresn\u0117ms kat\u0117ms.<\/span><\/li>\n<\/ul>\n<p><span style=\"font-weight: 400;\">\u0160is maistingas pa\u0161aras yra ne tik naudingas \u0161lapimo sistemos prie\u017ei\u016brai, bet ir skanus, tod\u0117l j\u016bs\u0173 kat\u0117 mielai juo m\u0117gausis. Tai idealus pasirinkimas siekiant u\u017etikrinti sveik\u0105, subalansuot\u0105 mityb\u0105 ir bendr\u0105 kat\u0117s gerov\u0119.<\/span><\/p>\n","protected":false},"excerpt":{"rendered":"<p><span style=\"font-weight: 400;\">Visavertis pa\u0161aras, specialiai sukurtas kat\u0117ms, turin\u010dioms polink\u012f \u012f struvit\u0173 akmen\u0173 formavim\u0105si. \u0160is pa\u0161aras padeda palaikyti sveik\u0105 \u0161lapimo sistemos veikl\u0105, kartu u\u017etikrinant puik\u0173 skon\u012f ir lengv\u0105 vir\u0161kinim\u0105.<\/span><\/p>\n","protected":false},"featured_media":12050,"template":"","meta":[],"product_brand":[],"product_cat":[114,115,102,343],"product_tag":[],"class_list":{"0":"post-12049","1":"product","2":"type-product","3":"status-publish","4":"has-post-thumbnail","6":"product_cat-kaciu-maistas","7":"product_cat-sausas-maistas-ir-skanestai-katems","8":"product_cat-katems","9":"product_cat-monge-kaciu-maistas","10":"pa_prekinis-zenklas-monge","12":"first","13":"instock","14":"sale","15":"taxable","16":"shipping-taxable","17":"purchasable","18":"product-type-simple"},"yoast_head":"<!-- This site is optimized with the Yoast SEO Premium plugin v27.1 (Yoast SEO v27.5) - https:\/\/yoast.com\/product\/yoast-seo-premium-wordpress\/ -->\n<title>Monge Dry Cat Adult Urinary su vi\u0161tiena 1,5kg - anivet.lt<\/title>\n<meta name=\"description\" content=\"Visavertis pa\u0161aras, specialiai sukurtas kat\u0117ms, turin\u010dioms polink\u012f \u012f struvit\u0173 akmen\u0173 formavim\u0105si. \u0160is pa\u0161aras padeda palaikyti sveik\u0105 \u0161lapimo sistemos veikl\u0105, kartu u\u017etikrinant puik\u0173 skon\u012f ir lengv\u0105 vir\u0161kinim\u0105.\" \/>\n<meta name=\"robots\" content=\"index, follow, max-snippet:-1, max-image-preview:large, max-video-preview:-1\" \/>\n<link rel=\"canonical\" href=\"https:\/\/anivet.lt\/elparduotuve\/produktas\/monge-dry-cat-adult-urinary-su-vistiena-15kg\/\" \/>\n<meta property=\"og:locale\" content=\"lt_LT\" \/>\n<meta property=\"og:type\" content=\"article\" \/>\n<meta property=\"og:title\" content=\"Monge Dry Cat Adult Urinary su vi\u0161tiena 1,5kg\" \/>\n<meta property=\"og:description\" content=\"Visavertis pa\u0161aras, specialiai sukurtas kat\u0117ms, turin\u010dioms polink\u012f \u012f struvit\u0173 akmen\u0173 formavim\u0105si. \u0160is pa\u0161aras padeda palaikyti sveik\u0105 \u0161lapimo sistemos veikl\u0105, kartu u\u017etikrinant puik\u0173 skon\u012f ir lengv\u0105 vir\u0161kinim\u0105.\" \/>\n<meta property=\"og:url\" content=\"https:\/\/anivet.lt\/elparduotuve\/produktas\/monge-dry-cat-adult-urinary-su-vistiena-15kg\/\" \/>\n<meta property=\"og:site_name\" content=\"anivet.lt\" \/>\n<meta property=\"article:modified_time\" content=\"2026-05-06T10:45:10+00:00\" \/>\n<meta property=\"og:image\" content=\"https:\/\/anivet.lt\/elparduotuve\/wp-content\/uploads\/2023\/10\/monge-urinary-adult-urinary-super-premium-sausas-pasaras-katems-su-vistiena15kg.jpg\" \/>\n\t<meta property=\"og:image:width\" content=\"800\" \/>\n\t<meta property=\"og:image:height\" content=\"800\" \/>\n\t<meta property=\"og:image:type\" content=\"image\/jpeg\" \/>\n<meta name=\"twitter:card\" content=\"summary_large_image\" \/>\n<meta name=\"twitter:label1\" content=\"Est. reading time\" \/>\n\t<meta name=\"twitter:data1\" content=\"1 minut\u0117\" \/>\n<script type=\"application\/ld+json\" class=\"yoast-schema-graph\">{\"@context\":\"https:\\\/\\\/schema.org\",\"@graph\":[{\"@type\":\"WebPage\",\"@id\":\"https:\\\/\\\/anivet.lt\\\/elparduotuve\\\/produktas\\\/monge-dry-cat-adult-urinary-su-vistiena-15kg\\\/\",\"url\":\"https:\\\/\\\/anivet.lt\\\/elparduotuve\\\/produktas\\\/monge-dry-cat-adult-urinary-su-vistiena-15kg\\\/\",\"name\":\"Monge Dry Cat Adult Urinary su vi\u0161tiena 1,5kg - anivet.lt\",\"isPartOf\":{\"@id\":\"https:\\\/\\\/anivet.lt\\\/elparduotuve\\\/#website\"},\"primaryImageOfPage\":{\"@id\":\"https:\\\/\\\/anivet.lt\\\/elparduotuve\\\/produktas\\\/monge-dry-cat-adult-urinary-su-vistiena-15kg\\\/#primaryimage\"},\"image\":{\"@id\":\"https:\\\/\\\/anivet.lt\\\/elparduotuve\\\/produktas\\\/monge-dry-cat-adult-urinary-su-vistiena-15kg\\\/#primaryimage\"},\"thumbnailUrl\":\"https:\\\/\\\/anivet.lt\\\/elparduotuve\\\/wp-content\\\/uploads\\\/2023\\\/10\\\/monge-urinary-adult-urinary-super-premium-sausas-pasaras-katems-su-vistiena15kg.jpg\",\"datePublished\":\"2023-10-05T13:01:46+00:00\",\"dateModified\":\"2026-05-06T10:45:10+00:00\",\"description\":\"Visavertis pa\u0161aras, specialiai sukurtas kat\u0117ms, turin\u010dioms polink\u012f \u012f struvit\u0173 akmen\u0173 formavim\u0105si. \u0160is pa\u0161aras padeda palaikyti sveik\u0105 \u0161lapimo sistemos veikl\u0105, kartu u\u017etikrinant puik\u0173 skon\u012f ir lengv\u0105 vir\u0161kinim\u0105.\",\"breadcrumb\":{\"@id\":\"https:\\\/\\\/anivet.lt\\\/elparduotuve\\\/produktas\\\/monge-dry-cat-adult-urinary-su-vistiena-15kg\\\/#breadcrumb\"},\"inLanguage\":\"lt-LT\",\"potentialAction\":[{\"@type\":\"ReadAction\",\"target\":[\"https:\\\/\\\/anivet.lt\\\/elparduotuve\\\/produktas\\\/monge-dry-cat-adult-urinary-su-vistiena-15kg\\\/\"]}]},{\"@type\":\"ImageObject\",\"inLanguage\":\"lt-LT\",\"@id\":\"https:\\\/\\\/anivet.lt\\\/elparduotuve\\\/produktas\\\/monge-dry-cat-adult-urinary-su-vistiena-15kg\\\/#primaryimage\",\"url\":\"https:\\\/\\\/anivet.lt\\\/elparduotuve\\\/wp-content\\\/uploads\\\/2023\\\/10\\\/monge-urinary-adult-urinary-super-premium-sausas-pasaras-katems-su-vistiena15kg.jpg\",\"contentUrl\":\"https:\\\/\\\/anivet.lt\\\/elparduotuve\\\/wp-content\\\/uploads\\\/2023\\\/10\\\/monge-urinary-adult-urinary-super-premium-sausas-pasaras-katems-su-vistiena15kg.jpg\",\"width\":800,\"height\":800,\"caption\":\"Monge Dry Cat Adult Urinary su vi\u0161tiena 1,5kg\"},{\"@type\":\"BreadcrumbList\",\"@id\":\"https:\\\/\\\/anivet.lt\\\/elparduotuve\\\/produktas\\\/monge-dry-cat-adult-urinary-su-vistiena-15kg\\\/#breadcrumb\",\"itemListElement\":[{\"@type\":\"ListItem\",\"position\":1,\"name\":\"Home\",\"item\":\"https:\\\/\\\/anivet.lt\\\/elparduotuve\\\/\"},{\"@type\":\"ListItem\",\"position\":2,\"name\":\"Produktai\",\"item\":\"https:\\\/\\\/anivet.lt\\\/elparduotuve\\\/produktai\\\/\"},{\"@type\":\"ListItem\",\"position\":3,\"name\":\"Monge Dry Cat Adult Urinary su vi\u0161tiena 1,5kg\"}]},{\"@type\":\"WebSite\",\"@id\":\"https:\\\/\\\/anivet.lt\\\/elparduotuve\\\/#website\",\"url\":\"https:\\\/\\\/anivet.lt\\\/elparduotuve\\\/\",\"name\":\"anivet.lt\",\"description\":\"Viskas J\u016bs\u0173 \u0161uns, kat\u0117s prie\u017ei\u016brai\",\"publisher\":{\"@id\":\"https:\\\/\\\/anivet.lt\\\/elparduotuve\\\/#organization\"},\"alternateName\":\"Viskas J\u016bs\u0173 \u0161uns, kat\u0117s prie\u017ei\u016brai\",\"potentialAction\":[{\"@type\":\"SearchAction\",\"target\":{\"@type\":\"EntryPoint\",\"urlTemplate\":\"https:\\\/\\\/anivet.lt\\\/elparduotuve\\\/?s={search_term_string}\"},\"query-input\":{\"@type\":\"PropertyValueSpecification\",\"valueRequired\":true,\"valueName\":\"search_term_string\"}}],\"inLanguage\":\"lt-LT\"},{\"@type\":\"Organization\",\"@id\":\"https:\\\/\\\/anivet.lt\\\/elparduotuve\\\/#organization\",\"name\":\"Viskas J\u016bs\u0173 \u0161uns, kat\u0117s prie\u017ei\u016brai\",\"url\":\"https:\\\/\\\/anivet.lt\\\/elparduotuve\\\/\",\"logo\":{\"@type\":\"ImageObject\",\"inLanguage\":\"lt-LT\",\"@id\":\"https:\\\/\\\/anivet.lt\\\/elparduotuve\\\/#\\\/schema\\\/logo\\\/image\\\/\",\"url\":\"https:\\\/\\\/anivet.lt\\\/elparduotuve\\\/wp-content\\\/uploads\\\/2023\\\/06\\\/logo2.jpg\",\"contentUrl\":\"https:\\\/\\\/anivet.lt\\\/elparduotuve\\\/wp-content\\\/uploads\\\/2023\\\/06\\\/logo2.jpg\",\"width\":655,\"height\":194,\"caption\":\"Viskas J\u016bs\u0173 \u0161uns, kat\u0117s prie\u017ei\u016brai\"},\"image\":{\"@id\":\"https:\\\/\\\/anivet.lt\\\/elparduotuve\\\/#\\\/schema\\\/logo\\\/image\\\/\"}}]}<\/script>\n<!-- \/ Yoast SEO Premium plugin. -->","yoast_head_json":{"title":"Monge Dry Cat Adult Urinary su vi\u0161tiena 1,5kg - anivet.lt","description":"Visavertis pa\u0161aras, specialiai sukurtas kat\u0117ms, turin\u010dioms polink\u012f \u012f struvit\u0173 akmen\u0173 formavim\u0105si. \u0160is pa\u0161aras padeda palaikyti sveik\u0105 \u0161lapimo sistemos veikl\u0105, kartu u\u017etikrinant puik\u0173 skon\u012f ir lengv\u0105 vir\u0161kinim\u0105.","robots":{"index":"index","follow":"follow","max-snippet":"max-snippet:-1","max-image-preview":"max-image-preview:large","max-video-preview":"max-video-preview:-1"},"canonical":"https:\/\/anivet.lt\/elparduotuve\/produktas\/monge-dry-cat-adult-urinary-su-vistiena-15kg\/","og_locale":"lt_LT","og_type":"article","og_title":"Monge Dry Cat Adult Urinary su vi\u0161tiena 1,5kg","og_description":"Visavertis pa\u0161aras, specialiai sukurtas kat\u0117ms, turin\u010dioms polink\u012f \u012f struvit\u0173 akmen\u0173 formavim\u0105si. \u0160is pa\u0161aras padeda palaikyti sveik\u0105 \u0161lapimo sistemos veikl\u0105, kartu u\u017etikrinant puik\u0173 skon\u012f ir lengv\u0105 vir\u0161kinim\u0105.","og_url":"https:\/\/anivet.lt\/elparduotuve\/produktas\/monge-dry-cat-adult-urinary-su-vistiena-15kg\/","og_site_name":"anivet.lt","article_modified_time":"2026-05-06T10:45:10+00:00","og_image":[{"width":800,"height":800,"url":"https:\/\/anivet.lt\/elparduotuve\/wp-content\/uploads\/2023\/10\/monge-urinary-adult-urinary-super-premium-sausas-pasaras-katems-su-vistiena15kg.jpg","type":"image\/jpeg"}],"twitter_card":"summary_large_image","twitter_misc":{"Est. reading time":"1 minut\u0117"},"schema":{"@context":"https:\/\/schema.org","@graph":[{"@type":"WebPage","@id":"https:\/\/anivet.lt\/elparduotuve\/produktas\/monge-dry-cat-adult-urinary-su-vistiena-15kg\/","url":"https:\/\/anivet.lt\/elparduotuve\/produktas\/monge-dry-cat-adult-urinary-su-vistiena-15kg\/","name":"Monge Dry Cat Adult Urinary su vi\u0161tiena 1,5kg - anivet.lt","isPartOf":{"@id":"https:\/\/anivet.lt\/elparduotuve\/#website"},"primaryImageOfPage":{"@id":"https:\/\/anivet.lt\/elparduotuve\/produktas\/monge-dry-cat-adult-urinary-su-vistiena-15kg\/#primaryimage"},"image":{"@id":"https:\/\/anivet.lt\/elparduotuve\/produktas\/monge-dry-cat-adult-urinary-su-vistiena-15kg\/#primaryimage"},"thumbnailUrl":"https:\/\/anivet.lt\/elparduotuve\/wp-content\/uploads\/2023\/10\/monge-urinary-adult-urinary-super-premium-sausas-pasaras-katems-su-vistiena15kg.jpg","datePublished":"2023-10-05T13:01:46+00:00","dateModified":"2026-05-06T10:45:10+00:00","description":"Visavertis pa\u0161aras, specialiai sukurtas kat\u0117ms, turin\u010dioms polink\u012f \u012f struvit\u0173 akmen\u0173 formavim\u0105si. \u0160is pa\u0161aras padeda palaikyti sveik\u0105 \u0161lapimo sistemos veikl\u0105, kartu u\u017etikrinant puik\u0173 skon\u012f ir lengv\u0105 vir\u0161kinim\u0105.","breadcrumb":{"@id":"https:\/\/anivet.lt\/elparduotuve\/produktas\/monge-dry-cat-adult-urinary-su-vistiena-15kg\/#breadcrumb"},"inLanguage":"lt-LT","potentialAction":[{"@type":"ReadAction","target":["https:\/\/anivet.lt\/elparduotuve\/produktas\/monge-dry-cat-adult-urinary-su-vistiena-15kg\/"]}]},{"@type":"ImageObject","inLanguage":"lt-LT","@id":"https:\/\/anivet.lt\/elparduotuve\/produktas\/monge-dry-cat-adult-urinary-su-vistiena-15kg\/#primaryimage","url":"https:\/\/anivet.lt\/elparduotuve\/wp-content\/uploads\/2023\/10\/monge-urinary-adult-urinary-super-premium-sausas-pasaras-katems-su-vistiena15kg.jpg","contentUrl":"https:\/\/anivet.lt\/elparduotuve\/wp-content\/uploads\/2023\/10\/monge-urinary-adult-urinary-super-premium-sausas-pasaras-katems-su-vistiena15kg.jpg","width":800,"height":800,"caption":"Monge Dry Cat Adult Urinary su vi\u0161tiena 1,5kg"},{"@type":"BreadcrumbList","@id":"https:\/\/anivet.lt\/elparduotuve\/produktas\/monge-dry-cat-adult-urinary-su-vistiena-15kg\/#breadcrumb","itemListElement":[{"@type":"ListItem","position":1,"name":"Home","item":"https:\/\/anivet.lt\/elparduotuve\/"},{"@type":"ListItem","position":2,"name":"Produktai","item":"https:\/\/anivet.lt\/elparduotuve\/produktai\/"},{"@type":"ListItem","position":3,"name":"Monge Dry Cat Adult Urinary su vi\u0161tiena 1,5kg"}]},{"@type":"WebSite","@id":"https:\/\/anivet.lt\/elparduotuve\/#website","url":"https:\/\/anivet.lt\/elparduotuve\/","name":"anivet.lt","description":"Viskas J\u016bs\u0173 \u0161uns, kat\u0117s prie\u017ei\u016brai","publisher":{"@id":"https:\/\/anivet.lt\/elparduotuve\/#organization"},"alternateName":"Viskas J\u016bs\u0173 \u0161uns, kat\u0117s prie\u017ei\u016brai","potentialAction":[{"@type":"SearchAction","target":{"@type":"EntryPoint","urlTemplate":"https:\/\/anivet.lt\/elparduotuve\/?s={search_term_string}"},"query-input":{"@type":"PropertyValueSpecification","valueRequired":true,"valueName":"search_term_string"}}],"inLanguage":"lt-LT"},{"@type":"Organization","@id":"https:\/\/anivet.lt\/elparduotuve\/#organization","name":"Viskas J\u016bs\u0173 \u0161uns, kat\u0117s prie\u017ei\u016brai","url":"https:\/\/anivet.lt\/elparduotuve\/","logo":{"@type":"ImageObject","inLanguage":"lt-LT","@id":"https:\/\/anivet.lt\/elparduotuve\/#\/schema\/logo\/image\/","url":"https:\/\/anivet.lt\/elparduotuve\/wp-content\/uploads\/2023\/06\/logo2.jpg","contentUrl":"https:\/\/anivet.lt\/elparduotuve\/wp-content\/uploads\/2023\/06\/logo2.jpg","width":655,"height":194,"caption":"Viskas J\u016bs\u0173 \u0161uns, kat\u0117s prie\u017ei\u016brai"},"image":{"@id":"https:\/\/anivet.lt\/elparduotuve\/#\/schema\/logo\/image\/"}}]}},"_links":{"self":[{"href":"https:\/\/anivet.lt\/elparduotuve\/wp-json\/wp\/v2\/product\/12049","targetHints":{"allow":["GET"]}}],"collection":[{"href":"https:\/\/anivet.lt\/elparduotuve\/wp-json\/wp\/v2\/product"}],"about":[{"href":"https:\/\/anivet.lt\/elparduotuve\/wp-json\/wp\/v2\/types\/product"}],"wp:featuredmedia":[{"embeddable":true,"href":"https:\/\/anivet.lt\/elparduotuve\/wp-json\/wp\/v2\/media\/12050"}],"wp:attachment":[{"href":"https:\/\/anivet.lt\/elparduotuve\/wp-json\/wp\/v2\/media?parent=12049"}],"wp:term":[{"taxonomy":"product_brand","embeddable":true,"href":"https:\/\/anivet.lt\/elparduotuve\/wp-json\/wp\/v2\/product_brand?post=12049"},{"taxonomy":"product_cat","embeddable":true,"href":"https:\/\/anivet.lt\/elparduotuve\/wp-json\/wp\/v2\/product_cat?post=12049"},{"taxonomy":"product_tag","embeddable":true,"href":"https:\/\/anivet.lt\/elparduotuve\/wp-json\/wp\/v2\/product_tag?post=12049"}],"curies":[{"name":"wp","href":"https:\/\/api.w.org\/{rel}","templated":true}]}}