{"id":12218,"date":"2023-10-14T10:00:57","date_gmt":"2023-10-14T10:00:57","guid":{"rendered":"https:\/\/anivet.lt\/elparduotuve\/?post_type=product&#038;p=12218"},"modified":"2026-04-09T09:21:58","modified_gmt":"2026-04-09T09:21:58","slug":"monge-bwild-adult-pastetas-katems-su-lasisa-ir-darzovemis-100g","status":"publish","type":"product","link":"https:\/\/anivet.lt\/elparduotuve\/produktas\/monge-bwild-adult-pastetas-katems-su-lasisa-ir-darzovemis-100g\/","title":{"rendered":"Monge BWild adult pa\u0161tetas kat\u0117ms su la\u0161i\u0161a ir dar\u017eov\u0117mis 100g"},"content":{"rendered":"<ul>\n<li style=\"font-weight: 400;\" aria-level=\"1\"><span style=\"font-weight: 400;\">Be gr\u016bd\u0173: Puikiai tinka jautrioms kat\u0117ms, vengian\u010dioms gr\u016bd\u0173 produkt\u0173.<\/span><\/li>\n<li style=\"font-weight: 400;\" aria-level=\"1\"><span style=\"font-weight: 400;\">Auk\u0161tos kokyb\u0117s ingredientai: 26% la\u0161i\u0161os ir vi\u0161tienos bei kiaulienos kepenys u\u017etikrina nat\u016bral\u0173 baltym\u0173 \u0161altin\u012f.<\/span><\/li>\n<li style=\"font-weight: 400;\" aria-level=\"1\"><span style=\"font-weight: 400;\">Praturtintas dar\u017eov\u0117mis: \u0160vie\u017eios morkos ir \u0161paragin\u0117s pupel\u0117s papildomai suteikia maisting\u0173 med\u017eiag\u0173.<\/span><\/li>\n<li style=\"font-weight: 400;\" aria-level=\"1\"><span style=\"font-weight: 400;\">Sveikai odai ir kailiui: La\u0161i\u0161\u0173 taukai ir Omega-3 riebal\u0173 r\u016bg\u0161tys padeda i\u0161laikyti \u017evilgant\u012f kail\u012f.<\/span><\/li>\n<li style=\"font-weight: 400;\" aria-level=\"1\"><span style=\"font-weight: 400;\">Skrand\u017eio ir \u017earnyno sveikatai: Ksilooligosacharidai (XOS) ir yucca schidigera gerina vir\u0161kinim\u0105 bei ma\u017eina nemalonius kvapus.<\/span><\/li>\n<li style=\"font-weight: 400;\" aria-level=\"1\"><span style=\"font-weight: 400;\">Nat\u016bral\u016bs papildai: Spirulina ir mineralai u\u017etikrina stipr\u0173 imunitet\u0105 ir bendr\u0105 sveikat\u0105.<\/span><\/li>\n<\/ul>\n<p><span style=\"font-weight: 400;\">\u0160is pa\u0161tetas su la\u0161i\u0161a ir dar\u017eov\u0117mis yra puikus pasirinkimas siekiant subalansuoti j\u016bs\u0173 kat\u0117s mityb\u0105 nat\u016braliais ir maistingais ingredientais. Begr\u016bd\u0117 sud\u0117tis ir papildomos maistin\u0117s med\u017eiagos u\u017etikrina sveik\u0105 vir\u0161kinim\u0105, kailio spindes\u012f ir stipr\u0173 imunitet\u0105, tuo pa\u010diu palepinant augintin\u012f skaniu pa\u0161teto skoniu.<\/span><\/p>\n","protected":false},"excerpt":{"rendered":"<p><span style=\"font-weight: 400;\">Visavertis begr\u016bdis pa\u0161tetas, sukurtas suaugusioms kat\u0117ms, siekiant u\u017etikrinti nat\u016brali\u0105 ir subalansuot\u0105 mityb\u0105. Pa\u0161tetas su la\u0161i\u0161a ir dar\u017eov\u0117mis yra keptas ir praturtintas nat\u016braliais ingredientais, kurie padeda i\u0161laikyti j\u016bs\u0173 kat\u0117s sveikat\u0105 ir energij\u0105.<\/span><\/p>\n","protected":false},"featured_media":12219,"template":"","meta":[],"product_brand":[],"product_cat":[114,102,116,343],"product_tag":[],"class_list":{"0":"post-12218","1":"product","2":"type-product","3":"status-publish","4":"has-post-thumbnail","6":"product_cat-kaciu-maistas","7":"product_cat-katems","8":"product_cat-konservai-katems","9":"product_cat-monge-kaciu-maistas","10":"pa_prekinis-zenklas-monge","12":"first","13":"instock","14":"taxable","15":"shipping-taxable","16":"purchasable","17":"product-type-simple"},"yoast_head":"<!-- This site is optimized with the Yoast SEO Premium plugin v27.1 (Yoast SEO v27.5) - https:\/\/yoast.com\/product\/yoast-seo-premium-wordpress\/ -->\n<title>Monge BWild adult pa\u0161tetas kat\u0117ms su la\u0161i\u0161a ir dar\u017eov\u0117mis 100g - anivet.lt<\/title>\n<meta name=\"description\" content=\"Visavertis begr\u016bdis pa\u0161tetas, sukurtas suaugusioms kat\u0117ms, siekiant u\u017etikrinti nat\u016brali\u0105 ir subalansuot\u0105 mityb\u0105. Pa\u0161tetas su la\u0161i\u0161a ir dar\u017eov\u0117mis yra keptas ir praturtintas nat\u016braliais ingredientais, kurie padeda i\u0161laikyti j\u016bs\u0173 kat\u0117s sveikat\u0105 ir energij\u0105.\" \/>\n<meta name=\"robots\" content=\"index, follow, max-snippet:-1, max-image-preview:large, max-video-preview:-1\" \/>\n<link rel=\"canonical\" href=\"https:\/\/anivet.lt\/elparduotuve\/produktas\/monge-bwild-adult-pastetas-katems-su-lasisa-ir-darzovemis-100g\/\" \/>\n<meta property=\"og:locale\" content=\"lt_LT\" \/>\n<meta property=\"og:type\" content=\"article\" \/>\n<meta property=\"og:title\" content=\"Monge BWild adult pa\u0161tetas kat\u0117ms su la\u0161i\u0161a ir dar\u017eov\u0117mis 100g\" \/>\n<meta property=\"og:description\" content=\"Visavertis begr\u016bdis pa\u0161tetas, sukurtas suaugusioms kat\u0117ms, siekiant u\u017etikrinti nat\u016brali\u0105 ir subalansuot\u0105 mityb\u0105. Pa\u0161tetas su la\u0161i\u0161a ir dar\u017eov\u0117mis yra keptas ir praturtintas nat\u016braliais ingredientais, kurie padeda i\u0161laikyti j\u016bs\u0173 kat\u0117s sveikat\u0105 ir energij\u0105.\" \/>\n<meta property=\"og:url\" content=\"https:\/\/anivet.lt\/elparduotuve\/produktas\/monge-bwild-adult-pastetas-katems-su-lasisa-ir-darzovemis-100g\/\" \/>\n<meta property=\"og:site_name\" content=\"anivet.lt\" \/>\n<meta property=\"article:modified_time\" content=\"2026-04-09T09:21:58+00:00\" \/>\n<meta property=\"og:image\" content=\"https:\/\/anivet.lt\/elparduotuve\/wp-content\/uploads\/2023\/10\/monge-bwild-adult-pastetas-katems-su-lasisa-ir-darzovemis-100g.jpg\" \/>\n\t<meta property=\"og:image:width\" content=\"800\" \/>\n\t<meta property=\"og:image:height\" content=\"800\" \/>\n\t<meta property=\"og:image:type\" content=\"image\/jpeg\" \/>\n<meta name=\"twitter:card\" content=\"summary_large_image\" \/>\n<meta name=\"twitter:label1\" content=\"Est. reading time\" \/>\n\t<meta name=\"twitter:data1\" content=\"1 minut\u0117\" \/>\n<script type=\"application\/ld+json\" class=\"yoast-schema-graph\">{\"@context\":\"https:\\\/\\\/schema.org\",\"@graph\":[{\"@type\":\"WebPage\",\"@id\":\"https:\\\/\\\/anivet.lt\\\/elparduotuve\\\/produktas\\\/monge-bwild-adult-pastetas-katems-su-lasisa-ir-darzovemis-100g\\\/\",\"url\":\"https:\\\/\\\/anivet.lt\\\/elparduotuve\\\/produktas\\\/monge-bwild-adult-pastetas-katems-su-lasisa-ir-darzovemis-100g\\\/\",\"name\":\"Monge BWild adult pa\u0161tetas kat\u0117ms su la\u0161i\u0161a ir dar\u017eov\u0117mis 100g - anivet.lt\",\"isPartOf\":{\"@id\":\"https:\\\/\\\/anivet.lt\\\/elparduotuve\\\/#website\"},\"primaryImageOfPage\":{\"@id\":\"https:\\\/\\\/anivet.lt\\\/elparduotuve\\\/produktas\\\/monge-bwild-adult-pastetas-katems-su-lasisa-ir-darzovemis-100g\\\/#primaryimage\"},\"image\":{\"@id\":\"https:\\\/\\\/anivet.lt\\\/elparduotuve\\\/produktas\\\/monge-bwild-adult-pastetas-katems-su-lasisa-ir-darzovemis-100g\\\/#primaryimage\"},\"thumbnailUrl\":\"https:\\\/\\\/anivet.lt\\\/elparduotuve\\\/wp-content\\\/uploads\\\/2023\\\/10\\\/monge-bwild-adult-pastetas-katems-su-lasisa-ir-darzovemis-100g.jpg\",\"datePublished\":\"2023-10-14T10:00:57+00:00\",\"dateModified\":\"2026-04-09T09:21:58+00:00\",\"description\":\"Visavertis begr\u016bdis pa\u0161tetas, sukurtas suaugusioms kat\u0117ms, siekiant u\u017etikrinti nat\u016brali\u0105 ir subalansuot\u0105 mityb\u0105. Pa\u0161tetas su la\u0161i\u0161a ir dar\u017eov\u0117mis yra keptas ir praturtintas nat\u016braliais ingredientais, kurie padeda i\u0161laikyti j\u016bs\u0173 kat\u0117s sveikat\u0105 ir energij\u0105.\",\"breadcrumb\":{\"@id\":\"https:\\\/\\\/anivet.lt\\\/elparduotuve\\\/produktas\\\/monge-bwild-adult-pastetas-katems-su-lasisa-ir-darzovemis-100g\\\/#breadcrumb\"},\"inLanguage\":\"lt-LT\",\"potentialAction\":[{\"@type\":\"ReadAction\",\"target\":[\"https:\\\/\\\/anivet.lt\\\/elparduotuve\\\/produktas\\\/monge-bwild-adult-pastetas-katems-su-lasisa-ir-darzovemis-100g\\\/\"]}]},{\"@type\":\"ImageObject\",\"inLanguage\":\"lt-LT\",\"@id\":\"https:\\\/\\\/anivet.lt\\\/elparduotuve\\\/produktas\\\/monge-bwild-adult-pastetas-katems-su-lasisa-ir-darzovemis-100g\\\/#primaryimage\",\"url\":\"https:\\\/\\\/anivet.lt\\\/elparduotuve\\\/wp-content\\\/uploads\\\/2023\\\/10\\\/monge-bwild-adult-pastetas-katems-su-lasisa-ir-darzovemis-100g.jpg\",\"contentUrl\":\"https:\\\/\\\/anivet.lt\\\/elparduotuve\\\/wp-content\\\/uploads\\\/2023\\\/10\\\/monge-bwild-adult-pastetas-katems-su-lasisa-ir-darzovemis-100g.jpg\",\"width\":800,\"height\":800,\"caption\":\"Monge BWild adult pa\u0161tetas kat\u0117ms su la\u0161i\u0161a ir dar\u017eov\u0117mis 100g\"},{\"@type\":\"BreadcrumbList\",\"@id\":\"https:\\\/\\\/anivet.lt\\\/elparduotuve\\\/produktas\\\/monge-bwild-adult-pastetas-katems-su-lasisa-ir-darzovemis-100g\\\/#breadcrumb\",\"itemListElement\":[{\"@type\":\"ListItem\",\"position\":1,\"name\":\"Home\",\"item\":\"https:\\\/\\\/anivet.lt\\\/elparduotuve\\\/\"},{\"@type\":\"ListItem\",\"position\":2,\"name\":\"Produktai\",\"item\":\"https:\\\/\\\/anivet.lt\\\/elparduotuve\\\/produktai\\\/\"},{\"@type\":\"ListItem\",\"position\":3,\"name\":\"Monge BWild adult pa\u0161tetas kat\u0117ms su la\u0161i\u0161a ir dar\u017eov\u0117mis 100g\"}]},{\"@type\":\"WebSite\",\"@id\":\"https:\\\/\\\/anivet.lt\\\/elparduotuve\\\/#website\",\"url\":\"https:\\\/\\\/anivet.lt\\\/elparduotuve\\\/\",\"name\":\"anivet.lt\",\"description\":\"Viskas J\u016bs\u0173 \u0161uns, kat\u0117s prie\u017ei\u016brai\",\"publisher\":{\"@id\":\"https:\\\/\\\/anivet.lt\\\/elparduotuve\\\/#organization\"},\"alternateName\":\"Viskas J\u016bs\u0173 \u0161uns, kat\u0117s prie\u017ei\u016brai\",\"potentialAction\":[{\"@type\":\"SearchAction\",\"target\":{\"@type\":\"EntryPoint\",\"urlTemplate\":\"https:\\\/\\\/anivet.lt\\\/elparduotuve\\\/?s={search_term_string}\"},\"query-input\":{\"@type\":\"PropertyValueSpecification\",\"valueRequired\":true,\"valueName\":\"search_term_string\"}}],\"inLanguage\":\"lt-LT\"},{\"@type\":\"Organization\",\"@id\":\"https:\\\/\\\/anivet.lt\\\/elparduotuve\\\/#organization\",\"name\":\"Viskas J\u016bs\u0173 \u0161uns, kat\u0117s prie\u017ei\u016brai\",\"url\":\"https:\\\/\\\/anivet.lt\\\/elparduotuve\\\/\",\"logo\":{\"@type\":\"ImageObject\",\"inLanguage\":\"lt-LT\",\"@id\":\"https:\\\/\\\/anivet.lt\\\/elparduotuve\\\/#\\\/schema\\\/logo\\\/image\\\/\",\"url\":\"https:\\\/\\\/anivet.lt\\\/elparduotuve\\\/wp-content\\\/uploads\\\/2023\\\/06\\\/logo2.jpg\",\"contentUrl\":\"https:\\\/\\\/anivet.lt\\\/elparduotuve\\\/wp-content\\\/uploads\\\/2023\\\/06\\\/logo2.jpg\",\"width\":655,\"height\":194,\"caption\":\"Viskas J\u016bs\u0173 \u0161uns, kat\u0117s prie\u017ei\u016brai\"},\"image\":{\"@id\":\"https:\\\/\\\/anivet.lt\\\/elparduotuve\\\/#\\\/schema\\\/logo\\\/image\\\/\"}}]}<\/script>\n<!-- \/ Yoast SEO Premium plugin. -->","yoast_head_json":{"title":"Monge BWild adult pa\u0161tetas kat\u0117ms su la\u0161i\u0161a ir dar\u017eov\u0117mis 100g - anivet.lt","description":"Visavertis begr\u016bdis pa\u0161tetas, sukurtas suaugusioms kat\u0117ms, siekiant u\u017etikrinti nat\u016brali\u0105 ir subalansuot\u0105 mityb\u0105. Pa\u0161tetas su la\u0161i\u0161a ir dar\u017eov\u0117mis yra keptas ir praturtintas nat\u016braliais ingredientais, kurie padeda i\u0161laikyti j\u016bs\u0173 kat\u0117s sveikat\u0105 ir energij\u0105.","robots":{"index":"index","follow":"follow","max-snippet":"max-snippet:-1","max-image-preview":"max-image-preview:large","max-video-preview":"max-video-preview:-1"},"canonical":"https:\/\/anivet.lt\/elparduotuve\/produktas\/monge-bwild-adult-pastetas-katems-su-lasisa-ir-darzovemis-100g\/","og_locale":"lt_LT","og_type":"article","og_title":"Monge BWild adult pa\u0161tetas kat\u0117ms su la\u0161i\u0161a ir dar\u017eov\u0117mis 100g","og_description":"Visavertis begr\u016bdis pa\u0161tetas, sukurtas suaugusioms kat\u0117ms, siekiant u\u017etikrinti nat\u016brali\u0105 ir subalansuot\u0105 mityb\u0105. Pa\u0161tetas su la\u0161i\u0161a ir dar\u017eov\u0117mis yra keptas ir praturtintas nat\u016braliais ingredientais, kurie padeda i\u0161laikyti j\u016bs\u0173 kat\u0117s sveikat\u0105 ir energij\u0105.","og_url":"https:\/\/anivet.lt\/elparduotuve\/produktas\/monge-bwild-adult-pastetas-katems-su-lasisa-ir-darzovemis-100g\/","og_site_name":"anivet.lt","article_modified_time":"2026-04-09T09:21:58+00:00","og_image":[{"width":800,"height":800,"url":"https:\/\/anivet.lt\/elparduotuve\/wp-content\/uploads\/2023\/10\/monge-bwild-adult-pastetas-katems-su-lasisa-ir-darzovemis-100g.jpg","type":"image\/jpeg"}],"twitter_card":"summary_large_image","twitter_misc":{"Est. reading time":"1 minut\u0117"},"schema":{"@context":"https:\/\/schema.org","@graph":[{"@type":"WebPage","@id":"https:\/\/anivet.lt\/elparduotuve\/produktas\/monge-bwild-adult-pastetas-katems-su-lasisa-ir-darzovemis-100g\/","url":"https:\/\/anivet.lt\/elparduotuve\/produktas\/monge-bwild-adult-pastetas-katems-su-lasisa-ir-darzovemis-100g\/","name":"Monge BWild adult pa\u0161tetas kat\u0117ms su la\u0161i\u0161a ir dar\u017eov\u0117mis 100g - anivet.lt","isPartOf":{"@id":"https:\/\/anivet.lt\/elparduotuve\/#website"},"primaryImageOfPage":{"@id":"https:\/\/anivet.lt\/elparduotuve\/produktas\/monge-bwild-adult-pastetas-katems-su-lasisa-ir-darzovemis-100g\/#primaryimage"},"image":{"@id":"https:\/\/anivet.lt\/elparduotuve\/produktas\/monge-bwild-adult-pastetas-katems-su-lasisa-ir-darzovemis-100g\/#primaryimage"},"thumbnailUrl":"https:\/\/anivet.lt\/elparduotuve\/wp-content\/uploads\/2023\/10\/monge-bwild-adult-pastetas-katems-su-lasisa-ir-darzovemis-100g.jpg","datePublished":"2023-10-14T10:00:57+00:00","dateModified":"2026-04-09T09:21:58+00:00","description":"Visavertis begr\u016bdis pa\u0161tetas, sukurtas suaugusioms kat\u0117ms, siekiant u\u017etikrinti nat\u016brali\u0105 ir subalansuot\u0105 mityb\u0105. Pa\u0161tetas su la\u0161i\u0161a ir dar\u017eov\u0117mis yra keptas ir praturtintas nat\u016braliais ingredientais, kurie padeda i\u0161laikyti j\u016bs\u0173 kat\u0117s sveikat\u0105 ir energij\u0105.","breadcrumb":{"@id":"https:\/\/anivet.lt\/elparduotuve\/produktas\/monge-bwild-adult-pastetas-katems-su-lasisa-ir-darzovemis-100g\/#breadcrumb"},"inLanguage":"lt-LT","potentialAction":[{"@type":"ReadAction","target":["https:\/\/anivet.lt\/elparduotuve\/produktas\/monge-bwild-adult-pastetas-katems-su-lasisa-ir-darzovemis-100g\/"]}]},{"@type":"ImageObject","inLanguage":"lt-LT","@id":"https:\/\/anivet.lt\/elparduotuve\/produktas\/monge-bwild-adult-pastetas-katems-su-lasisa-ir-darzovemis-100g\/#primaryimage","url":"https:\/\/anivet.lt\/elparduotuve\/wp-content\/uploads\/2023\/10\/monge-bwild-adult-pastetas-katems-su-lasisa-ir-darzovemis-100g.jpg","contentUrl":"https:\/\/anivet.lt\/elparduotuve\/wp-content\/uploads\/2023\/10\/monge-bwild-adult-pastetas-katems-su-lasisa-ir-darzovemis-100g.jpg","width":800,"height":800,"caption":"Monge BWild adult pa\u0161tetas kat\u0117ms su la\u0161i\u0161a ir dar\u017eov\u0117mis 100g"},{"@type":"BreadcrumbList","@id":"https:\/\/anivet.lt\/elparduotuve\/produktas\/monge-bwild-adult-pastetas-katems-su-lasisa-ir-darzovemis-100g\/#breadcrumb","itemListElement":[{"@type":"ListItem","position":1,"name":"Home","item":"https:\/\/anivet.lt\/elparduotuve\/"},{"@type":"ListItem","position":2,"name":"Produktai","item":"https:\/\/anivet.lt\/elparduotuve\/produktai\/"},{"@type":"ListItem","position":3,"name":"Monge BWild adult pa\u0161tetas kat\u0117ms su la\u0161i\u0161a ir dar\u017eov\u0117mis 100g"}]},{"@type":"WebSite","@id":"https:\/\/anivet.lt\/elparduotuve\/#website","url":"https:\/\/anivet.lt\/elparduotuve\/","name":"anivet.lt","description":"Viskas J\u016bs\u0173 \u0161uns, kat\u0117s prie\u017ei\u016brai","publisher":{"@id":"https:\/\/anivet.lt\/elparduotuve\/#organization"},"alternateName":"Viskas J\u016bs\u0173 \u0161uns, kat\u0117s prie\u017ei\u016brai","potentialAction":[{"@type":"SearchAction","target":{"@type":"EntryPoint","urlTemplate":"https:\/\/anivet.lt\/elparduotuve\/?s={search_term_string}"},"query-input":{"@type":"PropertyValueSpecification","valueRequired":true,"valueName":"search_term_string"}}],"inLanguage":"lt-LT"},{"@type":"Organization","@id":"https:\/\/anivet.lt\/elparduotuve\/#organization","name":"Viskas J\u016bs\u0173 \u0161uns, kat\u0117s prie\u017ei\u016brai","url":"https:\/\/anivet.lt\/elparduotuve\/","logo":{"@type":"ImageObject","inLanguage":"lt-LT","@id":"https:\/\/anivet.lt\/elparduotuve\/#\/schema\/logo\/image\/","url":"https:\/\/anivet.lt\/elparduotuve\/wp-content\/uploads\/2023\/06\/logo2.jpg","contentUrl":"https:\/\/anivet.lt\/elparduotuve\/wp-content\/uploads\/2023\/06\/logo2.jpg","width":655,"height":194,"caption":"Viskas J\u016bs\u0173 \u0161uns, kat\u0117s prie\u017ei\u016brai"},"image":{"@id":"https:\/\/anivet.lt\/elparduotuve\/#\/schema\/logo\/image\/"}}]}},"_links":{"self":[{"href":"https:\/\/anivet.lt\/elparduotuve\/wp-json\/wp\/v2\/product\/12218","targetHints":{"allow":["GET"]}}],"collection":[{"href":"https:\/\/anivet.lt\/elparduotuve\/wp-json\/wp\/v2\/product"}],"about":[{"href":"https:\/\/anivet.lt\/elparduotuve\/wp-json\/wp\/v2\/types\/product"}],"wp:featuredmedia":[{"embeddable":true,"href":"https:\/\/anivet.lt\/elparduotuve\/wp-json\/wp\/v2\/media\/12219"}],"wp:attachment":[{"href":"https:\/\/anivet.lt\/elparduotuve\/wp-json\/wp\/v2\/media?parent=12218"}],"wp:term":[{"taxonomy":"product_brand","embeddable":true,"href":"https:\/\/anivet.lt\/elparduotuve\/wp-json\/wp\/v2\/product_brand?post=12218"},{"taxonomy":"product_cat","embeddable":true,"href":"https:\/\/anivet.lt\/elparduotuve\/wp-json\/wp\/v2\/product_cat?post=12218"},{"taxonomy":"product_tag","embeddable":true,"href":"https:\/\/anivet.lt\/elparduotuve\/wp-json\/wp\/v2\/product_tag?post=12218"}],"curies":[{"name":"wp","href":"https:\/\/api.w.org\/{rel}","templated":true}]}}