{"id":12342,"date":"2023-11-11T11:12:28","date_gmt":"2023-11-11T11:12:28","guid":{"rendered":"https:\/\/anivet.lt\/elparduotuve\/?post_type=product&#038;p=12342"},"modified":"2025-05-27T13:22:42","modified_gmt":"2025-05-27T13:22:42","slug":"gimcat-nutri-pockets-dental-skanestai-katems-su-paukstiena-60g","status":"publish","type":"product","link":"https:\/\/anivet.lt\/elparduotuve\/produktas\/gimcat-nutri-pockets-dental-skanestai-katems-su-paukstiena-60g\/","title":{"rendered":"GimCat Nutri Pockets Dental skan\u0117stai kat\u0117ms su pauk\u0161tiena 60g"},"content":{"rendered":"<ul>\n<li style=\"font-weight: 400;\" aria-level=\"1\"><span style=\"font-weight: 400;\">Mechaninis dant\u0173 valymas: Celiulioz\u0117s dalel\u0117s padeda \u0161velniai pa\u0161alinti dant\u0173 apna\u0161as.<\/span><\/li>\n<li style=\"font-weight: 400;\" aria-level=\"1\"><span style=\"font-weight: 400;\">Skani pauk\u0161tienos sud\u0117tis: 27,5% pauk\u0161tienos u\u017etikrina puik\u0173 skon\u012f ir pritraukia net i\u0161rankias kates.<\/span><\/li>\n<li style=\"font-weight: 400;\" aria-level=\"1\"><span style=\"font-weight: 400;\">Ma\u017eo kaloringumo u\u017ekandis: Idealiai tinka kasdieniam dant\u0173 prie\u017ei\u016bros papildymui be papildom\u0173 kalorij\u0173.<\/span><\/li>\n<li style=\"font-weight: 400;\" aria-level=\"1\"><span style=\"font-weight: 400;\">Nat\u016brali sud\u0117tis: Be konservant\u0173 ir prid\u0117tinio cukraus, tod\u0117l tinka net jautrioms kat\u0117ms.<\/span><\/li>\n<li style=\"font-weight: 400;\" aria-level=\"1\"><span style=\"font-weight: 400;\">Naudingi vitaminai ir taurinas: Sud\u0117tyje esantys vitaminai ir taurinas palaiko bendr\u0105 sveikat\u0105 ir ger\u0105 savijaut\u0105.<\/span><\/li>\n<\/ul>\n<p><span style=\"font-weight: 400;\">Tai daugiau nei paprasti skan\u0117stai \u2013 jie efektyviai prisideda prie J\u016bs\u0173 kat\u0117s burnos higienos. Nat\u016brali sud\u0117tis ir gardus skonis u\u017etikrina, kad kat\u0117 ne tik m\u0117gausis, bet ir gaus naudos sveikatai. Puikus pasirinkimas tiems, kurie siekia palaikyti savo augintinio dant\u0173 \u0161var\u0105 ir sveikat\u0105 be papildom\u0173 pastang\u0173.<\/span><\/p>\n","protected":false},"excerpt":{"rendered":"<p><span style=\"font-weight: 400;\">\u0160ie tra\u0161k\u016bs skan\u0117stai su gard\u017eiu \u012fdaru yra puikus pasirinkimas r\u016bpinantis J\u016bs\u0173 kat\u0117s dant\u0173 sveikata. Sukurti su abrazyvin\u0117mis med\u017eiagomis, jie padeda nat\u016braliai nuvalyti dant\u0173 apna\u0161as ir apsaugoti nuo nauj\u0173 formavimosi.<\/span><\/p>\n","protected":false},"featured_media":12343,"template":"","meta":[],"product_brand":[],"product_cat":[114,102,117],"product_tag":[],"class_list":{"0":"post-12342","1":"product","2":"type-product","3":"status-publish","4":"has-post-thumbnail","6":"product_cat-kaciu-maistas","7":"product_cat-katems","8":"product_cat-skanestai-katems","9":"pa_prekinis-zenklas-gimcat","11":"first","12":"instock","13":"taxable","14":"shipping-taxable","15":"purchasable","16":"product-type-simple"},"yoast_head":"<!-- This site is optimized with the Yoast SEO Premium plugin v27.1 (Yoast SEO v27.5) - https:\/\/yoast.com\/product\/yoast-seo-premium-wordpress\/ -->\n<title>GimCat Nutri Pockets Dental skan\u0117stai kat\u0117ms su pauk\u0161tiena 60g - anivet.lt<\/title>\n<meta name=\"description\" content=\"\u0160ie tra\u0161k\u016bs skan\u0117stai su gard\u017eiu \u012fdaru yra puikus pasirinkimas r\u016bpinantis J\u016bs\u0173 kat\u0117s dant\u0173 sveikata. Sukurti su abrazyvin\u0117mis med\u017eiagomis, jie padeda nat\u016braliai nuvalyti dant\u0173 apna\u0161as ir apsaugoti nuo nauj\u0173 formavimosi.\" \/>\n<meta name=\"robots\" content=\"index, follow, max-snippet:-1, max-image-preview:large, max-video-preview:-1\" \/>\n<link rel=\"canonical\" href=\"https:\/\/anivet.lt\/elparduotuve\/produktas\/gimcat-nutri-pockets-dental-skanestai-katems-su-paukstiena-60g\/\" \/>\n<meta property=\"og:locale\" content=\"lt_LT\" \/>\n<meta property=\"og:type\" content=\"article\" \/>\n<meta property=\"og:title\" content=\"GimCat Nutri Pockets Dental skan\u0117stai kat\u0117ms su pauk\u0161tiena 60g\" \/>\n<meta property=\"og:description\" content=\"\u0160ie tra\u0161k\u016bs skan\u0117stai su gard\u017eiu \u012fdaru yra puikus pasirinkimas r\u016bpinantis J\u016bs\u0173 kat\u0117s dant\u0173 sveikata. Sukurti su abrazyvin\u0117mis med\u017eiagomis, jie padeda nat\u016braliai nuvalyti dant\u0173 apna\u0161as ir apsaugoti nuo nauj\u0173 formavimosi.\" \/>\n<meta property=\"og:url\" content=\"https:\/\/anivet.lt\/elparduotuve\/produktas\/gimcat-nutri-pockets-dental-skanestai-katems-su-paukstiena-60g\/\" \/>\n<meta property=\"og:site_name\" content=\"anivet.lt\" \/>\n<meta property=\"article:modified_time\" content=\"2025-05-27T13:22:42+00:00\" \/>\n<meta property=\"og:image\" content=\"https:\/\/anivet.lt\/elparduotuve\/wp-content\/uploads\/2023\/11\/gimcat-nutri-pockets-dental-skanestai-katems-60g.jpg\" \/>\n\t<meta property=\"og:image:width\" content=\"800\" \/>\n\t<meta property=\"og:image:height\" content=\"800\" \/>\n\t<meta property=\"og:image:type\" content=\"image\/jpeg\" \/>\n<meta name=\"twitter:card\" content=\"summary_large_image\" \/>\n<meta name=\"twitter:label1\" content=\"Est. reading time\" \/>\n\t<meta name=\"twitter:data1\" content=\"1 minut\u0117\" \/>\n<script type=\"application\/ld+json\" class=\"yoast-schema-graph\">{\"@context\":\"https:\\\/\\\/schema.org\",\"@graph\":[{\"@type\":\"WebPage\",\"@id\":\"https:\\\/\\\/anivet.lt\\\/elparduotuve\\\/produktas\\\/gimcat-nutri-pockets-dental-skanestai-katems-su-paukstiena-60g\\\/\",\"url\":\"https:\\\/\\\/anivet.lt\\\/elparduotuve\\\/produktas\\\/gimcat-nutri-pockets-dental-skanestai-katems-su-paukstiena-60g\\\/\",\"name\":\"GimCat Nutri Pockets Dental skan\u0117stai kat\u0117ms su pauk\u0161tiena 60g - anivet.lt\",\"isPartOf\":{\"@id\":\"https:\\\/\\\/anivet.lt\\\/elparduotuve\\\/#website\"},\"primaryImageOfPage\":{\"@id\":\"https:\\\/\\\/anivet.lt\\\/elparduotuve\\\/produktas\\\/gimcat-nutri-pockets-dental-skanestai-katems-su-paukstiena-60g\\\/#primaryimage\"},\"image\":{\"@id\":\"https:\\\/\\\/anivet.lt\\\/elparduotuve\\\/produktas\\\/gimcat-nutri-pockets-dental-skanestai-katems-su-paukstiena-60g\\\/#primaryimage\"},\"thumbnailUrl\":\"https:\\\/\\\/anivet.lt\\\/elparduotuve\\\/wp-content\\\/uploads\\\/2023\\\/11\\\/gimcat-nutri-pockets-dental-skanestai-katems-60g.jpg\",\"datePublished\":\"2023-11-11T11:12:28+00:00\",\"dateModified\":\"2025-05-27T13:22:42+00:00\",\"description\":\"\u0160ie tra\u0161k\u016bs skan\u0117stai su gard\u017eiu \u012fdaru yra puikus pasirinkimas r\u016bpinantis J\u016bs\u0173 kat\u0117s dant\u0173 sveikata. Sukurti su abrazyvin\u0117mis med\u017eiagomis, jie padeda nat\u016braliai nuvalyti dant\u0173 apna\u0161as ir apsaugoti nuo nauj\u0173 formavimosi.\",\"breadcrumb\":{\"@id\":\"https:\\\/\\\/anivet.lt\\\/elparduotuve\\\/produktas\\\/gimcat-nutri-pockets-dental-skanestai-katems-su-paukstiena-60g\\\/#breadcrumb\"},\"inLanguage\":\"lt-LT\",\"potentialAction\":[{\"@type\":\"ReadAction\",\"target\":[\"https:\\\/\\\/anivet.lt\\\/elparduotuve\\\/produktas\\\/gimcat-nutri-pockets-dental-skanestai-katems-su-paukstiena-60g\\\/\"]}]},{\"@type\":\"ImageObject\",\"inLanguage\":\"lt-LT\",\"@id\":\"https:\\\/\\\/anivet.lt\\\/elparduotuve\\\/produktas\\\/gimcat-nutri-pockets-dental-skanestai-katems-su-paukstiena-60g\\\/#primaryimage\",\"url\":\"https:\\\/\\\/anivet.lt\\\/elparduotuve\\\/wp-content\\\/uploads\\\/2023\\\/11\\\/gimcat-nutri-pockets-dental-skanestai-katems-60g.jpg\",\"contentUrl\":\"https:\\\/\\\/anivet.lt\\\/elparduotuve\\\/wp-content\\\/uploads\\\/2023\\\/11\\\/gimcat-nutri-pockets-dental-skanestai-katems-60g.jpg\",\"width\":800,\"height\":800,\"caption\":\"GimCat Nutri Pockets Dental skan\u0117stai kat\u0117ms su pauk\u0161tiena 60g\"},{\"@type\":\"BreadcrumbList\",\"@id\":\"https:\\\/\\\/anivet.lt\\\/elparduotuve\\\/produktas\\\/gimcat-nutri-pockets-dental-skanestai-katems-su-paukstiena-60g\\\/#breadcrumb\",\"itemListElement\":[{\"@type\":\"ListItem\",\"position\":1,\"name\":\"Home\",\"item\":\"https:\\\/\\\/anivet.lt\\\/elparduotuve\\\/\"},{\"@type\":\"ListItem\",\"position\":2,\"name\":\"Produktai\",\"item\":\"https:\\\/\\\/anivet.lt\\\/elparduotuve\\\/produktai\\\/\"},{\"@type\":\"ListItem\",\"position\":3,\"name\":\"GimCat Nutri Pockets Dental skan\u0117stai kat\u0117ms su pauk\u0161tiena 60g\"}]},{\"@type\":\"WebSite\",\"@id\":\"https:\\\/\\\/anivet.lt\\\/elparduotuve\\\/#website\",\"url\":\"https:\\\/\\\/anivet.lt\\\/elparduotuve\\\/\",\"name\":\"anivet.lt\",\"description\":\"Viskas J\u016bs\u0173 \u0161uns, kat\u0117s prie\u017ei\u016brai\",\"publisher\":{\"@id\":\"https:\\\/\\\/anivet.lt\\\/elparduotuve\\\/#organization\"},\"alternateName\":\"Viskas J\u016bs\u0173 \u0161uns, kat\u0117s prie\u017ei\u016brai\",\"potentialAction\":[{\"@type\":\"SearchAction\",\"target\":{\"@type\":\"EntryPoint\",\"urlTemplate\":\"https:\\\/\\\/anivet.lt\\\/elparduotuve\\\/?s={search_term_string}\"},\"query-input\":{\"@type\":\"PropertyValueSpecification\",\"valueRequired\":true,\"valueName\":\"search_term_string\"}}],\"inLanguage\":\"lt-LT\"},{\"@type\":\"Organization\",\"@id\":\"https:\\\/\\\/anivet.lt\\\/elparduotuve\\\/#organization\",\"name\":\"Viskas J\u016bs\u0173 \u0161uns, kat\u0117s prie\u017ei\u016brai\",\"url\":\"https:\\\/\\\/anivet.lt\\\/elparduotuve\\\/\",\"logo\":{\"@type\":\"ImageObject\",\"inLanguage\":\"lt-LT\",\"@id\":\"https:\\\/\\\/anivet.lt\\\/elparduotuve\\\/#\\\/schema\\\/logo\\\/image\\\/\",\"url\":\"https:\\\/\\\/anivet.lt\\\/elparduotuve\\\/wp-content\\\/uploads\\\/2023\\\/06\\\/logo2.jpg\",\"contentUrl\":\"https:\\\/\\\/anivet.lt\\\/elparduotuve\\\/wp-content\\\/uploads\\\/2023\\\/06\\\/logo2.jpg\",\"width\":655,\"height\":194,\"caption\":\"Viskas J\u016bs\u0173 \u0161uns, kat\u0117s prie\u017ei\u016brai\"},\"image\":{\"@id\":\"https:\\\/\\\/anivet.lt\\\/elparduotuve\\\/#\\\/schema\\\/logo\\\/image\\\/\"}}]}<\/script>\n<!-- \/ Yoast SEO Premium plugin. -->","yoast_head_json":{"title":"GimCat Nutri Pockets Dental skan\u0117stai kat\u0117ms su pauk\u0161tiena 60g - anivet.lt","description":"\u0160ie tra\u0161k\u016bs skan\u0117stai su gard\u017eiu \u012fdaru yra puikus pasirinkimas r\u016bpinantis J\u016bs\u0173 kat\u0117s dant\u0173 sveikata. Sukurti su abrazyvin\u0117mis med\u017eiagomis, jie padeda nat\u016braliai nuvalyti dant\u0173 apna\u0161as ir apsaugoti nuo nauj\u0173 formavimosi.","robots":{"index":"index","follow":"follow","max-snippet":"max-snippet:-1","max-image-preview":"max-image-preview:large","max-video-preview":"max-video-preview:-1"},"canonical":"https:\/\/anivet.lt\/elparduotuve\/produktas\/gimcat-nutri-pockets-dental-skanestai-katems-su-paukstiena-60g\/","og_locale":"lt_LT","og_type":"article","og_title":"GimCat Nutri Pockets Dental skan\u0117stai kat\u0117ms su pauk\u0161tiena 60g","og_description":"\u0160ie tra\u0161k\u016bs skan\u0117stai su gard\u017eiu \u012fdaru yra puikus pasirinkimas r\u016bpinantis J\u016bs\u0173 kat\u0117s dant\u0173 sveikata. Sukurti su abrazyvin\u0117mis med\u017eiagomis, jie padeda nat\u016braliai nuvalyti dant\u0173 apna\u0161as ir apsaugoti nuo nauj\u0173 formavimosi.","og_url":"https:\/\/anivet.lt\/elparduotuve\/produktas\/gimcat-nutri-pockets-dental-skanestai-katems-su-paukstiena-60g\/","og_site_name":"anivet.lt","article_modified_time":"2025-05-27T13:22:42+00:00","og_image":[{"width":800,"height":800,"url":"https:\/\/anivet.lt\/elparduotuve\/wp-content\/uploads\/2023\/11\/gimcat-nutri-pockets-dental-skanestai-katems-60g.jpg","type":"image\/jpeg"}],"twitter_card":"summary_large_image","twitter_misc":{"Est. reading time":"1 minut\u0117"},"schema":{"@context":"https:\/\/schema.org","@graph":[{"@type":"WebPage","@id":"https:\/\/anivet.lt\/elparduotuve\/produktas\/gimcat-nutri-pockets-dental-skanestai-katems-su-paukstiena-60g\/","url":"https:\/\/anivet.lt\/elparduotuve\/produktas\/gimcat-nutri-pockets-dental-skanestai-katems-su-paukstiena-60g\/","name":"GimCat Nutri Pockets Dental skan\u0117stai kat\u0117ms su pauk\u0161tiena 60g - anivet.lt","isPartOf":{"@id":"https:\/\/anivet.lt\/elparduotuve\/#website"},"primaryImageOfPage":{"@id":"https:\/\/anivet.lt\/elparduotuve\/produktas\/gimcat-nutri-pockets-dental-skanestai-katems-su-paukstiena-60g\/#primaryimage"},"image":{"@id":"https:\/\/anivet.lt\/elparduotuve\/produktas\/gimcat-nutri-pockets-dental-skanestai-katems-su-paukstiena-60g\/#primaryimage"},"thumbnailUrl":"https:\/\/anivet.lt\/elparduotuve\/wp-content\/uploads\/2023\/11\/gimcat-nutri-pockets-dental-skanestai-katems-60g.jpg","datePublished":"2023-11-11T11:12:28+00:00","dateModified":"2025-05-27T13:22:42+00:00","description":"\u0160ie tra\u0161k\u016bs skan\u0117stai su gard\u017eiu \u012fdaru yra puikus pasirinkimas r\u016bpinantis J\u016bs\u0173 kat\u0117s dant\u0173 sveikata. Sukurti su abrazyvin\u0117mis med\u017eiagomis, jie padeda nat\u016braliai nuvalyti dant\u0173 apna\u0161as ir apsaugoti nuo nauj\u0173 formavimosi.","breadcrumb":{"@id":"https:\/\/anivet.lt\/elparduotuve\/produktas\/gimcat-nutri-pockets-dental-skanestai-katems-su-paukstiena-60g\/#breadcrumb"},"inLanguage":"lt-LT","potentialAction":[{"@type":"ReadAction","target":["https:\/\/anivet.lt\/elparduotuve\/produktas\/gimcat-nutri-pockets-dental-skanestai-katems-su-paukstiena-60g\/"]}]},{"@type":"ImageObject","inLanguage":"lt-LT","@id":"https:\/\/anivet.lt\/elparduotuve\/produktas\/gimcat-nutri-pockets-dental-skanestai-katems-su-paukstiena-60g\/#primaryimage","url":"https:\/\/anivet.lt\/elparduotuve\/wp-content\/uploads\/2023\/11\/gimcat-nutri-pockets-dental-skanestai-katems-60g.jpg","contentUrl":"https:\/\/anivet.lt\/elparduotuve\/wp-content\/uploads\/2023\/11\/gimcat-nutri-pockets-dental-skanestai-katems-60g.jpg","width":800,"height":800,"caption":"GimCat Nutri Pockets Dental skan\u0117stai kat\u0117ms su pauk\u0161tiena 60g"},{"@type":"BreadcrumbList","@id":"https:\/\/anivet.lt\/elparduotuve\/produktas\/gimcat-nutri-pockets-dental-skanestai-katems-su-paukstiena-60g\/#breadcrumb","itemListElement":[{"@type":"ListItem","position":1,"name":"Home","item":"https:\/\/anivet.lt\/elparduotuve\/"},{"@type":"ListItem","position":2,"name":"Produktai","item":"https:\/\/anivet.lt\/elparduotuve\/produktai\/"},{"@type":"ListItem","position":3,"name":"GimCat Nutri Pockets Dental skan\u0117stai kat\u0117ms su pauk\u0161tiena 60g"}]},{"@type":"WebSite","@id":"https:\/\/anivet.lt\/elparduotuve\/#website","url":"https:\/\/anivet.lt\/elparduotuve\/","name":"anivet.lt","description":"Viskas J\u016bs\u0173 \u0161uns, kat\u0117s prie\u017ei\u016brai","publisher":{"@id":"https:\/\/anivet.lt\/elparduotuve\/#organization"},"alternateName":"Viskas J\u016bs\u0173 \u0161uns, kat\u0117s prie\u017ei\u016brai","potentialAction":[{"@type":"SearchAction","target":{"@type":"EntryPoint","urlTemplate":"https:\/\/anivet.lt\/elparduotuve\/?s={search_term_string}"},"query-input":{"@type":"PropertyValueSpecification","valueRequired":true,"valueName":"search_term_string"}}],"inLanguage":"lt-LT"},{"@type":"Organization","@id":"https:\/\/anivet.lt\/elparduotuve\/#organization","name":"Viskas J\u016bs\u0173 \u0161uns, kat\u0117s prie\u017ei\u016brai","url":"https:\/\/anivet.lt\/elparduotuve\/","logo":{"@type":"ImageObject","inLanguage":"lt-LT","@id":"https:\/\/anivet.lt\/elparduotuve\/#\/schema\/logo\/image\/","url":"https:\/\/anivet.lt\/elparduotuve\/wp-content\/uploads\/2023\/06\/logo2.jpg","contentUrl":"https:\/\/anivet.lt\/elparduotuve\/wp-content\/uploads\/2023\/06\/logo2.jpg","width":655,"height":194,"caption":"Viskas J\u016bs\u0173 \u0161uns, kat\u0117s prie\u017ei\u016brai"},"image":{"@id":"https:\/\/anivet.lt\/elparduotuve\/#\/schema\/logo\/image\/"}}]}},"_links":{"self":[{"href":"https:\/\/anivet.lt\/elparduotuve\/wp-json\/wp\/v2\/product\/12342","targetHints":{"allow":["GET"]}}],"collection":[{"href":"https:\/\/anivet.lt\/elparduotuve\/wp-json\/wp\/v2\/product"}],"about":[{"href":"https:\/\/anivet.lt\/elparduotuve\/wp-json\/wp\/v2\/types\/product"}],"wp:featuredmedia":[{"embeddable":true,"href":"https:\/\/anivet.lt\/elparduotuve\/wp-json\/wp\/v2\/media\/12343"}],"wp:attachment":[{"href":"https:\/\/anivet.lt\/elparduotuve\/wp-json\/wp\/v2\/media?parent=12342"}],"wp:term":[{"taxonomy":"product_brand","embeddable":true,"href":"https:\/\/anivet.lt\/elparduotuve\/wp-json\/wp\/v2\/product_brand?post=12342"},{"taxonomy":"product_cat","embeddable":true,"href":"https:\/\/anivet.lt\/elparduotuve\/wp-json\/wp\/v2\/product_cat?post=12342"},{"taxonomy":"product_tag","embeddable":true,"href":"https:\/\/anivet.lt\/elparduotuve\/wp-json\/wp\/v2\/product_tag?post=12342"}],"curies":[{"name":"wp","href":"https:\/\/api.w.org\/{rel}","templated":true}]}}