{"id":12346,"date":"2023-11-11T11:59:02","date_gmt":"2023-11-11T11:59:02","guid":{"rendered":"https:\/\/anivet.lt\/elparduotuve\/?post_type=product&#038;p=12346"},"modified":"2026-05-04T19:08:35","modified_gmt":"2026-05-04T19:08:35","slug":"hau-miau-triusiu-ausys-su-vistiena-500g","status":"publish","type":"product","link":"https:\/\/anivet.lt\/elparduotuve\/produktas\/hau-miau-triusiu-ausys-su-vistiena-500g\/","title":{"rendered":"Hau &amp; Miau triu\u0161i\u0173 ausys su vi\u0161tiena 500g"},"content":{"rendered":"<ul>\n<li style=\"font-weight: 400;\" aria-level=\"1\"><span style=\"font-weight: 400;\">Auk\u0161tos kokyb\u0117s sud\u0117tis: 70% triu\u0161i\u0173 aus\u0173 ir 30% vi\u0161tienos u\u017etikrina gard\u0173 skon\u012f ir maistingum\u0105.<\/span><\/li>\n<li style=\"font-weight: 400;\" aria-level=\"1\"><span style=\"font-weight: 400;\">Palaiko burnos higien\u0105: Valo dantis ir stiprina dantenas, padeda palaikyti ger\u0105 burnos kvap\u0105.<\/span><\/li>\n<li style=\"font-weight: 400;\" aria-level=\"1\"><span style=\"font-weight: 400;\">Lengvai vir\u0161kinami: Tinkami net jautresn\u0117s vir\u0161kinimo sistemos \u0161unims.<\/span><\/li>\n<li style=\"font-weight: 400;\" aria-level=\"1\"><span style=\"font-weight: 400;\">Patenkina nat\u016bral\u0173 kramtymo poreik\u012f: Padeda suma\u017einti stres\u0105 ir u\u017etikrina ilgalaik\u012f u\u017eimtum\u0105.<\/span><\/li>\n<li style=\"font-weight: 400;\" aria-level=\"1\"><span style=\"font-weight: 400;\">Sveiki ir maistingi: Daug baltym\u0173, prisidedan\u010di\u0173 prie \u0161uns energijos ir sveikatos palaikymo.<\/span><\/li>\n<\/ul>\n<p><span style=\"font-weight: 400;\">\u0160ie skan\u0117stai puikiai tinka kaip delikatesas, atlygis ar kasdienio raciono papildymas, d\u017eiuginant j\u016bs\u0173 augintin\u012f skaniu ir naudingu u\u017ekand\u017eiu.<\/span><\/p>\n","protected":false},"excerpt":{"rendered":"<p><span style=\"font-weight: 400;\">Nat\u016bral\u016bs ir maistingi skan\u0117stai, skirti \u0161uns d\u017eiaugsmui ir sveikatai. Pagaminti i\u0161 70% triu\u0161i\u0173 aus\u0173 ir 30% vi\u0161tienos, \u0161ie u\u017ekand\u017eiai patenkins nat\u016bral\u0173 kramtymo poreik\u012f ir prisid\u0117s prie augintinio gerov\u0117s.<\/span><\/p>\n","protected":false},"featured_media":12347,"template":"","meta":[],"product_brand":[],"product_cat":[101,103,106],"product_tag":[],"class_list":{"0":"post-12346","1":"product","2":"type-product","3":"status-publish","4":"has-post-thumbnail","6":"product_cat-sunims","7":"product_cat-sunu-maistas","8":"product_cat-skanestai","9":"pa_prekinis-zenklas-hau-miau","11":"first","12":"outofstock","13":"taxable","14":"shipping-taxable","15":"purchasable","16":"product-type-simple"},"yoast_head":"<!-- This site is optimized with the Yoast SEO Premium plugin v27.1 (Yoast SEO v27.5) - https:\/\/yoast.com\/product\/yoast-seo-premium-wordpress\/ -->\n<title>Hau &amp; Miau triu\u0161i\u0173 ausys su vi\u0161tiena 500g - anivet.lt<\/title>\n<meta name=\"description\" content=\"Nat\u016bral\u016bs ir maistingi skan\u0117stai, skirti \u0161uns d\u017eiaugsmui ir sveikatai. Pagaminti i\u0161 70% triu\u0161i\u0173 aus\u0173 ir 30% vi\u0161tienos, \u0161ie u\u017ekand\u017eiai patenkins nat\u016bral\u0173 kramtymo poreik\u012f ir prisid\u0117s prie augintinio gerov\u0117s.\" \/>\n<meta name=\"robots\" content=\"index, follow, max-snippet:-1, max-image-preview:large, max-video-preview:-1\" \/>\n<link rel=\"canonical\" href=\"https:\/\/anivet.lt\/elparduotuve\/produktas\/hau-miau-triusiu-ausys-su-vistiena-500g\/\" \/>\n<meta property=\"og:locale\" content=\"lt_LT\" \/>\n<meta property=\"og:type\" content=\"article\" \/>\n<meta property=\"og:title\" content=\"Hau &amp; Miau triu\u0161i\u0173 ausys su vi\u0161tiena 500g\" \/>\n<meta property=\"og:description\" content=\"Nat\u016bral\u016bs ir maistingi skan\u0117stai, skirti \u0161uns d\u017eiaugsmui ir sveikatai. Pagaminti i\u0161 70% triu\u0161i\u0173 aus\u0173 ir 30% vi\u0161tienos, \u0161ie u\u017ekand\u017eiai patenkins nat\u016bral\u0173 kramtymo poreik\u012f ir prisid\u0117s prie augintinio gerov\u0117s.\" \/>\n<meta property=\"og:url\" content=\"https:\/\/anivet.lt\/elparduotuve\/produktas\/hau-miau-triusiu-ausys-su-vistiena-500g\/\" \/>\n<meta property=\"og:site_name\" content=\"anivet.lt\" \/>\n<meta property=\"article:modified_time\" content=\"2026-05-04T19:08:35+00:00\" \/>\n<meta property=\"og:image\" content=\"https:\/\/anivet.lt\/elparduotuve\/wp-content\/uploads\/2023\/11\/HM-8131-haumiau-triusiu-ausys-su-vistiena-500g.jpg\" \/>\n\t<meta property=\"og:image:width\" content=\"800\" \/>\n\t<meta property=\"og:image:height\" content=\"800\" \/>\n\t<meta property=\"og:image:type\" content=\"image\/jpeg\" \/>\n<meta name=\"twitter:card\" content=\"summary_large_image\" \/>\n<meta name=\"twitter:label1\" content=\"Est. reading time\" \/>\n\t<meta name=\"twitter:data1\" content=\"1 minut\u0117\" \/>\n<script type=\"application\/ld+json\" class=\"yoast-schema-graph\">{\"@context\":\"https:\\\/\\\/schema.org\",\"@graph\":[{\"@type\":\"WebPage\",\"@id\":\"https:\\\/\\\/anivet.lt\\\/elparduotuve\\\/produktas\\\/hau-miau-triusiu-ausys-su-vistiena-500g\\\/\",\"url\":\"https:\\\/\\\/anivet.lt\\\/elparduotuve\\\/produktas\\\/hau-miau-triusiu-ausys-su-vistiena-500g\\\/\",\"name\":\"Hau &amp; Miau triu\u0161i\u0173 ausys su vi\u0161tiena 500g - anivet.lt\",\"isPartOf\":{\"@id\":\"https:\\\/\\\/anivet.lt\\\/elparduotuve\\\/#website\"},\"primaryImageOfPage\":{\"@id\":\"https:\\\/\\\/anivet.lt\\\/elparduotuve\\\/produktas\\\/hau-miau-triusiu-ausys-su-vistiena-500g\\\/#primaryimage\"},\"image\":{\"@id\":\"https:\\\/\\\/anivet.lt\\\/elparduotuve\\\/produktas\\\/hau-miau-triusiu-ausys-su-vistiena-500g\\\/#primaryimage\"},\"thumbnailUrl\":\"https:\\\/\\\/anivet.lt\\\/elparduotuve\\\/wp-content\\\/uploads\\\/2023\\\/11\\\/HM-8131-haumiau-triusiu-ausys-su-vistiena-500g.jpg\",\"datePublished\":\"2023-11-11T11:59:02+00:00\",\"dateModified\":\"2026-05-04T19:08:35+00:00\",\"description\":\"Nat\u016bral\u016bs ir maistingi skan\u0117stai, skirti \u0161uns d\u017eiaugsmui ir sveikatai. Pagaminti i\u0161 70% triu\u0161i\u0173 aus\u0173 ir 30% vi\u0161tienos, \u0161ie u\u017ekand\u017eiai patenkins nat\u016bral\u0173 kramtymo poreik\u012f ir prisid\u0117s prie augintinio gerov\u0117s.\",\"breadcrumb\":{\"@id\":\"https:\\\/\\\/anivet.lt\\\/elparduotuve\\\/produktas\\\/hau-miau-triusiu-ausys-su-vistiena-500g\\\/#breadcrumb\"},\"inLanguage\":\"lt-LT\",\"potentialAction\":[{\"@type\":\"ReadAction\",\"target\":[\"https:\\\/\\\/anivet.lt\\\/elparduotuve\\\/produktas\\\/hau-miau-triusiu-ausys-su-vistiena-500g\\\/\"]}]},{\"@type\":\"ImageObject\",\"inLanguage\":\"lt-LT\",\"@id\":\"https:\\\/\\\/anivet.lt\\\/elparduotuve\\\/produktas\\\/hau-miau-triusiu-ausys-su-vistiena-500g\\\/#primaryimage\",\"url\":\"https:\\\/\\\/anivet.lt\\\/elparduotuve\\\/wp-content\\\/uploads\\\/2023\\\/11\\\/HM-8131-haumiau-triusiu-ausys-su-vistiena-500g.jpg\",\"contentUrl\":\"https:\\\/\\\/anivet.lt\\\/elparduotuve\\\/wp-content\\\/uploads\\\/2023\\\/11\\\/HM-8131-haumiau-triusiu-ausys-su-vistiena-500g.jpg\",\"width\":800,\"height\":800,\"caption\":\"Hau &amp; Miau triu\u0161i\u0173 ausys su vi\u0161tiena 500g\"},{\"@type\":\"BreadcrumbList\",\"@id\":\"https:\\\/\\\/anivet.lt\\\/elparduotuve\\\/produktas\\\/hau-miau-triusiu-ausys-su-vistiena-500g\\\/#breadcrumb\",\"itemListElement\":[{\"@type\":\"ListItem\",\"position\":1,\"name\":\"Home\",\"item\":\"https:\\\/\\\/anivet.lt\\\/elparduotuve\\\/\"},{\"@type\":\"ListItem\",\"position\":2,\"name\":\"Produktai\",\"item\":\"https:\\\/\\\/anivet.lt\\\/elparduotuve\\\/produktai\\\/\"},{\"@type\":\"ListItem\",\"position\":3,\"name\":\"Hau &amp; Miau triu\u0161i\u0173 ausys su vi\u0161tiena 500g\"}]},{\"@type\":\"WebSite\",\"@id\":\"https:\\\/\\\/anivet.lt\\\/elparduotuve\\\/#website\",\"url\":\"https:\\\/\\\/anivet.lt\\\/elparduotuve\\\/\",\"name\":\"anivet.lt\",\"description\":\"Viskas J\u016bs\u0173 \u0161uns, kat\u0117s prie\u017ei\u016brai\",\"publisher\":{\"@id\":\"https:\\\/\\\/anivet.lt\\\/elparduotuve\\\/#organization\"},\"alternateName\":\"Viskas J\u016bs\u0173 \u0161uns, kat\u0117s prie\u017ei\u016brai\",\"potentialAction\":[{\"@type\":\"SearchAction\",\"target\":{\"@type\":\"EntryPoint\",\"urlTemplate\":\"https:\\\/\\\/anivet.lt\\\/elparduotuve\\\/?s={search_term_string}\"},\"query-input\":{\"@type\":\"PropertyValueSpecification\",\"valueRequired\":true,\"valueName\":\"search_term_string\"}}],\"inLanguage\":\"lt-LT\"},{\"@type\":\"Organization\",\"@id\":\"https:\\\/\\\/anivet.lt\\\/elparduotuve\\\/#organization\",\"name\":\"Viskas J\u016bs\u0173 \u0161uns, kat\u0117s prie\u017ei\u016brai\",\"url\":\"https:\\\/\\\/anivet.lt\\\/elparduotuve\\\/\",\"logo\":{\"@type\":\"ImageObject\",\"inLanguage\":\"lt-LT\",\"@id\":\"https:\\\/\\\/anivet.lt\\\/elparduotuve\\\/#\\\/schema\\\/logo\\\/image\\\/\",\"url\":\"https:\\\/\\\/anivet.lt\\\/elparduotuve\\\/wp-content\\\/uploads\\\/2023\\\/06\\\/logo2.jpg\",\"contentUrl\":\"https:\\\/\\\/anivet.lt\\\/elparduotuve\\\/wp-content\\\/uploads\\\/2023\\\/06\\\/logo2.jpg\",\"width\":655,\"height\":194,\"caption\":\"Viskas J\u016bs\u0173 \u0161uns, kat\u0117s prie\u017ei\u016brai\"},\"image\":{\"@id\":\"https:\\\/\\\/anivet.lt\\\/elparduotuve\\\/#\\\/schema\\\/logo\\\/image\\\/\"}}]}<\/script>\n<!-- \/ Yoast SEO Premium plugin. -->","yoast_head_json":{"title":"Hau &amp; Miau triu\u0161i\u0173 ausys su vi\u0161tiena 500g - anivet.lt","description":"Nat\u016bral\u016bs ir maistingi skan\u0117stai, skirti \u0161uns d\u017eiaugsmui ir sveikatai. Pagaminti i\u0161 70% triu\u0161i\u0173 aus\u0173 ir 30% vi\u0161tienos, \u0161ie u\u017ekand\u017eiai patenkins nat\u016bral\u0173 kramtymo poreik\u012f ir prisid\u0117s prie augintinio gerov\u0117s.","robots":{"index":"index","follow":"follow","max-snippet":"max-snippet:-1","max-image-preview":"max-image-preview:large","max-video-preview":"max-video-preview:-1"},"canonical":"https:\/\/anivet.lt\/elparduotuve\/produktas\/hau-miau-triusiu-ausys-su-vistiena-500g\/","og_locale":"lt_LT","og_type":"article","og_title":"Hau &amp; Miau triu\u0161i\u0173 ausys su vi\u0161tiena 500g","og_description":"Nat\u016bral\u016bs ir maistingi skan\u0117stai, skirti \u0161uns d\u017eiaugsmui ir sveikatai. Pagaminti i\u0161 70% triu\u0161i\u0173 aus\u0173 ir 30% vi\u0161tienos, \u0161ie u\u017ekand\u017eiai patenkins nat\u016bral\u0173 kramtymo poreik\u012f ir prisid\u0117s prie augintinio gerov\u0117s.","og_url":"https:\/\/anivet.lt\/elparduotuve\/produktas\/hau-miau-triusiu-ausys-su-vistiena-500g\/","og_site_name":"anivet.lt","article_modified_time":"2026-05-04T19:08:35+00:00","og_image":[{"width":800,"height":800,"url":"https:\/\/anivet.lt\/elparduotuve\/wp-content\/uploads\/2023\/11\/HM-8131-haumiau-triusiu-ausys-su-vistiena-500g.jpg","type":"image\/jpeg"}],"twitter_card":"summary_large_image","twitter_misc":{"Est. reading time":"1 minut\u0117"},"schema":{"@context":"https:\/\/schema.org","@graph":[{"@type":"WebPage","@id":"https:\/\/anivet.lt\/elparduotuve\/produktas\/hau-miau-triusiu-ausys-su-vistiena-500g\/","url":"https:\/\/anivet.lt\/elparduotuve\/produktas\/hau-miau-triusiu-ausys-su-vistiena-500g\/","name":"Hau &amp; Miau triu\u0161i\u0173 ausys su vi\u0161tiena 500g - anivet.lt","isPartOf":{"@id":"https:\/\/anivet.lt\/elparduotuve\/#website"},"primaryImageOfPage":{"@id":"https:\/\/anivet.lt\/elparduotuve\/produktas\/hau-miau-triusiu-ausys-su-vistiena-500g\/#primaryimage"},"image":{"@id":"https:\/\/anivet.lt\/elparduotuve\/produktas\/hau-miau-triusiu-ausys-su-vistiena-500g\/#primaryimage"},"thumbnailUrl":"https:\/\/anivet.lt\/elparduotuve\/wp-content\/uploads\/2023\/11\/HM-8131-haumiau-triusiu-ausys-su-vistiena-500g.jpg","datePublished":"2023-11-11T11:59:02+00:00","dateModified":"2026-05-04T19:08:35+00:00","description":"Nat\u016bral\u016bs ir maistingi skan\u0117stai, skirti \u0161uns d\u017eiaugsmui ir sveikatai. Pagaminti i\u0161 70% triu\u0161i\u0173 aus\u0173 ir 30% vi\u0161tienos, \u0161ie u\u017ekand\u017eiai patenkins nat\u016bral\u0173 kramtymo poreik\u012f ir prisid\u0117s prie augintinio gerov\u0117s.","breadcrumb":{"@id":"https:\/\/anivet.lt\/elparduotuve\/produktas\/hau-miau-triusiu-ausys-su-vistiena-500g\/#breadcrumb"},"inLanguage":"lt-LT","potentialAction":[{"@type":"ReadAction","target":["https:\/\/anivet.lt\/elparduotuve\/produktas\/hau-miau-triusiu-ausys-su-vistiena-500g\/"]}]},{"@type":"ImageObject","inLanguage":"lt-LT","@id":"https:\/\/anivet.lt\/elparduotuve\/produktas\/hau-miau-triusiu-ausys-su-vistiena-500g\/#primaryimage","url":"https:\/\/anivet.lt\/elparduotuve\/wp-content\/uploads\/2023\/11\/HM-8131-haumiau-triusiu-ausys-su-vistiena-500g.jpg","contentUrl":"https:\/\/anivet.lt\/elparduotuve\/wp-content\/uploads\/2023\/11\/HM-8131-haumiau-triusiu-ausys-su-vistiena-500g.jpg","width":800,"height":800,"caption":"Hau &amp; Miau triu\u0161i\u0173 ausys su vi\u0161tiena 500g"},{"@type":"BreadcrumbList","@id":"https:\/\/anivet.lt\/elparduotuve\/produktas\/hau-miau-triusiu-ausys-su-vistiena-500g\/#breadcrumb","itemListElement":[{"@type":"ListItem","position":1,"name":"Home","item":"https:\/\/anivet.lt\/elparduotuve\/"},{"@type":"ListItem","position":2,"name":"Produktai","item":"https:\/\/anivet.lt\/elparduotuve\/produktai\/"},{"@type":"ListItem","position":3,"name":"Hau &amp; Miau triu\u0161i\u0173 ausys su vi\u0161tiena 500g"}]},{"@type":"WebSite","@id":"https:\/\/anivet.lt\/elparduotuve\/#website","url":"https:\/\/anivet.lt\/elparduotuve\/","name":"anivet.lt","description":"Viskas J\u016bs\u0173 \u0161uns, kat\u0117s prie\u017ei\u016brai","publisher":{"@id":"https:\/\/anivet.lt\/elparduotuve\/#organization"},"alternateName":"Viskas J\u016bs\u0173 \u0161uns, kat\u0117s prie\u017ei\u016brai","potentialAction":[{"@type":"SearchAction","target":{"@type":"EntryPoint","urlTemplate":"https:\/\/anivet.lt\/elparduotuve\/?s={search_term_string}"},"query-input":{"@type":"PropertyValueSpecification","valueRequired":true,"valueName":"search_term_string"}}],"inLanguage":"lt-LT"},{"@type":"Organization","@id":"https:\/\/anivet.lt\/elparduotuve\/#organization","name":"Viskas J\u016bs\u0173 \u0161uns, kat\u0117s prie\u017ei\u016brai","url":"https:\/\/anivet.lt\/elparduotuve\/","logo":{"@type":"ImageObject","inLanguage":"lt-LT","@id":"https:\/\/anivet.lt\/elparduotuve\/#\/schema\/logo\/image\/","url":"https:\/\/anivet.lt\/elparduotuve\/wp-content\/uploads\/2023\/06\/logo2.jpg","contentUrl":"https:\/\/anivet.lt\/elparduotuve\/wp-content\/uploads\/2023\/06\/logo2.jpg","width":655,"height":194,"caption":"Viskas J\u016bs\u0173 \u0161uns, kat\u0117s prie\u017ei\u016brai"},"image":{"@id":"https:\/\/anivet.lt\/elparduotuve\/#\/schema\/logo\/image\/"}}]}},"_links":{"self":[{"href":"https:\/\/anivet.lt\/elparduotuve\/wp-json\/wp\/v2\/product\/12346","targetHints":{"allow":["GET"]}}],"collection":[{"href":"https:\/\/anivet.lt\/elparduotuve\/wp-json\/wp\/v2\/product"}],"about":[{"href":"https:\/\/anivet.lt\/elparduotuve\/wp-json\/wp\/v2\/types\/product"}],"wp:featuredmedia":[{"embeddable":true,"href":"https:\/\/anivet.lt\/elparduotuve\/wp-json\/wp\/v2\/media\/12347"}],"wp:attachment":[{"href":"https:\/\/anivet.lt\/elparduotuve\/wp-json\/wp\/v2\/media?parent=12346"}],"wp:term":[{"taxonomy":"product_brand","embeddable":true,"href":"https:\/\/anivet.lt\/elparduotuve\/wp-json\/wp\/v2\/product_brand?post=12346"},{"taxonomy":"product_cat","embeddable":true,"href":"https:\/\/anivet.lt\/elparduotuve\/wp-json\/wp\/v2\/product_cat?post=12346"},{"taxonomy":"product_tag","embeddable":true,"href":"https:\/\/anivet.lt\/elparduotuve\/wp-json\/wp\/v2\/product_tag?post=12346"}],"curies":[{"name":"wp","href":"https:\/\/api.w.org\/{rel}","templated":true}]}}