{"id":12359,"date":"2023-11-11T13:04:37","date_gmt":"2023-11-11T13:04:37","guid":{"rendered":"https:\/\/anivet.lt\/elparduotuve\/?post_type=product&#038;p=12359"},"modified":"2026-05-04T19:04:49","modified_gmt":"2026-05-04T19:04:49","slug":"hau-miau-skanestai-katems-zuvies-kasneliai-sirdies-formos-60g","status":"publish","type":"product","link":"https:\/\/anivet.lt\/elparduotuve\/produktas\/hau-miau-skanestai-katems-zuvies-kasneliai-sirdies-formos-60g\/","title":{"rendered":"Hau &amp; Miau skan\u0117stai kat\u0117ms \u017euvies k\u0105sneliai  \u0161irdies formos  60g"},"content":{"rendered":"<ul>\n<li style=\"font-weight: 400;\" aria-level=\"1\"><span style=\"font-weight: 400;\">Auk\u0161tas \u017euvies kiekis: Sud\u0117tyje 75 % menk\u0117s, u\u017etikrinan\u010dios nat\u016bral\u0173 baltym\u0173 \u0161altin\u012f.<\/span><\/li>\n<li style=\"font-weight: 400;\" aria-level=\"1\"><span style=\"font-weight: 400;\">Lengvai vir\u0161kinamas: Puikiai tinka jautresn\u0117ms kat\u0117ms.<\/span><\/li>\n<li style=\"font-weight: 400;\" aria-level=\"1\"><span style=\"font-weight: 400;\">Patenkina kramtymo poreik\u012f: Idealiai subalansuotas tekst\u016bros ir skonio derinys.<\/span><\/li>\n<li style=\"font-weight: 400;\" aria-level=\"1\"><span style=\"font-weight: 400;\">Sveikas u\u017ekandis: Ma\u017eas riebal\u0173 kiekis \u2013 vos 1,5 %, puikiai tinka aktyvioms ir sveik\u0105 mityb\u0105 vertinan\u010dioms kat\u0117ms.<\/span><\/li>\n<li style=\"font-weight: 400;\" aria-level=\"1\"><span style=\"font-weight: 400;\">Tinka kaip apdovanojimas: Galima naudoti kaip delikates\u0105 arba treniruo\u010di\u0173 metu kaip paskatinim\u0105.<\/span><\/li>\n<\/ul>\n<p><span style=\"font-weight: 400;\">\u0160ie skan\u0117stai yra nat\u016bralus ir maistingas pasirinkimas kat\u0117ms, kurios vertina tikr\u0105 \u017euvies skon\u012f. \u0160is skan\u0117stas ne tik patenkina nat\u016bralius kramtymo poreikius, bet ir praturtina dienos mityb\u0105 lengvai vir\u0161kinamais baltymais. \u0160irdel\u0117s formos k\u0105sneliai u\u017etikrina malon\u0173 valgymo proces\u0105 ir stiprina ry\u0161\u012f tarp augintinio ir \u0161eimininko.<\/span><\/p>\n","protected":false},"excerpt":{"rendered":"<p><span style=\"font-weight: 400;\">Skan\u0117stai, kurie ne tik atrodo patraukliai, bet ir suteikia svarbi\u0173 maistini\u0173 med\u017eiag\u0173 j\u016bs\u0173 augintiniui. \u0160irdel\u0117s formos menk\u0117s k\u0105sneliai yra puikus b\u016bdas praturtinti kat\u0117s dienos racion\u0105.<\/span><\/p>\n","protected":false},"featured_media":12360,"template":"","meta":[],"product_brand":[],"product_cat":[114,102,117],"product_tag":[],"class_list":{"0":"post-12359","1":"product","2":"type-product","3":"status-publish","4":"has-post-thumbnail","6":"product_cat-kaciu-maistas","7":"product_cat-katems","8":"product_cat-skanestai-katems","9":"pa_prekinis-zenklas-hau-miau","11":"first","12":"instock","13":"sale","14":"taxable","15":"shipping-taxable","16":"purchasable","17":"product-type-simple"},"yoast_head":"<!-- This site is optimized with the Yoast SEO Premium plugin v27.1 (Yoast SEO v27.5) - https:\/\/yoast.com\/product\/yoast-seo-premium-wordpress\/ -->\n<title>Hau &amp; Miau skan\u0117stai kat\u0117ms \u017euvies k\u0105sneliai \u0161irdies formos 60g - anivet.lt<\/title>\n<meta name=\"description\" content=\"Skan\u0117stai, kurie ne tik atrodo patraukliai, bet ir suteikia svarbi\u0173 maistini\u0173 med\u017eiag\u0173 j\u016bs\u0173 augintiniui. \u0160irdel\u0117s formos menk\u0117s k\u0105sneliai yra puikus b\u016bdas praturtinti kat\u0117s dienos racion\u0105.\" \/>\n<meta name=\"robots\" content=\"index, follow, max-snippet:-1, max-image-preview:large, max-video-preview:-1\" \/>\n<link rel=\"canonical\" href=\"https:\/\/anivet.lt\/elparduotuve\/produktas\/hau-miau-skanestai-katems-zuvies-kasneliai-sirdies-formos-60g\/\" \/>\n<meta property=\"og:locale\" content=\"lt_LT\" \/>\n<meta property=\"og:type\" content=\"article\" \/>\n<meta property=\"og:title\" content=\"Hau &amp; Miau skan\u0117stai kat\u0117ms \u017euvies k\u0105sneliai \u0161irdies formos 60g\" \/>\n<meta property=\"og:description\" content=\"Skan\u0117stai, kurie ne tik atrodo patraukliai, bet ir suteikia svarbi\u0173 maistini\u0173 med\u017eiag\u0173 j\u016bs\u0173 augintiniui. \u0160irdel\u0117s formos menk\u0117s k\u0105sneliai yra puikus b\u016bdas praturtinti kat\u0117s dienos racion\u0105.\" \/>\n<meta property=\"og:url\" content=\"https:\/\/anivet.lt\/elparduotuve\/produktas\/hau-miau-skanestai-katems-zuvies-kasneliai-sirdies-formos-60g\/\" \/>\n<meta property=\"og:site_name\" content=\"anivet.lt\" \/>\n<meta property=\"article:modified_time\" content=\"2026-05-04T19:04:49+00:00\" \/>\n<meta property=\"og:image\" content=\"https:\/\/anivet.lt\/elparduotuve\/wp-content\/uploads\/2023\/11\/HM-8262-haumiau-skanestai-katems-zuvies-kasneliai-sirdies-formos-60g.jpg\" \/>\n\t<meta property=\"og:image:width\" content=\"800\" \/>\n\t<meta property=\"og:image:height\" content=\"800\" \/>\n\t<meta property=\"og:image:type\" content=\"image\/jpeg\" \/>\n<meta name=\"twitter:card\" content=\"summary_large_image\" \/>\n<meta name=\"twitter:label1\" content=\"Est. reading time\" \/>\n\t<meta name=\"twitter:data1\" content=\"1 minut\u0117\" \/>\n<script type=\"application\/ld+json\" class=\"yoast-schema-graph\">{\"@context\":\"https:\\\/\\\/schema.org\",\"@graph\":[{\"@type\":\"WebPage\",\"@id\":\"https:\\\/\\\/anivet.lt\\\/elparduotuve\\\/produktas\\\/hau-miau-skanestai-katems-zuvies-kasneliai-sirdies-formos-60g\\\/\",\"url\":\"https:\\\/\\\/anivet.lt\\\/elparduotuve\\\/produktas\\\/hau-miau-skanestai-katems-zuvies-kasneliai-sirdies-formos-60g\\\/\",\"name\":\"Hau &amp; Miau skan\u0117stai kat\u0117ms \u017euvies k\u0105sneliai \u0161irdies formos 60g - anivet.lt\",\"isPartOf\":{\"@id\":\"https:\\\/\\\/anivet.lt\\\/elparduotuve\\\/#website\"},\"primaryImageOfPage\":{\"@id\":\"https:\\\/\\\/anivet.lt\\\/elparduotuve\\\/produktas\\\/hau-miau-skanestai-katems-zuvies-kasneliai-sirdies-formos-60g\\\/#primaryimage\"},\"image\":{\"@id\":\"https:\\\/\\\/anivet.lt\\\/elparduotuve\\\/produktas\\\/hau-miau-skanestai-katems-zuvies-kasneliai-sirdies-formos-60g\\\/#primaryimage\"},\"thumbnailUrl\":\"https:\\\/\\\/anivet.lt\\\/elparduotuve\\\/wp-content\\\/uploads\\\/2023\\\/11\\\/HM-8262-haumiau-skanestai-katems-zuvies-kasneliai-sirdies-formos-60g.jpg\",\"datePublished\":\"2023-11-11T13:04:37+00:00\",\"dateModified\":\"2026-05-04T19:04:49+00:00\",\"description\":\"Skan\u0117stai, kurie ne tik atrodo patraukliai, bet ir suteikia svarbi\u0173 maistini\u0173 med\u017eiag\u0173 j\u016bs\u0173 augintiniui. \u0160irdel\u0117s formos menk\u0117s k\u0105sneliai yra puikus b\u016bdas praturtinti kat\u0117s dienos racion\u0105.\",\"breadcrumb\":{\"@id\":\"https:\\\/\\\/anivet.lt\\\/elparduotuve\\\/produktas\\\/hau-miau-skanestai-katems-zuvies-kasneliai-sirdies-formos-60g\\\/#breadcrumb\"},\"inLanguage\":\"lt-LT\",\"potentialAction\":[{\"@type\":\"ReadAction\",\"target\":[\"https:\\\/\\\/anivet.lt\\\/elparduotuve\\\/produktas\\\/hau-miau-skanestai-katems-zuvies-kasneliai-sirdies-formos-60g\\\/\"]}]},{\"@type\":\"ImageObject\",\"inLanguage\":\"lt-LT\",\"@id\":\"https:\\\/\\\/anivet.lt\\\/elparduotuve\\\/produktas\\\/hau-miau-skanestai-katems-zuvies-kasneliai-sirdies-formos-60g\\\/#primaryimage\",\"url\":\"https:\\\/\\\/anivet.lt\\\/elparduotuve\\\/wp-content\\\/uploads\\\/2023\\\/11\\\/HM-8262-haumiau-skanestai-katems-zuvies-kasneliai-sirdies-formos-60g.jpg\",\"contentUrl\":\"https:\\\/\\\/anivet.lt\\\/elparduotuve\\\/wp-content\\\/uploads\\\/2023\\\/11\\\/HM-8262-haumiau-skanestai-katems-zuvies-kasneliai-sirdies-formos-60g.jpg\",\"width\":800,\"height\":800,\"caption\":\"Hau &amp; Miau skan\u0117stai kat\u0117ms \u017euvies k\u0105sneliai \u0161irdies formos 60g\"},{\"@type\":\"BreadcrumbList\",\"@id\":\"https:\\\/\\\/anivet.lt\\\/elparduotuve\\\/produktas\\\/hau-miau-skanestai-katems-zuvies-kasneliai-sirdies-formos-60g\\\/#breadcrumb\",\"itemListElement\":[{\"@type\":\"ListItem\",\"position\":1,\"name\":\"Home\",\"item\":\"https:\\\/\\\/anivet.lt\\\/elparduotuve\\\/\"},{\"@type\":\"ListItem\",\"position\":2,\"name\":\"Produktai\",\"item\":\"https:\\\/\\\/anivet.lt\\\/elparduotuve\\\/produktai\\\/\"},{\"@type\":\"ListItem\",\"position\":3,\"name\":\"Hau &amp; Miau skan\u0117stai kat\u0117ms \u017euvies k\u0105sneliai \u0161irdies formos 60g\"}]},{\"@type\":\"WebSite\",\"@id\":\"https:\\\/\\\/anivet.lt\\\/elparduotuve\\\/#website\",\"url\":\"https:\\\/\\\/anivet.lt\\\/elparduotuve\\\/\",\"name\":\"anivet.lt\",\"description\":\"Viskas J\u016bs\u0173 \u0161uns, kat\u0117s prie\u017ei\u016brai\",\"publisher\":{\"@id\":\"https:\\\/\\\/anivet.lt\\\/elparduotuve\\\/#organization\"},\"alternateName\":\"Viskas J\u016bs\u0173 \u0161uns, kat\u0117s prie\u017ei\u016brai\",\"potentialAction\":[{\"@type\":\"SearchAction\",\"target\":{\"@type\":\"EntryPoint\",\"urlTemplate\":\"https:\\\/\\\/anivet.lt\\\/elparduotuve\\\/?s={search_term_string}\"},\"query-input\":{\"@type\":\"PropertyValueSpecification\",\"valueRequired\":true,\"valueName\":\"search_term_string\"}}],\"inLanguage\":\"lt-LT\"},{\"@type\":\"Organization\",\"@id\":\"https:\\\/\\\/anivet.lt\\\/elparduotuve\\\/#organization\",\"name\":\"Viskas J\u016bs\u0173 \u0161uns, kat\u0117s prie\u017ei\u016brai\",\"url\":\"https:\\\/\\\/anivet.lt\\\/elparduotuve\\\/\",\"logo\":{\"@type\":\"ImageObject\",\"inLanguage\":\"lt-LT\",\"@id\":\"https:\\\/\\\/anivet.lt\\\/elparduotuve\\\/#\\\/schema\\\/logo\\\/image\\\/\",\"url\":\"https:\\\/\\\/anivet.lt\\\/elparduotuve\\\/wp-content\\\/uploads\\\/2023\\\/06\\\/logo2.jpg\",\"contentUrl\":\"https:\\\/\\\/anivet.lt\\\/elparduotuve\\\/wp-content\\\/uploads\\\/2023\\\/06\\\/logo2.jpg\",\"width\":655,\"height\":194,\"caption\":\"Viskas J\u016bs\u0173 \u0161uns, kat\u0117s prie\u017ei\u016brai\"},\"image\":{\"@id\":\"https:\\\/\\\/anivet.lt\\\/elparduotuve\\\/#\\\/schema\\\/logo\\\/image\\\/\"}}]}<\/script>\n<!-- \/ Yoast SEO Premium plugin. -->","yoast_head_json":{"title":"Hau &amp; Miau skan\u0117stai kat\u0117ms \u017euvies k\u0105sneliai \u0161irdies formos 60g - anivet.lt","description":"Skan\u0117stai, kurie ne tik atrodo patraukliai, bet ir suteikia svarbi\u0173 maistini\u0173 med\u017eiag\u0173 j\u016bs\u0173 augintiniui. \u0160irdel\u0117s formos menk\u0117s k\u0105sneliai yra puikus b\u016bdas praturtinti kat\u0117s dienos racion\u0105.","robots":{"index":"index","follow":"follow","max-snippet":"max-snippet:-1","max-image-preview":"max-image-preview:large","max-video-preview":"max-video-preview:-1"},"canonical":"https:\/\/anivet.lt\/elparduotuve\/produktas\/hau-miau-skanestai-katems-zuvies-kasneliai-sirdies-formos-60g\/","og_locale":"lt_LT","og_type":"article","og_title":"Hau &amp; Miau skan\u0117stai kat\u0117ms \u017euvies k\u0105sneliai \u0161irdies formos 60g","og_description":"Skan\u0117stai, kurie ne tik atrodo patraukliai, bet ir suteikia svarbi\u0173 maistini\u0173 med\u017eiag\u0173 j\u016bs\u0173 augintiniui. \u0160irdel\u0117s formos menk\u0117s k\u0105sneliai yra puikus b\u016bdas praturtinti kat\u0117s dienos racion\u0105.","og_url":"https:\/\/anivet.lt\/elparduotuve\/produktas\/hau-miau-skanestai-katems-zuvies-kasneliai-sirdies-formos-60g\/","og_site_name":"anivet.lt","article_modified_time":"2026-05-04T19:04:49+00:00","og_image":[{"width":800,"height":800,"url":"https:\/\/anivet.lt\/elparduotuve\/wp-content\/uploads\/2023\/11\/HM-8262-haumiau-skanestai-katems-zuvies-kasneliai-sirdies-formos-60g.jpg","type":"image\/jpeg"}],"twitter_card":"summary_large_image","twitter_misc":{"Est. reading time":"1 minut\u0117"},"schema":{"@context":"https:\/\/schema.org","@graph":[{"@type":"WebPage","@id":"https:\/\/anivet.lt\/elparduotuve\/produktas\/hau-miau-skanestai-katems-zuvies-kasneliai-sirdies-formos-60g\/","url":"https:\/\/anivet.lt\/elparduotuve\/produktas\/hau-miau-skanestai-katems-zuvies-kasneliai-sirdies-formos-60g\/","name":"Hau &amp; Miau skan\u0117stai kat\u0117ms \u017euvies k\u0105sneliai \u0161irdies formos 60g - anivet.lt","isPartOf":{"@id":"https:\/\/anivet.lt\/elparduotuve\/#website"},"primaryImageOfPage":{"@id":"https:\/\/anivet.lt\/elparduotuve\/produktas\/hau-miau-skanestai-katems-zuvies-kasneliai-sirdies-formos-60g\/#primaryimage"},"image":{"@id":"https:\/\/anivet.lt\/elparduotuve\/produktas\/hau-miau-skanestai-katems-zuvies-kasneliai-sirdies-formos-60g\/#primaryimage"},"thumbnailUrl":"https:\/\/anivet.lt\/elparduotuve\/wp-content\/uploads\/2023\/11\/HM-8262-haumiau-skanestai-katems-zuvies-kasneliai-sirdies-formos-60g.jpg","datePublished":"2023-11-11T13:04:37+00:00","dateModified":"2026-05-04T19:04:49+00:00","description":"Skan\u0117stai, kurie ne tik atrodo patraukliai, bet ir suteikia svarbi\u0173 maistini\u0173 med\u017eiag\u0173 j\u016bs\u0173 augintiniui. \u0160irdel\u0117s formos menk\u0117s k\u0105sneliai yra puikus b\u016bdas praturtinti kat\u0117s dienos racion\u0105.","breadcrumb":{"@id":"https:\/\/anivet.lt\/elparduotuve\/produktas\/hau-miau-skanestai-katems-zuvies-kasneliai-sirdies-formos-60g\/#breadcrumb"},"inLanguage":"lt-LT","potentialAction":[{"@type":"ReadAction","target":["https:\/\/anivet.lt\/elparduotuve\/produktas\/hau-miau-skanestai-katems-zuvies-kasneliai-sirdies-formos-60g\/"]}]},{"@type":"ImageObject","inLanguage":"lt-LT","@id":"https:\/\/anivet.lt\/elparduotuve\/produktas\/hau-miau-skanestai-katems-zuvies-kasneliai-sirdies-formos-60g\/#primaryimage","url":"https:\/\/anivet.lt\/elparduotuve\/wp-content\/uploads\/2023\/11\/HM-8262-haumiau-skanestai-katems-zuvies-kasneliai-sirdies-formos-60g.jpg","contentUrl":"https:\/\/anivet.lt\/elparduotuve\/wp-content\/uploads\/2023\/11\/HM-8262-haumiau-skanestai-katems-zuvies-kasneliai-sirdies-formos-60g.jpg","width":800,"height":800,"caption":"Hau &amp; Miau skan\u0117stai kat\u0117ms \u017euvies k\u0105sneliai \u0161irdies formos 60g"},{"@type":"BreadcrumbList","@id":"https:\/\/anivet.lt\/elparduotuve\/produktas\/hau-miau-skanestai-katems-zuvies-kasneliai-sirdies-formos-60g\/#breadcrumb","itemListElement":[{"@type":"ListItem","position":1,"name":"Home","item":"https:\/\/anivet.lt\/elparduotuve\/"},{"@type":"ListItem","position":2,"name":"Produktai","item":"https:\/\/anivet.lt\/elparduotuve\/produktai\/"},{"@type":"ListItem","position":3,"name":"Hau &amp; Miau skan\u0117stai kat\u0117ms \u017euvies k\u0105sneliai \u0161irdies formos 60g"}]},{"@type":"WebSite","@id":"https:\/\/anivet.lt\/elparduotuve\/#website","url":"https:\/\/anivet.lt\/elparduotuve\/","name":"anivet.lt","description":"Viskas J\u016bs\u0173 \u0161uns, kat\u0117s prie\u017ei\u016brai","publisher":{"@id":"https:\/\/anivet.lt\/elparduotuve\/#organization"},"alternateName":"Viskas J\u016bs\u0173 \u0161uns, kat\u0117s prie\u017ei\u016brai","potentialAction":[{"@type":"SearchAction","target":{"@type":"EntryPoint","urlTemplate":"https:\/\/anivet.lt\/elparduotuve\/?s={search_term_string}"},"query-input":{"@type":"PropertyValueSpecification","valueRequired":true,"valueName":"search_term_string"}}],"inLanguage":"lt-LT"},{"@type":"Organization","@id":"https:\/\/anivet.lt\/elparduotuve\/#organization","name":"Viskas J\u016bs\u0173 \u0161uns, kat\u0117s prie\u017ei\u016brai","url":"https:\/\/anivet.lt\/elparduotuve\/","logo":{"@type":"ImageObject","inLanguage":"lt-LT","@id":"https:\/\/anivet.lt\/elparduotuve\/#\/schema\/logo\/image\/","url":"https:\/\/anivet.lt\/elparduotuve\/wp-content\/uploads\/2023\/06\/logo2.jpg","contentUrl":"https:\/\/anivet.lt\/elparduotuve\/wp-content\/uploads\/2023\/06\/logo2.jpg","width":655,"height":194,"caption":"Viskas J\u016bs\u0173 \u0161uns, kat\u0117s prie\u017ei\u016brai"},"image":{"@id":"https:\/\/anivet.lt\/elparduotuve\/#\/schema\/logo\/image\/"}}]}},"_links":{"self":[{"href":"https:\/\/anivet.lt\/elparduotuve\/wp-json\/wp\/v2\/product\/12359","targetHints":{"allow":["GET"]}}],"collection":[{"href":"https:\/\/anivet.lt\/elparduotuve\/wp-json\/wp\/v2\/product"}],"about":[{"href":"https:\/\/anivet.lt\/elparduotuve\/wp-json\/wp\/v2\/types\/product"}],"wp:featuredmedia":[{"embeddable":true,"href":"https:\/\/anivet.lt\/elparduotuve\/wp-json\/wp\/v2\/media\/12360"}],"wp:attachment":[{"href":"https:\/\/anivet.lt\/elparduotuve\/wp-json\/wp\/v2\/media?parent=12359"}],"wp:term":[{"taxonomy":"product_brand","embeddable":true,"href":"https:\/\/anivet.lt\/elparduotuve\/wp-json\/wp\/v2\/product_brand?post=12359"},{"taxonomy":"product_cat","embeddable":true,"href":"https:\/\/anivet.lt\/elparduotuve\/wp-json\/wp\/v2\/product_cat?post=12359"},{"taxonomy":"product_tag","embeddable":true,"href":"https:\/\/anivet.lt\/elparduotuve\/wp-json\/wp\/v2\/product_tag?post=12359"}],"curies":[{"name":"wp","href":"https:\/\/api.w.org\/{rel}","templated":true}]}}