{"id":12361,"date":"2023-11-11T13:09:14","date_gmt":"2023-11-11T13:09:14","guid":{"rendered":"https:\/\/anivet.lt\/elparduotuve\/?post_type=product&#038;p=12361"},"modified":"2026-05-04T19:04:34","modified_gmt":"2026-05-04T19:04:34","slug":"hau-miau-skanestai-katems-zuvies-sumustiniai-60g","status":"publish","type":"product","link":"https:\/\/anivet.lt\/elparduotuve\/produktas\/hau-miau-skanestai-katems-zuvies-sumustiniai-60g\/","title":{"rendered":"Hau &amp; Miau skan\u0117stai kat\u0117ms \u017euvies sumu\u0161tiniai  60g"},"content":{"rendered":"<p><span style=\"font-weight: 400;\">Skan\u0117stai, pagaminti i\u0161 nat\u016brali\u0173 ingredient\u0173, yra puikus b\u016bdas papildyti j\u016bs\u0173 kat\u0117s kasdien\u0119 mityb\u0105. \u0160ie gard\u0117siai ne tik palepins j\u016bs\u0173 augintin\u012f, bet ir patenkins jo nat\u016bral\u0173 kramtymo poreik\u012f, skatindami sveikus mitybos \u012fpro\u010dius.<\/span><\/p>\n<ul>\n<li style=\"font-weight: 400;\" aria-level=\"1\"><span style=\"font-weight: 400;\">Nat\u016bral\u016bs ingredientai: Sud\u0117tyje 75% menk\u0117s ir 10% \u017euv\u0173 odos.<\/span><\/li>\n<li style=\"font-weight: 400;\" aria-level=\"1\"><span style=\"font-weight: 400;\">Lengvai vir\u0161kinami: Tinkami net jautrioms kat\u0117ms.<\/span><\/li>\n<li style=\"font-weight: 400;\" aria-level=\"1\"><span style=\"font-weight: 400;\">Praturtinti baltymais: Padeda palaikyti sveik\u0105 organizm\u0105.<\/span><\/li>\n<li style=\"font-weight: 400;\" aria-level=\"1\"><span style=\"font-weight: 400;\">Skatina dant\u0173 sveikat\u0105: Kramtymas padeda valyti dantis ir r\u016bpintis burnos higiena.<\/span><\/li>\n<li style=\"font-weight: 400;\" aria-level=\"1\"><span style=\"font-weight: 400;\">Puikus atlygis: Tinka kaip delikatesas ar paskatinimas.<\/span><\/li>\n<\/ul>\n<p><span style=\"font-weight: 400;\">\u201eHau Miau\u201c \u017euvies sumu\u0161tiniai yra idealiai pritaikyti j\u016bs\u0173 kat\u0117s poreikiams \u2013 nat\u016bral\u016bs, maistingi ir lengvai vir\u0161kinami. \u0160ie skan\u0117stai yra puikus b\u016bdas papildyti mityb\u0105 baltymais, kartu u\u017etikrinant sveikus dant\u0173 prie\u017ei\u016bros \u012fpro\u010dius. J\u0173 gardus skonis ir naudingos savyb\u0117s daro \u0161\u012f produkt\u0105 nepakei\u010diamu j\u016bs\u0173 augintinio raciono papildymu.<\/span><\/p>\n","protected":false},"excerpt":{"rendered":"<p>Skan\u0117stai, pagaminti i\u0161 nat\u016brali\u0173 ingredient\u0173, yra puikus b\u016bdas papildyti j\u016bs\u0173 kat\u0117s kasdien\u0119 mityb\u0105. \u0160ie gard\u0117siai ne tik palepins j\u016bs\u0173 augintin\u012f,<\/p>\n","protected":false},"featured_media":12362,"template":"","meta":[],"product_brand":[],"product_cat":[114,102,117],"product_tag":[],"class_list":{"0":"post-12361","1":"product","2":"type-product","3":"status-publish","4":"has-post-thumbnail","6":"product_cat-kaciu-maistas","7":"product_cat-katems","8":"product_cat-skanestai-katems","9":"pa_prekinis-zenklas-hau-miau","11":"first","12":"instock","13":"sale","14":"taxable","15":"shipping-taxable","16":"purchasable","17":"product-type-simple"},"yoast_head":"<!-- This site is optimized with the Yoast SEO Premium plugin v27.1 (Yoast SEO v27.5) - https:\/\/yoast.com\/product\/yoast-seo-premium-wordpress\/ -->\n<title>Hau &amp; Miau skan\u0117stai kat\u0117ms \u017euvies sumu\u0161tiniai 60g - anivet.lt<\/title>\n<meta name=\"description\" content=\"Skan\u0117stai, pagaminti i\u0161 nat\u016brali\u0173 ingredient\u0173, yra puikus b\u016bdas papildyti j\u016bs\u0173 kat\u0117s kasdien\u0119 mityb\u0105. \u0160ie gard\u0117siai ne tik palepins j\u016bs\u0173 augintin\u012f, bet ir\" \/>\n<meta name=\"robots\" content=\"index, follow, max-snippet:-1, max-image-preview:large, max-video-preview:-1\" \/>\n<link rel=\"canonical\" href=\"https:\/\/anivet.lt\/elparduotuve\/produktas\/hau-miau-skanestai-katems-zuvies-sumustiniai-60g\/\" \/>\n<meta property=\"og:locale\" content=\"lt_LT\" \/>\n<meta property=\"og:type\" content=\"article\" \/>\n<meta property=\"og:title\" content=\"Hau &amp; Miau skan\u0117stai kat\u0117ms \u017euvies sumu\u0161tiniai 60g\" \/>\n<meta property=\"og:description\" content=\"Skan\u0117stai, pagaminti i\u0161 nat\u016brali\u0173 ingredient\u0173, yra puikus b\u016bdas papildyti j\u016bs\u0173 kat\u0117s kasdien\u0119 mityb\u0105. \u0160ie gard\u0117siai ne tik palepins j\u016bs\u0173 augintin\u012f, bet ir\" \/>\n<meta property=\"og:url\" content=\"https:\/\/anivet.lt\/elparduotuve\/produktas\/hau-miau-skanestai-katems-zuvies-sumustiniai-60g\/\" \/>\n<meta property=\"og:site_name\" content=\"anivet.lt\" \/>\n<meta property=\"article:modified_time\" content=\"2026-05-04T19:04:34+00:00\" \/>\n<meta property=\"og:image\" content=\"https:\/\/anivet.lt\/elparduotuve\/wp-content\/uploads\/2023\/11\/HM-8263-haumiau-skanestai-katems-zuvies-sumustiniai-60g.jpg\" \/>\n\t<meta property=\"og:image:width\" content=\"800\" \/>\n\t<meta property=\"og:image:height\" content=\"800\" \/>\n\t<meta property=\"og:image:type\" content=\"image\/jpeg\" \/>\n<meta name=\"twitter:card\" content=\"summary_large_image\" \/>\n<meta name=\"twitter:label1\" content=\"Est. reading time\" \/>\n\t<meta name=\"twitter:data1\" content=\"1 minut\u0117\" \/>\n<script type=\"application\/ld+json\" class=\"yoast-schema-graph\">{\"@context\":\"https:\\\/\\\/schema.org\",\"@graph\":[{\"@type\":\"WebPage\",\"@id\":\"https:\\\/\\\/anivet.lt\\\/elparduotuve\\\/produktas\\\/hau-miau-skanestai-katems-zuvies-sumustiniai-60g\\\/\",\"url\":\"https:\\\/\\\/anivet.lt\\\/elparduotuve\\\/produktas\\\/hau-miau-skanestai-katems-zuvies-sumustiniai-60g\\\/\",\"name\":\"Hau &amp; Miau skan\u0117stai kat\u0117ms \u017euvies sumu\u0161tiniai 60g - anivet.lt\",\"isPartOf\":{\"@id\":\"https:\\\/\\\/anivet.lt\\\/elparduotuve\\\/#website\"},\"primaryImageOfPage\":{\"@id\":\"https:\\\/\\\/anivet.lt\\\/elparduotuve\\\/produktas\\\/hau-miau-skanestai-katems-zuvies-sumustiniai-60g\\\/#primaryimage\"},\"image\":{\"@id\":\"https:\\\/\\\/anivet.lt\\\/elparduotuve\\\/produktas\\\/hau-miau-skanestai-katems-zuvies-sumustiniai-60g\\\/#primaryimage\"},\"thumbnailUrl\":\"https:\\\/\\\/anivet.lt\\\/elparduotuve\\\/wp-content\\\/uploads\\\/2023\\\/11\\\/HM-8263-haumiau-skanestai-katems-zuvies-sumustiniai-60g.jpg\",\"datePublished\":\"2023-11-11T13:09:14+00:00\",\"dateModified\":\"2026-05-04T19:04:34+00:00\",\"description\":\"Skan\u0117stai, pagaminti i\u0161 nat\u016brali\u0173 ingredient\u0173, yra puikus b\u016bdas papildyti j\u016bs\u0173 kat\u0117s kasdien\u0119 mityb\u0105. \u0160ie gard\u0117siai ne tik palepins j\u016bs\u0173 augintin\u012f, bet ir\",\"breadcrumb\":{\"@id\":\"https:\\\/\\\/anivet.lt\\\/elparduotuve\\\/produktas\\\/hau-miau-skanestai-katems-zuvies-sumustiniai-60g\\\/#breadcrumb\"},\"inLanguage\":\"lt-LT\",\"potentialAction\":[{\"@type\":\"ReadAction\",\"target\":[\"https:\\\/\\\/anivet.lt\\\/elparduotuve\\\/produktas\\\/hau-miau-skanestai-katems-zuvies-sumustiniai-60g\\\/\"]}]},{\"@type\":\"ImageObject\",\"inLanguage\":\"lt-LT\",\"@id\":\"https:\\\/\\\/anivet.lt\\\/elparduotuve\\\/produktas\\\/hau-miau-skanestai-katems-zuvies-sumustiniai-60g\\\/#primaryimage\",\"url\":\"https:\\\/\\\/anivet.lt\\\/elparduotuve\\\/wp-content\\\/uploads\\\/2023\\\/11\\\/HM-8263-haumiau-skanestai-katems-zuvies-sumustiniai-60g.jpg\",\"contentUrl\":\"https:\\\/\\\/anivet.lt\\\/elparduotuve\\\/wp-content\\\/uploads\\\/2023\\\/11\\\/HM-8263-haumiau-skanestai-katems-zuvies-sumustiniai-60g.jpg\",\"width\":800,\"height\":800,\"caption\":\"Hau &amp; Miau skan\u0117stai kat\u0117ms \u017euvies sumu\u0161tiniai 60g\"},{\"@type\":\"BreadcrumbList\",\"@id\":\"https:\\\/\\\/anivet.lt\\\/elparduotuve\\\/produktas\\\/hau-miau-skanestai-katems-zuvies-sumustiniai-60g\\\/#breadcrumb\",\"itemListElement\":[{\"@type\":\"ListItem\",\"position\":1,\"name\":\"Home\",\"item\":\"https:\\\/\\\/anivet.lt\\\/elparduotuve\\\/\"},{\"@type\":\"ListItem\",\"position\":2,\"name\":\"Produktai\",\"item\":\"https:\\\/\\\/anivet.lt\\\/elparduotuve\\\/produktai\\\/\"},{\"@type\":\"ListItem\",\"position\":3,\"name\":\"Hau &amp; Miau skan\u0117stai kat\u0117ms \u017euvies sumu\u0161tiniai 60g\"}]},{\"@type\":\"WebSite\",\"@id\":\"https:\\\/\\\/anivet.lt\\\/elparduotuve\\\/#website\",\"url\":\"https:\\\/\\\/anivet.lt\\\/elparduotuve\\\/\",\"name\":\"anivet.lt\",\"description\":\"Viskas J\u016bs\u0173 \u0161uns, kat\u0117s prie\u017ei\u016brai\",\"publisher\":{\"@id\":\"https:\\\/\\\/anivet.lt\\\/elparduotuve\\\/#organization\"},\"alternateName\":\"Viskas J\u016bs\u0173 \u0161uns, kat\u0117s prie\u017ei\u016brai\",\"potentialAction\":[{\"@type\":\"SearchAction\",\"target\":{\"@type\":\"EntryPoint\",\"urlTemplate\":\"https:\\\/\\\/anivet.lt\\\/elparduotuve\\\/?s={search_term_string}\"},\"query-input\":{\"@type\":\"PropertyValueSpecification\",\"valueRequired\":true,\"valueName\":\"search_term_string\"}}],\"inLanguage\":\"lt-LT\"},{\"@type\":\"Organization\",\"@id\":\"https:\\\/\\\/anivet.lt\\\/elparduotuve\\\/#organization\",\"name\":\"Viskas J\u016bs\u0173 \u0161uns, kat\u0117s prie\u017ei\u016brai\",\"url\":\"https:\\\/\\\/anivet.lt\\\/elparduotuve\\\/\",\"logo\":{\"@type\":\"ImageObject\",\"inLanguage\":\"lt-LT\",\"@id\":\"https:\\\/\\\/anivet.lt\\\/elparduotuve\\\/#\\\/schema\\\/logo\\\/image\\\/\",\"url\":\"https:\\\/\\\/anivet.lt\\\/elparduotuve\\\/wp-content\\\/uploads\\\/2023\\\/06\\\/logo2.jpg\",\"contentUrl\":\"https:\\\/\\\/anivet.lt\\\/elparduotuve\\\/wp-content\\\/uploads\\\/2023\\\/06\\\/logo2.jpg\",\"width\":655,\"height\":194,\"caption\":\"Viskas J\u016bs\u0173 \u0161uns, kat\u0117s prie\u017ei\u016brai\"},\"image\":{\"@id\":\"https:\\\/\\\/anivet.lt\\\/elparduotuve\\\/#\\\/schema\\\/logo\\\/image\\\/\"}}]}<\/script>\n<!-- \/ Yoast SEO Premium plugin. -->","yoast_head_json":{"title":"Hau &amp; Miau skan\u0117stai kat\u0117ms \u017euvies sumu\u0161tiniai 60g - anivet.lt","description":"Skan\u0117stai, pagaminti i\u0161 nat\u016brali\u0173 ingredient\u0173, yra puikus b\u016bdas papildyti j\u016bs\u0173 kat\u0117s kasdien\u0119 mityb\u0105. \u0160ie gard\u0117siai ne tik palepins j\u016bs\u0173 augintin\u012f, bet ir","robots":{"index":"index","follow":"follow","max-snippet":"max-snippet:-1","max-image-preview":"max-image-preview:large","max-video-preview":"max-video-preview:-1"},"canonical":"https:\/\/anivet.lt\/elparduotuve\/produktas\/hau-miau-skanestai-katems-zuvies-sumustiniai-60g\/","og_locale":"lt_LT","og_type":"article","og_title":"Hau &amp; Miau skan\u0117stai kat\u0117ms \u017euvies sumu\u0161tiniai 60g","og_description":"Skan\u0117stai, pagaminti i\u0161 nat\u016brali\u0173 ingredient\u0173, yra puikus b\u016bdas papildyti j\u016bs\u0173 kat\u0117s kasdien\u0119 mityb\u0105. \u0160ie gard\u0117siai ne tik palepins j\u016bs\u0173 augintin\u012f, bet ir","og_url":"https:\/\/anivet.lt\/elparduotuve\/produktas\/hau-miau-skanestai-katems-zuvies-sumustiniai-60g\/","og_site_name":"anivet.lt","article_modified_time":"2026-05-04T19:04:34+00:00","og_image":[{"width":800,"height":800,"url":"https:\/\/anivet.lt\/elparduotuve\/wp-content\/uploads\/2023\/11\/HM-8263-haumiau-skanestai-katems-zuvies-sumustiniai-60g.jpg","type":"image\/jpeg"}],"twitter_card":"summary_large_image","twitter_misc":{"Est. reading time":"1 minut\u0117"},"schema":{"@context":"https:\/\/schema.org","@graph":[{"@type":"WebPage","@id":"https:\/\/anivet.lt\/elparduotuve\/produktas\/hau-miau-skanestai-katems-zuvies-sumustiniai-60g\/","url":"https:\/\/anivet.lt\/elparduotuve\/produktas\/hau-miau-skanestai-katems-zuvies-sumustiniai-60g\/","name":"Hau &amp; Miau skan\u0117stai kat\u0117ms \u017euvies sumu\u0161tiniai 60g - anivet.lt","isPartOf":{"@id":"https:\/\/anivet.lt\/elparduotuve\/#website"},"primaryImageOfPage":{"@id":"https:\/\/anivet.lt\/elparduotuve\/produktas\/hau-miau-skanestai-katems-zuvies-sumustiniai-60g\/#primaryimage"},"image":{"@id":"https:\/\/anivet.lt\/elparduotuve\/produktas\/hau-miau-skanestai-katems-zuvies-sumustiniai-60g\/#primaryimage"},"thumbnailUrl":"https:\/\/anivet.lt\/elparduotuve\/wp-content\/uploads\/2023\/11\/HM-8263-haumiau-skanestai-katems-zuvies-sumustiniai-60g.jpg","datePublished":"2023-11-11T13:09:14+00:00","dateModified":"2026-05-04T19:04:34+00:00","description":"Skan\u0117stai, pagaminti i\u0161 nat\u016brali\u0173 ingredient\u0173, yra puikus b\u016bdas papildyti j\u016bs\u0173 kat\u0117s kasdien\u0119 mityb\u0105. \u0160ie gard\u0117siai ne tik palepins j\u016bs\u0173 augintin\u012f, bet ir","breadcrumb":{"@id":"https:\/\/anivet.lt\/elparduotuve\/produktas\/hau-miau-skanestai-katems-zuvies-sumustiniai-60g\/#breadcrumb"},"inLanguage":"lt-LT","potentialAction":[{"@type":"ReadAction","target":["https:\/\/anivet.lt\/elparduotuve\/produktas\/hau-miau-skanestai-katems-zuvies-sumustiniai-60g\/"]}]},{"@type":"ImageObject","inLanguage":"lt-LT","@id":"https:\/\/anivet.lt\/elparduotuve\/produktas\/hau-miau-skanestai-katems-zuvies-sumustiniai-60g\/#primaryimage","url":"https:\/\/anivet.lt\/elparduotuve\/wp-content\/uploads\/2023\/11\/HM-8263-haumiau-skanestai-katems-zuvies-sumustiniai-60g.jpg","contentUrl":"https:\/\/anivet.lt\/elparduotuve\/wp-content\/uploads\/2023\/11\/HM-8263-haumiau-skanestai-katems-zuvies-sumustiniai-60g.jpg","width":800,"height":800,"caption":"Hau &amp; Miau skan\u0117stai kat\u0117ms \u017euvies sumu\u0161tiniai 60g"},{"@type":"BreadcrumbList","@id":"https:\/\/anivet.lt\/elparduotuve\/produktas\/hau-miau-skanestai-katems-zuvies-sumustiniai-60g\/#breadcrumb","itemListElement":[{"@type":"ListItem","position":1,"name":"Home","item":"https:\/\/anivet.lt\/elparduotuve\/"},{"@type":"ListItem","position":2,"name":"Produktai","item":"https:\/\/anivet.lt\/elparduotuve\/produktai\/"},{"@type":"ListItem","position":3,"name":"Hau &amp; Miau skan\u0117stai kat\u0117ms \u017euvies sumu\u0161tiniai 60g"}]},{"@type":"WebSite","@id":"https:\/\/anivet.lt\/elparduotuve\/#website","url":"https:\/\/anivet.lt\/elparduotuve\/","name":"anivet.lt","description":"Viskas J\u016bs\u0173 \u0161uns, kat\u0117s prie\u017ei\u016brai","publisher":{"@id":"https:\/\/anivet.lt\/elparduotuve\/#organization"},"alternateName":"Viskas J\u016bs\u0173 \u0161uns, kat\u0117s prie\u017ei\u016brai","potentialAction":[{"@type":"SearchAction","target":{"@type":"EntryPoint","urlTemplate":"https:\/\/anivet.lt\/elparduotuve\/?s={search_term_string}"},"query-input":{"@type":"PropertyValueSpecification","valueRequired":true,"valueName":"search_term_string"}}],"inLanguage":"lt-LT"},{"@type":"Organization","@id":"https:\/\/anivet.lt\/elparduotuve\/#organization","name":"Viskas J\u016bs\u0173 \u0161uns, kat\u0117s prie\u017ei\u016brai","url":"https:\/\/anivet.lt\/elparduotuve\/","logo":{"@type":"ImageObject","inLanguage":"lt-LT","@id":"https:\/\/anivet.lt\/elparduotuve\/#\/schema\/logo\/image\/","url":"https:\/\/anivet.lt\/elparduotuve\/wp-content\/uploads\/2023\/06\/logo2.jpg","contentUrl":"https:\/\/anivet.lt\/elparduotuve\/wp-content\/uploads\/2023\/06\/logo2.jpg","width":655,"height":194,"caption":"Viskas J\u016bs\u0173 \u0161uns, kat\u0117s prie\u017ei\u016brai"},"image":{"@id":"https:\/\/anivet.lt\/elparduotuve\/#\/schema\/logo\/image\/"}}]}},"_links":{"self":[{"href":"https:\/\/anivet.lt\/elparduotuve\/wp-json\/wp\/v2\/product\/12361","targetHints":{"allow":["GET"]}}],"collection":[{"href":"https:\/\/anivet.lt\/elparduotuve\/wp-json\/wp\/v2\/product"}],"about":[{"href":"https:\/\/anivet.lt\/elparduotuve\/wp-json\/wp\/v2\/types\/product"}],"wp:featuredmedia":[{"embeddable":true,"href":"https:\/\/anivet.lt\/elparduotuve\/wp-json\/wp\/v2\/media\/12362"}],"wp:attachment":[{"href":"https:\/\/anivet.lt\/elparduotuve\/wp-json\/wp\/v2\/media?parent=12361"}],"wp:term":[{"taxonomy":"product_brand","embeddable":true,"href":"https:\/\/anivet.lt\/elparduotuve\/wp-json\/wp\/v2\/product_brand?post=12361"},{"taxonomy":"product_cat","embeddable":true,"href":"https:\/\/anivet.lt\/elparduotuve\/wp-json\/wp\/v2\/product_cat?post=12361"},{"taxonomy":"product_tag","embeddable":true,"href":"https:\/\/anivet.lt\/elparduotuve\/wp-json\/wp\/v2\/product_tag?post=12361"}],"curies":[{"name":"wp","href":"https:\/\/api.w.org\/{rel}","templated":true}]}}