{"id":12487,"date":"2023-12-08T17:19:23","date_gmt":"2023-12-08T17:19:23","guid":{"rendered":"https:\/\/anivet.lt\/elparduotuve\/?post_type=product&#038;p=12487"},"modified":"2026-04-06T14:59:18","modified_gmt":"2026-04-06T14:59:18","slug":"raw-paleo-kitten-turkey-pouch-guliasas-kaciukams-su-kalakutiena-100g","status":"publish","type":"product","link":"https:\/\/anivet.lt\/elparduotuve\/produktas\/raw-paleo-kitten-turkey-pouch-guliasas-kaciukams-su-kalakutiena-100g\/","title":{"rendered":"Raw Paleo Kitten Turkey pouch gulia\u0161as ka\u010diukams su kalakutiena, 100g"},"content":{"rendered":"<ul>\n<li style=\"font-weight: 400;\" aria-level=\"1\"><span style=\"font-weight: 400;\">Vienas baltym\u0173 \u0161altinis: Visi gyv\u016bnin\u0117s kilm\u0117s ingredientai yra i\u0161 kalakutienos.<\/span><\/li>\n<li style=\"font-weight: 400;\" aria-level=\"1\"><span style=\"font-weight: 400;\">Nat\u016bralus kalcio \u0161altinis: Praturtintas kiau\u0161ini\u0173 luk\u0161t\u0173 milteliais.<\/span><\/li>\n<li style=\"font-weight: 400;\" aria-level=\"1\"><span style=\"font-weight: 400;\">Be gr\u016bd\u0173 ir dirbtini\u0173 konservant\u0173: Lengvai vir\u0161kinamas ir nat\u016bralus.<\/span><\/li>\n<li style=\"font-weight: 400;\" aria-level=\"1\"><span style=\"font-weight: 400;\">Auk\u0161tos kokyb\u0117s sud\u0117tis: 70 % kalakutienos ir subprodukt\u0173.<\/span><\/li>\n<li style=\"font-weight: 400;\" aria-level=\"1\"><span style=\"font-weight: 400;\">Subalansuotas baltym\u0173 ir riebal\u0173 kiekis: Palaiko sveik\u0105 augim\u0105 ir energij\u0105.<\/span><\/li>\n<li style=\"font-weight: 400;\" aria-level=\"1\"><span style=\"font-weight: 400;\">Praturtintas vitaminais ir mineralais: Papildyta taurinu ir vitaminu D3.<\/span><\/li>\n<\/ul>\n<p><span style=\"font-weight: 400;\">\u201eRAW PALEO Kitten Turkey Pouch\u201d yra sukurtas atsi\u017evelgiant \u012f ka\u010diuk\u0173 nat\u016bralius mitybos poreikius. Jis u\u017etikrina reikiam\u0173 maistini\u0173 med\u017eiag\u0173 balans\u0105, skatina sveik\u0105 augim\u0105 ir vystym\u0105si, tuo pa\u010diu palaikydamas ka\u010diuk\u0173 vir\u0161kinimo sistem\u0105. Nat\u016brali sud\u0117tis, be dirbtini\u0173 pried\u0173, suteikia jums ramyb\u0119, kad j\u016bs\u0173 augintinis gauna tik tai, kas geriausia.<\/span><\/p>\n","protected":false},"excerpt":{"rendered":"<p><span style=\"font-weight: 400;\">Pilnavertis ir subalansuotas \u0117dalas ka\u010diukams nuo atjunkymo iki 1 met\u0173 am\u017eiaus, pagamintas i\u0161 auk\u0161tos kokyb\u0117s nat\u016brali\u0173 ingredient\u0173, u\u017etikrinantis sveik\u0105 augim\u0105 ir vystym\u0105si.<\/span><\/p>\n","protected":false},"featured_media":12488,"template":"","meta":[],"product_brand":[],"product_cat":[114,102,116,346],"product_tag":[],"class_list":{"0":"post-12487","1":"product","2":"type-product","3":"status-publish","4":"has-post-thumbnail","6":"product_cat-kaciu-maistas","7":"product_cat-katems","8":"product_cat-konservai-katems","9":"product_cat-raw-paleo-kaciu-maistas","10":"pa_prekinis-zenklas-raw-paleo","12":"first","13":"instock","14":"sale","15":"taxable","16":"shipping-taxable","17":"purchasable","18":"product-type-simple"},"yoast_head":"<!-- This site is optimized with the Yoast SEO Premium plugin v27.1 (Yoast SEO v27.5) - https:\/\/yoast.com\/product\/yoast-seo-premium-wordpress\/ -->\n<title>Raw Paleo Kitten Turkey pouch gulia\u0161as ka\u010diukams su kalakutiena, 100g - anivet.lt<\/title>\n<meta name=\"description\" content=\"Pilnavertis ir subalansuotas \u0117dalas ka\u010diukams nuo atjunkymo iki 1 met\u0173 am\u017eiaus, pagamintas i\u0161 auk\u0161tos kokyb\u0117s nat\u016brali\u0173 ingredient\u0173, u\u017etikrinantis sveik\u0105 augim\u0105 ir vystym\u0105si.\" \/>\n<meta name=\"robots\" content=\"index, follow, max-snippet:-1, max-image-preview:large, max-video-preview:-1\" \/>\n<link rel=\"canonical\" href=\"https:\/\/anivet.lt\/elparduotuve\/produktas\/raw-paleo-kitten-turkey-pouch-guliasas-kaciukams-su-kalakutiena-100g\/\" \/>\n<meta property=\"og:locale\" content=\"lt_LT\" \/>\n<meta property=\"og:type\" content=\"article\" \/>\n<meta property=\"og:title\" content=\"Raw Paleo Kitten Turkey pouch gulia\u0161as ka\u010diukams su kalakutiena, 100g\" \/>\n<meta property=\"og:description\" content=\"Pilnavertis ir subalansuotas \u0117dalas ka\u010diukams nuo atjunkymo iki 1 met\u0173 am\u017eiaus, pagamintas i\u0161 auk\u0161tos kokyb\u0117s nat\u016brali\u0173 ingredient\u0173, u\u017etikrinantis sveik\u0105 augim\u0105 ir vystym\u0105si.\" \/>\n<meta property=\"og:url\" content=\"https:\/\/anivet.lt\/elparduotuve\/produktas\/raw-paleo-kitten-turkey-pouch-guliasas-kaciukams-su-kalakutiena-100g\/\" \/>\n<meta property=\"og:site_name\" content=\"anivet.lt\" \/>\n<meta property=\"article:modified_time\" content=\"2026-04-06T14:59:18+00:00\" \/>\n<meta property=\"og:image\" content=\"https:\/\/anivet.lt\/elparduotuve\/wp-content\/uploads\/2023\/12\/RawPaleo_Cat_Kitten_Turkey_1.2c.jpg\" \/>\n\t<meta property=\"og:image:width\" content=\"768\" \/>\n\t<meta property=\"og:image:height\" content=\"768\" \/>\n\t<meta property=\"og:image:type\" content=\"image\/jpeg\" \/>\n<meta name=\"twitter:card\" content=\"summary_large_image\" \/>\n<meta name=\"twitter:label1\" content=\"Est. reading time\" \/>\n\t<meta name=\"twitter:data1\" content=\"1 minut\u0117\" \/>\n<script type=\"application\/ld+json\" class=\"yoast-schema-graph\">{\"@context\":\"https:\\\/\\\/schema.org\",\"@graph\":[{\"@type\":\"WebPage\",\"@id\":\"https:\\\/\\\/anivet.lt\\\/elparduotuve\\\/produktas\\\/raw-paleo-kitten-turkey-pouch-guliasas-kaciukams-su-kalakutiena-100g\\\/\",\"url\":\"https:\\\/\\\/anivet.lt\\\/elparduotuve\\\/produktas\\\/raw-paleo-kitten-turkey-pouch-guliasas-kaciukams-su-kalakutiena-100g\\\/\",\"name\":\"Raw Paleo Kitten Turkey pouch gulia\u0161as ka\u010diukams su kalakutiena, 100g - anivet.lt\",\"isPartOf\":{\"@id\":\"https:\\\/\\\/anivet.lt\\\/elparduotuve\\\/#website\"},\"primaryImageOfPage\":{\"@id\":\"https:\\\/\\\/anivet.lt\\\/elparduotuve\\\/produktas\\\/raw-paleo-kitten-turkey-pouch-guliasas-kaciukams-su-kalakutiena-100g\\\/#primaryimage\"},\"image\":{\"@id\":\"https:\\\/\\\/anivet.lt\\\/elparduotuve\\\/produktas\\\/raw-paleo-kitten-turkey-pouch-guliasas-kaciukams-su-kalakutiena-100g\\\/#primaryimage\"},\"thumbnailUrl\":\"https:\\\/\\\/anivet.lt\\\/elparduotuve\\\/wp-content\\\/uploads\\\/2023\\\/12\\\/RawPaleo_Cat_Kitten_Turkey_1.2c.jpg\",\"datePublished\":\"2023-12-08T17:19:23+00:00\",\"dateModified\":\"2026-04-06T14:59:18+00:00\",\"description\":\"Pilnavertis ir subalansuotas \u0117dalas ka\u010diukams nuo atjunkymo iki 1 met\u0173 am\u017eiaus, pagamintas i\u0161 auk\u0161tos kokyb\u0117s nat\u016brali\u0173 ingredient\u0173, u\u017etikrinantis sveik\u0105 augim\u0105 ir vystym\u0105si.\",\"breadcrumb\":{\"@id\":\"https:\\\/\\\/anivet.lt\\\/elparduotuve\\\/produktas\\\/raw-paleo-kitten-turkey-pouch-guliasas-kaciukams-su-kalakutiena-100g\\\/#breadcrumb\"},\"inLanguage\":\"lt-LT\",\"potentialAction\":[{\"@type\":\"ReadAction\",\"target\":[\"https:\\\/\\\/anivet.lt\\\/elparduotuve\\\/produktas\\\/raw-paleo-kitten-turkey-pouch-guliasas-kaciukams-su-kalakutiena-100g\\\/\"]}]},{\"@type\":\"ImageObject\",\"inLanguage\":\"lt-LT\",\"@id\":\"https:\\\/\\\/anivet.lt\\\/elparduotuve\\\/produktas\\\/raw-paleo-kitten-turkey-pouch-guliasas-kaciukams-su-kalakutiena-100g\\\/#primaryimage\",\"url\":\"https:\\\/\\\/anivet.lt\\\/elparduotuve\\\/wp-content\\\/uploads\\\/2023\\\/12\\\/RawPaleo_Cat_Kitten_Turkey_1.2c.jpg\",\"contentUrl\":\"https:\\\/\\\/anivet.lt\\\/elparduotuve\\\/wp-content\\\/uploads\\\/2023\\\/12\\\/RawPaleo_Cat_Kitten_Turkey_1.2c.jpg\",\"width\":768,\"height\":768,\"caption\":\"Raw Paleo Kitten Turkey pouch gulia\u0161as ka\u010diukams su kalakutiena, 100g\"},{\"@type\":\"BreadcrumbList\",\"@id\":\"https:\\\/\\\/anivet.lt\\\/elparduotuve\\\/produktas\\\/raw-paleo-kitten-turkey-pouch-guliasas-kaciukams-su-kalakutiena-100g\\\/#breadcrumb\",\"itemListElement\":[{\"@type\":\"ListItem\",\"position\":1,\"name\":\"Home\",\"item\":\"https:\\\/\\\/anivet.lt\\\/elparduotuve\\\/\"},{\"@type\":\"ListItem\",\"position\":2,\"name\":\"Produktai\",\"item\":\"https:\\\/\\\/anivet.lt\\\/elparduotuve\\\/produktai\\\/\"},{\"@type\":\"ListItem\",\"position\":3,\"name\":\"Raw Paleo Kitten Turkey pouch gulia\u0161as ka\u010diukams su kalakutiena, 100g\"}]},{\"@type\":\"WebSite\",\"@id\":\"https:\\\/\\\/anivet.lt\\\/elparduotuve\\\/#website\",\"url\":\"https:\\\/\\\/anivet.lt\\\/elparduotuve\\\/\",\"name\":\"anivet.lt\",\"description\":\"Viskas J\u016bs\u0173 \u0161uns, kat\u0117s prie\u017ei\u016brai\",\"publisher\":{\"@id\":\"https:\\\/\\\/anivet.lt\\\/elparduotuve\\\/#organization\"},\"alternateName\":\"Viskas J\u016bs\u0173 \u0161uns, kat\u0117s prie\u017ei\u016brai\",\"potentialAction\":[{\"@type\":\"SearchAction\",\"target\":{\"@type\":\"EntryPoint\",\"urlTemplate\":\"https:\\\/\\\/anivet.lt\\\/elparduotuve\\\/?s={search_term_string}\"},\"query-input\":{\"@type\":\"PropertyValueSpecification\",\"valueRequired\":true,\"valueName\":\"search_term_string\"}}],\"inLanguage\":\"lt-LT\"},{\"@type\":\"Organization\",\"@id\":\"https:\\\/\\\/anivet.lt\\\/elparduotuve\\\/#organization\",\"name\":\"Viskas J\u016bs\u0173 \u0161uns, kat\u0117s prie\u017ei\u016brai\",\"url\":\"https:\\\/\\\/anivet.lt\\\/elparduotuve\\\/\",\"logo\":{\"@type\":\"ImageObject\",\"inLanguage\":\"lt-LT\",\"@id\":\"https:\\\/\\\/anivet.lt\\\/elparduotuve\\\/#\\\/schema\\\/logo\\\/image\\\/\",\"url\":\"https:\\\/\\\/anivet.lt\\\/elparduotuve\\\/wp-content\\\/uploads\\\/2023\\\/06\\\/logo2.jpg\",\"contentUrl\":\"https:\\\/\\\/anivet.lt\\\/elparduotuve\\\/wp-content\\\/uploads\\\/2023\\\/06\\\/logo2.jpg\",\"width\":655,\"height\":194,\"caption\":\"Viskas J\u016bs\u0173 \u0161uns, kat\u0117s prie\u017ei\u016brai\"},\"image\":{\"@id\":\"https:\\\/\\\/anivet.lt\\\/elparduotuve\\\/#\\\/schema\\\/logo\\\/image\\\/\"}}]}<\/script>\n<!-- \/ Yoast SEO Premium plugin. -->","yoast_head_json":{"title":"Raw Paleo Kitten Turkey pouch gulia\u0161as ka\u010diukams su kalakutiena, 100g - anivet.lt","description":"Pilnavertis ir subalansuotas \u0117dalas ka\u010diukams nuo atjunkymo iki 1 met\u0173 am\u017eiaus, pagamintas i\u0161 auk\u0161tos kokyb\u0117s nat\u016brali\u0173 ingredient\u0173, u\u017etikrinantis sveik\u0105 augim\u0105 ir vystym\u0105si.","robots":{"index":"index","follow":"follow","max-snippet":"max-snippet:-1","max-image-preview":"max-image-preview:large","max-video-preview":"max-video-preview:-1"},"canonical":"https:\/\/anivet.lt\/elparduotuve\/produktas\/raw-paleo-kitten-turkey-pouch-guliasas-kaciukams-su-kalakutiena-100g\/","og_locale":"lt_LT","og_type":"article","og_title":"Raw Paleo Kitten Turkey pouch gulia\u0161as ka\u010diukams su kalakutiena, 100g","og_description":"Pilnavertis ir subalansuotas \u0117dalas ka\u010diukams nuo atjunkymo iki 1 met\u0173 am\u017eiaus, pagamintas i\u0161 auk\u0161tos kokyb\u0117s nat\u016brali\u0173 ingredient\u0173, u\u017etikrinantis sveik\u0105 augim\u0105 ir vystym\u0105si.","og_url":"https:\/\/anivet.lt\/elparduotuve\/produktas\/raw-paleo-kitten-turkey-pouch-guliasas-kaciukams-su-kalakutiena-100g\/","og_site_name":"anivet.lt","article_modified_time":"2026-04-06T14:59:18+00:00","og_image":[{"width":768,"height":768,"url":"https:\/\/anivet.lt\/elparduotuve\/wp-content\/uploads\/2023\/12\/RawPaleo_Cat_Kitten_Turkey_1.2c.jpg","type":"image\/jpeg"}],"twitter_card":"summary_large_image","twitter_misc":{"Est. reading time":"1 minut\u0117"},"schema":{"@context":"https:\/\/schema.org","@graph":[{"@type":"WebPage","@id":"https:\/\/anivet.lt\/elparduotuve\/produktas\/raw-paleo-kitten-turkey-pouch-guliasas-kaciukams-su-kalakutiena-100g\/","url":"https:\/\/anivet.lt\/elparduotuve\/produktas\/raw-paleo-kitten-turkey-pouch-guliasas-kaciukams-su-kalakutiena-100g\/","name":"Raw Paleo Kitten Turkey pouch gulia\u0161as ka\u010diukams su kalakutiena, 100g - anivet.lt","isPartOf":{"@id":"https:\/\/anivet.lt\/elparduotuve\/#website"},"primaryImageOfPage":{"@id":"https:\/\/anivet.lt\/elparduotuve\/produktas\/raw-paleo-kitten-turkey-pouch-guliasas-kaciukams-su-kalakutiena-100g\/#primaryimage"},"image":{"@id":"https:\/\/anivet.lt\/elparduotuve\/produktas\/raw-paleo-kitten-turkey-pouch-guliasas-kaciukams-su-kalakutiena-100g\/#primaryimage"},"thumbnailUrl":"https:\/\/anivet.lt\/elparduotuve\/wp-content\/uploads\/2023\/12\/RawPaleo_Cat_Kitten_Turkey_1.2c.jpg","datePublished":"2023-12-08T17:19:23+00:00","dateModified":"2026-04-06T14:59:18+00:00","description":"Pilnavertis ir subalansuotas \u0117dalas ka\u010diukams nuo atjunkymo iki 1 met\u0173 am\u017eiaus, pagamintas i\u0161 auk\u0161tos kokyb\u0117s nat\u016brali\u0173 ingredient\u0173, u\u017etikrinantis sveik\u0105 augim\u0105 ir vystym\u0105si.","breadcrumb":{"@id":"https:\/\/anivet.lt\/elparduotuve\/produktas\/raw-paleo-kitten-turkey-pouch-guliasas-kaciukams-su-kalakutiena-100g\/#breadcrumb"},"inLanguage":"lt-LT","potentialAction":[{"@type":"ReadAction","target":["https:\/\/anivet.lt\/elparduotuve\/produktas\/raw-paleo-kitten-turkey-pouch-guliasas-kaciukams-su-kalakutiena-100g\/"]}]},{"@type":"ImageObject","inLanguage":"lt-LT","@id":"https:\/\/anivet.lt\/elparduotuve\/produktas\/raw-paleo-kitten-turkey-pouch-guliasas-kaciukams-su-kalakutiena-100g\/#primaryimage","url":"https:\/\/anivet.lt\/elparduotuve\/wp-content\/uploads\/2023\/12\/RawPaleo_Cat_Kitten_Turkey_1.2c.jpg","contentUrl":"https:\/\/anivet.lt\/elparduotuve\/wp-content\/uploads\/2023\/12\/RawPaleo_Cat_Kitten_Turkey_1.2c.jpg","width":768,"height":768,"caption":"Raw Paleo Kitten Turkey pouch gulia\u0161as ka\u010diukams su kalakutiena, 100g"},{"@type":"BreadcrumbList","@id":"https:\/\/anivet.lt\/elparduotuve\/produktas\/raw-paleo-kitten-turkey-pouch-guliasas-kaciukams-su-kalakutiena-100g\/#breadcrumb","itemListElement":[{"@type":"ListItem","position":1,"name":"Home","item":"https:\/\/anivet.lt\/elparduotuve\/"},{"@type":"ListItem","position":2,"name":"Produktai","item":"https:\/\/anivet.lt\/elparduotuve\/produktai\/"},{"@type":"ListItem","position":3,"name":"Raw Paleo Kitten Turkey pouch gulia\u0161as ka\u010diukams su kalakutiena, 100g"}]},{"@type":"WebSite","@id":"https:\/\/anivet.lt\/elparduotuve\/#website","url":"https:\/\/anivet.lt\/elparduotuve\/","name":"anivet.lt","description":"Viskas J\u016bs\u0173 \u0161uns, kat\u0117s prie\u017ei\u016brai","publisher":{"@id":"https:\/\/anivet.lt\/elparduotuve\/#organization"},"alternateName":"Viskas J\u016bs\u0173 \u0161uns, kat\u0117s prie\u017ei\u016brai","potentialAction":[{"@type":"SearchAction","target":{"@type":"EntryPoint","urlTemplate":"https:\/\/anivet.lt\/elparduotuve\/?s={search_term_string}"},"query-input":{"@type":"PropertyValueSpecification","valueRequired":true,"valueName":"search_term_string"}}],"inLanguage":"lt-LT"},{"@type":"Organization","@id":"https:\/\/anivet.lt\/elparduotuve\/#organization","name":"Viskas J\u016bs\u0173 \u0161uns, kat\u0117s prie\u017ei\u016brai","url":"https:\/\/anivet.lt\/elparduotuve\/","logo":{"@type":"ImageObject","inLanguage":"lt-LT","@id":"https:\/\/anivet.lt\/elparduotuve\/#\/schema\/logo\/image\/","url":"https:\/\/anivet.lt\/elparduotuve\/wp-content\/uploads\/2023\/06\/logo2.jpg","contentUrl":"https:\/\/anivet.lt\/elparduotuve\/wp-content\/uploads\/2023\/06\/logo2.jpg","width":655,"height":194,"caption":"Viskas J\u016bs\u0173 \u0161uns, kat\u0117s prie\u017ei\u016brai"},"image":{"@id":"https:\/\/anivet.lt\/elparduotuve\/#\/schema\/logo\/image\/"}}]}},"_links":{"self":[{"href":"https:\/\/anivet.lt\/elparduotuve\/wp-json\/wp\/v2\/product\/12487","targetHints":{"allow":["GET"]}}],"collection":[{"href":"https:\/\/anivet.lt\/elparduotuve\/wp-json\/wp\/v2\/product"}],"about":[{"href":"https:\/\/anivet.lt\/elparduotuve\/wp-json\/wp\/v2\/types\/product"}],"wp:featuredmedia":[{"embeddable":true,"href":"https:\/\/anivet.lt\/elparduotuve\/wp-json\/wp\/v2\/media\/12488"}],"wp:attachment":[{"href":"https:\/\/anivet.lt\/elparduotuve\/wp-json\/wp\/v2\/media?parent=12487"}],"wp:term":[{"taxonomy":"product_brand","embeddable":true,"href":"https:\/\/anivet.lt\/elparduotuve\/wp-json\/wp\/v2\/product_brand?post=12487"},{"taxonomy":"product_cat","embeddable":true,"href":"https:\/\/anivet.lt\/elparduotuve\/wp-json\/wp\/v2\/product_cat?post=12487"},{"taxonomy":"product_tag","embeddable":true,"href":"https:\/\/anivet.lt\/elparduotuve\/wp-json\/wp\/v2\/product_tag?post=12487"}],"curies":[{"name":"wp","href":"https:\/\/api.w.org\/{rel}","templated":true}]}}