{"id":12509,"date":"2023-12-08T19:07:11","date_gmt":"2023-12-08T19:07:11","guid":{"rendered":"https:\/\/anivet.lt\/elparduotuve\/?post_type=product&#038;p=12509"},"modified":"2026-05-11T15:30:18","modified_gmt":"2026-05-11T15:30:18","slug":"raw-paleo-sterilizuotoms-katems-su-vistiena-ir-zuvimi","status":"publish","type":"product","link":"https:\/\/anivet.lt\/elparduotuve\/produktas\/raw-paleo-sterilizuotoms-katems-su-vistiena-ir-zuvimi\/","title":{"rendered":"RAW PALEO sterilizuotoms kat\u0117ms su vi\u0161tiena ir \u017euvimi"},"content":{"rendered":"<ul>\n<li style=\"font-weight: 400;\" aria-level=\"1\"><span style=\"font-weight: 400;\">Auk\u0161ta kokyb\u0117: 94 g vi\u0161tienos, tuno ir la\u0161i\u0161os 100 g pa\u0161aro.<\/span><\/li>\n<li style=\"font-weight: 400;\" aria-level=\"1\"><span style=\"font-weight: 400;\">Be gr\u016bd\u0173: Pagrindinis angliavandeni\u0173 \u0161altinis \u2013 bulv\u0117s, u\u017etikrina lengv\u0105 vir\u0161kinim\u0105.<\/span><\/li>\n<li style=\"font-weight: 400;\" aria-level=\"1\"><span style=\"font-weight: 400;\">Optimalus svoris: Ma\u017eas riebal\u0173 kiekis ir L-karnitinas padeda i\u0161laikyti tinkam\u0105 k\u016bno mas\u0119 po sterilizacijos.<\/span><\/li>\n<li style=\"font-weight: 400;\" aria-level=\"1\"><span style=\"font-weight: 400;\">Odos ir kailio sveikata: La\u0161i\u0161\u0173 aliejus suteikia Omega-3 ir Omega-6 riebal\u0173 r\u016bg\u0161tis.<\/span><\/li>\n<li style=\"font-weight: 400;\" aria-level=\"1\"><span style=\"font-weight: 400;\">\u0160irdies sveikata: Taurinas palaiko \u0161irdies veikl\u0105, o gliukozaminas ir chondroitino sulfatas r\u016bpinasi s\u0105nari\u0173 funkcijomis.<\/span><\/li>\n<li style=\"font-weight: 400;\" aria-level=\"1\"><span style=\"font-weight: 400;\">Sveikas vir\u0161kinimas: Probiotikai (<\/span><i><span style=\"font-weight: 400;\">FOS, MOS<\/span><\/i><span style=\"font-weight: 400;\">) ir spanguol\u0117s palaiko sveik\u0105 vir\u0161kinim\u0105 ir \u0161lapimo tak\u0173 funkcij\u0105.<\/span><\/li>\n<\/ul>\n<p><span style=\"font-weight: 400;\">\u0160is pa\u0161aras yra subalansuotas ir pritaikytas sterilizuotoms kat\u0117ms, kurioms reikia lengvai vir\u0161kinamo, maistingo ir skanaus \u0117dalo. Jo nat\u016bral\u016bs ingredientai ir priedai palaiko sveikat\u0105, tinkam\u0105 k\u016bno mas\u0119 bei u\u017etikrina puiki\u0105 kailio ir odos b\u016bkl\u0119, tod\u0117l tai idealus pasirinkimas kasdieniam sterilizuot\u0173 ka\u010di\u0173 \u0161\u0117rimui.<\/span><\/p>\n","protected":false},"excerpt":{"rendered":"<p><span style=\"font-weight: 400;\">Visavertis, subalansuotas pa\u0161aras sterilizuotoms kat\u0117ms, praturtintas auk\u0161tos kokyb\u0117s vi\u0161tiena, tunu ir la\u0161i\u0161a. \u0160is be gr\u016bd\u0173 receptas sukurtas atsi\u017evelgiant \u012f sterilizuot\u0173 ka\u010di\u0173 poreikius: ma\u017eas riebal\u0173 kiekis padeda i\u0161laikyti optimal\u0173 k\u016bno svor\u012f, o taurinas ir L-karnitinas palaiko sveik\u0105 \u0161ird\u012f ir med\u017eiag\u0173 apykait\u0105. <\/span><\/p>\n","protected":false},"featured_media":12510,"template":"","meta":[],"product_brand":[],"product_cat":[114,115,102,346],"product_tag":[],"class_list":{"0":"post-12509","1":"product","2":"type-product","3":"status-publish","4":"has-post-thumbnail","6":"product_cat-kaciu-maistas","7":"product_cat-sausas-maistas-ir-skanestai-katems","8":"product_cat-katems","9":"product_cat-raw-paleo-kaciu-maistas","10":"pa_prekinis-zenklas-raw-paleo","12":"first","13":"instock","14":"taxable","15":"shipping-taxable","16":"purchasable","17":"product-type-variable"},"yoast_head":"<!-- This site is optimized with the Yoast SEO Premium plugin v27.1 (Yoast SEO v27.5) - https:\/\/yoast.com\/product\/yoast-seo-premium-wordpress\/ -->\n<title>RAW PALEO sterilizuotoms kat\u0117ms su vi\u0161tiena ir \u017euvimi - anivet.lt<\/title>\n<meta name=\"description\" content=\"Visavertis, subalansuotas pa\u0161aras sterilizuotoms kat\u0117ms, praturtintas auk\u0161tos kokyb\u0117s vi\u0161tiena, tunu ir la\u0161i\u0161a. \u0160is be gr\u016bd\u0173 receptas sukurtas atsi\u017evelgiant \u012f sterilizuot\u0173 ka\u010di\u0173 poreikius: ma\u017eas riebal\u0173 kiekis padeda i\u0161laikyti optimal\u0173 k\u016bno svor\u012f, o taurinas ir L-karnitinas palaiko sveik\u0105 \u0161ird\u012f ir med\u017eiag\u0173 apykait\u0105.\" \/>\n<meta name=\"robots\" content=\"index, follow, max-snippet:-1, max-image-preview:large, max-video-preview:-1\" \/>\n<link rel=\"canonical\" href=\"https:\/\/anivet.lt\/elparduotuve\/produktas\/raw-paleo-sterilizuotoms-katems-su-vistiena-ir-zuvimi\/\" \/>\n<meta property=\"og:locale\" content=\"lt_LT\" \/>\n<meta property=\"og:type\" content=\"article\" \/>\n<meta property=\"og:title\" content=\"RAW PALEO sterilizuotoms kat\u0117ms su vi\u0161tiena ir \u017euvimi\" \/>\n<meta property=\"og:description\" content=\"Visavertis, subalansuotas pa\u0161aras sterilizuotoms kat\u0117ms, praturtintas auk\u0161tos kokyb\u0117s vi\u0161tiena, tunu ir la\u0161i\u0161a. \u0160is be gr\u016bd\u0173 receptas sukurtas atsi\u017evelgiant \u012f sterilizuot\u0173 ka\u010di\u0173 poreikius: ma\u017eas riebal\u0173 kiekis padeda i\u0161laikyti optimal\u0173 k\u016bno svor\u012f, o taurinas ir L-karnitinas palaiko sveik\u0105 \u0161ird\u012f ir med\u017eiag\u0173 apykait\u0105.\" \/>\n<meta property=\"og:url\" content=\"https:\/\/anivet.lt\/elparduotuve\/produktas\/raw-paleo-sterilizuotoms-katems-su-vistiena-ir-zuvimi\/\" \/>\n<meta property=\"og:site_name\" content=\"anivet.lt\" \/>\n<meta property=\"article:modified_time\" content=\"2026-05-11T15:30:18+00:00\" \/>\n<meta property=\"og:image\" content=\"https:\/\/anivet.lt\/elparduotuve\/wp-content\/uploads\/2023\/12\/RP_STERILISED_2KG_20220921.jpg\" \/>\n\t<meta property=\"og:image:width\" content=\"768\" \/>\n\t<meta property=\"og:image:height\" content=\"1005\" \/>\n\t<meta property=\"og:image:type\" content=\"image\/jpeg\" \/>\n<meta name=\"twitter:card\" content=\"summary_large_image\" \/>\n<meta name=\"twitter:label1\" content=\"Est. reading time\" \/>\n\t<meta name=\"twitter:data1\" content=\"1 minut\u0117\" \/>\n<script type=\"application\/ld+json\" class=\"yoast-schema-graph\">{\"@context\":\"https:\\\/\\\/schema.org\",\"@graph\":[{\"@type\":\"WebPage\",\"@id\":\"https:\\\/\\\/anivet.lt\\\/elparduotuve\\\/produktas\\\/raw-paleo-sterilizuotoms-katems-su-vistiena-ir-zuvimi\\\/\",\"url\":\"https:\\\/\\\/anivet.lt\\\/elparduotuve\\\/produktas\\\/raw-paleo-sterilizuotoms-katems-su-vistiena-ir-zuvimi\\\/\",\"name\":\"RAW PALEO sterilizuotoms kat\u0117ms su vi\u0161tiena ir \u017euvimi - anivet.lt\",\"isPartOf\":{\"@id\":\"https:\\\/\\\/anivet.lt\\\/elparduotuve\\\/#website\"},\"primaryImageOfPage\":{\"@id\":\"https:\\\/\\\/anivet.lt\\\/elparduotuve\\\/produktas\\\/raw-paleo-sterilizuotoms-katems-su-vistiena-ir-zuvimi\\\/#primaryimage\"},\"image\":{\"@id\":\"https:\\\/\\\/anivet.lt\\\/elparduotuve\\\/produktas\\\/raw-paleo-sterilizuotoms-katems-su-vistiena-ir-zuvimi\\\/#primaryimage\"},\"thumbnailUrl\":\"https:\\\/\\\/anivet.lt\\\/elparduotuve\\\/wp-content\\\/uploads\\\/2023\\\/12\\\/RP_STERILISED_2KG_20220921.jpg\",\"datePublished\":\"2023-12-08T19:07:11+00:00\",\"dateModified\":\"2026-05-11T15:30:18+00:00\",\"description\":\"Visavertis, subalansuotas pa\u0161aras sterilizuotoms kat\u0117ms, praturtintas auk\u0161tos kokyb\u0117s vi\u0161tiena, tunu ir la\u0161i\u0161a. \u0160is be gr\u016bd\u0173 receptas sukurtas atsi\u017evelgiant \u012f sterilizuot\u0173 ka\u010di\u0173 poreikius: ma\u017eas riebal\u0173 kiekis padeda i\u0161laikyti optimal\u0173 k\u016bno svor\u012f, o taurinas ir L-karnitinas palaiko sveik\u0105 \u0161ird\u012f ir med\u017eiag\u0173 apykait\u0105.\",\"breadcrumb\":{\"@id\":\"https:\\\/\\\/anivet.lt\\\/elparduotuve\\\/produktas\\\/raw-paleo-sterilizuotoms-katems-su-vistiena-ir-zuvimi\\\/#breadcrumb\"},\"inLanguage\":\"lt-LT\",\"potentialAction\":[{\"@type\":\"ReadAction\",\"target\":[\"https:\\\/\\\/anivet.lt\\\/elparduotuve\\\/produktas\\\/raw-paleo-sterilizuotoms-katems-su-vistiena-ir-zuvimi\\\/\"]}]},{\"@type\":\"ImageObject\",\"inLanguage\":\"lt-LT\",\"@id\":\"https:\\\/\\\/anivet.lt\\\/elparduotuve\\\/produktas\\\/raw-paleo-sterilizuotoms-katems-su-vistiena-ir-zuvimi\\\/#primaryimage\",\"url\":\"https:\\\/\\\/anivet.lt\\\/elparduotuve\\\/wp-content\\\/uploads\\\/2023\\\/12\\\/RP_STERILISED_2KG_20220921.jpg\",\"contentUrl\":\"https:\\\/\\\/anivet.lt\\\/elparduotuve\\\/wp-content\\\/uploads\\\/2023\\\/12\\\/RP_STERILISED_2KG_20220921.jpg\",\"width\":768,\"height\":1005,\"caption\":\"RAW PALEO sterilizuotoms kat\u0117ms su vi\u0161tiena ir \u017euvimi\"},{\"@type\":\"BreadcrumbList\",\"@id\":\"https:\\\/\\\/anivet.lt\\\/elparduotuve\\\/produktas\\\/raw-paleo-sterilizuotoms-katems-su-vistiena-ir-zuvimi\\\/#breadcrumb\",\"itemListElement\":[{\"@type\":\"ListItem\",\"position\":1,\"name\":\"Home\",\"item\":\"https:\\\/\\\/anivet.lt\\\/elparduotuve\\\/\"},{\"@type\":\"ListItem\",\"position\":2,\"name\":\"Produktai\",\"item\":\"https:\\\/\\\/anivet.lt\\\/elparduotuve\\\/produktai\\\/\"},{\"@type\":\"ListItem\",\"position\":3,\"name\":\"RAW PALEO sterilizuotoms kat\u0117ms su vi\u0161tiena ir \u017euvimi\"}]},{\"@type\":\"WebSite\",\"@id\":\"https:\\\/\\\/anivet.lt\\\/elparduotuve\\\/#website\",\"url\":\"https:\\\/\\\/anivet.lt\\\/elparduotuve\\\/\",\"name\":\"anivet.lt\",\"description\":\"Viskas J\u016bs\u0173 \u0161uns, kat\u0117s prie\u017ei\u016brai\",\"publisher\":{\"@id\":\"https:\\\/\\\/anivet.lt\\\/elparduotuve\\\/#organization\"},\"alternateName\":\"Viskas J\u016bs\u0173 \u0161uns, kat\u0117s prie\u017ei\u016brai\",\"potentialAction\":[{\"@type\":\"SearchAction\",\"target\":{\"@type\":\"EntryPoint\",\"urlTemplate\":\"https:\\\/\\\/anivet.lt\\\/elparduotuve\\\/?s={search_term_string}\"},\"query-input\":{\"@type\":\"PropertyValueSpecification\",\"valueRequired\":true,\"valueName\":\"search_term_string\"}}],\"inLanguage\":\"lt-LT\"},{\"@type\":\"Organization\",\"@id\":\"https:\\\/\\\/anivet.lt\\\/elparduotuve\\\/#organization\",\"name\":\"Viskas J\u016bs\u0173 \u0161uns, kat\u0117s prie\u017ei\u016brai\",\"url\":\"https:\\\/\\\/anivet.lt\\\/elparduotuve\\\/\",\"logo\":{\"@type\":\"ImageObject\",\"inLanguage\":\"lt-LT\",\"@id\":\"https:\\\/\\\/anivet.lt\\\/elparduotuve\\\/#\\\/schema\\\/logo\\\/image\\\/\",\"url\":\"https:\\\/\\\/anivet.lt\\\/elparduotuve\\\/wp-content\\\/uploads\\\/2023\\\/06\\\/logo2.jpg\",\"contentUrl\":\"https:\\\/\\\/anivet.lt\\\/elparduotuve\\\/wp-content\\\/uploads\\\/2023\\\/06\\\/logo2.jpg\",\"width\":655,\"height\":194,\"caption\":\"Viskas J\u016bs\u0173 \u0161uns, kat\u0117s prie\u017ei\u016brai\"},\"image\":{\"@id\":\"https:\\\/\\\/anivet.lt\\\/elparduotuve\\\/#\\\/schema\\\/logo\\\/image\\\/\"}}]}<\/script>\n<!-- \/ Yoast SEO Premium plugin. -->","yoast_head_json":{"title":"RAW PALEO sterilizuotoms kat\u0117ms su vi\u0161tiena ir \u017euvimi - anivet.lt","description":"Visavertis, subalansuotas pa\u0161aras sterilizuotoms kat\u0117ms, praturtintas auk\u0161tos kokyb\u0117s vi\u0161tiena, tunu ir la\u0161i\u0161a. \u0160is be gr\u016bd\u0173 receptas sukurtas atsi\u017evelgiant \u012f sterilizuot\u0173 ka\u010di\u0173 poreikius: ma\u017eas riebal\u0173 kiekis padeda i\u0161laikyti optimal\u0173 k\u016bno svor\u012f, o taurinas ir L-karnitinas palaiko sveik\u0105 \u0161ird\u012f ir med\u017eiag\u0173 apykait\u0105.","robots":{"index":"index","follow":"follow","max-snippet":"max-snippet:-1","max-image-preview":"max-image-preview:large","max-video-preview":"max-video-preview:-1"},"canonical":"https:\/\/anivet.lt\/elparduotuve\/produktas\/raw-paleo-sterilizuotoms-katems-su-vistiena-ir-zuvimi\/","og_locale":"lt_LT","og_type":"article","og_title":"RAW PALEO sterilizuotoms kat\u0117ms su vi\u0161tiena ir \u017euvimi","og_description":"Visavertis, subalansuotas pa\u0161aras sterilizuotoms kat\u0117ms, praturtintas auk\u0161tos kokyb\u0117s vi\u0161tiena, tunu ir la\u0161i\u0161a. \u0160is be gr\u016bd\u0173 receptas sukurtas atsi\u017evelgiant \u012f sterilizuot\u0173 ka\u010di\u0173 poreikius: ma\u017eas riebal\u0173 kiekis padeda i\u0161laikyti optimal\u0173 k\u016bno svor\u012f, o taurinas ir L-karnitinas palaiko sveik\u0105 \u0161ird\u012f ir med\u017eiag\u0173 apykait\u0105.","og_url":"https:\/\/anivet.lt\/elparduotuve\/produktas\/raw-paleo-sterilizuotoms-katems-su-vistiena-ir-zuvimi\/","og_site_name":"anivet.lt","article_modified_time":"2026-05-11T15:30:18+00:00","og_image":[{"width":768,"height":1005,"url":"https:\/\/anivet.lt\/elparduotuve\/wp-content\/uploads\/2023\/12\/RP_STERILISED_2KG_20220921.jpg","type":"image\/jpeg"}],"twitter_card":"summary_large_image","twitter_misc":{"Est. reading time":"1 minut\u0117"},"schema":{"@context":"https:\/\/schema.org","@graph":[{"@type":"WebPage","@id":"https:\/\/anivet.lt\/elparduotuve\/produktas\/raw-paleo-sterilizuotoms-katems-su-vistiena-ir-zuvimi\/","url":"https:\/\/anivet.lt\/elparduotuve\/produktas\/raw-paleo-sterilizuotoms-katems-su-vistiena-ir-zuvimi\/","name":"RAW PALEO sterilizuotoms kat\u0117ms su vi\u0161tiena ir \u017euvimi - anivet.lt","isPartOf":{"@id":"https:\/\/anivet.lt\/elparduotuve\/#website"},"primaryImageOfPage":{"@id":"https:\/\/anivet.lt\/elparduotuve\/produktas\/raw-paleo-sterilizuotoms-katems-su-vistiena-ir-zuvimi\/#primaryimage"},"image":{"@id":"https:\/\/anivet.lt\/elparduotuve\/produktas\/raw-paleo-sterilizuotoms-katems-su-vistiena-ir-zuvimi\/#primaryimage"},"thumbnailUrl":"https:\/\/anivet.lt\/elparduotuve\/wp-content\/uploads\/2023\/12\/RP_STERILISED_2KG_20220921.jpg","datePublished":"2023-12-08T19:07:11+00:00","dateModified":"2026-05-11T15:30:18+00:00","description":"Visavertis, subalansuotas pa\u0161aras sterilizuotoms kat\u0117ms, praturtintas auk\u0161tos kokyb\u0117s vi\u0161tiena, tunu ir la\u0161i\u0161a. \u0160is be gr\u016bd\u0173 receptas sukurtas atsi\u017evelgiant \u012f sterilizuot\u0173 ka\u010di\u0173 poreikius: ma\u017eas riebal\u0173 kiekis padeda i\u0161laikyti optimal\u0173 k\u016bno svor\u012f, o taurinas ir L-karnitinas palaiko sveik\u0105 \u0161ird\u012f ir med\u017eiag\u0173 apykait\u0105.","breadcrumb":{"@id":"https:\/\/anivet.lt\/elparduotuve\/produktas\/raw-paleo-sterilizuotoms-katems-su-vistiena-ir-zuvimi\/#breadcrumb"},"inLanguage":"lt-LT","potentialAction":[{"@type":"ReadAction","target":["https:\/\/anivet.lt\/elparduotuve\/produktas\/raw-paleo-sterilizuotoms-katems-su-vistiena-ir-zuvimi\/"]}]},{"@type":"ImageObject","inLanguage":"lt-LT","@id":"https:\/\/anivet.lt\/elparduotuve\/produktas\/raw-paleo-sterilizuotoms-katems-su-vistiena-ir-zuvimi\/#primaryimage","url":"https:\/\/anivet.lt\/elparduotuve\/wp-content\/uploads\/2023\/12\/RP_STERILISED_2KG_20220921.jpg","contentUrl":"https:\/\/anivet.lt\/elparduotuve\/wp-content\/uploads\/2023\/12\/RP_STERILISED_2KG_20220921.jpg","width":768,"height":1005,"caption":"RAW PALEO sterilizuotoms kat\u0117ms su vi\u0161tiena ir \u017euvimi"},{"@type":"BreadcrumbList","@id":"https:\/\/anivet.lt\/elparduotuve\/produktas\/raw-paleo-sterilizuotoms-katems-su-vistiena-ir-zuvimi\/#breadcrumb","itemListElement":[{"@type":"ListItem","position":1,"name":"Home","item":"https:\/\/anivet.lt\/elparduotuve\/"},{"@type":"ListItem","position":2,"name":"Produktai","item":"https:\/\/anivet.lt\/elparduotuve\/produktai\/"},{"@type":"ListItem","position":3,"name":"RAW PALEO sterilizuotoms kat\u0117ms su vi\u0161tiena ir \u017euvimi"}]},{"@type":"WebSite","@id":"https:\/\/anivet.lt\/elparduotuve\/#website","url":"https:\/\/anivet.lt\/elparduotuve\/","name":"anivet.lt","description":"Viskas J\u016bs\u0173 \u0161uns, kat\u0117s prie\u017ei\u016brai","publisher":{"@id":"https:\/\/anivet.lt\/elparduotuve\/#organization"},"alternateName":"Viskas J\u016bs\u0173 \u0161uns, kat\u0117s prie\u017ei\u016brai","potentialAction":[{"@type":"SearchAction","target":{"@type":"EntryPoint","urlTemplate":"https:\/\/anivet.lt\/elparduotuve\/?s={search_term_string}"},"query-input":{"@type":"PropertyValueSpecification","valueRequired":true,"valueName":"search_term_string"}}],"inLanguage":"lt-LT"},{"@type":"Organization","@id":"https:\/\/anivet.lt\/elparduotuve\/#organization","name":"Viskas J\u016bs\u0173 \u0161uns, kat\u0117s prie\u017ei\u016brai","url":"https:\/\/anivet.lt\/elparduotuve\/","logo":{"@type":"ImageObject","inLanguage":"lt-LT","@id":"https:\/\/anivet.lt\/elparduotuve\/#\/schema\/logo\/image\/","url":"https:\/\/anivet.lt\/elparduotuve\/wp-content\/uploads\/2023\/06\/logo2.jpg","contentUrl":"https:\/\/anivet.lt\/elparduotuve\/wp-content\/uploads\/2023\/06\/logo2.jpg","width":655,"height":194,"caption":"Viskas J\u016bs\u0173 \u0161uns, kat\u0117s prie\u017ei\u016brai"},"image":{"@id":"https:\/\/anivet.lt\/elparduotuve\/#\/schema\/logo\/image\/"}}]}},"_links":{"self":[{"href":"https:\/\/anivet.lt\/elparduotuve\/wp-json\/wp\/v2\/product\/12509","targetHints":{"allow":["GET"]}}],"collection":[{"href":"https:\/\/anivet.lt\/elparduotuve\/wp-json\/wp\/v2\/product"}],"about":[{"href":"https:\/\/anivet.lt\/elparduotuve\/wp-json\/wp\/v2\/types\/product"}],"wp:featuredmedia":[{"embeddable":true,"href":"https:\/\/anivet.lt\/elparduotuve\/wp-json\/wp\/v2\/media\/12510"}],"wp:attachment":[{"href":"https:\/\/anivet.lt\/elparduotuve\/wp-json\/wp\/v2\/media?parent=12509"}],"wp:term":[{"taxonomy":"product_brand","embeddable":true,"href":"https:\/\/anivet.lt\/elparduotuve\/wp-json\/wp\/v2\/product_brand?post=12509"},{"taxonomy":"product_cat","embeddable":true,"href":"https:\/\/anivet.lt\/elparduotuve\/wp-json\/wp\/v2\/product_cat?post=12509"},{"taxonomy":"product_tag","embeddable":true,"href":"https:\/\/anivet.lt\/elparduotuve\/wp-json\/wp\/v2\/product_tag?post=12509"}],"curies":[{"name":"wp","href":"https:\/\/api.w.org\/{rel}","templated":true}]}}