{"id":12517,"date":"2023-12-09T10:15:42","date_gmt":"2023-12-09T10:15:42","guid":{"rendered":"https:\/\/anivet.lt\/elparduotuve\/?post_type=product&#038;p=12517"},"modified":"2026-05-06T14:46:19","modified_gmt":"2026-05-06T14:46:19","slug":"raw-paleo-puppy-large-sausas-maistas-dideliu-veisliu-suniukams-su-jautiena","status":"publish","type":"product","link":"https:\/\/anivet.lt\/elparduotuve\/produktas\/raw-paleo-puppy-large-sausas-maistas-dideliu-veisliu-suniukams-su-jautiena\/","title":{"rendered":"RAW PALEO Ultra Puppy Medium &#038; Large sausas maistas \u0161uniukams su jautiena"},"content":{"rendered":"<ul>\n<li><span style=\"font-weight: 400;\">Vieno baltymo \u0161altinis: Pagrindas \u2013 jautiena, su jautienos riebalais kaip atitinkamu riebal\u0173 \u0161altiniu.<\/span><\/li>\n<li style=\"font-weight: 400;\" aria-level=\"1\"><span style=\"font-weight: 400;\">Hipoalergin\u0117 formul\u0117: Be gr\u016bd\u0173 ir \u017eirni\u0173, idealiai tinka jautri\u0105 vir\u0161kinimo sistem\u0105 turintiems \u0161unims.<\/span><\/li>\n<li style=\"font-weight: 400;\" aria-level=\"1\"><span style=\"font-weight: 400;\">Odos ir kailio prie\u017ei\u016bra: Prid\u0117tas agurkl\u0117s aliejus ir omega-3 bei omega-6 riebal\u0173 r\u016bg\u0161tys.<\/span><\/li>\n<li style=\"font-weight: 400;\" aria-level=\"1\"><span style=\"font-weight: 400;\">\u017darnyno sveikata: Probiotikas <\/span><i><span style=\"font-weight: 400;\">Enterococcus faecium<\/span><\/i><span style=\"font-weight: 400;\"> palaiko vir\u0161kinim\u0105 ir \u017earnyno mikroflor\u0105.<\/span><\/li>\n<li style=\"font-weight: 400;\" aria-level=\"1\"><span style=\"font-weight: 400;\">Nat\u016bral\u016bs ingredientai: Paprasta sud\u0117tis, praturtinta dar\u017eov\u0117mis, la\u0161i\u0161\u0173 aliejumi ir fruktooligosacharidais.<\/span><\/li>\n<\/ul>\n<p><span style=\"font-weight: 400;\">\u201eRAW PALEO Puppy Large\u201d yra sukurtas patyrusi\u0173 veterinar\u0173, u\u017etikrinant augan\u010di\u0173 \u0161uniuk\u0173 sveikat\u0105 ir gerov\u0119. Lengvai vir\u0161kinamas ir pritaikytas jautrioms \u0161un\u0173 sistemoms, \u0161is pa\u0161aras padeda u\u017etikrinti tinkam\u0105 augim\u0105, stiprina imunitet\u0105 bei palaiko odos ir kailio sveikat\u0105.<\/span><\/p>\n","protected":false},"excerpt":{"rendered":"<p><span style=\"font-weight: 400;\">Visavertis \u0117dalas sukurtas vidutini\u0173 ir dideli\u0173 veisli\u0173 \u0161uniukams, u\u017etikrinantis subalansuot\u0105 mityb\u0105 j\u0173 augimo laikotarpiu.<\/span><\/p>\n","protected":false},"featured_media":14036,"template":"","meta":[],"product_brand":[],"product_cat":[101,103,104,336],"product_tag":[],"class_list":{"0":"post-12517","1":"product","2":"type-product","3":"status-publish","4":"has-post-thumbnail","6":"product_cat-sunims","7":"product_cat-sunu-maistas","8":"product_cat-sausas-maistas","9":"product_cat-raw-paleo-sunu-maistas","10":"pa_prekinis-zenklas-raw-paleo","12":"first","13":"instock","14":"taxable","15":"shipping-taxable","16":"purchasable","17":"product-type-variable"},"yoast_head":"<!-- This site is optimized with the Yoast SEO Premium plugin v27.1 (Yoast SEO v27.5) - https:\/\/yoast.com\/product\/yoast-seo-premium-wordpress\/ -->\n<title>RAW PALEO Ultra Puppy Medium &amp; Large sausas maistas \u0161uniukams su jautiena - anivet.lt<\/title>\n<meta name=\"description\" content=\"Visavertis \u0117dalas sukurtas vidutini\u0173 ir dideli\u0173 veisli\u0173 \u0161uniukams, u\u017etikrinantis subalansuot\u0105 mityb\u0105 j\u0173 augimo laikotarpiu.\" \/>\n<meta name=\"robots\" content=\"index, follow, max-snippet:-1, max-image-preview:large, max-video-preview:-1\" \/>\n<link rel=\"canonical\" href=\"https:\/\/anivet.lt\/elparduotuve\/produktas\/raw-paleo-puppy-large-sausas-maistas-dideliu-veisliu-suniukams-su-jautiena\/\" \/>\n<meta property=\"og:locale\" content=\"lt_LT\" \/>\n<meta property=\"og:type\" content=\"article\" \/>\n<meta property=\"og:title\" content=\"RAW PALEO Ultra Puppy Medium &amp; Large sausas maistas \u0161uniukams su jautiena\" \/>\n<meta property=\"og:description\" content=\"Visavertis \u0117dalas sukurtas vidutini\u0173 ir dideli\u0173 veisli\u0173 \u0161uniukams, u\u017etikrinantis subalansuot\u0105 mityb\u0105 j\u0173 augimo laikotarpiu.\" \/>\n<meta property=\"og:url\" content=\"https:\/\/anivet.lt\/elparduotuve\/produktas\/raw-paleo-puppy-large-sausas-maistas-dideliu-veisliu-suniukams-su-jautiena\/\" \/>\n<meta property=\"og:site_name\" content=\"anivet.lt\" \/>\n<meta property=\"article:modified_time\" content=\"2026-05-06T14:46:19+00:00\" \/>\n<meta property=\"og:image\" content=\"https:\/\/anivet.lt\/elparduotuve\/wp-content\/uploads\/2023\/12\/RP-ULTRA-BEEF-MEDIUMLARGE-PUPPY-2kg.jpg\" \/>\n\t<meta property=\"og:image:width\" content=\"650\" \/>\n\t<meta property=\"og:image:height\" content=\"851\" \/>\n\t<meta property=\"og:image:type\" content=\"image\/jpeg\" \/>\n<meta name=\"twitter:card\" content=\"summary_large_image\" \/>\n<meta name=\"twitter:label1\" content=\"Est. reading time\" \/>\n\t<meta name=\"twitter:data1\" content=\"1 minut\u0117\" \/>\n<script type=\"application\/ld+json\" class=\"yoast-schema-graph\">{\"@context\":\"https:\\\/\\\/schema.org\",\"@graph\":[{\"@type\":\"WebPage\",\"@id\":\"https:\\\/\\\/anivet.lt\\\/elparduotuve\\\/produktas\\\/raw-paleo-puppy-large-sausas-maistas-dideliu-veisliu-suniukams-su-jautiena\\\/\",\"url\":\"https:\\\/\\\/anivet.lt\\\/elparduotuve\\\/produktas\\\/raw-paleo-puppy-large-sausas-maistas-dideliu-veisliu-suniukams-su-jautiena\\\/\",\"name\":\"RAW PALEO Ultra Puppy Medium & Large sausas maistas \u0161uniukams su jautiena - anivet.lt\",\"isPartOf\":{\"@id\":\"https:\\\/\\\/anivet.lt\\\/elparduotuve\\\/#website\"},\"primaryImageOfPage\":{\"@id\":\"https:\\\/\\\/anivet.lt\\\/elparduotuve\\\/produktas\\\/raw-paleo-puppy-large-sausas-maistas-dideliu-veisliu-suniukams-su-jautiena\\\/#primaryimage\"},\"image\":{\"@id\":\"https:\\\/\\\/anivet.lt\\\/elparduotuve\\\/produktas\\\/raw-paleo-puppy-large-sausas-maistas-dideliu-veisliu-suniukams-su-jautiena\\\/#primaryimage\"},\"thumbnailUrl\":\"https:\\\/\\\/anivet.lt\\\/elparduotuve\\\/wp-content\\\/uploads\\\/2023\\\/12\\\/RP-ULTRA-BEEF-MEDIUMLARGE-PUPPY-2kg.jpg\",\"datePublished\":\"2023-12-09T10:15:42+00:00\",\"dateModified\":\"2026-05-06T14:46:19+00:00\",\"description\":\"Visavertis \u0117dalas sukurtas vidutini\u0173 ir dideli\u0173 veisli\u0173 \u0161uniukams, u\u017etikrinantis subalansuot\u0105 mityb\u0105 j\u0173 augimo laikotarpiu.\",\"breadcrumb\":{\"@id\":\"https:\\\/\\\/anivet.lt\\\/elparduotuve\\\/produktas\\\/raw-paleo-puppy-large-sausas-maistas-dideliu-veisliu-suniukams-su-jautiena\\\/#breadcrumb\"},\"inLanguage\":\"lt-LT\",\"potentialAction\":[{\"@type\":\"ReadAction\",\"target\":[\"https:\\\/\\\/anivet.lt\\\/elparduotuve\\\/produktas\\\/raw-paleo-puppy-large-sausas-maistas-dideliu-veisliu-suniukams-su-jautiena\\\/\"]}]},{\"@type\":\"ImageObject\",\"inLanguage\":\"lt-LT\",\"@id\":\"https:\\\/\\\/anivet.lt\\\/elparduotuve\\\/produktas\\\/raw-paleo-puppy-large-sausas-maistas-dideliu-veisliu-suniukams-su-jautiena\\\/#primaryimage\",\"url\":\"https:\\\/\\\/anivet.lt\\\/elparduotuve\\\/wp-content\\\/uploads\\\/2023\\\/12\\\/RP-ULTRA-BEEF-MEDIUMLARGE-PUPPY-2kg.jpg\",\"contentUrl\":\"https:\\\/\\\/anivet.lt\\\/elparduotuve\\\/wp-content\\\/uploads\\\/2023\\\/12\\\/RP-ULTRA-BEEF-MEDIUMLARGE-PUPPY-2kg.jpg\",\"width\":650,\"height\":851,\"caption\":\"RAW PALEO Ultra Puppy Medium & Large sausas maistas \u0161uniukams su jautiena\"},{\"@type\":\"BreadcrumbList\",\"@id\":\"https:\\\/\\\/anivet.lt\\\/elparduotuve\\\/produktas\\\/raw-paleo-puppy-large-sausas-maistas-dideliu-veisliu-suniukams-su-jautiena\\\/#breadcrumb\",\"itemListElement\":[{\"@type\":\"ListItem\",\"position\":1,\"name\":\"Home\",\"item\":\"https:\\\/\\\/anivet.lt\\\/elparduotuve\\\/\"},{\"@type\":\"ListItem\",\"position\":2,\"name\":\"Produktai\",\"item\":\"https:\\\/\\\/anivet.lt\\\/elparduotuve\\\/produktai\\\/\"},{\"@type\":\"ListItem\",\"position\":3,\"name\":\"RAW PALEO Ultra Puppy Medium &#038; Large sausas maistas \u0161uniukams su jautiena\"}]},{\"@type\":\"WebSite\",\"@id\":\"https:\\\/\\\/anivet.lt\\\/elparduotuve\\\/#website\",\"url\":\"https:\\\/\\\/anivet.lt\\\/elparduotuve\\\/\",\"name\":\"anivet.lt\",\"description\":\"Viskas J\u016bs\u0173 \u0161uns, kat\u0117s prie\u017ei\u016brai\",\"publisher\":{\"@id\":\"https:\\\/\\\/anivet.lt\\\/elparduotuve\\\/#organization\"},\"alternateName\":\"Viskas J\u016bs\u0173 \u0161uns, kat\u0117s prie\u017ei\u016brai\",\"potentialAction\":[{\"@type\":\"SearchAction\",\"target\":{\"@type\":\"EntryPoint\",\"urlTemplate\":\"https:\\\/\\\/anivet.lt\\\/elparduotuve\\\/?s={search_term_string}\"},\"query-input\":{\"@type\":\"PropertyValueSpecification\",\"valueRequired\":true,\"valueName\":\"search_term_string\"}}],\"inLanguage\":\"lt-LT\"},{\"@type\":\"Organization\",\"@id\":\"https:\\\/\\\/anivet.lt\\\/elparduotuve\\\/#organization\",\"name\":\"Viskas J\u016bs\u0173 \u0161uns, kat\u0117s prie\u017ei\u016brai\",\"url\":\"https:\\\/\\\/anivet.lt\\\/elparduotuve\\\/\",\"logo\":{\"@type\":\"ImageObject\",\"inLanguage\":\"lt-LT\",\"@id\":\"https:\\\/\\\/anivet.lt\\\/elparduotuve\\\/#\\\/schema\\\/logo\\\/image\\\/\",\"url\":\"https:\\\/\\\/anivet.lt\\\/elparduotuve\\\/wp-content\\\/uploads\\\/2023\\\/06\\\/logo2.jpg\",\"contentUrl\":\"https:\\\/\\\/anivet.lt\\\/elparduotuve\\\/wp-content\\\/uploads\\\/2023\\\/06\\\/logo2.jpg\",\"width\":655,\"height\":194,\"caption\":\"Viskas J\u016bs\u0173 \u0161uns, kat\u0117s prie\u017ei\u016brai\"},\"image\":{\"@id\":\"https:\\\/\\\/anivet.lt\\\/elparduotuve\\\/#\\\/schema\\\/logo\\\/image\\\/\"}}]}<\/script>\n<!-- \/ Yoast SEO Premium plugin. -->","yoast_head_json":{"title":"RAW PALEO Ultra Puppy Medium & Large sausas maistas \u0161uniukams su jautiena - anivet.lt","description":"Visavertis \u0117dalas sukurtas vidutini\u0173 ir dideli\u0173 veisli\u0173 \u0161uniukams, u\u017etikrinantis subalansuot\u0105 mityb\u0105 j\u0173 augimo laikotarpiu.","robots":{"index":"index","follow":"follow","max-snippet":"max-snippet:-1","max-image-preview":"max-image-preview:large","max-video-preview":"max-video-preview:-1"},"canonical":"https:\/\/anivet.lt\/elparduotuve\/produktas\/raw-paleo-puppy-large-sausas-maistas-dideliu-veisliu-suniukams-su-jautiena\/","og_locale":"lt_LT","og_type":"article","og_title":"RAW PALEO Ultra Puppy Medium & Large sausas maistas \u0161uniukams su jautiena","og_description":"Visavertis \u0117dalas sukurtas vidutini\u0173 ir dideli\u0173 veisli\u0173 \u0161uniukams, u\u017etikrinantis subalansuot\u0105 mityb\u0105 j\u0173 augimo laikotarpiu.","og_url":"https:\/\/anivet.lt\/elparduotuve\/produktas\/raw-paleo-puppy-large-sausas-maistas-dideliu-veisliu-suniukams-su-jautiena\/","og_site_name":"anivet.lt","article_modified_time":"2026-05-06T14:46:19+00:00","og_image":[{"width":650,"height":851,"url":"https:\/\/anivet.lt\/elparduotuve\/wp-content\/uploads\/2023\/12\/RP-ULTRA-BEEF-MEDIUMLARGE-PUPPY-2kg.jpg","type":"image\/jpeg"}],"twitter_card":"summary_large_image","twitter_misc":{"Est. reading time":"1 minut\u0117"},"schema":{"@context":"https:\/\/schema.org","@graph":[{"@type":"WebPage","@id":"https:\/\/anivet.lt\/elparduotuve\/produktas\/raw-paleo-puppy-large-sausas-maistas-dideliu-veisliu-suniukams-su-jautiena\/","url":"https:\/\/anivet.lt\/elparduotuve\/produktas\/raw-paleo-puppy-large-sausas-maistas-dideliu-veisliu-suniukams-su-jautiena\/","name":"RAW PALEO Ultra Puppy Medium & Large sausas maistas \u0161uniukams su jautiena - anivet.lt","isPartOf":{"@id":"https:\/\/anivet.lt\/elparduotuve\/#website"},"primaryImageOfPage":{"@id":"https:\/\/anivet.lt\/elparduotuve\/produktas\/raw-paleo-puppy-large-sausas-maistas-dideliu-veisliu-suniukams-su-jautiena\/#primaryimage"},"image":{"@id":"https:\/\/anivet.lt\/elparduotuve\/produktas\/raw-paleo-puppy-large-sausas-maistas-dideliu-veisliu-suniukams-su-jautiena\/#primaryimage"},"thumbnailUrl":"https:\/\/anivet.lt\/elparduotuve\/wp-content\/uploads\/2023\/12\/RP-ULTRA-BEEF-MEDIUMLARGE-PUPPY-2kg.jpg","datePublished":"2023-12-09T10:15:42+00:00","dateModified":"2026-05-06T14:46:19+00:00","description":"Visavertis \u0117dalas sukurtas vidutini\u0173 ir dideli\u0173 veisli\u0173 \u0161uniukams, u\u017etikrinantis subalansuot\u0105 mityb\u0105 j\u0173 augimo laikotarpiu.","breadcrumb":{"@id":"https:\/\/anivet.lt\/elparduotuve\/produktas\/raw-paleo-puppy-large-sausas-maistas-dideliu-veisliu-suniukams-su-jautiena\/#breadcrumb"},"inLanguage":"lt-LT","potentialAction":[{"@type":"ReadAction","target":["https:\/\/anivet.lt\/elparduotuve\/produktas\/raw-paleo-puppy-large-sausas-maistas-dideliu-veisliu-suniukams-su-jautiena\/"]}]},{"@type":"ImageObject","inLanguage":"lt-LT","@id":"https:\/\/anivet.lt\/elparduotuve\/produktas\/raw-paleo-puppy-large-sausas-maistas-dideliu-veisliu-suniukams-su-jautiena\/#primaryimage","url":"https:\/\/anivet.lt\/elparduotuve\/wp-content\/uploads\/2023\/12\/RP-ULTRA-BEEF-MEDIUMLARGE-PUPPY-2kg.jpg","contentUrl":"https:\/\/anivet.lt\/elparduotuve\/wp-content\/uploads\/2023\/12\/RP-ULTRA-BEEF-MEDIUMLARGE-PUPPY-2kg.jpg","width":650,"height":851,"caption":"RAW PALEO Ultra Puppy Medium & Large sausas maistas \u0161uniukams su jautiena"},{"@type":"BreadcrumbList","@id":"https:\/\/anivet.lt\/elparduotuve\/produktas\/raw-paleo-puppy-large-sausas-maistas-dideliu-veisliu-suniukams-su-jautiena\/#breadcrumb","itemListElement":[{"@type":"ListItem","position":1,"name":"Home","item":"https:\/\/anivet.lt\/elparduotuve\/"},{"@type":"ListItem","position":2,"name":"Produktai","item":"https:\/\/anivet.lt\/elparduotuve\/produktai\/"},{"@type":"ListItem","position":3,"name":"RAW PALEO Ultra Puppy Medium &#038; Large sausas maistas \u0161uniukams su jautiena"}]},{"@type":"WebSite","@id":"https:\/\/anivet.lt\/elparduotuve\/#website","url":"https:\/\/anivet.lt\/elparduotuve\/","name":"anivet.lt","description":"Viskas J\u016bs\u0173 \u0161uns, kat\u0117s prie\u017ei\u016brai","publisher":{"@id":"https:\/\/anivet.lt\/elparduotuve\/#organization"},"alternateName":"Viskas J\u016bs\u0173 \u0161uns, kat\u0117s prie\u017ei\u016brai","potentialAction":[{"@type":"SearchAction","target":{"@type":"EntryPoint","urlTemplate":"https:\/\/anivet.lt\/elparduotuve\/?s={search_term_string}"},"query-input":{"@type":"PropertyValueSpecification","valueRequired":true,"valueName":"search_term_string"}}],"inLanguage":"lt-LT"},{"@type":"Organization","@id":"https:\/\/anivet.lt\/elparduotuve\/#organization","name":"Viskas J\u016bs\u0173 \u0161uns, kat\u0117s prie\u017ei\u016brai","url":"https:\/\/anivet.lt\/elparduotuve\/","logo":{"@type":"ImageObject","inLanguage":"lt-LT","@id":"https:\/\/anivet.lt\/elparduotuve\/#\/schema\/logo\/image\/","url":"https:\/\/anivet.lt\/elparduotuve\/wp-content\/uploads\/2023\/06\/logo2.jpg","contentUrl":"https:\/\/anivet.lt\/elparduotuve\/wp-content\/uploads\/2023\/06\/logo2.jpg","width":655,"height":194,"caption":"Viskas J\u016bs\u0173 \u0161uns, kat\u0117s prie\u017ei\u016brai"},"image":{"@id":"https:\/\/anivet.lt\/elparduotuve\/#\/schema\/logo\/image\/"}}]}},"_links":{"self":[{"href":"https:\/\/anivet.lt\/elparduotuve\/wp-json\/wp\/v2\/product\/12517","targetHints":{"allow":["GET"]}}],"collection":[{"href":"https:\/\/anivet.lt\/elparduotuve\/wp-json\/wp\/v2\/product"}],"about":[{"href":"https:\/\/anivet.lt\/elparduotuve\/wp-json\/wp\/v2\/types\/product"}],"wp:featuredmedia":[{"embeddable":true,"href":"https:\/\/anivet.lt\/elparduotuve\/wp-json\/wp\/v2\/media\/14036"}],"wp:attachment":[{"href":"https:\/\/anivet.lt\/elparduotuve\/wp-json\/wp\/v2\/media?parent=12517"}],"wp:term":[{"taxonomy":"product_brand","embeddable":true,"href":"https:\/\/anivet.lt\/elparduotuve\/wp-json\/wp\/v2\/product_brand?post=12517"},{"taxonomy":"product_cat","embeddable":true,"href":"https:\/\/anivet.lt\/elparduotuve\/wp-json\/wp\/v2\/product_cat?post=12517"},{"taxonomy":"product_tag","embeddable":true,"href":"https:\/\/anivet.lt\/elparduotuve\/wp-json\/wp\/v2\/product_tag?post=12517"}],"curies":[{"name":"wp","href":"https:\/\/api.w.org\/{rel}","templated":true}]}}