{"id":12531,"date":"2023-12-12T08:57:30","date_gmt":"2023-12-12T08:57:30","guid":{"rendered":"https:\/\/anivet.lt\/elparduotuve\/?post_type=product&#038;p=12531"},"modified":"2026-01-31T23:40:04","modified_gmt":"2026-01-31T23:40:04","slug":"raw-paleo-puppy-mini-sausas-maistas-suniukams-su-jautiena","status":"publish","type":"product","link":"https:\/\/anivet.lt\/elparduotuve\/produktas\/raw-paleo-puppy-mini-sausas-maistas-suniukams-su-jautiena\/","title":{"rendered":"RAW PALEO Ultra Puppy Mini sausas maistas \u0161uniukams su jautiena 2kg"},"content":{"rendered":"<ul>\n<li style=\"font-weight: 400;\" aria-level=\"1\"><span style=\"font-weight: 400;\">Hipoalerginis ir monoproteininis: Suma\u017eina alergini\u0173 reakcij\u0173 rizik\u0105.<\/span><\/li>\n<li style=\"font-weight: 400;\" aria-level=\"1\"><span style=\"font-weight: 400;\">Be gr\u016bd\u0173 ir \u017eirni\u0173: Palankus jautriai vir\u0161kinimo sistemai.<\/span><\/li>\n<li style=\"font-weight: 400;\" aria-level=\"1\"><span style=\"font-weight: 400;\">Su Omega-3 ir Omega-6 riebal\u0173 r\u016bg\u0161timis: Palaiko odos ir kailio b\u016bkl\u0119, u\u017etikrina sveik\u0105 i\u0161vaizd\u0105.<\/span><\/li>\n<li style=\"font-weight: 400;\" aria-level=\"1\"><span style=\"font-weight: 400;\">Praturtintas probiotikais: Gerina \u017earnyno mikroflor\u0105 ir maistini\u0173 med\u017eiag\u0173 \u012fsisavinim\u0105.<\/span><\/li>\n<li style=\"font-weight: 400;\" aria-level=\"1\"><span style=\"font-weight: 400;\">Auk\u0161tos kokyb\u0117s jautiena: Pagrindinis baltym\u0173 \u0161altinis, u\u017etikrinantis sveik\u0105 augim\u0105 ir vystym\u0105si.<\/span><\/li>\n<\/ul>\n<p><span style=\"font-weight: 400;\">\u0160is maistas u\u017etikrina subalansuot\u0105 mityb\u0105, b\u016btin\u0105 sveikam ma\u017e\u0173 veisli\u0173 \u0161uniuk\u0173 augimui. Nat\u016brali sud\u0117tis, jautiena kaip pagrindinis baltym\u0173 \u0161altinis ir papildyti probiotikai padeda palaikyti sveik\u0105 vir\u0161kinim\u0105. Be gr\u016bd\u0173 ir \u017eirni\u0173 recept\u016bra yra saugi jautriems \u0161uniukams, o Omega riebal\u0173 r\u016bg\u0161tys u\u017etikrina sveik\u0105 od\u0105 ir kail\u012f.<\/span><\/p>\n","protected":false},"excerpt":{"rendered":"<p><span style=\"font-weight: 400;\">Visavertis ir subalansuotas sausas maistas, specialiai sukurtas ma\u017e\u0173 veisli\u0173 \u0161uniukams (iki 8 kg) iki 8 m\u0117nesi\u0173 am\u017eiaus. Hipoalerginis ir monoproteininis \u0117dalas su auk\u0161tos kokyb\u0117s jautiena \u2013 puikus pasirinkimas jautri\u0105 vir\u0161kinimo sistem\u0105 turintiems \u0161uniukams.<\/span><\/p>\n","protected":false},"featured_media":14031,"template":"","meta":[],"product_brand":[],"product_cat":[101,103,104,336],"product_tag":[],"class_list":{"0":"post-12531","1":"product","2":"type-product","3":"status-publish","4":"has-post-thumbnail","6":"product_cat-sunims","7":"product_cat-sunu-maistas","8":"product_cat-sausas-maistas","9":"product_cat-raw-paleo-sunu-maistas","10":"pa_prekinis-zenklas-raw-paleo","12":"first","13":"instock","14":"taxable","15":"shipping-taxable","16":"purchasable","17":"product-type-simple"},"yoast_head":"<!-- This site is optimized with the Yoast SEO Premium plugin v27.1 (Yoast SEO v27.5) - https:\/\/yoast.com\/product\/yoast-seo-premium-wordpress\/ -->\n<title>RAW PALEO Ultra Puppy Mini sausas maistas \u0161uniukams su jautiena 2kg - anivet.lt<\/title>\n<meta name=\"description\" content=\"Visavertis ir subalansuotas sausas maistas, specialiai sukurtas ma\u017e\u0173 veisli\u0173 \u0161uniukams (iki 8 kg) iki 8 m\u0117nesi\u0173 am\u017eiaus. Hipoalerginis ir monoproteininis \u0117dalas su auk\u0161tos kokyb\u0117s jautiena \u2013 puikus pasirinkimas jautri\u0105 vir\u0161kinimo sistem\u0105 turintiems \u0161uniukams.\" \/>\n<meta name=\"robots\" content=\"index, follow, max-snippet:-1, max-image-preview:large, max-video-preview:-1\" \/>\n<link rel=\"canonical\" href=\"https:\/\/anivet.lt\/elparduotuve\/produktas\/raw-paleo-puppy-mini-sausas-maistas-suniukams-su-jautiena\/\" \/>\n<meta property=\"og:locale\" content=\"lt_LT\" \/>\n<meta property=\"og:type\" content=\"article\" \/>\n<meta property=\"og:title\" content=\"RAW PALEO Ultra Puppy Mini sausas maistas \u0161uniukams su jautiena 2kg\" \/>\n<meta property=\"og:description\" content=\"Visavertis ir subalansuotas sausas maistas, specialiai sukurtas ma\u017e\u0173 veisli\u0173 \u0161uniukams (iki 8 kg) iki 8 m\u0117nesi\u0173 am\u017eiaus. Hipoalerginis ir monoproteininis \u0117dalas su auk\u0161tos kokyb\u0117s jautiena \u2013 puikus pasirinkimas jautri\u0105 vir\u0161kinimo sistem\u0105 turintiems \u0161uniukams.\" \/>\n<meta property=\"og:url\" content=\"https:\/\/anivet.lt\/elparduotuve\/produktas\/raw-paleo-puppy-mini-sausas-maistas-suniukams-su-jautiena\/\" \/>\n<meta property=\"og:site_name\" content=\"anivet.lt\" \/>\n<meta property=\"article:modified_time\" content=\"2026-01-31T23:40:04+00:00\" \/>\n<meta property=\"og:image\" content=\"https:\/\/anivet.lt\/elparduotuve\/wp-content\/uploads\/2023\/12\/RP-ULTRA-BEEF-MINI-PUPPY-2kg.jpg\" \/>\n\t<meta property=\"og:image:width\" content=\"650\" \/>\n\t<meta property=\"og:image:height\" content=\"851\" \/>\n\t<meta property=\"og:image:type\" content=\"image\/jpeg\" \/>\n<meta name=\"twitter:card\" content=\"summary_large_image\" \/>\n<meta name=\"twitter:label1\" content=\"Est. reading time\" \/>\n\t<meta name=\"twitter:data1\" content=\"1 minut\u0117\" \/>\n<script type=\"application\/ld+json\" class=\"yoast-schema-graph\">{\"@context\":\"https:\\\/\\\/schema.org\",\"@graph\":[{\"@type\":\"WebPage\",\"@id\":\"https:\\\/\\\/anivet.lt\\\/elparduotuve\\\/produktas\\\/raw-paleo-puppy-mini-sausas-maistas-suniukams-su-jautiena\\\/\",\"url\":\"https:\\\/\\\/anivet.lt\\\/elparduotuve\\\/produktas\\\/raw-paleo-puppy-mini-sausas-maistas-suniukams-su-jautiena\\\/\",\"name\":\"RAW PALEO Ultra Puppy Mini sausas maistas \u0161uniukams su jautiena 2kg - anivet.lt\",\"isPartOf\":{\"@id\":\"https:\\\/\\\/anivet.lt\\\/elparduotuve\\\/#website\"},\"primaryImageOfPage\":{\"@id\":\"https:\\\/\\\/anivet.lt\\\/elparduotuve\\\/produktas\\\/raw-paleo-puppy-mini-sausas-maistas-suniukams-su-jautiena\\\/#primaryimage\"},\"image\":{\"@id\":\"https:\\\/\\\/anivet.lt\\\/elparduotuve\\\/produktas\\\/raw-paleo-puppy-mini-sausas-maistas-suniukams-su-jautiena\\\/#primaryimage\"},\"thumbnailUrl\":\"https:\\\/\\\/anivet.lt\\\/elparduotuve\\\/wp-content\\\/uploads\\\/2023\\\/12\\\/RP-ULTRA-BEEF-MINI-PUPPY-2kg.jpg\",\"datePublished\":\"2023-12-12T08:57:30+00:00\",\"dateModified\":\"2026-01-31T23:40:04+00:00\",\"description\":\"Visavertis ir subalansuotas sausas maistas, specialiai sukurtas ma\u017e\u0173 veisli\u0173 \u0161uniukams (iki 8 kg) iki 8 m\u0117nesi\u0173 am\u017eiaus. Hipoalerginis ir monoproteininis \u0117dalas su auk\u0161tos kokyb\u0117s jautiena \u2013 puikus pasirinkimas jautri\u0105 vir\u0161kinimo sistem\u0105 turintiems \u0161uniukams.\",\"breadcrumb\":{\"@id\":\"https:\\\/\\\/anivet.lt\\\/elparduotuve\\\/produktas\\\/raw-paleo-puppy-mini-sausas-maistas-suniukams-su-jautiena\\\/#breadcrumb\"},\"inLanguage\":\"lt-LT\",\"potentialAction\":[{\"@type\":\"ReadAction\",\"target\":[\"https:\\\/\\\/anivet.lt\\\/elparduotuve\\\/produktas\\\/raw-paleo-puppy-mini-sausas-maistas-suniukams-su-jautiena\\\/\"]}]},{\"@type\":\"ImageObject\",\"inLanguage\":\"lt-LT\",\"@id\":\"https:\\\/\\\/anivet.lt\\\/elparduotuve\\\/produktas\\\/raw-paleo-puppy-mini-sausas-maistas-suniukams-su-jautiena\\\/#primaryimage\",\"url\":\"https:\\\/\\\/anivet.lt\\\/elparduotuve\\\/wp-content\\\/uploads\\\/2023\\\/12\\\/RP-ULTRA-BEEF-MINI-PUPPY-2kg.jpg\",\"contentUrl\":\"https:\\\/\\\/anivet.lt\\\/elparduotuve\\\/wp-content\\\/uploads\\\/2023\\\/12\\\/RP-ULTRA-BEEF-MINI-PUPPY-2kg.jpg\",\"width\":650,\"height\":851,\"caption\":\"RAW PALEO Ultra Puppy Mini sausas maistas \u0161uniukams su jautiena 2kg\"},{\"@type\":\"BreadcrumbList\",\"@id\":\"https:\\\/\\\/anivet.lt\\\/elparduotuve\\\/produktas\\\/raw-paleo-puppy-mini-sausas-maistas-suniukams-su-jautiena\\\/#breadcrumb\",\"itemListElement\":[{\"@type\":\"ListItem\",\"position\":1,\"name\":\"Home\",\"item\":\"https:\\\/\\\/anivet.lt\\\/elparduotuve\\\/\"},{\"@type\":\"ListItem\",\"position\":2,\"name\":\"Produktai\",\"item\":\"https:\\\/\\\/anivet.lt\\\/elparduotuve\\\/produktai\\\/\"},{\"@type\":\"ListItem\",\"position\":3,\"name\":\"RAW PALEO Ultra Puppy Mini sausas maistas \u0161uniukams su jautiena 2kg\"}]},{\"@type\":\"WebSite\",\"@id\":\"https:\\\/\\\/anivet.lt\\\/elparduotuve\\\/#website\",\"url\":\"https:\\\/\\\/anivet.lt\\\/elparduotuve\\\/\",\"name\":\"anivet.lt\",\"description\":\"Viskas J\u016bs\u0173 \u0161uns, kat\u0117s prie\u017ei\u016brai\",\"publisher\":{\"@id\":\"https:\\\/\\\/anivet.lt\\\/elparduotuve\\\/#organization\"},\"alternateName\":\"Viskas J\u016bs\u0173 \u0161uns, kat\u0117s prie\u017ei\u016brai\",\"potentialAction\":[{\"@type\":\"SearchAction\",\"target\":{\"@type\":\"EntryPoint\",\"urlTemplate\":\"https:\\\/\\\/anivet.lt\\\/elparduotuve\\\/?s={search_term_string}\"},\"query-input\":{\"@type\":\"PropertyValueSpecification\",\"valueRequired\":true,\"valueName\":\"search_term_string\"}}],\"inLanguage\":\"lt-LT\"},{\"@type\":\"Organization\",\"@id\":\"https:\\\/\\\/anivet.lt\\\/elparduotuve\\\/#organization\",\"name\":\"Viskas J\u016bs\u0173 \u0161uns, kat\u0117s prie\u017ei\u016brai\",\"url\":\"https:\\\/\\\/anivet.lt\\\/elparduotuve\\\/\",\"logo\":{\"@type\":\"ImageObject\",\"inLanguage\":\"lt-LT\",\"@id\":\"https:\\\/\\\/anivet.lt\\\/elparduotuve\\\/#\\\/schema\\\/logo\\\/image\\\/\",\"url\":\"https:\\\/\\\/anivet.lt\\\/elparduotuve\\\/wp-content\\\/uploads\\\/2023\\\/06\\\/logo2.jpg\",\"contentUrl\":\"https:\\\/\\\/anivet.lt\\\/elparduotuve\\\/wp-content\\\/uploads\\\/2023\\\/06\\\/logo2.jpg\",\"width\":655,\"height\":194,\"caption\":\"Viskas J\u016bs\u0173 \u0161uns, kat\u0117s prie\u017ei\u016brai\"},\"image\":{\"@id\":\"https:\\\/\\\/anivet.lt\\\/elparduotuve\\\/#\\\/schema\\\/logo\\\/image\\\/\"}}]}<\/script>\n<!-- \/ Yoast SEO Premium plugin. -->","yoast_head_json":{"title":"RAW PALEO Ultra Puppy Mini sausas maistas \u0161uniukams su jautiena 2kg - anivet.lt","description":"Visavertis ir subalansuotas sausas maistas, specialiai sukurtas ma\u017e\u0173 veisli\u0173 \u0161uniukams (iki 8 kg) iki 8 m\u0117nesi\u0173 am\u017eiaus. Hipoalerginis ir monoproteininis \u0117dalas su auk\u0161tos kokyb\u0117s jautiena \u2013 puikus pasirinkimas jautri\u0105 vir\u0161kinimo sistem\u0105 turintiems \u0161uniukams.","robots":{"index":"index","follow":"follow","max-snippet":"max-snippet:-1","max-image-preview":"max-image-preview:large","max-video-preview":"max-video-preview:-1"},"canonical":"https:\/\/anivet.lt\/elparduotuve\/produktas\/raw-paleo-puppy-mini-sausas-maistas-suniukams-su-jautiena\/","og_locale":"lt_LT","og_type":"article","og_title":"RAW PALEO Ultra Puppy Mini sausas maistas \u0161uniukams su jautiena 2kg","og_description":"Visavertis ir subalansuotas sausas maistas, specialiai sukurtas ma\u017e\u0173 veisli\u0173 \u0161uniukams (iki 8 kg) iki 8 m\u0117nesi\u0173 am\u017eiaus. Hipoalerginis ir monoproteininis \u0117dalas su auk\u0161tos kokyb\u0117s jautiena \u2013 puikus pasirinkimas jautri\u0105 vir\u0161kinimo sistem\u0105 turintiems \u0161uniukams.","og_url":"https:\/\/anivet.lt\/elparduotuve\/produktas\/raw-paleo-puppy-mini-sausas-maistas-suniukams-su-jautiena\/","og_site_name":"anivet.lt","article_modified_time":"2026-01-31T23:40:04+00:00","og_image":[{"width":650,"height":851,"url":"https:\/\/anivet.lt\/elparduotuve\/wp-content\/uploads\/2023\/12\/RP-ULTRA-BEEF-MINI-PUPPY-2kg.jpg","type":"image\/jpeg"}],"twitter_card":"summary_large_image","twitter_misc":{"Est. reading time":"1 minut\u0117"},"schema":{"@context":"https:\/\/schema.org","@graph":[{"@type":"WebPage","@id":"https:\/\/anivet.lt\/elparduotuve\/produktas\/raw-paleo-puppy-mini-sausas-maistas-suniukams-su-jautiena\/","url":"https:\/\/anivet.lt\/elparduotuve\/produktas\/raw-paleo-puppy-mini-sausas-maistas-suniukams-su-jautiena\/","name":"RAW PALEO Ultra Puppy Mini sausas maistas \u0161uniukams su jautiena 2kg - anivet.lt","isPartOf":{"@id":"https:\/\/anivet.lt\/elparduotuve\/#website"},"primaryImageOfPage":{"@id":"https:\/\/anivet.lt\/elparduotuve\/produktas\/raw-paleo-puppy-mini-sausas-maistas-suniukams-su-jautiena\/#primaryimage"},"image":{"@id":"https:\/\/anivet.lt\/elparduotuve\/produktas\/raw-paleo-puppy-mini-sausas-maistas-suniukams-su-jautiena\/#primaryimage"},"thumbnailUrl":"https:\/\/anivet.lt\/elparduotuve\/wp-content\/uploads\/2023\/12\/RP-ULTRA-BEEF-MINI-PUPPY-2kg.jpg","datePublished":"2023-12-12T08:57:30+00:00","dateModified":"2026-01-31T23:40:04+00:00","description":"Visavertis ir subalansuotas sausas maistas, specialiai sukurtas ma\u017e\u0173 veisli\u0173 \u0161uniukams (iki 8 kg) iki 8 m\u0117nesi\u0173 am\u017eiaus. Hipoalerginis ir monoproteininis \u0117dalas su auk\u0161tos kokyb\u0117s jautiena \u2013 puikus pasirinkimas jautri\u0105 vir\u0161kinimo sistem\u0105 turintiems \u0161uniukams.","breadcrumb":{"@id":"https:\/\/anivet.lt\/elparduotuve\/produktas\/raw-paleo-puppy-mini-sausas-maistas-suniukams-su-jautiena\/#breadcrumb"},"inLanguage":"lt-LT","potentialAction":[{"@type":"ReadAction","target":["https:\/\/anivet.lt\/elparduotuve\/produktas\/raw-paleo-puppy-mini-sausas-maistas-suniukams-su-jautiena\/"]}]},{"@type":"ImageObject","inLanguage":"lt-LT","@id":"https:\/\/anivet.lt\/elparduotuve\/produktas\/raw-paleo-puppy-mini-sausas-maistas-suniukams-su-jautiena\/#primaryimage","url":"https:\/\/anivet.lt\/elparduotuve\/wp-content\/uploads\/2023\/12\/RP-ULTRA-BEEF-MINI-PUPPY-2kg.jpg","contentUrl":"https:\/\/anivet.lt\/elparduotuve\/wp-content\/uploads\/2023\/12\/RP-ULTRA-BEEF-MINI-PUPPY-2kg.jpg","width":650,"height":851,"caption":"RAW PALEO Ultra Puppy Mini sausas maistas \u0161uniukams su jautiena 2kg"},{"@type":"BreadcrumbList","@id":"https:\/\/anivet.lt\/elparduotuve\/produktas\/raw-paleo-puppy-mini-sausas-maistas-suniukams-su-jautiena\/#breadcrumb","itemListElement":[{"@type":"ListItem","position":1,"name":"Home","item":"https:\/\/anivet.lt\/elparduotuve\/"},{"@type":"ListItem","position":2,"name":"Produktai","item":"https:\/\/anivet.lt\/elparduotuve\/produktai\/"},{"@type":"ListItem","position":3,"name":"RAW PALEO Ultra Puppy Mini sausas maistas \u0161uniukams su jautiena 2kg"}]},{"@type":"WebSite","@id":"https:\/\/anivet.lt\/elparduotuve\/#website","url":"https:\/\/anivet.lt\/elparduotuve\/","name":"anivet.lt","description":"Viskas J\u016bs\u0173 \u0161uns, kat\u0117s prie\u017ei\u016brai","publisher":{"@id":"https:\/\/anivet.lt\/elparduotuve\/#organization"},"alternateName":"Viskas J\u016bs\u0173 \u0161uns, kat\u0117s prie\u017ei\u016brai","potentialAction":[{"@type":"SearchAction","target":{"@type":"EntryPoint","urlTemplate":"https:\/\/anivet.lt\/elparduotuve\/?s={search_term_string}"},"query-input":{"@type":"PropertyValueSpecification","valueRequired":true,"valueName":"search_term_string"}}],"inLanguage":"lt-LT"},{"@type":"Organization","@id":"https:\/\/anivet.lt\/elparduotuve\/#organization","name":"Viskas J\u016bs\u0173 \u0161uns, kat\u0117s prie\u017ei\u016brai","url":"https:\/\/anivet.lt\/elparduotuve\/","logo":{"@type":"ImageObject","inLanguage":"lt-LT","@id":"https:\/\/anivet.lt\/elparduotuve\/#\/schema\/logo\/image\/","url":"https:\/\/anivet.lt\/elparduotuve\/wp-content\/uploads\/2023\/06\/logo2.jpg","contentUrl":"https:\/\/anivet.lt\/elparduotuve\/wp-content\/uploads\/2023\/06\/logo2.jpg","width":655,"height":194,"caption":"Viskas J\u016bs\u0173 \u0161uns, kat\u0117s prie\u017ei\u016brai"},"image":{"@id":"https:\/\/anivet.lt\/elparduotuve\/#\/schema\/logo\/image\/"}}]}},"_links":{"self":[{"href":"https:\/\/anivet.lt\/elparduotuve\/wp-json\/wp\/v2\/product\/12531","targetHints":{"allow":["GET"]}}],"collection":[{"href":"https:\/\/anivet.lt\/elparduotuve\/wp-json\/wp\/v2\/product"}],"about":[{"href":"https:\/\/anivet.lt\/elparduotuve\/wp-json\/wp\/v2\/types\/product"}],"wp:featuredmedia":[{"embeddable":true,"href":"https:\/\/anivet.lt\/elparduotuve\/wp-json\/wp\/v2\/media\/14031"}],"wp:attachment":[{"href":"https:\/\/anivet.lt\/elparduotuve\/wp-json\/wp\/v2\/media?parent=12531"}],"wp:term":[{"taxonomy":"product_brand","embeddable":true,"href":"https:\/\/anivet.lt\/elparduotuve\/wp-json\/wp\/v2\/product_brand?post=12531"},{"taxonomy":"product_cat","embeddable":true,"href":"https:\/\/anivet.lt\/elparduotuve\/wp-json\/wp\/v2\/product_cat?post=12531"},{"taxonomy":"product_tag","embeddable":true,"href":"https:\/\/anivet.lt\/elparduotuve\/wp-json\/wp\/v2\/product_tag?post=12531"}],"curies":[{"name":"wp","href":"https:\/\/api.w.org\/{rel}","templated":true}]}}