{"id":12564,"date":"2023-12-27T16:11:07","date_gmt":"2023-12-27T16:11:07","guid":{"rendered":"https:\/\/anivet.lt\/elparduotuve\/?post_type=product&#038;p=12564"},"modified":"2026-02-23T16:08:35","modified_gmt":"2026-02-23T16:08:35","slug":"virbac-baby-dog-small-toy-maistas-suniukams","status":"publish","type":"product","link":"https:\/\/anivet.lt\/elparduotuve\/produktas\/virbac-baby-dog-small-toy-maistas-suniukams\/","title":{"rendered":"Virbac Baby Dog Small &amp; Toy maistas \u0161uniukams"},"content":{"rendered":"<ul>\n<li><span style=\"font-weight: 400;\">Auk\u0161tas baltym\u0173 kiekis (36 %): U\u017etikrina sveik\u0105 raumen\u0173 vystym\u0105si.<\/span><\/li>\n<li style=\"font-weight: 400;\" aria-level=\"1\"><span style=\"font-weight: 400;\">Subalansuoti omega-3 ir omega-6 riebal\u0173 r\u016bg\u0161tys: Gerina odos ir kailio b\u016bkl\u0119.<\/span><\/li>\n<li style=\"font-weight: 400;\" aria-level=\"1\"><span style=\"font-weight: 400;\">L-karnitinas: Skatina riebal\u0173 apykait\u0105 ir energijos gamyb\u0105.<\/span><\/li>\n<li style=\"font-weight: 400;\" aria-level=\"1\"><span style=\"font-weight: 400;\">Frukto-oligosacharidai ir Lactobacillus acidofilus: Palaiko sveik\u0105 vir\u0161kinimo sistem\u0105 ir \u017earnyno flor\u0105.<\/span><\/li>\n<li style=\"font-weight: 400;\" aria-level=\"1\"><span style=\"font-weight: 400;\">Beta-gliukanai: Stiprina imunin\u0119 sistem\u0105.<\/span><\/li>\n<li style=\"font-weight: 400;\" aria-level=\"1\"><span style=\"font-weight: 400;\">Tinka \u0161uniukams ir maitinan\u010dioms kal\u0117ms: Sud\u0117tyje yra subalansuotas kalcio ir fosforo kiekis.<\/span><\/li>\n<\/ul>\n<p><span style=\"font-weight: 400;\">\u201eVirbac Baby Dog Small &amp; Toy\u201c puikiai atitinka ma\u017e\u0173 veisli\u0173 \u0161uniuk\u0173 specifinius mitybos poreikius. Lengvai vir\u0161kinami baltymai, svarb\u016bs riebalai ir probiotikai u\u017etikrina sveik\u0105 augim\u0105, energij\u0105 ir stipr\u0173 imunitet\u0105. Tinkama sud\u0117tis taip pat palaiko \u0161uning\u0173 ir maitinan\u010di\u0173 kali\u0173 organizm\u0105, kad \u0161uniukai gaut\u0173 optimal\u0173 maistini\u0173 med\u017eiag\u0173 kiek\u012f.<\/span><\/p>\n","protected":false},"excerpt":{"rendered":"<p><span style=\"font-weight: 400;\">Specialiai sukurtas ma\u017e\u0173 ir nyk\u0161tukini\u0173 veisli\u0173 \u0161uniukams (suaugusi\u0173 \u0161un\u0173 svoris &lt;10 kg) iki 10 m\u0117nesi\u0173 am\u017eiaus. Tinka ir \u0161uningoms bei laktuojan\u010dioms ma\u017e\u0173 veisli\u0173 kal\u0117ms. Pa\u0161aras u\u017etikrina optimali\u0105 mityb\u0105 ir padeda palaikyti sveik\u0105 augim\u0105.<\/span><\/p>\n","protected":false},"featured_media":18942,"template":"","meta":[],"product_brand":[],"product_cat":[101,103,104,337],"product_tag":[],"class_list":{"0":"post-12564","1":"product","2":"type-product","3":"status-publish","4":"has-post-thumbnail","6":"product_cat-sunims","7":"product_cat-sunu-maistas","8":"product_cat-sausas-maistas","9":"product_cat-virbac-sunu-maistas","10":"pa_prekinis-zenklas-virbac","12":"first","13":"instock","14":"taxable","15":"shipping-taxable","16":"purchasable","17":"product-type-variable"},"yoast_head":"<!-- This site is optimized with the Yoast SEO Premium plugin v27.1 (Yoast SEO v27.5) - https:\/\/yoast.com\/product\/yoast-seo-premium-wordpress\/ -->\n<title>Virbac Baby Dog Small &amp; Toy maistas \u0161uniukams - anivet.lt<\/title>\n<meta name=\"description\" content=\"Specialiai sukurtas ma\u017e\u0173 ir nyk\u0161tukini\u0173 veisli\u0173 \u0161uniukams (suaugusi\u0173 \u0161un\u0173 svoris &lt;10 kg) iki 10 m\u0117nesi\u0173 am\u017eiaus. Tinka ir \u0161uningoms bei laktuojan\u010dioms ma\u017e\u0173 veisli\u0173 kal\u0117ms. Pa\u0161aras u\u017etikrina optimali\u0105 mityb\u0105 ir padeda palaikyti sveik\u0105 augim\u0105.\" \/>\n<meta name=\"robots\" content=\"index, follow, max-snippet:-1, max-image-preview:large, max-video-preview:-1\" \/>\n<link rel=\"canonical\" href=\"https:\/\/anivet.lt\/elparduotuve\/produktas\/virbac-baby-dog-small-toy-maistas-suniukams\/\" \/>\n<meta property=\"og:locale\" content=\"lt_LT\" \/>\n<meta property=\"og:type\" content=\"article\" \/>\n<meta property=\"og:title\" content=\"Virbac Baby Dog Small &amp; Toy maistas \u0161uniukams\" \/>\n<meta property=\"og:description\" content=\"Specialiai sukurtas ma\u017e\u0173 ir nyk\u0161tukini\u0173 veisli\u0173 \u0161uniukams (suaugusi\u0173 \u0161un\u0173 svoris &lt;10 kg) iki 10 m\u0117nesi\u0173 am\u017eiaus. Tinka ir \u0161uningoms bei laktuojan\u010dioms ma\u017e\u0173 veisli\u0173 kal\u0117ms. Pa\u0161aras u\u017etikrina optimali\u0105 mityb\u0105 ir padeda palaikyti sveik\u0105 augim\u0105.\" \/>\n<meta property=\"og:url\" content=\"https:\/\/anivet.lt\/elparduotuve\/produktas\/virbac-baby-dog-small-toy-maistas-suniukams\/\" \/>\n<meta property=\"og:site_name\" content=\"anivet.lt\" \/>\n<meta property=\"article:modified_time\" content=\"2026-02-23T16:08:35+00:00\" \/>\n<meta property=\"og:image\" content=\"https:\/\/anivet.lt\/elparduotuve\/wp-content\/uploads\/2023\/12\/Virbac-Baby-Dog-Small-amp-Toy-maistas-suniukams.jpg\" \/>\n\t<meta property=\"og:image:width\" content=\"600\" \/>\n\t<meta property=\"og:image:height\" content=\"600\" \/>\n\t<meta property=\"og:image:type\" content=\"image\/jpeg\" \/>\n<meta name=\"twitter:card\" content=\"summary_large_image\" \/>\n<meta name=\"twitter:label1\" content=\"Est. reading time\" \/>\n\t<meta name=\"twitter:data1\" content=\"1 minut\u0117\" \/>\n<script type=\"application\/ld+json\" class=\"yoast-schema-graph\">{\"@context\":\"https:\\\/\\\/schema.org\",\"@graph\":[{\"@type\":\"WebPage\",\"@id\":\"https:\\\/\\\/anivet.lt\\\/elparduotuve\\\/produktas\\\/virbac-baby-dog-small-toy-maistas-suniukams\\\/\",\"url\":\"https:\\\/\\\/anivet.lt\\\/elparduotuve\\\/produktas\\\/virbac-baby-dog-small-toy-maistas-suniukams\\\/\",\"name\":\"Virbac Baby Dog Small &amp; Toy maistas \u0161uniukams - anivet.lt\",\"isPartOf\":{\"@id\":\"https:\\\/\\\/anivet.lt\\\/elparduotuve\\\/#website\"},\"primaryImageOfPage\":{\"@id\":\"https:\\\/\\\/anivet.lt\\\/elparduotuve\\\/produktas\\\/virbac-baby-dog-small-toy-maistas-suniukams\\\/#primaryimage\"},\"image\":{\"@id\":\"https:\\\/\\\/anivet.lt\\\/elparduotuve\\\/produktas\\\/virbac-baby-dog-small-toy-maistas-suniukams\\\/#primaryimage\"},\"thumbnailUrl\":\"https:\\\/\\\/anivet.lt\\\/elparduotuve\\\/wp-content\\\/uploads\\\/2023\\\/12\\\/Virbac-Baby-Dog-Small-amp-Toy-maistas-suniukams.jpg\",\"datePublished\":\"2023-12-27T16:11:07+00:00\",\"dateModified\":\"2026-02-23T16:08:35+00:00\",\"description\":\"Specialiai sukurtas ma\u017e\u0173 ir nyk\u0161tukini\u0173 veisli\u0173 \u0161uniukams (suaugusi\u0173 \u0161un\u0173 svoris &lt;10 kg) iki 10 m\u0117nesi\u0173 am\u017eiaus. Tinka ir \u0161uningoms bei laktuojan\u010dioms ma\u017e\u0173 veisli\u0173 kal\u0117ms. Pa\u0161aras u\u017etikrina optimali\u0105 mityb\u0105 ir padeda palaikyti sveik\u0105 augim\u0105.\",\"breadcrumb\":{\"@id\":\"https:\\\/\\\/anivet.lt\\\/elparduotuve\\\/produktas\\\/virbac-baby-dog-small-toy-maistas-suniukams\\\/#breadcrumb\"},\"inLanguage\":\"lt-LT\",\"potentialAction\":[{\"@type\":\"ReadAction\",\"target\":[\"https:\\\/\\\/anivet.lt\\\/elparduotuve\\\/produktas\\\/virbac-baby-dog-small-toy-maistas-suniukams\\\/\"]}]},{\"@type\":\"ImageObject\",\"inLanguage\":\"lt-LT\",\"@id\":\"https:\\\/\\\/anivet.lt\\\/elparduotuve\\\/produktas\\\/virbac-baby-dog-small-toy-maistas-suniukams\\\/#primaryimage\",\"url\":\"https:\\\/\\\/anivet.lt\\\/elparduotuve\\\/wp-content\\\/uploads\\\/2023\\\/12\\\/Virbac-Baby-Dog-Small-amp-Toy-maistas-suniukams.jpg\",\"contentUrl\":\"https:\\\/\\\/anivet.lt\\\/elparduotuve\\\/wp-content\\\/uploads\\\/2023\\\/12\\\/Virbac-Baby-Dog-Small-amp-Toy-maistas-suniukams.jpg\",\"width\":600,\"height\":600,\"caption\":\"Virbac Baby Dog Small &amp; Toy maistas \u0161uniukams\"},{\"@type\":\"BreadcrumbList\",\"@id\":\"https:\\\/\\\/anivet.lt\\\/elparduotuve\\\/produktas\\\/virbac-baby-dog-small-toy-maistas-suniukams\\\/#breadcrumb\",\"itemListElement\":[{\"@type\":\"ListItem\",\"position\":1,\"name\":\"Home\",\"item\":\"https:\\\/\\\/anivet.lt\\\/elparduotuve\\\/\"},{\"@type\":\"ListItem\",\"position\":2,\"name\":\"Produktai\",\"item\":\"https:\\\/\\\/anivet.lt\\\/elparduotuve\\\/produktai\\\/\"},{\"@type\":\"ListItem\",\"position\":3,\"name\":\"Virbac Baby Dog Small &amp; Toy maistas \u0161uniukams\"}]},{\"@type\":\"WebSite\",\"@id\":\"https:\\\/\\\/anivet.lt\\\/elparduotuve\\\/#website\",\"url\":\"https:\\\/\\\/anivet.lt\\\/elparduotuve\\\/\",\"name\":\"anivet.lt\",\"description\":\"Viskas J\u016bs\u0173 \u0161uns, kat\u0117s prie\u017ei\u016brai\",\"publisher\":{\"@id\":\"https:\\\/\\\/anivet.lt\\\/elparduotuve\\\/#organization\"},\"alternateName\":\"Viskas J\u016bs\u0173 \u0161uns, kat\u0117s prie\u017ei\u016brai\",\"potentialAction\":[{\"@type\":\"SearchAction\",\"target\":{\"@type\":\"EntryPoint\",\"urlTemplate\":\"https:\\\/\\\/anivet.lt\\\/elparduotuve\\\/?s={search_term_string}\"},\"query-input\":{\"@type\":\"PropertyValueSpecification\",\"valueRequired\":true,\"valueName\":\"search_term_string\"}}],\"inLanguage\":\"lt-LT\"},{\"@type\":\"Organization\",\"@id\":\"https:\\\/\\\/anivet.lt\\\/elparduotuve\\\/#organization\",\"name\":\"Viskas J\u016bs\u0173 \u0161uns, kat\u0117s prie\u017ei\u016brai\",\"url\":\"https:\\\/\\\/anivet.lt\\\/elparduotuve\\\/\",\"logo\":{\"@type\":\"ImageObject\",\"inLanguage\":\"lt-LT\",\"@id\":\"https:\\\/\\\/anivet.lt\\\/elparduotuve\\\/#\\\/schema\\\/logo\\\/image\\\/\",\"url\":\"https:\\\/\\\/anivet.lt\\\/elparduotuve\\\/wp-content\\\/uploads\\\/2023\\\/06\\\/logo2.jpg\",\"contentUrl\":\"https:\\\/\\\/anivet.lt\\\/elparduotuve\\\/wp-content\\\/uploads\\\/2023\\\/06\\\/logo2.jpg\",\"width\":655,\"height\":194,\"caption\":\"Viskas J\u016bs\u0173 \u0161uns, kat\u0117s prie\u017ei\u016brai\"},\"image\":{\"@id\":\"https:\\\/\\\/anivet.lt\\\/elparduotuve\\\/#\\\/schema\\\/logo\\\/image\\\/\"}}]}<\/script>\n<!-- \/ Yoast SEO Premium plugin. -->","yoast_head_json":{"title":"Virbac Baby Dog Small &amp; Toy maistas \u0161uniukams - anivet.lt","description":"Specialiai sukurtas ma\u017e\u0173 ir nyk\u0161tukini\u0173 veisli\u0173 \u0161uniukams (suaugusi\u0173 \u0161un\u0173 svoris &lt;10 kg) iki 10 m\u0117nesi\u0173 am\u017eiaus. Tinka ir \u0161uningoms bei laktuojan\u010dioms ma\u017e\u0173 veisli\u0173 kal\u0117ms. Pa\u0161aras u\u017etikrina optimali\u0105 mityb\u0105 ir padeda palaikyti sveik\u0105 augim\u0105.","robots":{"index":"index","follow":"follow","max-snippet":"max-snippet:-1","max-image-preview":"max-image-preview:large","max-video-preview":"max-video-preview:-1"},"canonical":"https:\/\/anivet.lt\/elparduotuve\/produktas\/virbac-baby-dog-small-toy-maistas-suniukams\/","og_locale":"lt_LT","og_type":"article","og_title":"Virbac Baby Dog Small &amp; Toy maistas \u0161uniukams","og_description":"Specialiai sukurtas ma\u017e\u0173 ir nyk\u0161tukini\u0173 veisli\u0173 \u0161uniukams (suaugusi\u0173 \u0161un\u0173 svoris &lt;10 kg) iki 10 m\u0117nesi\u0173 am\u017eiaus. Tinka ir \u0161uningoms bei laktuojan\u010dioms ma\u017e\u0173 veisli\u0173 kal\u0117ms. Pa\u0161aras u\u017etikrina optimali\u0105 mityb\u0105 ir padeda palaikyti sveik\u0105 augim\u0105.","og_url":"https:\/\/anivet.lt\/elparduotuve\/produktas\/virbac-baby-dog-small-toy-maistas-suniukams\/","og_site_name":"anivet.lt","article_modified_time":"2026-02-23T16:08:35+00:00","og_image":[{"width":600,"height":600,"url":"https:\/\/anivet.lt\/elparduotuve\/wp-content\/uploads\/2023\/12\/Virbac-Baby-Dog-Small-amp-Toy-maistas-suniukams.jpg","type":"image\/jpeg"}],"twitter_card":"summary_large_image","twitter_misc":{"Est. reading time":"1 minut\u0117"},"schema":{"@context":"https:\/\/schema.org","@graph":[{"@type":"WebPage","@id":"https:\/\/anivet.lt\/elparduotuve\/produktas\/virbac-baby-dog-small-toy-maistas-suniukams\/","url":"https:\/\/anivet.lt\/elparduotuve\/produktas\/virbac-baby-dog-small-toy-maistas-suniukams\/","name":"Virbac Baby Dog Small &amp; Toy maistas \u0161uniukams - anivet.lt","isPartOf":{"@id":"https:\/\/anivet.lt\/elparduotuve\/#website"},"primaryImageOfPage":{"@id":"https:\/\/anivet.lt\/elparduotuve\/produktas\/virbac-baby-dog-small-toy-maistas-suniukams\/#primaryimage"},"image":{"@id":"https:\/\/anivet.lt\/elparduotuve\/produktas\/virbac-baby-dog-small-toy-maistas-suniukams\/#primaryimage"},"thumbnailUrl":"https:\/\/anivet.lt\/elparduotuve\/wp-content\/uploads\/2023\/12\/Virbac-Baby-Dog-Small-amp-Toy-maistas-suniukams.jpg","datePublished":"2023-12-27T16:11:07+00:00","dateModified":"2026-02-23T16:08:35+00:00","description":"Specialiai sukurtas ma\u017e\u0173 ir nyk\u0161tukini\u0173 veisli\u0173 \u0161uniukams (suaugusi\u0173 \u0161un\u0173 svoris &lt;10 kg) iki 10 m\u0117nesi\u0173 am\u017eiaus. Tinka ir \u0161uningoms bei laktuojan\u010dioms ma\u017e\u0173 veisli\u0173 kal\u0117ms. Pa\u0161aras u\u017etikrina optimali\u0105 mityb\u0105 ir padeda palaikyti sveik\u0105 augim\u0105.","breadcrumb":{"@id":"https:\/\/anivet.lt\/elparduotuve\/produktas\/virbac-baby-dog-small-toy-maistas-suniukams\/#breadcrumb"},"inLanguage":"lt-LT","potentialAction":[{"@type":"ReadAction","target":["https:\/\/anivet.lt\/elparduotuve\/produktas\/virbac-baby-dog-small-toy-maistas-suniukams\/"]}]},{"@type":"ImageObject","inLanguage":"lt-LT","@id":"https:\/\/anivet.lt\/elparduotuve\/produktas\/virbac-baby-dog-small-toy-maistas-suniukams\/#primaryimage","url":"https:\/\/anivet.lt\/elparduotuve\/wp-content\/uploads\/2023\/12\/Virbac-Baby-Dog-Small-amp-Toy-maistas-suniukams.jpg","contentUrl":"https:\/\/anivet.lt\/elparduotuve\/wp-content\/uploads\/2023\/12\/Virbac-Baby-Dog-Small-amp-Toy-maistas-suniukams.jpg","width":600,"height":600,"caption":"Virbac Baby Dog Small &amp; Toy maistas \u0161uniukams"},{"@type":"BreadcrumbList","@id":"https:\/\/anivet.lt\/elparduotuve\/produktas\/virbac-baby-dog-small-toy-maistas-suniukams\/#breadcrumb","itemListElement":[{"@type":"ListItem","position":1,"name":"Home","item":"https:\/\/anivet.lt\/elparduotuve\/"},{"@type":"ListItem","position":2,"name":"Produktai","item":"https:\/\/anivet.lt\/elparduotuve\/produktai\/"},{"@type":"ListItem","position":3,"name":"Virbac Baby Dog Small &amp; Toy maistas \u0161uniukams"}]},{"@type":"WebSite","@id":"https:\/\/anivet.lt\/elparduotuve\/#website","url":"https:\/\/anivet.lt\/elparduotuve\/","name":"anivet.lt","description":"Viskas J\u016bs\u0173 \u0161uns, kat\u0117s prie\u017ei\u016brai","publisher":{"@id":"https:\/\/anivet.lt\/elparduotuve\/#organization"},"alternateName":"Viskas J\u016bs\u0173 \u0161uns, kat\u0117s prie\u017ei\u016brai","potentialAction":[{"@type":"SearchAction","target":{"@type":"EntryPoint","urlTemplate":"https:\/\/anivet.lt\/elparduotuve\/?s={search_term_string}"},"query-input":{"@type":"PropertyValueSpecification","valueRequired":true,"valueName":"search_term_string"}}],"inLanguage":"lt-LT"},{"@type":"Organization","@id":"https:\/\/anivet.lt\/elparduotuve\/#organization","name":"Viskas J\u016bs\u0173 \u0161uns, kat\u0117s prie\u017ei\u016brai","url":"https:\/\/anivet.lt\/elparduotuve\/","logo":{"@type":"ImageObject","inLanguage":"lt-LT","@id":"https:\/\/anivet.lt\/elparduotuve\/#\/schema\/logo\/image\/","url":"https:\/\/anivet.lt\/elparduotuve\/wp-content\/uploads\/2023\/06\/logo2.jpg","contentUrl":"https:\/\/anivet.lt\/elparduotuve\/wp-content\/uploads\/2023\/06\/logo2.jpg","width":655,"height":194,"caption":"Viskas J\u016bs\u0173 \u0161uns, kat\u0117s prie\u017ei\u016brai"},"image":{"@id":"https:\/\/anivet.lt\/elparduotuve\/#\/schema\/logo\/image\/"}}]}},"_links":{"self":[{"href":"https:\/\/anivet.lt\/elparduotuve\/wp-json\/wp\/v2\/product\/12564","targetHints":{"allow":["GET"]}}],"collection":[{"href":"https:\/\/anivet.lt\/elparduotuve\/wp-json\/wp\/v2\/product"}],"about":[{"href":"https:\/\/anivet.lt\/elparduotuve\/wp-json\/wp\/v2\/types\/product"}],"wp:featuredmedia":[{"embeddable":true,"href":"https:\/\/anivet.lt\/elparduotuve\/wp-json\/wp\/v2\/media\/18942"}],"wp:attachment":[{"href":"https:\/\/anivet.lt\/elparduotuve\/wp-json\/wp\/v2\/media?parent=12564"}],"wp:term":[{"taxonomy":"product_brand","embeddable":true,"href":"https:\/\/anivet.lt\/elparduotuve\/wp-json\/wp\/v2\/product_brand?post=12564"},{"taxonomy":"product_cat","embeddable":true,"href":"https:\/\/anivet.lt\/elparduotuve\/wp-json\/wp\/v2\/product_cat?post=12564"},{"taxonomy":"product_tag","embeddable":true,"href":"https:\/\/anivet.lt\/elparduotuve\/wp-json\/wp\/v2\/product_tag?post=12564"}],"curies":[{"name":"wp","href":"https:\/\/api.w.org\/{rel}","templated":true}]}}