{"id":12617,"date":"2024-01-08T10:39:08","date_gmt":"2024-01-08T10:39:08","guid":{"rendered":"https:\/\/anivet.lt\/elparduotuve\/?post_type=product&#038;p=12617"},"modified":"2025-08-05T20:02:50","modified_gmt":"2025-08-05T20:02:50","slug":"calibra-vd-dog-snack-gastrointestinal-120g-skanestai-sunims","status":"publish","type":"product","link":"https:\/\/anivet.lt\/elparduotuve\/produktas\/calibra-vd-dog-snack-gastrointestinal-120g-skanestai-sunims\/","title":{"rendered":"CALIBRA VD Dog snack Gastrointestinal 120g skan\u0117stai \u0161unims"},"content":{"rendered":"<ul>\n<li style=\"font-weight: 400;\" aria-level=\"1\"><span style=\"font-weight: 400;\">Suderinamumas su veterinarin\u0117mis dietomis: U\u017etikrina tinkam\u0105 mityb\u0105 net \u0161eriant veterinarine dieta.<\/span><\/li>\n<li style=\"font-weight: 400;\" aria-level=\"1\"><span style=\"font-weight: 400;\">Lengvai vir\u0161kinami ingredientai: La\u0161i\u0161a, ry\u017eiai ir kiti auk\u0161tos kokyb\u0117s ingredientai lengvai \u012fsisavinami.<\/span><\/li>\n<li style=\"font-weight: 400;\" aria-level=\"1\"><span style=\"font-weight: 400;\">Puikus skonis: Sud\u0117tyje yra \u0161vie\u017eios la\u0161i\u0161os, tod\u0117l skan\u0117stai patinka net i\u0161rankiems \u0161unims.<\/span><\/li>\n<li style=\"font-weight: 400;\" aria-level=\"1\"><span style=\"font-weight: 400;\">Vir\u0161kinamojo trakto funkcijos palaikymas: Sud\u0117tyje yra prebiotik\u0173 (FOS, MOS) ir beta gliukan\u0173, kurie stiprina \u017earnyno mikroflor\u0105.<\/span><\/li>\n<li style=\"font-weight: 400;\" aria-level=\"1\"><span style=\"font-weight: 400;\">Omega-3 ir omega-6 riebal\u0173 r\u016bg\u0161tys: Padeda palaikyti odos ir kailio sveikat\u0105.<\/span><\/li>\n<\/ul>\n<p><span style=\"font-weight: 400;\">\u0160ie skan\u0117stai ne tik leid\u017eia apdovanoti savo augintin\u012f, bet ir aktyviai prisideda prie jo vir\u0161kinamojo trakto sveikatos. D\u0117l subalansuotos sud\u0117ties, jie puikiai dera su veterinarin\u0117mis dietomis ir u\u017etikrina, kad \u0161uo gaut\u0173 visas jam reikalingas maistines med\u017eiagas.<\/span><\/p>\n","protected":false},"excerpt":{"rendered":"<p align=\"left\"><span style=\"font-weight: 400;\">Special\u016bs veterinariniai skan\u0117stai, skirti \u0161unims, ken\u010diantiems nuo vir\u0161kinamojo trakto sutrikim\u0173, pankreatito ar egzokrininio kasos nepakankamumo. Jie yra puikus b\u016bdas apdovanoti \u0161un\u012f, nesuderinant veterinarin\u0117s dietos.<\/span><\/p>\n","protected":false},"featured_media":12618,"template":"","meta":[],"product_brand":[],"product_cat":[101,103,106,332],"product_tag":[],"class_list":{"0":"post-12617","1":"product","2":"type-product","3":"status-publish","4":"has-post-thumbnail","6":"product_cat-sunims","7":"product_cat-sunu-maistas","8":"product_cat-skanestai","9":"product_cat-calibra-sunu-maistas","10":"pa_prekinis-zenklas-calibra","12":"first","13":"instock","14":"taxable","15":"shipping-taxable","16":"purchasable","17":"product-type-simple"},"yoast_head":"<!-- This site is optimized with the Yoast SEO Premium plugin v27.1 (Yoast SEO v27.5) - https:\/\/yoast.com\/product\/yoast-seo-premium-wordpress\/ -->\n<title>CALIBRA VD Dog snack Gastrointestinal 120g skan\u0117stai \u0161unims - anivet.lt<\/title>\n<meta name=\"description\" content=\"Special\u016bs veterinariniai skan\u0117stai, skirti \u0161unims, ken\u010diantiems nuo vir\u0161kinamojo trakto sutrikim\u0173, pankreatito ar egzokrininio kasos nepakankamumo. Jie yra puikus b\u016bdas apdovanoti \u0161un\u012f, nesuderinant veterinarin\u0117s dietos.\" \/>\n<meta name=\"robots\" content=\"index, follow, max-snippet:-1, max-image-preview:large, max-video-preview:-1\" \/>\n<link rel=\"canonical\" href=\"https:\/\/anivet.lt\/elparduotuve\/produktas\/calibra-vd-dog-snack-gastrointestinal-120g-skanestai-sunims\/\" \/>\n<meta property=\"og:locale\" content=\"lt_LT\" \/>\n<meta property=\"og:type\" content=\"article\" \/>\n<meta property=\"og:title\" content=\"CALIBRA VD Dog snack Gastrointestinal 120g skan\u0117stai \u0161unims\" \/>\n<meta property=\"og:description\" content=\"Special\u016bs veterinariniai skan\u0117stai, skirti \u0161unims, ken\u010diantiems nuo vir\u0161kinamojo trakto sutrikim\u0173, pankreatito ar egzokrininio kasos nepakankamumo. Jie yra puikus b\u016bdas apdovanoti \u0161un\u012f, nesuderinant veterinarin\u0117s dietos.\" \/>\n<meta property=\"og:url\" content=\"https:\/\/anivet.lt\/elparduotuve\/produktas\/calibra-vd-dog-snack-gastrointestinal-120g-skanestai-sunims\/\" \/>\n<meta property=\"og:site_name\" content=\"anivet.lt\" \/>\n<meta property=\"article:modified_time\" content=\"2025-08-05T20:02:50+00:00\" \/>\n<meta property=\"og:image\" content=\"https:\/\/anivet.lt\/elparduotuve\/wp-content\/uploads\/2024\/01\/lit_pl_Calibra-VD-Gastrointestinal-Crunchy-Snack-120g-64155_1.jpg\" \/>\n\t<meta property=\"og:image:width\" content=\"546\" \/>\n\t<meta property=\"og:image:height\" content=\"643\" \/>\n\t<meta property=\"og:image:type\" content=\"image\/jpeg\" \/>\n<meta name=\"twitter:card\" content=\"summary_large_image\" \/>\n<meta name=\"twitter:label1\" content=\"Est. reading time\" \/>\n\t<meta name=\"twitter:data1\" content=\"1 minut\u0117\" \/>\n<script type=\"application\/ld+json\" class=\"yoast-schema-graph\">{\"@context\":\"https:\\\/\\\/schema.org\",\"@graph\":[{\"@type\":\"WebPage\",\"@id\":\"https:\\\/\\\/anivet.lt\\\/elparduotuve\\\/produktas\\\/calibra-vd-dog-snack-gastrointestinal-120g-skanestai-sunims\\\/\",\"url\":\"https:\\\/\\\/anivet.lt\\\/elparduotuve\\\/produktas\\\/calibra-vd-dog-snack-gastrointestinal-120g-skanestai-sunims\\\/\",\"name\":\"CALIBRA VD Dog snack Gastrointestinal 120g skan\u0117stai \u0161unims - anivet.lt\",\"isPartOf\":{\"@id\":\"https:\\\/\\\/anivet.lt\\\/elparduotuve\\\/#website\"},\"primaryImageOfPage\":{\"@id\":\"https:\\\/\\\/anivet.lt\\\/elparduotuve\\\/produktas\\\/calibra-vd-dog-snack-gastrointestinal-120g-skanestai-sunims\\\/#primaryimage\"},\"image\":{\"@id\":\"https:\\\/\\\/anivet.lt\\\/elparduotuve\\\/produktas\\\/calibra-vd-dog-snack-gastrointestinal-120g-skanestai-sunims\\\/#primaryimage\"},\"thumbnailUrl\":\"https:\\\/\\\/anivet.lt\\\/elparduotuve\\\/wp-content\\\/uploads\\\/2024\\\/01\\\/lit_pl_Calibra-VD-Gastrointestinal-Crunchy-Snack-120g-64155_1.jpg\",\"datePublished\":\"2024-01-08T10:39:08+00:00\",\"dateModified\":\"2025-08-05T20:02:50+00:00\",\"description\":\"Special\u016bs veterinariniai skan\u0117stai, skirti \u0161unims, ken\u010diantiems nuo vir\u0161kinamojo trakto sutrikim\u0173, pankreatito ar egzokrininio kasos nepakankamumo. Jie yra puikus b\u016bdas apdovanoti \u0161un\u012f, nesuderinant veterinarin\u0117s dietos.\",\"breadcrumb\":{\"@id\":\"https:\\\/\\\/anivet.lt\\\/elparduotuve\\\/produktas\\\/calibra-vd-dog-snack-gastrointestinal-120g-skanestai-sunims\\\/#breadcrumb\"},\"inLanguage\":\"lt-LT\",\"potentialAction\":[{\"@type\":\"ReadAction\",\"target\":[\"https:\\\/\\\/anivet.lt\\\/elparduotuve\\\/produktas\\\/calibra-vd-dog-snack-gastrointestinal-120g-skanestai-sunims\\\/\"]}]},{\"@type\":\"ImageObject\",\"inLanguage\":\"lt-LT\",\"@id\":\"https:\\\/\\\/anivet.lt\\\/elparduotuve\\\/produktas\\\/calibra-vd-dog-snack-gastrointestinal-120g-skanestai-sunims\\\/#primaryimage\",\"url\":\"https:\\\/\\\/anivet.lt\\\/elparduotuve\\\/wp-content\\\/uploads\\\/2024\\\/01\\\/lit_pl_Calibra-VD-Gastrointestinal-Crunchy-Snack-120g-64155_1.jpg\",\"contentUrl\":\"https:\\\/\\\/anivet.lt\\\/elparduotuve\\\/wp-content\\\/uploads\\\/2024\\\/01\\\/lit_pl_Calibra-VD-Gastrointestinal-Crunchy-Snack-120g-64155_1.jpg\",\"width\":546,\"height\":643,\"caption\":\"CALIBRA VD Dog snack Gastrointestinal 120g skan\u0117stai \u0161unims\"},{\"@type\":\"BreadcrumbList\",\"@id\":\"https:\\\/\\\/anivet.lt\\\/elparduotuve\\\/produktas\\\/calibra-vd-dog-snack-gastrointestinal-120g-skanestai-sunims\\\/#breadcrumb\",\"itemListElement\":[{\"@type\":\"ListItem\",\"position\":1,\"name\":\"Home\",\"item\":\"https:\\\/\\\/anivet.lt\\\/elparduotuve\\\/\"},{\"@type\":\"ListItem\",\"position\":2,\"name\":\"Produktai\",\"item\":\"https:\\\/\\\/anivet.lt\\\/elparduotuve\\\/produktai\\\/\"},{\"@type\":\"ListItem\",\"position\":3,\"name\":\"CALIBRA VD Dog snack Gastrointestinal 120g skan\u0117stai \u0161unims\"}]},{\"@type\":\"WebSite\",\"@id\":\"https:\\\/\\\/anivet.lt\\\/elparduotuve\\\/#website\",\"url\":\"https:\\\/\\\/anivet.lt\\\/elparduotuve\\\/\",\"name\":\"anivet.lt\",\"description\":\"Viskas J\u016bs\u0173 \u0161uns, kat\u0117s prie\u017ei\u016brai\",\"publisher\":{\"@id\":\"https:\\\/\\\/anivet.lt\\\/elparduotuve\\\/#organization\"},\"alternateName\":\"Viskas J\u016bs\u0173 \u0161uns, kat\u0117s prie\u017ei\u016brai\",\"potentialAction\":[{\"@type\":\"SearchAction\",\"target\":{\"@type\":\"EntryPoint\",\"urlTemplate\":\"https:\\\/\\\/anivet.lt\\\/elparduotuve\\\/?s={search_term_string}\"},\"query-input\":{\"@type\":\"PropertyValueSpecification\",\"valueRequired\":true,\"valueName\":\"search_term_string\"}}],\"inLanguage\":\"lt-LT\"},{\"@type\":\"Organization\",\"@id\":\"https:\\\/\\\/anivet.lt\\\/elparduotuve\\\/#organization\",\"name\":\"Viskas J\u016bs\u0173 \u0161uns, kat\u0117s prie\u017ei\u016brai\",\"url\":\"https:\\\/\\\/anivet.lt\\\/elparduotuve\\\/\",\"logo\":{\"@type\":\"ImageObject\",\"inLanguage\":\"lt-LT\",\"@id\":\"https:\\\/\\\/anivet.lt\\\/elparduotuve\\\/#\\\/schema\\\/logo\\\/image\\\/\",\"url\":\"https:\\\/\\\/anivet.lt\\\/elparduotuve\\\/wp-content\\\/uploads\\\/2023\\\/06\\\/logo2.jpg\",\"contentUrl\":\"https:\\\/\\\/anivet.lt\\\/elparduotuve\\\/wp-content\\\/uploads\\\/2023\\\/06\\\/logo2.jpg\",\"width\":655,\"height\":194,\"caption\":\"Viskas J\u016bs\u0173 \u0161uns, kat\u0117s prie\u017ei\u016brai\"},\"image\":{\"@id\":\"https:\\\/\\\/anivet.lt\\\/elparduotuve\\\/#\\\/schema\\\/logo\\\/image\\\/\"}}]}<\/script>\n<!-- \/ Yoast SEO Premium plugin. -->","yoast_head_json":{"title":"CALIBRA VD Dog snack Gastrointestinal 120g skan\u0117stai \u0161unims - anivet.lt","description":"Special\u016bs veterinariniai skan\u0117stai, skirti \u0161unims, ken\u010diantiems nuo vir\u0161kinamojo trakto sutrikim\u0173, pankreatito ar egzokrininio kasos nepakankamumo. Jie yra puikus b\u016bdas apdovanoti \u0161un\u012f, nesuderinant veterinarin\u0117s dietos.","robots":{"index":"index","follow":"follow","max-snippet":"max-snippet:-1","max-image-preview":"max-image-preview:large","max-video-preview":"max-video-preview:-1"},"canonical":"https:\/\/anivet.lt\/elparduotuve\/produktas\/calibra-vd-dog-snack-gastrointestinal-120g-skanestai-sunims\/","og_locale":"lt_LT","og_type":"article","og_title":"CALIBRA VD Dog snack Gastrointestinal 120g skan\u0117stai \u0161unims","og_description":"Special\u016bs veterinariniai skan\u0117stai, skirti \u0161unims, ken\u010diantiems nuo vir\u0161kinamojo trakto sutrikim\u0173, pankreatito ar egzokrininio kasos nepakankamumo. Jie yra puikus b\u016bdas apdovanoti \u0161un\u012f, nesuderinant veterinarin\u0117s dietos.","og_url":"https:\/\/anivet.lt\/elparduotuve\/produktas\/calibra-vd-dog-snack-gastrointestinal-120g-skanestai-sunims\/","og_site_name":"anivet.lt","article_modified_time":"2025-08-05T20:02:50+00:00","og_image":[{"width":546,"height":643,"url":"https:\/\/anivet.lt\/elparduotuve\/wp-content\/uploads\/2024\/01\/lit_pl_Calibra-VD-Gastrointestinal-Crunchy-Snack-120g-64155_1.jpg","type":"image\/jpeg"}],"twitter_card":"summary_large_image","twitter_misc":{"Est. reading time":"1 minut\u0117"},"schema":{"@context":"https:\/\/schema.org","@graph":[{"@type":"WebPage","@id":"https:\/\/anivet.lt\/elparduotuve\/produktas\/calibra-vd-dog-snack-gastrointestinal-120g-skanestai-sunims\/","url":"https:\/\/anivet.lt\/elparduotuve\/produktas\/calibra-vd-dog-snack-gastrointestinal-120g-skanestai-sunims\/","name":"CALIBRA VD Dog snack Gastrointestinal 120g skan\u0117stai \u0161unims - anivet.lt","isPartOf":{"@id":"https:\/\/anivet.lt\/elparduotuve\/#website"},"primaryImageOfPage":{"@id":"https:\/\/anivet.lt\/elparduotuve\/produktas\/calibra-vd-dog-snack-gastrointestinal-120g-skanestai-sunims\/#primaryimage"},"image":{"@id":"https:\/\/anivet.lt\/elparduotuve\/produktas\/calibra-vd-dog-snack-gastrointestinal-120g-skanestai-sunims\/#primaryimage"},"thumbnailUrl":"https:\/\/anivet.lt\/elparduotuve\/wp-content\/uploads\/2024\/01\/lit_pl_Calibra-VD-Gastrointestinal-Crunchy-Snack-120g-64155_1.jpg","datePublished":"2024-01-08T10:39:08+00:00","dateModified":"2025-08-05T20:02:50+00:00","description":"Special\u016bs veterinariniai skan\u0117stai, skirti \u0161unims, ken\u010diantiems nuo vir\u0161kinamojo trakto sutrikim\u0173, pankreatito ar egzokrininio kasos nepakankamumo. Jie yra puikus b\u016bdas apdovanoti \u0161un\u012f, nesuderinant veterinarin\u0117s dietos.","breadcrumb":{"@id":"https:\/\/anivet.lt\/elparduotuve\/produktas\/calibra-vd-dog-snack-gastrointestinal-120g-skanestai-sunims\/#breadcrumb"},"inLanguage":"lt-LT","potentialAction":[{"@type":"ReadAction","target":["https:\/\/anivet.lt\/elparduotuve\/produktas\/calibra-vd-dog-snack-gastrointestinal-120g-skanestai-sunims\/"]}]},{"@type":"ImageObject","inLanguage":"lt-LT","@id":"https:\/\/anivet.lt\/elparduotuve\/produktas\/calibra-vd-dog-snack-gastrointestinal-120g-skanestai-sunims\/#primaryimage","url":"https:\/\/anivet.lt\/elparduotuve\/wp-content\/uploads\/2024\/01\/lit_pl_Calibra-VD-Gastrointestinal-Crunchy-Snack-120g-64155_1.jpg","contentUrl":"https:\/\/anivet.lt\/elparduotuve\/wp-content\/uploads\/2024\/01\/lit_pl_Calibra-VD-Gastrointestinal-Crunchy-Snack-120g-64155_1.jpg","width":546,"height":643,"caption":"CALIBRA VD Dog snack Gastrointestinal 120g skan\u0117stai \u0161unims"},{"@type":"BreadcrumbList","@id":"https:\/\/anivet.lt\/elparduotuve\/produktas\/calibra-vd-dog-snack-gastrointestinal-120g-skanestai-sunims\/#breadcrumb","itemListElement":[{"@type":"ListItem","position":1,"name":"Home","item":"https:\/\/anivet.lt\/elparduotuve\/"},{"@type":"ListItem","position":2,"name":"Produktai","item":"https:\/\/anivet.lt\/elparduotuve\/produktai\/"},{"@type":"ListItem","position":3,"name":"CALIBRA VD Dog snack Gastrointestinal 120g skan\u0117stai \u0161unims"}]},{"@type":"WebSite","@id":"https:\/\/anivet.lt\/elparduotuve\/#website","url":"https:\/\/anivet.lt\/elparduotuve\/","name":"anivet.lt","description":"Viskas J\u016bs\u0173 \u0161uns, kat\u0117s prie\u017ei\u016brai","publisher":{"@id":"https:\/\/anivet.lt\/elparduotuve\/#organization"},"alternateName":"Viskas J\u016bs\u0173 \u0161uns, kat\u0117s prie\u017ei\u016brai","potentialAction":[{"@type":"SearchAction","target":{"@type":"EntryPoint","urlTemplate":"https:\/\/anivet.lt\/elparduotuve\/?s={search_term_string}"},"query-input":{"@type":"PropertyValueSpecification","valueRequired":true,"valueName":"search_term_string"}}],"inLanguage":"lt-LT"},{"@type":"Organization","@id":"https:\/\/anivet.lt\/elparduotuve\/#organization","name":"Viskas J\u016bs\u0173 \u0161uns, kat\u0117s prie\u017ei\u016brai","url":"https:\/\/anivet.lt\/elparduotuve\/","logo":{"@type":"ImageObject","inLanguage":"lt-LT","@id":"https:\/\/anivet.lt\/elparduotuve\/#\/schema\/logo\/image\/","url":"https:\/\/anivet.lt\/elparduotuve\/wp-content\/uploads\/2023\/06\/logo2.jpg","contentUrl":"https:\/\/anivet.lt\/elparduotuve\/wp-content\/uploads\/2023\/06\/logo2.jpg","width":655,"height":194,"caption":"Viskas J\u016bs\u0173 \u0161uns, kat\u0117s prie\u017ei\u016brai"},"image":{"@id":"https:\/\/anivet.lt\/elparduotuve\/#\/schema\/logo\/image\/"}}]}},"_links":{"self":[{"href":"https:\/\/anivet.lt\/elparduotuve\/wp-json\/wp\/v2\/product\/12617","targetHints":{"allow":["GET"]}}],"collection":[{"href":"https:\/\/anivet.lt\/elparduotuve\/wp-json\/wp\/v2\/product"}],"about":[{"href":"https:\/\/anivet.lt\/elparduotuve\/wp-json\/wp\/v2\/types\/product"}],"wp:featuredmedia":[{"embeddable":true,"href":"https:\/\/anivet.lt\/elparduotuve\/wp-json\/wp\/v2\/media\/12618"}],"wp:attachment":[{"href":"https:\/\/anivet.lt\/elparduotuve\/wp-json\/wp\/v2\/media?parent=12617"}],"wp:term":[{"taxonomy":"product_brand","embeddable":true,"href":"https:\/\/anivet.lt\/elparduotuve\/wp-json\/wp\/v2\/product_brand?post=12617"},{"taxonomy":"product_cat","embeddable":true,"href":"https:\/\/anivet.lt\/elparduotuve\/wp-json\/wp\/v2\/product_cat?post=12617"},{"taxonomy":"product_tag","embeddable":true,"href":"https:\/\/anivet.lt\/elparduotuve\/wp-json\/wp\/v2\/product_tag?post=12617"}],"curies":[{"name":"wp","href":"https:\/\/api.w.org\/{rel}","templated":true}]}}