{"id":12619,"date":"2024-01-08T11:33:09","date_gmt":"2024-01-08T11:33:09","guid":{"rendered":"https:\/\/anivet.lt\/elparduotuve\/?post_type=product&#038;p=12619"},"modified":"2026-02-23T15:42:15","modified_gmt":"2026-02-23T15:42:15","slug":"virbac-junior-dog-medium-maistas-jauniems-vidutiniu-veisliu-sunims12kg","status":"publish","type":"product","link":"https:\/\/anivet.lt\/elparduotuve\/produktas\/virbac-junior-dog-medium-maistas-jauniems-vidutiniu-veisliu-sunims12kg\/","title":{"rendered":"Virbac Junior Dog Medium maistas jauniems, vidutini\u0173 veisli\u0173 \u0161unims 12kg"},"content":{"rendered":"<ul>\n<li><span style=\"font-weight: 400;\">Subalansuota mityba: Sud\u0117tis pritaikyta suma\u017e\u0117jusiam energijos ir maistini\u0173 med\u017eiag\u0173 poreikiui po intensyvaus augimo.<\/span><\/li>\n<li style=\"font-weight: 400;\" aria-level=\"1\"><span style=\"font-weight: 400;\">Svorio kontrol\u0117: Padeda i\u0161vengti antsvorio, kuris gali neigiamai paveikti kaul\u0173 ir s\u0105nari\u0173 vystym\u0105si.<\/span><\/li>\n<li style=\"font-weight: 400;\" aria-level=\"1\"><span style=\"font-weight: 400;\">Sveikai odai ir kailiui: \u017duv\u0173 aliejus ir lin\u0173 s\u0117menys yra omega-3 riebal\u0173 r\u016bg\u0161\u010di\u0173 \u0161altinis, u\u017etikrinantis sveik\u0105 odos b\u016bkl\u0119 ir \u017evilgant\u012f kail\u012f.<\/span><\/li>\n<li style=\"font-weight: 400;\" aria-level=\"1\"><span style=\"font-weight: 400;\">Optimalus vir\u0161kinimas: Sud\u0117tyje esantys frukto-oligosacharidai ir gyslo\u010dio skaidulos palaiko \u017earnyno mikroflor\u0105 ir gerina vir\u0161kinim\u0105.<\/span><\/li>\n<li style=\"font-weight: 400;\" aria-level=\"1\"><span style=\"font-weight: 400;\">Kokybi\u0161ki baltymai: Dehidratuoti kiaulienos ir pauk\u0161tienos baltymai u\u017etikrina sveik\u0105 raumen\u0173 vystym\u0105si ir bendr\u0105 gerov\u0119.<\/span><\/li>\n<\/ul>\n<p><span style=\"font-weight: 400;\">Puikus pasirinkimas jauniems vidutini\u0173 veisli\u0173 \u0161unims, pereinant \u012f ma\u017eiau intensyv\u0173 augimo etap\u0105. Subalansuota sud\u0117tis, optimalus kalorij\u0173 kiekis ir kokybi\u0161ki ingredientai padeda u\u017etikrinti sveik\u0105 kaul\u0173 ir s\u0105nari\u0173 vystym\u0105si, o tuo pa\u010diu palaikyti sveik\u0105 svor\u012f.<\/span><\/p>\n","protected":false},"excerpt":{"rendered":"<p><span style=\"color: #ff0000;\"><strong>D\u0117l u\u017esakymo teirautis tel. +370 671 55300 arba fizin\u0117je parduotuv\u0117je.<\/strong><\/span><\/p>\n<p><span style=\"font-weight: 400;\">\u0160is pa\u0161aras yra specialiai pritaikytas jauniems vidutini\u0173 veisli\u0173 \u0161unims (11\u201325 kg), pasibaigus intensyviausiam augimo laikotarpiui (nuo 7 iki 12 m\u0117nesi\u0173). Subalansuota formul\u0117 padeda reguliuoti svor\u012f, palaikyti sveik\u0105 kaul\u0173 ir s\u0105nari\u0173 vystym\u0105si bei u\u017etikrina tinkam\u0105 mityb\u0105 pereinamuoju laikotarpiu.<\/span><\/p>\n","protected":false},"featured_media":19760,"template":"","meta":[],"product_brand":[],"product_cat":[101,103,104,337],"product_tag":[],"class_list":{"0":"post-12619","1":"product","2":"type-product","3":"status-publish","4":"has-post-thumbnail","6":"product_cat-sunims","7":"product_cat-sunu-maistas","8":"product_cat-sausas-maistas","9":"product_cat-virbac-sunu-maistas","10":"pa_prekinis-zenklas-virbac","12":"first","13":"onbackorder","14":"taxable","15":"shipping-taxable","16":"product-type-simple"},"yoast_head":"<!-- This site is optimized with the Yoast SEO Premium plugin v27.1 (Yoast SEO v27.3) - https:\/\/yoast.com\/product\/yoast-seo-premium-wordpress\/ -->\n<title>Virbac Junior Dog Medium maistas jauniems, vidutini\u0173 veisli\u0173 \u0161unims 12kg - anivet.lt<\/title>\n<meta name=\"description\" content=\"D\u0117l u\u017esakymo teirautis tel. +370 671 55300 arba fizin\u0117je parduotuv\u0117je.  \u0160is pa\u0161aras yra specialiai pritaikytas jauniems vidutini\u0173 veisli\u0173 \u0161unims (11\u201325 kg), pasibaigus intensyviausiam augimo laikotarpiui (nuo 7 iki 12 m\u0117nesi\u0173). Subalansuota formul\u0117 padeda reguliuoti svor\u012f, palaikyti sveik\u0105 kaul\u0173 ir s\u0105nari\u0173 vystym\u0105si bei u\u017etikrina tinkam\u0105 mityb\u0105 pereinamuoju laikotarpiu.\" \/>\n<meta name=\"robots\" content=\"index, follow, max-snippet:-1, max-image-preview:large, max-video-preview:-1\" \/>\n<link rel=\"canonical\" href=\"https:\/\/anivet.lt\/elparduotuve\/produktas\/virbac-junior-dog-medium-maistas-jauniems-vidutiniu-veisliu-sunims12kg\/\" \/>\n<meta property=\"og:locale\" content=\"lt_LT\" \/>\n<meta property=\"og:type\" content=\"article\" \/>\n<meta property=\"og:title\" content=\"Virbac Junior Dog Medium maistas jauniems, vidutini\u0173 veisli\u0173 \u0161unims 12kg\" \/>\n<meta property=\"og:description\" content=\"D\u0117l u\u017esakymo teirautis tel. +370 671 55300 arba fizin\u0117je parduotuv\u0117je.  \u0160is pa\u0161aras yra specialiai pritaikytas jauniems vidutini\u0173 veisli\u0173 \u0161unims (11\u201325 kg), pasibaigus intensyviausiam augimo laikotarpiui (nuo 7 iki 12 m\u0117nesi\u0173). Subalansuota formul\u0117 padeda reguliuoti svor\u012f, palaikyti sveik\u0105 kaul\u0173 ir s\u0105nari\u0173 vystym\u0105si bei u\u017etikrina tinkam\u0105 mityb\u0105 pereinamuoju laikotarpiu.\" \/>\n<meta property=\"og:url\" content=\"https:\/\/anivet.lt\/elparduotuve\/produktas\/virbac-junior-dog-medium-maistas-jauniems-vidutiniu-veisliu-sunims12kg\/\" \/>\n<meta property=\"og:site_name\" content=\"anivet.lt\" \/>\n<meta property=\"article:modified_time\" content=\"2026-02-23T15:42:15+00:00\" \/>\n<meta property=\"og:image\" content=\"https:\/\/anivet.lt\/elparduotuve\/wp-content\/uploads\/2024\/01\/Virbac-Junior-Dog-Medium-maistas-jauniems-vidutiniu-veisliu-sunims-12kg.jpg\" \/>\n\t<meta property=\"og:image:width\" content=\"600\" \/>\n\t<meta property=\"og:image:height\" content=\"600\" \/>\n\t<meta property=\"og:image:type\" content=\"image\/jpeg\" \/>\n<meta name=\"twitter:card\" content=\"summary_large_image\" \/>\n<meta name=\"twitter:label1\" content=\"Est. reading time\" \/>\n\t<meta name=\"twitter:data1\" content=\"1 minut\u0117\" \/>\n<script type=\"application\/ld+json\" class=\"yoast-schema-graph\">{\"@context\":\"https:\\\/\\\/schema.org\",\"@graph\":[{\"@type\":\"WebPage\",\"@id\":\"https:\\\/\\\/anivet.lt\\\/elparduotuve\\\/produktas\\\/virbac-junior-dog-medium-maistas-jauniems-vidutiniu-veisliu-sunims12kg\\\/\",\"url\":\"https:\\\/\\\/anivet.lt\\\/elparduotuve\\\/produktas\\\/virbac-junior-dog-medium-maistas-jauniems-vidutiniu-veisliu-sunims12kg\\\/\",\"name\":\"Virbac Junior Dog Medium maistas jauniems, vidutini\u0173 veisli\u0173 \u0161unims 12kg - anivet.lt\",\"isPartOf\":{\"@id\":\"https:\\\/\\\/anivet.lt\\\/elparduotuve\\\/#website\"},\"primaryImageOfPage\":{\"@id\":\"https:\\\/\\\/anivet.lt\\\/elparduotuve\\\/produktas\\\/virbac-junior-dog-medium-maistas-jauniems-vidutiniu-veisliu-sunims12kg\\\/#primaryimage\"},\"image\":{\"@id\":\"https:\\\/\\\/anivet.lt\\\/elparduotuve\\\/produktas\\\/virbac-junior-dog-medium-maistas-jauniems-vidutiniu-veisliu-sunims12kg\\\/#primaryimage\"},\"thumbnailUrl\":\"https:\\\/\\\/anivet.lt\\\/elparduotuve\\\/wp-content\\\/uploads\\\/2024\\\/01\\\/Virbac-Junior-Dog-Medium-maistas-jauniems-vidutiniu-veisliu-sunims-12kg.jpg\",\"datePublished\":\"2024-01-08T11:33:09+00:00\",\"dateModified\":\"2026-02-23T15:42:15+00:00\",\"description\":\"D\u0117l u\u017esakymo teirautis tel. +370 671 55300 arba fizin\u0117je parduotuv\u0117je. \u0160is pa\u0161aras yra specialiai pritaikytas jauniems vidutini\u0173 veisli\u0173 \u0161unims (11\u201325 kg), pasibaigus intensyviausiam augimo laikotarpiui (nuo 7 iki 12 m\u0117nesi\u0173). Subalansuota formul\u0117 padeda reguliuoti svor\u012f, palaikyti sveik\u0105 kaul\u0173 ir s\u0105nari\u0173 vystym\u0105si bei u\u017etikrina tinkam\u0105 mityb\u0105 pereinamuoju laikotarpiu.\",\"breadcrumb\":{\"@id\":\"https:\\\/\\\/anivet.lt\\\/elparduotuve\\\/produktas\\\/virbac-junior-dog-medium-maistas-jauniems-vidutiniu-veisliu-sunims12kg\\\/#breadcrumb\"},\"inLanguage\":\"lt-LT\",\"potentialAction\":[{\"@type\":\"ReadAction\",\"target\":[\"https:\\\/\\\/anivet.lt\\\/elparduotuve\\\/produktas\\\/virbac-junior-dog-medium-maistas-jauniems-vidutiniu-veisliu-sunims12kg\\\/\"]}]},{\"@type\":\"ImageObject\",\"inLanguage\":\"lt-LT\",\"@id\":\"https:\\\/\\\/anivet.lt\\\/elparduotuve\\\/produktas\\\/virbac-junior-dog-medium-maistas-jauniems-vidutiniu-veisliu-sunims12kg\\\/#primaryimage\",\"url\":\"https:\\\/\\\/anivet.lt\\\/elparduotuve\\\/wp-content\\\/uploads\\\/2024\\\/01\\\/Virbac-Junior-Dog-Medium-maistas-jauniems-vidutiniu-veisliu-sunims-12kg.jpg\",\"contentUrl\":\"https:\\\/\\\/anivet.lt\\\/elparduotuve\\\/wp-content\\\/uploads\\\/2024\\\/01\\\/Virbac-Junior-Dog-Medium-maistas-jauniems-vidutiniu-veisliu-sunims-12kg.jpg\",\"width\":600,\"height\":600,\"caption\":\"Virbac Junior Dog Special Medium maistas jauniems, vidutini\u0173 veisli\u0173 \u0161unims 12kg\"},{\"@type\":\"BreadcrumbList\",\"@id\":\"https:\\\/\\\/anivet.lt\\\/elparduotuve\\\/produktas\\\/virbac-junior-dog-medium-maistas-jauniems-vidutiniu-veisliu-sunims12kg\\\/#breadcrumb\",\"itemListElement\":[{\"@type\":\"ListItem\",\"position\":1,\"name\":\"Home\",\"item\":\"https:\\\/\\\/anivet.lt\\\/elparduotuve\\\/\"},{\"@type\":\"ListItem\",\"position\":2,\"name\":\"Produktai\",\"item\":\"https:\\\/\\\/anivet.lt\\\/elparduotuve\\\/produktai\\\/\"},{\"@type\":\"ListItem\",\"position\":3,\"name\":\"Virbac Junior Dog Medium maistas jauniems, vidutini\u0173 veisli\u0173 \u0161unims 12kg\"}]},{\"@type\":\"WebSite\",\"@id\":\"https:\\\/\\\/anivet.lt\\\/elparduotuve\\\/#website\",\"url\":\"https:\\\/\\\/anivet.lt\\\/elparduotuve\\\/\",\"name\":\"anivet.lt\",\"description\":\"Viskas J\u016bs\u0173 \u0161uns, kat\u0117s prie\u017ei\u016brai\",\"publisher\":{\"@id\":\"https:\\\/\\\/anivet.lt\\\/elparduotuve\\\/#organization\"},\"alternateName\":\"Viskas J\u016bs\u0173 \u0161uns, kat\u0117s prie\u017ei\u016brai\",\"potentialAction\":[{\"@type\":\"SearchAction\",\"target\":{\"@type\":\"EntryPoint\",\"urlTemplate\":\"https:\\\/\\\/anivet.lt\\\/elparduotuve\\\/?s={search_term_string}\"},\"query-input\":{\"@type\":\"PropertyValueSpecification\",\"valueRequired\":true,\"valueName\":\"search_term_string\"}}],\"inLanguage\":\"lt-LT\"},{\"@type\":\"Organization\",\"@id\":\"https:\\\/\\\/anivet.lt\\\/elparduotuve\\\/#organization\",\"name\":\"Viskas J\u016bs\u0173 \u0161uns, kat\u0117s prie\u017ei\u016brai\",\"url\":\"https:\\\/\\\/anivet.lt\\\/elparduotuve\\\/\",\"logo\":{\"@type\":\"ImageObject\",\"inLanguage\":\"lt-LT\",\"@id\":\"https:\\\/\\\/anivet.lt\\\/elparduotuve\\\/#\\\/schema\\\/logo\\\/image\\\/\",\"url\":\"https:\\\/\\\/anivet.lt\\\/elparduotuve\\\/wp-content\\\/uploads\\\/2023\\\/06\\\/logo2.jpg\",\"contentUrl\":\"https:\\\/\\\/anivet.lt\\\/elparduotuve\\\/wp-content\\\/uploads\\\/2023\\\/06\\\/logo2.jpg\",\"width\":655,\"height\":194,\"caption\":\"Viskas J\u016bs\u0173 \u0161uns, kat\u0117s prie\u017ei\u016brai\"},\"image\":{\"@id\":\"https:\\\/\\\/anivet.lt\\\/elparduotuve\\\/#\\\/schema\\\/logo\\\/image\\\/\"}}]}<\/script>\n<!-- \/ Yoast SEO Premium plugin. -->","yoast_head_json":{"title":"Virbac Junior Dog Medium maistas jauniems, vidutini\u0173 veisli\u0173 \u0161unims 12kg - anivet.lt","description":"D\u0117l u\u017esakymo teirautis tel. +370 671 55300 arba fizin\u0117je parduotuv\u0117je.  \u0160is pa\u0161aras yra specialiai pritaikytas jauniems vidutini\u0173 veisli\u0173 \u0161unims (11\u201325 kg), pasibaigus intensyviausiam augimo laikotarpiui (nuo 7 iki 12 m\u0117nesi\u0173). Subalansuota formul\u0117 padeda reguliuoti svor\u012f, palaikyti sveik\u0105 kaul\u0173 ir s\u0105nari\u0173 vystym\u0105si bei u\u017etikrina tinkam\u0105 mityb\u0105 pereinamuoju laikotarpiu.","robots":{"index":"index","follow":"follow","max-snippet":"max-snippet:-1","max-image-preview":"max-image-preview:large","max-video-preview":"max-video-preview:-1"},"canonical":"https:\/\/anivet.lt\/elparduotuve\/produktas\/virbac-junior-dog-medium-maistas-jauniems-vidutiniu-veisliu-sunims12kg\/","og_locale":"lt_LT","og_type":"article","og_title":"Virbac Junior Dog Medium maistas jauniems, vidutini\u0173 veisli\u0173 \u0161unims 12kg","og_description":"D\u0117l u\u017esakymo teirautis tel. +370 671 55300 arba fizin\u0117je parduotuv\u0117je.  \u0160is pa\u0161aras yra specialiai pritaikytas jauniems vidutini\u0173 veisli\u0173 \u0161unims (11\u201325 kg), pasibaigus intensyviausiam augimo laikotarpiui (nuo 7 iki 12 m\u0117nesi\u0173). Subalansuota formul\u0117 padeda reguliuoti svor\u012f, palaikyti sveik\u0105 kaul\u0173 ir s\u0105nari\u0173 vystym\u0105si bei u\u017etikrina tinkam\u0105 mityb\u0105 pereinamuoju laikotarpiu.","og_url":"https:\/\/anivet.lt\/elparduotuve\/produktas\/virbac-junior-dog-medium-maistas-jauniems-vidutiniu-veisliu-sunims12kg\/","og_site_name":"anivet.lt","article_modified_time":"2026-02-23T15:42:15+00:00","og_image":[{"width":600,"height":600,"url":"https:\/\/anivet.lt\/elparduotuve\/wp-content\/uploads\/2024\/01\/Virbac-Junior-Dog-Medium-maistas-jauniems-vidutiniu-veisliu-sunims-12kg.jpg","type":"image\/jpeg"}],"twitter_card":"summary_large_image","twitter_misc":{"Est. reading time":"1 minut\u0117"},"schema":{"@context":"https:\/\/schema.org","@graph":[{"@type":"WebPage","@id":"https:\/\/anivet.lt\/elparduotuve\/produktas\/virbac-junior-dog-medium-maistas-jauniems-vidutiniu-veisliu-sunims12kg\/","url":"https:\/\/anivet.lt\/elparduotuve\/produktas\/virbac-junior-dog-medium-maistas-jauniems-vidutiniu-veisliu-sunims12kg\/","name":"Virbac Junior Dog Medium maistas jauniems, vidutini\u0173 veisli\u0173 \u0161unims 12kg - anivet.lt","isPartOf":{"@id":"https:\/\/anivet.lt\/elparduotuve\/#website"},"primaryImageOfPage":{"@id":"https:\/\/anivet.lt\/elparduotuve\/produktas\/virbac-junior-dog-medium-maistas-jauniems-vidutiniu-veisliu-sunims12kg\/#primaryimage"},"image":{"@id":"https:\/\/anivet.lt\/elparduotuve\/produktas\/virbac-junior-dog-medium-maistas-jauniems-vidutiniu-veisliu-sunims12kg\/#primaryimage"},"thumbnailUrl":"https:\/\/anivet.lt\/elparduotuve\/wp-content\/uploads\/2024\/01\/Virbac-Junior-Dog-Medium-maistas-jauniems-vidutiniu-veisliu-sunims-12kg.jpg","datePublished":"2024-01-08T11:33:09+00:00","dateModified":"2026-02-23T15:42:15+00:00","description":"D\u0117l u\u017esakymo teirautis tel. +370 671 55300 arba fizin\u0117je parduotuv\u0117je. \u0160is pa\u0161aras yra specialiai pritaikytas jauniems vidutini\u0173 veisli\u0173 \u0161unims (11\u201325 kg), pasibaigus intensyviausiam augimo laikotarpiui (nuo 7 iki 12 m\u0117nesi\u0173). Subalansuota formul\u0117 padeda reguliuoti svor\u012f, palaikyti sveik\u0105 kaul\u0173 ir s\u0105nari\u0173 vystym\u0105si bei u\u017etikrina tinkam\u0105 mityb\u0105 pereinamuoju laikotarpiu.","breadcrumb":{"@id":"https:\/\/anivet.lt\/elparduotuve\/produktas\/virbac-junior-dog-medium-maistas-jauniems-vidutiniu-veisliu-sunims12kg\/#breadcrumb"},"inLanguage":"lt-LT","potentialAction":[{"@type":"ReadAction","target":["https:\/\/anivet.lt\/elparduotuve\/produktas\/virbac-junior-dog-medium-maistas-jauniems-vidutiniu-veisliu-sunims12kg\/"]}]},{"@type":"ImageObject","inLanguage":"lt-LT","@id":"https:\/\/anivet.lt\/elparduotuve\/produktas\/virbac-junior-dog-medium-maistas-jauniems-vidutiniu-veisliu-sunims12kg\/#primaryimage","url":"https:\/\/anivet.lt\/elparduotuve\/wp-content\/uploads\/2024\/01\/Virbac-Junior-Dog-Medium-maistas-jauniems-vidutiniu-veisliu-sunims-12kg.jpg","contentUrl":"https:\/\/anivet.lt\/elparduotuve\/wp-content\/uploads\/2024\/01\/Virbac-Junior-Dog-Medium-maistas-jauniems-vidutiniu-veisliu-sunims-12kg.jpg","width":600,"height":600,"caption":"Virbac Junior Dog Special Medium maistas jauniems, vidutini\u0173 veisli\u0173 \u0161unims 12kg"},{"@type":"BreadcrumbList","@id":"https:\/\/anivet.lt\/elparduotuve\/produktas\/virbac-junior-dog-medium-maistas-jauniems-vidutiniu-veisliu-sunims12kg\/#breadcrumb","itemListElement":[{"@type":"ListItem","position":1,"name":"Home","item":"https:\/\/anivet.lt\/elparduotuve\/"},{"@type":"ListItem","position":2,"name":"Produktai","item":"https:\/\/anivet.lt\/elparduotuve\/produktai\/"},{"@type":"ListItem","position":3,"name":"Virbac Junior Dog Medium maistas jauniems, vidutini\u0173 veisli\u0173 \u0161unims 12kg"}]},{"@type":"WebSite","@id":"https:\/\/anivet.lt\/elparduotuve\/#website","url":"https:\/\/anivet.lt\/elparduotuve\/","name":"anivet.lt","description":"Viskas J\u016bs\u0173 \u0161uns, kat\u0117s prie\u017ei\u016brai","publisher":{"@id":"https:\/\/anivet.lt\/elparduotuve\/#organization"},"alternateName":"Viskas J\u016bs\u0173 \u0161uns, kat\u0117s prie\u017ei\u016brai","potentialAction":[{"@type":"SearchAction","target":{"@type":"EntryPoint","urlTemplate":"https:\/\/anivet.lt\/elparduotuve\/?s={search_term_string}"},"query-input":{"@type":"PropertyValueSpecification","valueRequired":true,"valueName":"search_term_string"}}],"inLanguage":"lt-LT"},{"@type":"Organization","@id":"https:\/\/anivet.lt\/elparduotuve\/#organization","name":"Viskas J\u016bs\u0173 \u0161uns, kat\u0117s prie\u017ei\u016brai","url":"https:\/\/anivet.lt\/elparduotuve\/","logo":{"@type":"ImageObject","inLanguage":"lt-LT","@id":"https:\/\/anivet.lt\/elparduotuve\/#\/schema\/logo\/image\/","url":"https:\/\/anivet.lt\/elparduotuve\/wp-content\/uploads\/2023\/06\/logo2.jpg","contentUrl":"https:\/\/anivet.lt\/elparduotuve\/wp-content\/uploads\/2023\/06\/logo2.jpg","width":655,"height":194,"caption":"Viskas J\u016bs\u0173 \u0161uns, kat\u0117s prie\u017ei\u016brai"},"image":{"@id":"https:\/\/anivet.lt\/elparduotuve\/#\/schema\/logo\/image\/"}}]}},"_links":{"self":[{"href":"https:\/\/anivet.lt\/elparduotuve\/wp-json\/wp\/v2\/product\/12619","targetHints":{"allow":["GET"]}}],"collection":[{"href":"https:\/\/anivet.lt\/elparduotuve\/wp-json\/wp\/v2\/product"}],"about":[{"href":"https:\/\/anivet.lt\/elparduotuve\/wp-json\/wp\/v2\/types\/product"}],"wp:featuredmedia":[{"embeddable":true,"href":"https:\/\/anivet.lt\/elparduotuve\/wp-json\/wp\/v2\/media\/19760"}],"wp:attachment":[{"href":"https:\/\/anivet.lt\/elparduotuve\/wp-json\/wp\/v2\/media?parent=12619"}],"wp:term":[{"taxonomy":"product_brand","embeddable":true,"href":"https:\/\/anivet.lt\/elparduotuve\/wp-json\/wp\/v2\/product_brand?post=12619"},{"taxonomy":"product_cat","embeddable":true,"href":"https:\/\/anivet.lt\/elparduotuve\/wp-json\/wp\/v2\/product_cat?post=12619"},{"taxonomy":"product_tag","embeddable":true,"href":"https:\/\/anivet.lt\/elparduotuve\/wp-json\/wp\/v2\/product_tag?post=12619"}],"curies":[{"name":"wp","href":"https:\/\/api.w.org\/{rel}","templated":true}]}}