{"id":12631,"date":"2024-01-09T12:26:30","date_gmt":"2024-01-09T12:26:30","guid":{"rendered":"https:\/\/anivet.lt\/elparduotuve\/?post_type=product&#038;p=12631"},"modified":"2026-02-23T15:35:12","modified_gmt":"2026-02-23T15:35:12","slug":"virbac-weight-loss-diabetes-dog","status":"publish","type":"product","link":"https:\/\/anivet.lt\/elparduotuve\/produktas\/virbac-weight-loss-diabetes-dog\/","title":{"rendered":"Virbac HPMD W1 Weight Loss &amp; Diabetes Dog"},"content":{"rendered":"<ul>\n<li><span lang=\"en-US\">Ma\u017eas energijos kiekis: Padeda efektyviai suma\u017einti k\u016bno svor\u012f, u\u017etikrinant sotumo jausm\u0105.<\/span><\/li>\n<li>\u00a0Didelis baltym\u0173 kiekis ir ma\u017eai angliavandeni\u0173 (HP-LC): Palaiko raumen\u0173 tonus\u0105, ma\u017eindamas riebal\u0173 kiek\u012f.<\/li>\n<li>\u00a0L-karnitinas: Padeda riebal\u0173 oksidacijai, palaiko raumen\u0173 tonus\u0105 svorio metimo metu<\/li>\n<li>\u00a0Chondroitino sulfatas ir chitosanas: Apsaugo s\u0105narius, gerina gyvenimo kokyb\u0119.<\/li>\n<li>Ma\u017eas krakmolo kiekis: Palaiko ma\u017e\u0105 glikemijos indeks\u0105, svarb\u0173 diabetikams.<\/li>\n<li>\u0160is dietinis \u0117dalas ne tik ma\u017eina svor\u012f, bet ir palaiko ger\u0105 savijaut\u0105 bei optimali\u0105 organizmo funkcij\u0105, tod\u0117l yra puikus pasirinkimas j\u016bs\u0173 augintinio sveikatai u\u017etikrinti.<\/li>\n<\/ul>\n<p><strong>Nerekomenduojama:<\/strong><\/p>\n<ul>\n<li>Esant l\u0117tin\u0117ms inkst\u0173 ligoms.<\/li>\n<li>\u0160uniukams augimo laikotarpiu.<\/li>\n<li>\u0160uningoms arba \u017eindan\u010dioms kal\u0117ms.<\/li>\n<\/ul>\n","protected":false},"excerpt":{"rendered":"<p><span style=\"font-weight: 400;\">Specialiai sukurtas subalansuoti energijos kiek\u012f, palaikyti sotumo jausm\u0105 ir ma\u017einti k\u016bno svor\u012f. Taip pat naudingas sergant hiperlipidemija, kolitu ar esant skaidul\u0173 tr\u016bkumui.<\/span><\/p>\n","protected":false},"featured_media":12632,"template":"","meta":[],"product_brand":[],"product_cat":[101,103,107,337],"product_tag":[],"class_list":{"0":"post-12631","1":"product","2":"type-product","3":"status-publish","4":"has-post-thumbnail","6":"product_cat-sunims","7":"product_cat-sunu-maistas","8":"product_cat-veterinarine-dieta","9":"product_cat-virbac-sunu-maistas","10":"pa_prekinis-zenklas-virbac","12":"first","13":"instock","14":"taxable","15":"shipping-taxable","16":"purchasable","17":"product-type-variable"},"yoast_head":"<!-- This site is optimized with the Yoast SEO Premium plugin v27.1 (Yoast SEO v27.5) - https:\/\/yoast.com\/product\/yoast-seo-premium-wordpress\/ -->\n<title>Virbac HPMD W1 Weight Loss &amp; Diabetes Dog - anivet.lt<\/title>\n<meta name=\"description\" content=\"Specialiai sukurtas subalansuoti energijos kiek\u012f, palaikyti sotumo jausm\u0105 ir ma\u017einti k\u016bno svor\u012f. Taip pat naudingas sergant hiperlipidemija, kolitu ar esant skaidul\u0173 tr\u016bkumui.\" \/>\n<meta name=\"robots\" content=\"index, follow, max-snippet:-1, max-image-preview:large, max-video-preview:-1\" \/>\n<link rel=\"canonical\" href=\"https:\/\/anivet.lt\/elparduotuve\/produktas\/virbac-weight-loss-diabetes-dog\/\" \/>\n<meta property=\"og:locale\" content=\"lt_LT\" \/>\n<meta property=\"og:type\" content=\"article\" \/>\n<meta property=\"og:title\" content=\"Virbac HPMD W1 Weight Loss &amp; Diabetes Dog\" \/>\n<meta property=\"og:description\" content=\"Specialiai sukurtas subalansuoti energijos kiek\u012f, palaikyti sotumo jausm\u0105 ir ma\u017einti k\u016bno svor\u012f. Taip pat naudingas sergant hiperlipidemija, kolitu ar esant skaidul\u0173 tr\u016bkumui.\" \/>\n<meta property=\"og:url\" content=\"https:\/\/anivet.lt\/elparduotuve\/produktas\/virbac-weight-loss-diabetes-dog\/\" \/>\n<meta property=\"og:site_name\" content=\"anivet.lt\" \/>\n<meta property=\"article:modified_time\" content=\"2026-02-23T15:35:12+00:00\" \/>\n<meta property=\"og:image\" content=\"https:\/\/anivet.lt\/elparduotuve\/wp-content\/uploads\/2024\/01\/VIRBAC-Weight-Loss-Diabetes-Dog-3kg.png\" \/>\n\t<meta property=\"og:image:width\" content=\"400\" \/>\n\t<meta property=\"og:image:height\" content=\"400\" \/>\n\t<meta property=\"og:image:type\" content=\"image\/png\" \/>\n<meta name=\"twitter:card\" content=\"summary_large_image\" \/>\n<meta name=\"twitter:label1\" content=\"Est. reading time\" \/>\n\t<meta name=\"twitter:data1\" content=\"1 minut\u0117\" \/>\n<script type=\"application\/ld+json\" class=\"yoast-schema-graph\">{\"@context\":\"https:\\\/\\\/schema.org\",\"@graph\":[{\"@type\":\"WebPage\",\"@id\":\"https:\\\/\\\/anivet.lt\\\/elparduotuve\\\/produktas\\\/virbac-weight-loss-diabetes-dog\\\/\",\"url\":\"https:\\\/\\\/anivet.lt\\\/elparduotuve\\\/produktas\\\/virbac-weight-loss-diabetes-dog\\\/\",\"name\":\"Virbac HPMD W1 Weight Loss &amp; Diabetes Dog - anivet.lt\",\"isPartOf\":{\"@id\":\"https:\\\/\\\/anivet.lt\\\/elparduotuve\\\/#website\"},\"primaryImageOfPage\":{\"@id\":\"https:\\\/\\\/anivet.lt\\\/elparduotuve\\\/produktas\\\/virbac-weight-loss-diabetes-dog\\\/#primaryimage\"},\"image\":{\"@id\":\"https:\\\/\\\/anivet.lt\\\/elparduotuve\\\/produktas\\\/virbac-weight-loss-diabetes-dog\\\/#primaryimage\"},\"thumbnailUrl\":\"https:\\\/\\\/anivet.lt\\\/elparduotuve\\\/wp-content\\\/uploads\\\/2024\\\/01\\\/VIRBAC-Weight-Loss-Diabetes-Dog-3kg.png\",\"datePublished\":\"2024-01-09T12:26:30+00:00\",\"dateModified\":\"2026-02-23T15:35:12+00:00\",\"description\":\"Specialiai sukurtas subalansuoti energijos kiek\u012f, palaikyti sotumo jausm\u0105 ir ma\u017einti k\u016bno svor\u012f. Taip pat naudingas sergant hiperlipidemija, kolitu ar esant skaidul\u0173 tr\u016bkumui.\",\"breadcrumb\":{\"@id\":\"https:\\\/\\\/anivet.lt\\\/elparduotuve\\\/produktas\\\/virbac-weight-loss-diabetes-dog\\\/#breadcrumb\"},\"inLanguage\":\"lt-LT\",\"potentialAction\":[{\"@type\":\"ReadAction\",\"target\":[\"https:\\\/\\\/anivet.lt\\\/elparduotuve\\\/produktas\\\/virbac-weight-loss-diabetes-dog\\\/\"]}]},{\"@type\":\"ImageObject\",\"inLanguage\":\"lt-LT\",\"@id\":\"https:\\\/\\\/anivet.lt\\\/elparduotuve\\\/produktas\\\/virbac-weight-loss-diabetes-dog\\\/#primaryimage\",\"url\":\"https:\\\/\\\/anivet.lt\\\/elparduotuve\\\/wp-content\\\/uploads\\\/2024\\\/01\\\/VIRBAC-Weight-Loss-Diabetes-Dog-3kg.png\",\"contentUrl\":\"https:\\\/\\\/anivet.lt\\\/elparduotuve\\\/wp-content\\\/uploads\\\/2024\\\/01\\\/VIRBAC-Weight-Loss-Diabetes-Dog-3kg.png\",\"width\":400,\"height\":400,\"caption\":\"Virbac HPMD W1 Weight Loss &amp; Diabetes Dog\"},{\"@type\":\"BreadcrumbList\",\"@id\":\"https:\\\/\\\/anivet.lt\\\/elparduotuve\\\/produktas\\\/virbac-weight-loss-diabetes-dog\\\/#breadcrumb\",\"itemListElement\":[{\"@type\":\"ListItem\",\"position\":1,\"name\":\"Home\",\"item\":\"https:\\\/\\\/anivet.lt\\\/elparduotuve\\\/\"},{\"@type\":\"ListItem\",\"position\":2,\"name\":\"Produktai\",\"item\":\"https:\\\/\\\/anivet.lt\\\/elparduotuve\\\/produktai\\\/\"},{\"@type\":\"ListItem\",\"position\":3,\"name\":\"Virbac HPMD W1 Weight Loss &amp; Diabetes Dog\"}]},{\"@type\":\"WebSite\",\"@id\":\"https:\\\/\\\/anivet.lt\\\/elparduotuve\\\/#website\",\"url\":\"https:\\\/\\\/anivet.lt\\\/elparduotuve\\\/\",\"name\":\"anivet.lt\",\"description\":\"Viskas J\u016bs\u0173 \u0161uns, kat\u0117s prie\u017ei\u016brai\",\"publisher\":{\"@id\":\"https:\\\/\\\/anivet.lt\\\/elparduotuve\\\/#organization\"},\"alternateName\":\"Viskas J\u016bs\u0173 \u0161uns, kat\u0117s prie\u017ei\u016brai\",\"potentialAction\":[{\"@type\":\"SearchAction\",\"target\":{\"@type\":\"EntryPoint\",\"urlTemplate\":\"https:\\\/\\\/anivet.lt\\\/elparduotuve\\\/?s={search_term_string}\"},\"query-input\":{\"@type\":\"PropertyValueSpecification\",\"valueRequired\":true,\"valueName\":\"search_term_string\"}}],\"inLanguage\":\"lt-LT\"},{\"@type\":\"Organization\",\"@id\":\"https:\\\/\\\/anivet.lt\\\/elparduotuve\\\/#organization\",\"name\":\"Viskas J\u016bs\u0173 \u0161uns, kat\u0117s prie\u017ei\u016brai\",\"url\":\"https:\\\/\\\/anivet.lt\\\/elparduotuve\\\/\",\"logo\":{\"@type\":\"ImageObject\",\"inLanguage\":\"lt-LT\",\"@id\":\"https:\\\/\\\/anivet.lt\\\/elparduotuve\\\/#\\\/schema\\\/logo\\\/image\\\/\",\"url\":\"https:\\\/\\\/anivet.lt\\\/elparduotuve\\\/wp-content\\\/uploads\\\/2023\\\/06\\\/logo2.jpg\",\"contentUrl\":\"https:\\\/\\\/anivet.lt\\\/elparduotuve\\\/wp-content\\\/uploads\\\/2023\\\/06\\\/logo2.jpg\",\"width\":655,\"height\":194,\"caption\":\"Viskas J\u016bs\u0173 \u0161uns, kat\u0117s prie\u017ei\u016brai\"},\"image\":{\"@id\":\"https:\\\/\\\/anivet.lt\\\/elparduotuve\\\/#\\\/schema\\\/logo\\\/image\\\/\"}}]}<\/script>\n<!-- \/ Yoast SEO Premium plugin. -->","yoast_head_json":{"title":"Virbac HPMD W1 Weight Loss &amp; Diabetes Dog - anivet.lt","description":"Specialiai sukurtas subalansuoti energijos kiek\u012f, palaikyti sotumo jausm\u0105 ir ma\u017einti k\u016bno svor\u012f. Taip pat naudingas sergant hiperlipidemija, kolitu ar esant skaidul\u0173 tr\u016bkumui.","robots":{"index":"index","follow":"follow","max-snippet":"max-snippet:-1","max-image-preview":"max-image-preview:large","max-video-preview":"max-video-preview:-1"},"canonical":"https:\/\/anivet.lt\/elparduotuve\/produktas\/virbac-weight-loss-diabetes-dog\/","og_locale":"lt_LT","og_type":"article","og_title":"Virbac HPMD W1 Weight Loss &amp; Diabetes Dog","og_description":"Specialiai sukurtas subalansuoti energijos kiek\u012f, palaikyti sotumo jausm\u0105 ir ma\u017einti k\u016bno svor\u012f. Taip pat naudingas sergant hiperlipidemija, kolitu ar esant skaidul\u0173 tr\u016bkumui.","og_url":"https:\/\/anivet.lt\/elparduotuve\/produktas\/virbac-weight-loss-diabetes-dog\/","og_site_name":"anivet.lt","article_modified_time":"2026-02-23T15:35:12+00:00","og_image":[{"width":400,"height":400,"url":"https:\/\/anivet.lt\/elparduotuve\/wp-content\/uploads\/2024\/01\/VIRBAC-Weight-Loss-Diabetes-Dog-3kg.png","type":"image\/png"}],"twitter_card":"summary_large_image","twitter_misc":{"Est. reading time":"1 minut\u0117"},"schema":{"@context":"https:\/\/schema.org","@graph":[{"@type":"WebPage","@id":"https:\/\/anivet.lt\/elparduotuve\/produktas\/virbac-weight-loss-diabetes-dog\/","url":"https:\/\/anivet.lt\/elparduotuve\/produktas\/virbac-weight-loss-diabetes-dog\/","name":"Virbac HPMD W1 Weight Loss &amp; Diabetes Dog - anivet.lt","isPartOf":{"@id":"https:\/\/anivet.lt\/elparduotuve\/#website"},"primaryImageOfPage":{"@id":"https:\/\/anivet.lt\/elparduotuve\/produktas\/virbac-weight-loss-diabetes-dog\/#primaryimage"},"image":{"@id":"https:\/\/anivet.lt\/elparduotuve\/produktas\/virbac-weight-loss-diabetes-dog\/#primaryimage"},"thumbnailUrl":"https:\/\/anivet.lt\/elparduotuve\/wp-content\/uploads\/2024\/01\/VIRBAC-Weight-Loss-Diabetes-Dog-3kg.png","datePublished":"2024-01-09T12:26:30+00:00","dateModified":"2026-02-23T15:35:12+00:00","description":"Specialiai sukurtas subalansuoti energijos kiek\u012f, palaikyti sotumo jausm\u0105 ir ma\u017einti k\u016bno svor\u012f. Taip pat naudingas sergant hiperlipidemija, kolitu ar esant skaidul\u0173 tr\u016bkumui.","breadcrumb":{"@id":"https:\/\/anivet.lt\/elparduotuve\/produktas\/virbac-weight-loss-diabetes-dog\/#breadcrumb"},"inLanguage":"lt-LT","potentialAction":[{"@type":"ReadAction","target":["https:\/\/anivet.lt\/elparduotuve\/produktas\/virbac-weight-loss-diabetes-dog\/"]}]},{"@type":"ImageObject","inLanguage":"lt-LT","@id":"https:\/\/anivet.lt\/elparduotuve\/produktas\/virbac-weight-loss-diabetes-dog\/#primaryimage","url":"https:\/\/anivet.lt\/elparduotuve\/wp-content\/uploads\/2024\/01\/VIRBAC-Weight-Loss-Diabetes-Dog-3kg.png","contentUrl":"https:\/\/anivet.lt\/elparduotuve\/wp-content\/uploads\/2024\/01\/VIRBAC-Weight-Loss-Diabetes-Dog-3kg.png","width":400,"height":400,"caption":"Virbac HPMD W1 Weight Loss &amp; Diabetes Dog"},{"@type":"BreadcrumbList","@id":"https:\/\/anivet.lt\/elparduotuve\/produktas\/virbac-weight-loss-diabetes-dog\/#breadcrumb","itemListElement":[{"@type":"ListItem","position":1,"name":"Home","item":"https:\/\/anivet.lt\/elparduotuve\/"},{"@type":"ListItem","position":2,"name":"Produktai","item":"https:\/\/anivet.lt\/elparduotuve\/produktai\/"},{"@type":"ListItem","position":3,"name":"Virbac HPMD W1 Weight Loss &amp; Diabetes Dog"}]},{"@type":"WebSite","@id":"https:\/\/anivet.lt\/elparduotuve\/#website","url":"https:\/\/anivet.lt\/elparduotuve\/","name":"anivet.lt","description":"Viskas J\u016bs\u0173 \u0161uns, kat\u0117s prie\u017ei\u016brai","publisher":{"@id":"https:\/\/anivet.lt\/elparduotuve\/#organization"},"alternateName":"Viskas J\u016bs\u0173 \u0161uns, kat\u0117s prie\u017ei\u016brai","potentialAction":[{"@type":"SearchAction","target":{"@type":"EntryPoint","urlTemplate":"https:\/\/anivet.lt\/elparduotuve\/?s={search_term_string}"},"query-input":{"@type":"PropertyValueSpecification","valueRequired":true,"valueName":"search_term_string"}}],"inLanguage":"lt-LT"},{"@type":"Organization","@id":"https:\/\/anivet.lt\/elparduotuve\/#organization","name":"Viskas J\u016bs\u0173 \u0161uns, kat\u0117s prie\u017ei\u016brai","url":"https:\/\/anivet.lt\/elparduotuve\/","logo":{"@type":"ImageObject","inLanguage":"lt-LT","@id":"https:\/\/anivet.lt\/elparduotuve\/#\/schema\/logo\/image\/","url":"https:\/\/anivet.lt\/elparduotuve\/wp-content\/uploads\/2023\/06\/logo2.jpg","contentUrl":"https:\/\/anivet.lt\/elparduotuve\/wp-content\/uploads\/2023\/06\/logo2.jpg","width":655,"height":194,"caption":"Viskas J\u016bs\u0173 \u0161uns, kat\u0117s prie\u017ei\u016brai"},"image":{"@id":"https:\/\/anivet.lt\/elparduotuve\/#\/schema\/logo\/image\/"}}]}},"_links":{"self":[{"href":"https:\/\/anivet.lt\/elparduotuve\/wp-json\/wp\/v2\/product\/12631","targetHints":{"allow":["GET"]}}],"collection":[{"href":"https:\/\/anivet.lt\/elparduotuve\/wp-json\/wp\/v2\/product"}],"about":[{"href":"https:\/\/anivet.lt\/elparduotuve\/wp-json\/wp\/v2\/types\/product"}],"wp:featuredmedia":[{"embeddable":true,"href":"https:\/\/anivet.lt\/elparduotuve\/wp-json\/wp\/v2\/media\/12632"}],"wp:attachment":[{"href":"https:\/\/anivet.lt\/elparduotuve\/wp-json\/wp\/v2\/media?parent=12631"}],"wp:term":[{"taxonomy":"product_brand","embeddable":true,"href":"https:\/\/anivet.lt\/elparduotuve\/wp-json\/wp\/v2\/product_brand?post=12631"},{"taxonomy":"product_cat","embeddable":true,"href":"https:\/\/anivet.lt\/elparduotuve\/wp-json\/wp\/v2\/product_cat?post=12631"},{"taxonomy":"product_tag","embeddable":true,"href":"https:\/\/anivet.lt\/elparduotuve\/wp-json\/wp\/v2\/product_tag?post=12631"}],"curies":[{"name":"wp","href":"https:\/\/api.w.org\/{rel}","templated":true}]}}