{"id":12671,"date":"2024-01-13T21:53:27","date_gmt":"2024-01-13T21:53:27","guid":{"rendered":"https:\/\/anivet.lt\/elparduotuve\/?post_type=product&#038;p=12671"},"modified":"2026-02-23T15:22:25","modified_gmt":"2026-02-23T15:22:25","slug":"virbac-dog-dermatology-support","status":"publish","type":"product","link":"https:\/\/anivet.lt\/elparduotuve\/produktas\/virbac-dog-dermatology-support\/","title":{"rendered":"Virbac Dog Dermatology Support"},"content":{"rendered":"<ul>\n<li><span lang=\"en-US\">Pleiskanojimo ma\u017einimas: Didelis linolein\u0117s r\u016bg\u0161ties kiekis reguliuoja sebor\u0117jinius procesus odoje.<\/span><\/li>\n<li>Dermatozi\u0173 simptom\u0173 ma\u017einimas: Omega-6 ir omega-3 riebal\u0173 r\u016bg\u0161tys, vitaminai A ir E padeda ma\u017einti nie\u017eul\u012f, paraudim\u0105 bei kitas u\u017edegimo reakcijas.<\/li>\n<li>Imuniteto stiprinimas: Didelis baltym\u0173 ir vitamino E kiekis padeda stiprinti \u0161uns imunin\u0119 sistem\u0105.<\/li>\n<li>Vir\u0161kinimo gerinimas: Papildytas probiotikais, prebiotikais ir skaidulomis, kurie palaiko optimali\u0105 vir\u0161kinamojo trakto veikl\u0105.<\/li>\n<li>Hipoalergin\u0117 sud\u0117tis: Sud\u0117tyje n\u0117ra jautienos, gliuteno, sojos, kukur\u016bz\u0173, \u017euvies, pieno produkt\u0173 ar kit\u0173 galim\u0173 alergen\u0173.<\/li>\n<\/ul>\n<p><b>Nerekomenduojama:<\/b><\/p>\n<ul>\n<li>Esant l\u0117tin\u0117ms inkst\u0173 ligoms.<\/li>\n<\/ul>\n","protected":false},"excerpt":{"rendered":"<p><span style=\"font-weight: 400;\">\u0160is specialiai sukurtas pa\u0161aras skirtas \u0161unims, ken\u010diantiems nuo dermatozi\u0173, per didelio kailio slinkimo, dermatit\u0173 ar atopijos. Praturtintas unikaliomis maistin\u0117mis med\u017eiagomis, padeda palaikyti odos sveikat\u0105, ma\u017einti u\u017edegimo po\u017eymius ir u\u017etikrina kailio atsinaujinim\u0105. Puikiai tinka vis\u0173 am\u017eiaus grupi\u0173 \u0161unims.<\/span><\/p>\n","protected":false},"featured_media":12672,"template":"","meta":[],"product_brand":[],"product_cat":[101,103,107,337],"product_tag":[],"class_list":{"0":"post-12671","1":"product","2":"type-product","3":"status-publish","4":"has-post-thumbnail","6":"product_cat-sunims","7":"product_cat-sunu-maistas","8":"product_cat-veterinarine-dieta","9":"product_cat-virbac-sunu-maistas","10":"pa_prekinis-zenklas-virbac","12":"first","13":"instock","14":"taxable","15":"shipping-taxable","16":"purchasable","17":"product-type-variable"},"yoast_head":"<!-- This site is optimized with the Yoast SEO Premium plugin v27.1 (Yoast SEO v27.5) - https:\/\/yoast.com\/product\/yoast-seo-premium-wordpress\/ -->\n<title>Virbac Dog Dermatology Support - anivet.lt<\/title>\n<meta name=\"description\" content=\"\u0160is specialiai sukurtas pa\u0161aras skirtas \u0161unims, ken\u010diantiems nuo dermatozi\u0173, per didelio kailio slinkimo, dermatit\u0173 ar atopijos. Praturtintas unikaliomis maistin\u0117mis med\u017eiagomis, padeda palaikyti odos sveikat\u0105, ma\u017einti u\u017edegimo po\u017eymius ir u\u017etikrina kailio atsinaujinim\u0105. Puikiai tinka vis\u0173 am\u017eiaus grupi\u0173 \u0161unims.\" \/>\n<meta name=\"robots\" content=\"index, follow, max-snippet:-1, max-image-preview:large, max-video-preview:-1\" \/>\n<link rel=\"canonical\" href=\"https:\/\/anivet.lt\/elparduotuve\/produktas\/virbac-dog-dermatology-support\/\" \/>\n<meta property=\"og:locale\" content=\"lt_LT\" \/>\n<meta property=\"og:type\" content=\"article\" \/>\n<meta property=\"og:title\" content=\"Virbac Dog Dermatology Support\" \/>\n<meta property=\"og:description\" content=\"\u0160is specialiai sukurtas pa\u0161aras skirtas \u0161unims, ken\u010diantiems nuo dermatozi\u0173, per didelio kailio slinkimo, dermatit\u0173 ar atopijos. Praturtintas unikaliomis maistin\u0117mis med\u017eiagomis, padeda palaikyti odos sveikat\u0105, ma\u017einti u\u017edegimo po\u017eymius ir u\u017etikrina kailio atsinaujinim\u0105. Puikiai tinka vis\u0173 am\u017eiaus grupi\u0173 \u0161unims.\" \/>\n<meta property=\"og:url\" content=\"https:\/\/anivet.lt\/elparduotuve\/produktas\/virbac-dog-dermatology-support\/\" \/>\n<meta property=\"og:site_name\" content=\"anivet.lt\" \/>\n<meta property=\"article:modified_time\" content=\"2026-02-23T15:22:25+00:00\" \/>\n<meta property=\"og:image\" content=\"https:\/\/anivet.lt\/elparduotuve\/wp-content\/uploads\/2024\/01\/virbac-dog-dermatology-support-sausas-pasaras-sunims.jpg\" \/>\n\t<meta property=\"og:image:width\" content=\"800\" \/>\n\t<meta property=\"og:image:height\" content=\"800\" \/>\n\t<meta property=\"og:image:type\" content=\"image\/jpeg\" \/>\n<meta name=\"twitter:card\" content=\"summary_large_image\" \/>\n<meta name=\"twitter:label1\" content=\"Est. reading time\" \/>\n\t<meta name=\"twitter:data1\" content=\"1 minut\u0117\" \/>\n<script type=\"application\/ld+json\" class=\"yoast-schema-graph\">{\"@context\":\"https:\\\/\\\/schema.org\",\"@graph\":[{\"@type\":\"WebPage\",\"@id\":\"https:\\\/\\\/anivet.lt\\\/elparduotuve\\\/produktas\\\/virbac-dog-dermatology-support\\\/\",\"url\":\"https:\\\/\\\/anivet.lt\\\/elparduotuve\\\/produktas\\\/virbac-dog-dermatology-support\\\/\",\"name\":\"Virbac Dog Dermatology Support - anivet.lt\",\"isPartOf\":{\"@id\":\"https:\\\/\\\/anivet.lt\\\/elparduotuve\\\/#website\"},\"primaryImageOfPage\":{\"@id\":\"https:\\\/\\\/anivet.lt\\\/elparduotuve\\\/produktas\\\/virbac-dog-dermatology-support\\\/#primaryimage\"},\"image\":{\"@id\":\"https:\\\/\\\/anivet.lt\\\/elparduotuve\\\/produktas\\\/virbac-dog-dermatology-support\\\/#primaryimage\"},\"thumbnailUrl\":\"https:\\\/\\\/anivet.lt\\\/elparduotuve\\\/wp-content\\\/uploads\\\/2024\\\/01\\\/virbac-dog-dermatology-support-sausas-pasaras-sunims.jpg\",\"datePublished\":\"2024-01-13T21:53:27+00:00\",\"dateModified\":\"2026-02-23T15:22:25+00:00\",\"description\":\"\u0160is specialiai sukurtas pa\u0161aras skirtas \u0161unims, ken\u010diantiems nuo dermatozi\u0173, per didelio kailio slinkimo, dermatit\u0173 ar atopijos. Praturtintas unikaliomis maistin\u0117mis med\u017eiagomis, padeda palaikyti odos sveikat\u0105, ma\u017einti u\u017edegimo po\u017eymius ir u\u017etikrina kailio atsinaujinim\u0105. Puikiai tinka vis\u0173 am\u017eiaus grupi\u0173 \u0161unims.\",\"breadcrumb\":{\"@id\":\"https:\\\/\\\/anivet.lt\\\/elparduotuve\\\/produktas\\\/virbac-dog-dermatology-support\\\/#breadcrumb\"},\"inLanguage\":\"lt-LT\",\"potentialAction\":[{\"@type\":\"ReadAction\",\"target\":[\"https:\\\/\\\/anivet.lt\\\/elparduotuve\\\/produktas\\\/virbac-dog-dermatology-support\\\/\"]}]},{\"@type\":\"ImageObject\",\"inLanguage\":\"lt-LT\",\"@id\":\"https:\\\/\\\/anivet.lt\\\/elparduotuve\\\/produktas\\\/virbac-dog-dermatology-support\\\/#primaryimage\",\"url\":\"https:\\\/\\\/anivet.lt\\\/elparduotuve\\\/wp-content\\\/uploads\\\/2024\\\/01\\\/virbac-dog-dermatology-support-sausas-pasaras-sunims.jpg\",\"contentUrl\":\"https:\\\/\\\/anivet.lt\\\/elparduotuve\\\/wp-content\\\/uploads\\\/2024\\\/01\\\/virbac-dog-dermatology-support-sausas-pasaras-sunims.jpg\",\"width\":800,\"height\":800,\"caption\":\"Virbac Dog Dermatology Support\"},{\"@type\":\"BreadcrumbList\",\"@id\":\"https:\\\/\\\/anivet.lt\\\/elparduotuve\\\/produktas\\\/virbac-dog-dermatology-support\\\/#breadcrumb\",\"itemListElement\":[{\"@type\":\"ListItem\",\"position\":1,\"name\":\"Home\",\"item\":\"https:\\\/\\\/anivet.lt\\\/elparduotuve\\\/\"},{\"@type\":\"ListItem\",\"position\":2,\"name\":\"Produktai\",\"item\":\"https:\\\/\\\/anivet.lt\\\/elparduotuve\\\/produktai\\\/\"},{\"@type\":\"ListItem\",\"position\":3,\"name\":\"Virbac Dog Dermatology Support\"}]},{\"@type\":\"WebSite\",\"@id\":\"https:\\\/\\\/anivet.lt\\\/elparduotuve\\\/#website\",\"url\":\"https:\\\/\\\/anivet.lt\\\/elparduotuve\\\/\",\"name\":\"anivet.lt\",\"description\":\"Viskas J\u016bs\u0173 \u0161uns, kat\u0117s prie\u017ei\u016brai\",\"publisher\":{\"@id\":\"https:\\\/\\\/anivet.lt\\\/elparduotuve\\\/#organization\"},\"alternateName\":\"Viskas J\u016bs\u0173 \u0161uns, kat\u0117s prie\u017ei\u016brai\",\"potentialAction\":[{\"@type\":\"SearchAction\",\"target\":{\"@type\":\"EntryPoint\",\"urlTemplate\":\"https:\\\/\\\/anivet.lt\\\/elparduotuve\\\/?s={search_term_string}\"},\"query-input\":{\"@type\":\"PropertyValueSpecification\",\"valueRequired\":true,\"valueName\":\"search_term_string\"}}],\"inLanguage\":\"lt-LT\"},{\"@type\":\"Organization\",\"@id\":\"https:\\\/\\\/anivet.lt\\\/elparduotuve\\\/#organization\",\"name\":\"Viskas J\u016bs\u0173 \u0161uns, kat\u0117s prie\u017ei\u016brai\",\"url\":\"https:\\\/\\\/anivet.lt\\\/elparduotuve\\\/\",\"logo\":{\"@type\":\"ImageObject\",\"inLanguage\":\"lt-LT\",\"@id\":\"https:\\\/\\\/anivet.lt\\\/elparduotuve\\\/#\\\/schema\\\/logo\\\/image\\\/\",\"url\":\"https:\\\/\\\/anivet.lt\\\/elparduotuve\\\/wp-content\\\/uploads\\\/2023\\\/06\\\/logo2.jpg\",\"contentUrl\":\"https:\\\/\\\/anivet.lt\\\/elparduotuve\\\/wp-content\\\/uploads\\\/2023\\\/06\\\/logo2.jpg\",\"width\":655,\"height\":194,\"caption\":\"Viskas J\u016bs\u0173 \u0161uns, kat\u0117s prie\u017ei\u016brai\"},\"image\":{\"@id\":\"https:\\\/\\\/anivet.lt\\\/elparduotuve\\\/#\\\/schema\\\/logo\\\/image\\\/\"}}]}<\/script>\n<!-- \/ Yoast SEO Premium plugin. -->","yoast_head_json":{"title":"Virbac Dog Dermatology Support - anivet.lt","description":"\u0160is specialiai sukurtas pa\u0161aras skirtas \u0161unims, ken\u010diantiems nuo dermatozi\u0173, per didelio kailio slinkimo, dermatit\u0173 ar atopijos. Praturtintas unikaliomis maistin\u0117mis med\u017eiagomis, padeda palaikyti odos sveikat\u0105, ma\u017einti u\u017edegimo po\u017eymius ir u\u017etikrina kailio atsinaujinim\u0105. Puikiai tinka vis\u0173 am\u017eiaus grupi\u0173 \u0161unims.","robots":{"index":"index","follow":"follow","max-snippet":"max-snippet:-1","max-image-preview":"max-image-preview:large","max-video-preview":"max-video-preview:-1"},"canonical":"https:\/\/anivet.lt\/elparduotuve\/produktas\/virbac-dog-dermatology-support\/","og_locale":"lt_LT","og_type":"article","og_title":"Virbac Dog Dermatology Support","og_description":"\u0160is specialiai sukurtas pa\u0161aras skirtas \u0161unims, ken\u010diantiems nuo dermatozi\u0173, per didelio kailio slinkimo, dermatit\u0173 ar atopijos. Praturtintas unikaliomis maistin\u0117mis med\u017eiagomis, padeda palaikyti odos sveikat\u0105, ma\u017einti u\u017edegimo po\u017eymius ir u\u017etikrina kailio atsinaujinim\u0105. Puikiai tinka vis\u0173 am\u017eiaus grupi\u0173 \u0161unims.","og_url":"https:\/\/anivet.lt\/elparduotuve\/produktas\/virbac-dog-dermatology-support\/","og_site_name":"anivet.lt","article_modified_time":"2026-02-23T15:22:25+00:00","og_image":[{"width":800,"height":800,"url":"https:\/\/anivet.lt\/elparduotuve\/wp-content\/uploads\/2024\/01\/virbac-dog-dermatology-support-sausas-pasaras-sunims.jpg","type":"image\/jpeg"}],"twitter_card":"summary_large_image","twitter_misc":{"Est. reading time":"1 minut\u0117"},"schema":{"@context":"https:\/\/schema.org","@graph":[{"@type":"WebPage","@id":"https:\/\/anivet.lt\/elparduotuve\/produktas\/virbac-dog-dermatology-support\/","url":"https:\/\/anivet.lt\/elparduotuve\/produktas\/virbac-dog-dermatology-support\/","name":"Virbac Dog Dermatology Support - anivet.lt","isPartOf":{"@id":"https:\/\/anivet.lt\/elparduotuve\/#website"},"primaryImageOfPage":{"@id":"https:\/\/anivet.lt\/elparduotuve\/produktas\/virbac-dog-dermatology-support\/#primaryimage"},"image":{"@id":"https:\/\/anivet.lt\/elparduotuve\/produktas\/virbac-dog-dermatology-support\/#primaryimage"},"thumbnailUrl":"https:\/\/anivet.lt\/elparduotuve\/wp-content\/uploads\/2024\/01\/virbac-dog-dermatology-support-sausas-pasaras-sunims.jpg","datePublished":"2024-01-13T21:53:27+00:00","dateModified":"2026-02-23T15:22:25+00:00","description":"\u0160is specialiai sukurtas pa\u0161aras skirtas \u0161unims, ken\u010diantiems nuo dermatozi\u0173, per didelio kailio slinkimo, dermatit\u0173 ar atopijos. Praturtintas unikaliomis maistin\u0117mis med\u017eiagomis, padeda palaikyti odos sveikat\u0105, ma\u017einti u\u017edegimo po\u017eymius ir u\u017etikrina kailio atsinaujinim\u0105. Puikiai tinka vis\u0173 am\u017eiaus grupi\u0173 \u0161unims.","breadcrumb":{"@id":"https:\/\/anivet.lt\/elparduotuve\/produktas\/virbac-dog-dermatology-support\/#breadcrumb"},"inLanguage":"lt-LT","potentialAction":[{"@type":"ReadAction","target":["https:\/\/anivet.lt\/elparduotuve\/produktas\/virbac-dog-dermatology-support\/"]}]},{"@type":"ImageObject","inLanguage":"lt-LT","@id":"https:\/\/anivet.lt\/elparduotuve\/produktas\/virbac-dog-dermatology-support\/#primaryimage","url":"https:\/\/anivet.lt\/elparduotuve\/wp-content\/uploads\/2024\/01\/virbac-dog-dermatology-support-sausas-pasaras-sunims.jpg","contentUrl":"https:\/\/anivet.lt\/elparduotuve\/wp-content\/uploads\/2024\/01\/virbac-dog-dermatology-support-sausas-pasaras-sunims.jpg","width":800,"height":800,"caption":"Virbac Dog Dermatology Support"},{"@type":"BreadcrumbList","@id":"https:\/\/anivet.lt\/elparduotuve\/produktas\/virbac-dog-dermatology-support\/#breadcrumb","itemListElement":[{"@type":"ListItem","position":1,"name":"Home","item":"https:\/\/anivet.lt\/elparduotuve\/"},{"@type":"ListItem","position":2,"name":"Produktai","item":"https:\/\/anivet.lt\/elparduotuve\/produktai\/"},{"@type":"ListItem","position":3,"name":"Virbac Dog Dermatology Support"}]},{"@type":"WebSite","@id":"https:\/\/anivet.lt\/elparduotuve\/#website","url":"https:\/\/anivet.lt\/elparduotuve\/","name":"anivet.lt","description":"Viskas J\u016bs\u0173 \u0161uns, kat\u0117s prie\u017ei\u016brai","publisher":{"@id":"https:\/\/anivet.lt\/elparduotuve\/#organization"},"alternateName":"Viskas J\u016bs\u0173 \u0161uns, kat\u0117s prie\u017ei\u016brai","potentialAction":[{"@type":"SearchAction","target":{"@type":"EntryPoint","urlTemplate":"https:\/\/anivet.lt\/elparduotuve\/?s={search_term_string}"},"query-input":{"@type":"PropertyValueSpecification","valueRequired":true,"valueName":"search_term_string"}}],"inLanguage":"lt-LT"},{"@type":"Organization","@id":"https:\/\/anivet.lt\/elparduotuve\/#organization","name":"Viskas J\u016bs\u0173 \u0161uns, kat\u0117s prie\u017ei\u016brai","url":"https:\/\/anivet.lt\/elparduotuve\/","logo":{"@type":"ImageObject","inLanguage":"lt-LT","@id":"https:\/\/anivet.lt\/elparduotuve\/#\/schema\/logo\/image\/","url":"https:\/\/anivet.lt\/elparduotuve\/wp-content\/uploads\/2023\/06\/logo2.jpg","contentUrl":"https:\/\/anivet.lt\/elparduotuve\/wp-content\/uploads\/2023\/06\/logo2.jpg","width":655,"height":194,"caption":"Viskas J\u016bs\u0173 \u0161uns, kat\u0117s prie\u017ei\u016brai"},"image":{"@id":"https:\/\/anivet.lt\/elparduotuve\/#\/schema\/logo\/image\/"}}]}},"_links":{"self":[{"href":"https:\/\/anivet.lt\/elparduotuve\/wp-json\/wp\/v2\/product\/12671","targetHints":{"allow":["GET"]}}],"collection":[{"href":"https:\/\/anivet.lt\/elparduotuve\/wp-json\/wp\/v2\/product"}],"about":[{"href":"https:\/\/anivet.lt\/elparduotuve\/wp-json\/wp\/v2\/types\/product"}],"wp:featuredmedia":[{"embeddable":true,"href":"https:\/\/anivet.lt\/elparduotuve\/wp-json\/wp\/v2\/media\/12672"}],"wp:attachment":[{"href":"https:\/\/anivet.lt\/elparduotuve\/wp-json\/wp\/v2\/media?parent=12671"}],"wp:term":[{"taxonomy":"product_brand","embeddable":true,"href":"https:\/\/anivet.lt\/elparduotuve\/wp-json\/wp\/v2\/product_brand?post=12671"},{"taxonomy":"product_cat","embeddable":true,"href":"https:\/\/anivet.lt\/elparduotuve\/wp-json\/wp\/v2\/product_cat?post=12671"},{"taxonomy":"product_tag","embeddable":true,"href":"https:\/\/anivet.lt\/elparduotuve\/wp-json\/wp\/v2\/product_tag?post=12671"}],"curies":[{"name":"wp","href":"https:\/\/api.w.org\/{rel}","templated":true}]}}