{"id":12705,"date":"2024-01-15T11:39:03","date_gmt":"2024-01-15T11:39:03","guid":{"rendered":"https:\/\/anivet.lt\/elparduotuve\/?post_type=product&#038;p=12705"},"modified":"2026-03-03T09:55:22","modified_gmt":"2026-03-03T09:55:22","slug":"virbac-senior-neutered-cat-sausas-maistas-senyvoms-sterilizuotoms-katems","status":"publish","type":"product","link":"https:\/\/anivet.lt\/elparduotuve\/produktas\/virbac-senior-neutered-cat-sausas-maistas-senyvoms-sterilizuotoms-katems\/","title":{"rendered":"Virbac Senior Neutered Cat sausas maistas senyvoms sterilizuotoms kat\u0117ms 3kg"},"content":{"rendered":"<ul>\n<li style=\"font-weight: 400;\" aria-level=\"1\"><span style=\"font-weight: 400;\">Inkst\u0173 funkcijos palaikymas: Suma\u017eintas fosforo kiekis ir chitosano savyb\u0117 skatinti chelatinimo procesus padeda apsaugoti inkst\u0173 veikl\u0105.<\/span><\/li>\n<li style=\"font-weight: 400;\" aria-level=\"1\"><span style=\"font-weight: 400;\">Sveika \u0161lapimo sistema: Padidintas \u0161lapimo kiekis ir subalansuotas \u0161lapimo pH stabilizavimas u\u017etikrina sveikus \u0161lapimo takus.<\/span><\/li>\n<li style=\"font-weight: 400;\" aria-level=\"1\"><span style=\"font-weight: 400;\">Burnos higiena: Askorbo r\u016bg\u0161ties druskos ma\u017eina apna\u0161\u0173 susidarym\u0105 ir nemalon\u0173 kvap\u0105 i\u0161 nasr\u0173.<\/span><\/li>\n<li style=\"font-weight: 400;\" aria-level=\"1\"><span style=\"font-weight: 400;\">Raumen\u0173 mas\u0117s palaikymas: Tinkamas baltym\u0173 kiekis padeda i\u0161laikyti raumen\u0173 mas\u0119, kuri prisideda prie s\u0105nari\u0173 stabilumo.<\/span><\/li>\n<li style=\"font-weight: 400;\" aria-level=\"1\"><span style=\"font-weight: 400;\">Vir\u0161kinimo trakto sveikata: Prebiotikai, probiotikai ir montmorilonito molis padeda reguliuoti vir\u0161kinim\u0105 ir palaikyti \u017earnyno floros balans\u0105.<\/span><\/li>\n<\/ul>\n<p><span style=\"font-weight: 400;\">\u0160is pa\u0161aras ne tik u\u017etikrina ger\u0105 vyresni\u0173 sterilizuot\u0173 ka\u010di\u0173 sveikat\u0105, bet ir padeda kompensuoti suma\u017e\u0117jus\u012f apetit\u0105, da\u017enai b\u016bding\u0105 vyresnio am\u017eiaus kat\u0117ms. Specialiai subalansuotas riebal\u0173, baltym\u0173 ir energijos kiekis palaiko ideal\u0173 k\u016bno svor\u012f ir stiprina raumen\u0173 tonus\u0105, o didelis omega-3 ir omega-6 kiekis padeda i\u0161laikyti sveik\u0105 kail\u012f ir od\u0105.<\/span><\/p>\n","protected":false},"excerpt":{"rendered":"<p><span style=\"font-weight: 400;\">Specialiai pritaikytas pa\u0161aras sterilizuotoms vyresnio am\u017eiaus kat\u0117ms (vyresn\u0117ms nei 10 met\u0173), kad b\u016bt\u0173 u\u017etikrintas j\u0173 optimalus sveikatos palaikymas ir tinkamas mitybos balansas.<\/span><\/p>\n","protected":false},"featured_media":19674,"template":"","meta":[],"product_brand":[],"product_cat":[114,115,102,348],"product_tag":[],"class_list":{"0":"post-12705","1":"product","2":"type-product","3":"status-publish","4":"has-post-thumbnail","6":"product_cat-kaciu-maistas","7":"product_cat-sausas-maistas-ir-skanestai-katems","8":"product_cat-katems","9":"product_cat-virbac-kaciu-maistas","10":"pa_prekinis-zenklas-virbac","12":"first","13":"instock","14":"sale","15":"taxable","16":"shipping-taxable","17":"purchasable","18":"product-type-simple"},"yoast_head":"<!-- This site is optimized with the Yoast SEO Premium plugin v27.1 (Yoast SEO v27.5) - https:\/\/yoast.com\/product\/yoast-seo-premium-wordpress\/ -->\n<title>Virbac Senior Neutered Cat sausas maistas senyvoms sterilizuotoms kat\u0117ms 3kg - anivet.lt<\/title>\n<meta name=\"description\" content=\"Specialiai pritaikytas pa\u0161aras sterilizuotoms vyresnio am\u017eiaus kat\u0117ms (vyresn\u0117ms nei 10 met\u0173), kad b\u016bt\u0173 u\u017etikrintas j\u0173 optimalus sveikatos palaikymas ir tinkamas mitybos balansas.\" \/>\n<meta name=\"robots\" content=\"index, follow, max-snippet:-1, max-image-preview:large, max-video-preview:-1\" \/>\n<link rel=\"canonical\" href=\"https:\/\/anivet.lt\/elparduotuve\/produktas\/virbac-senior-neutered-cat-sausas-maistas-senyvoms-sterilizuotoms-katems\/\" \/>\n<meta property=\"og:locale\" content=\"lt_LT\" \/>\n<meta property=\"og:type\" content=\"article\" \/>\n<meta property=\"og:title\" content=\"Virbac Senior Neutered Cat sausas maistas senyvoms sterilizuotoms kat\u0117ms 3kg\" \/>\n<meta property=\"og:description\" content=\"Specialiai pritaikytas pa\u0161aras sterilizuotoms vyresnio am\u017eiaus kat\u0117ms (vyresn\u0117ms nei 10 met\u0173), kad b\u016bt\u0173 u\u017etikrintas j\u0173 optimalus sveikatos palaikymas ir tinkamas mitybos balansas.\" \/>\n<meta property=\"og:url\" content=\"https:\/\/anivet.lt\/elparduotuve\/produktas\/virbac-senior-neutered-cat-sausas-maistas-senyvoms-sterilizuotoms-katems\/\" \/>\n<meta property=\"og:site_name\" content=\"anivet.lt\" \/>\n<meta property=\"article:modified_time\" content=\"2026-03-03T09:55:22+00:00\" \/>\n<meta property=\"og:image\" content=\"https:\/\/anivet.lt\/elparduotuve\/wp-content\/uploads\/2024\/01\/Virbac-Senior-Neutered-Cat-sausas-maistas-senyvoms-sterilizuotoms-katems-3kg.jpg\" \/>\n\t<meta property=\"og:image:width\" content=\"650\" \/>\n\t<meta property=\"og:image:height\" content=\"650\" \/>\n\t<meta property=\"og:image:type\" content=\"image\/jpeg\" \/>\n<meta name=\"twitter:card\" content=\"summary_large_image\" \/>\n<meta name=\"twitter:label1\" content=\"Est. reading time\" \/>\n\t<meta name=\"twitter:data1\" content=\"1 minut\u0117\" \/>\n<script type=\"application\/ld+json\" class=\"yoast-schema-graph\">{\"@context\":\"https:\\\/\\\/schema.org\",\"@graph\":[{\"@type\":\"WebPage\",\"@id\":\"https:\\\/\\\/anivet.lt\\\/elparduotuve\\\/produktas\\\/virbac-senior-neutered-cat-sausas-maistas-senyvoms-sterilizuotoms-katems\\\/\",\"url\":\"https:\\\/\\\/anivet.lt\\\/elparduotuve\\\/produktas\\\/virbac-senior-neutered-cat-sausas-maistas-senyvoms-sterilizuotoms-katems\\\/\",\"name\":\"Virbac Senior Neutered Cat sausas maistas senyvoms sterilizuotoms kat\u0117ms 3kg - anivet.lt\",\"isPartOf\":{\"@id\":\"https:\\\/\\\/anivet.lt\\\/elparduotuve\\\/#website\"},\"primaryImageOfPage\":{\"@id\":\"https:\\\/\\\/anivet.lt\\\/elparduotuve\\\/produktas\\\/virbac-senior-neutered-cat-sausas-maistas-senyvoms-sterilizuotoms-katems\\\/#primaryimage\"},\"image\":{\"@id\":\"https:\\\/\\\/anivet.lt\\\/elparduotuve\\\/produktas\\\/virbac-senior-neutered-cat-sausas-maistas-senyvoms-sterilizuotoms-katems\\\/#primaryimage\"},\"thumbnailUrl\":\"https:\\\/\\\/anivet.lt\\\/elparduotuve\\\/wp-content\\\/uploads\\\/2024\\\/01\\\/Virbac-Senior-Neutered-Cat-sausas-maistas-senyvoms-sterilizuotoms-katems-3kg.jpg\",\"datePublished\":\"2024-01-15T11:39:03+00:00\",\"dateModified\":\"2026-03-03T09:55:22+00:00\",\"description\":\"Specialiai pritaikytas pa\u0161aras sterilizuotoms vyresnio am\u017eiaus kat\u0117ms (vyresn\u0117ms nei 10 met\u0173), kad b\u016bt\u0173 u\u017etikrintas j\u0173 optimalus sveikatos palaikymas ir tinkamas mitybos balansas.\",\"breadcrumb\":{\"@id\":\"https:\\\/\\\/anivet.lt\\\/elparduotuve\\\/produktas\\\/virbac-senior-neutered-cat-sausas-maistas-senyvoms-sterilizuotoms-katems\\\/#breadcrumb\"},\"inLanguage\":\"lt-LT\",\"potentialAction\":[{\"@type\":\"ReadAction\",\"target\":[\"https:\\\/\\\/anivet.lt\\\/elparduotuve\\\/produktas\\\/virbac-senior-neutered-cat-sausas-maistas-senyvoms-sterilizuotoms-katems\\\/\"]}]},{\"@type\":\"ImageObject\",\"inLanguage\":\"lt-LT\",\"@id\":\"https:\\\/\\\/anivet.lt\\\/elparduotuve\\\/produktas\\\/virbac-senior-neutered-cat-sausas-maistas-senyvoms-sterilizuotoms-katems\\\/#primaryimage\",\"url\":\"https:\\\/\\\/anivet.lt\\\/elparduotuve\\\/wp-content\\\/uploads\\\/2024\\\/01\\\/Virbac-Senior-Neutered-Cat-sausas-maistas-senyvoms-sterilizuotoms-katems-3kg.jpg\",\"contentUrl\":\"https:\\\/\\\/anivet.lt\\\/elparduotuve\\\/wp-content\\\/uploads\\\/2024\\\/01\\\/Virbac-Senior-Neutered-Cat-sausas-maistas-senyvoms-sterilizuotoms-katems-3kg.jpg\",\"width\":650,\"height\":650,\"caption\":\"Virbac Senior Neutered Cat sausas maistas senyvoms sterilizuotoms kat\u0117ms 3kg\"},{\"@type\":\"BreadcrumbList\",\"@id\":\"https:\\\/\\\/anivet.lt\\\/elparduotuve\\\/produktas\\\/virbac-senior-neutered-cat-sausas-maistas-senyvoms-sterilizuotoms-katems\\\/#breadcrumb\",\"itemListElement\":[{\"@type\":\"ListItem\",\"position\":1,\"name\":\"Home\",\"item\":\"https:\\\/\\\/anivet.lt\\\/elparduotuve\\\/\"},{\"@type\":\"ListItem\",\"position\":2,\"name\":\"Produktai\",\"item\":\"https:\\\/\\\/anivet.lt\\\/elparduotuve\\\/produktai\\\/\"},{\"@type\":\"ListItem\",\"position\":3,\"name\":\"Virbac Senior Neutered Cat sausas maistas senyvoms sterilizuotoms kat\u0117ms 3kg\"}]},{\"@type\":\"WebSite\",\"@id\":\"https:\\\/\\\/anivet.lt\\\/elparduotuve\\\/#website\",\"url\":\"https:\\\/\\\/anivet.lt\\\/elparduotuve\\\/\",\"name\":\"anivet.lt\",\"description\":\"Viskas J\u016bs\u0173 \u0161uns, kat\u0117s prie\u017ei\u016brai\",\"publisher\":{\"@id\":\"https:\\\/\\\/anivet.lt\\\/elparduotuve\\\/#organization\"},\"alternateName\":\"Viskas J\u016bs\u0173 \u0161uns, kat\u0117s prie\u017ei\u016brai\",\"potentialAction\":[{\"@type\":\"SearchAction\",\"target\":{\"@type\":\"EntryPoint\",\"urlTemplate\":\"https:\\\/\\\/anivet.lt\\\/elparduotuve\\\/?s={search_term_string}\"},\"query-input\":{\"@type\":\"PropertyValueSpecification\",\"valueRequired\":true,\"valueName\":\"search_term_string\"}}],\"inLanguage\":\"lt-LT\"},{\"@type\":\"Organization\",\"@id\":\"https:\\\/\\\/anivet.lt\\\/elparduotuve\\\/#organization\",\"name\":\"Viskas J\u016bs\u0173 \u0161uns, kat\u0117s prie\u017ei\u016brai\",\"url\":\"https:\\\/\\\/anivet.lt\\\/elparduotuve\\\/\",\"logo\":{\"@type\":\"ImageObject\",\"inLanguage\":\"lt-LT\",\"@id\":\"https:\\\/\\\/anivet.lt\\\/elparduotuve\\\/#\\\/schema\\\/logo\\\/image\\\/\",\"url\":\"https:\\\/\\\/anivet.lt\\\/elparduotuve\\\/wp-content\\\/uploads\\\/2023\\\/06\\\/logo2.jpg\",\"contentUrl\":\"https:\\\/\\\/anivet.lt\\\/elparduotuve\\\/wp-content\\\/uploads\\\/2023\\\/06\\\/logo2.jpg\",\"width\":655,\"height\":194,\"caption\":\"Viskas J\u016bs\u0173 \u0161uns, kat\u0117s prie\u017ei\u016brai\"},\"image\":{\"@id\":\"https:\\\/\\\/anivet.lt\\\/elparduotuve\\\/#\\\/schema\\\/logo\\\/image\\\/\"}}]}<\/script>\n<!-- \/ Yoast SEO Premium plugin. -->","yoast_head_json":{"title":"Virbac Senior Neutered Cat sausas maistas senyvoms sterilizuotoms kat\u0117ms 3kg - anivet.lt","description":"Specialiai pritaikytas pa\u0161aras sterilizuotoms vyresnio am\u017eiaus kat\u0117ms (vyresn\u0117ms nei 10 met\u0173), kad b\u016bt\u0173 u\u017etikrintas j\u0173 optimalus sveikatos palaikymas ir tinkamas mitybos balansas.","robots":{"index":"index","follow":"follow","max-snippet":"max-snippet:-1","max-image-preview":"max-image-preview:large","max-video-preview":"max-video-preview:-1"},"canonical":"https:\/\/anivet.lt\/elparduotuve\/produktas\/virbac-senior-neutered-cat-sausas-maistas-senyvoms-sterilizuotoms-katems\/","og_locale":"lt_LT","og_type":"article","og_title":"Virbac Senior Neutered Cat sausas maistas senyvoms sterilizuotoms kat\u0117ms 3kg","og_description":"Specialiai pritaikytas pa\u0161aras sterilizuotoms vyresnio am\u017eiaus kat\u0117ms (vyresn\u0117ms nei 10 met\u0173), kad b\u016bt\u0173 u\u017etikrintas j\u0173 optimalus sveikatos palaikymas ir tinkamas mitybos balansas.","og_url":"https:\/\/anivet.lt\/elparduotuve\/produktas\/virbac-senior-neutered-cat-sausas-maistas-senyvoms-sterilizuotoms-katems\/","og_site_name":"anivet.lt","article_modified_time":"2026-03-03T09:55:22+00:00","og_image":[{"width":650,"height":650,"url":"https:\/\/anivet.lt\/elparduotuve\/wp-content\/uploads\/2024\/01\/Virbac-Senior-Neutered-Cat-sausas-maistas-senyvoms-sterilizuotoms-katems-3kg.jpg","type":"image\/jpeg"}],"twitter_card":"summary_large_image","twitter_misc":{"Est. reading time":"1 minut\u0117"},"schema":{"@context":"https:\/\/schema.org","@graph":[{"@type":"WebPage","@id":"https:\/\/anivet.lt\/elparduotuve\/produktas\/virbac-senior-neutered-cat-sausas-maistas-senyvoms-sterilizuotoms-katems\/","url":"https:\/\/anivet.lt\/elparduotuve\/produktas\/virbac-senior-neutered-cat-sausas-maistas-senyvoms-sterilizuotoms-katems\/","name":"Virbac Senior Neutered Cat sausas maistas senyvoms sterilizuotoms kat\u0117ms 3kg - anivet.lt","isPartOf":{"@id":"https:\/\/anivet.lt\/elparduotuve\/#website"},"primaryImageOfPage":{"@id":"https:\/\/anivet.lt\/elparduotuve\/produktas\/virbac-senior-neutered-cat-sausas-maistas-senyvoms-sterilizuotoms-katems\/#primaryimage"},"image":{"@id":"https:\/\/anivet.lt\/elparduotuve\/produktas\/virbac-senior-neutered-cat-sausas-maistas-senyvoms-sterilizuotoms-katems\/#primaryimage"},"thumbnailUrl":"https:\/\/anivet.lt\/elparduotuve\/wp-content\/uploads\/2024\/01\/Virbac-Senior-Neutered-Cat-sausas-maistas-senyvoms-sterilizuotoms-katems-3kg.jpg","datePublished":"2024-01-15T11:39:03+00:00","dateModified":"2026-03-03T09:55:22+00:00","description":"Specialiai pritaikytas pa\u0161aras sterilizuotoms vyresnio am\u017eiaus kat\u0117ms (vyresn\u0117ms nei 10 met\u0173), kad b\u016bt\u0173 u\u017etikrintas j\u0173 optimalus sveikatos palaikymas ir tinkamas mitybos balansas.","breadcrumb":{"@id":"https:\/\/anivet.lt\/elparduotuve\/produktas\/virbac-senior-neutered-cat-sausas-maistas-senyvoms-sterilizuotoms-katems\/#breadcrumb"},"inLanguage":"lt-LT","potentialAction":[{"@type":"ReadAction","target":["https:\/\/anivet.lt\/elparduotuve\/produktas\/virbac-senior-neutered-cat-sausas-maistas-senyvoms-sterilizuotoms-katems\/"]}]},{"@type":"ImageObject","inLanguage":"lt-LT","@id":"https:\/\/anivet.lt\/elparduotuve\/produktas\/virbac-senior-neutered-cat-sausas-maistas-senyvoms-sterilizuotoms-katems\/#primaryimage","url":"https:\/\/anivet.lt\/elparduotuve\/wp-content\/uploads\/2024\/01\/Virbac-Senior-Neutered-Cat-sausas-maistas-senyvoms-sterilizuotoms-katems-3kg.jpg","contentUrl":"https:\/\/anivet.lt\/elparduotuve\/wp-content\/uploads\/2024\/01\/Virbac-Senior-Neutered-Cat-sausas-maistas-senyvoms-sterilizuotoms-katems-3kg.jpg","width":650,"height":650,"caption":"Virbac Senior Neutered Cat sausas maistas senyvoms sterilizuotoms kat\u0117ms 3kg"},{"@type":"BreadcrumbList","@id":"https:\/\/anivet.lt\/elparduotuve\/produktas\/virbac-senior-neutered-cat-sausas-maistas-senyvoms-sterilizuotoms-katems\/#breadcrumb","itemListElement":[{"@type":"ListItem","position":1,"name":"Home","item":"https:\/\/anivet.lt\/elparduotuve\/"},{"@type":"ListItem","position":2,"name":"Produktai","item":"https:\/\/anivet.lt\/elparduotuve\/produktai\/"},{"@type":"ListItem","position":3,"name":"Virbac Senior Neutered Cat sausas maistas senyvoms sterilizuotoms kat\u0117ms 3kg"}]},{"@type":"WebSite","@id":"https:\/\/anivet.lt\/elparduotuve\/#website","url":"https:\/\/anivet.lt\/elparduotuve\/","name":"anivet.lt","description":"Viskas J\u016bs\u0173 \u0161uns, kat\u0117s prie\u017ei\u016brai","publisher":{"@id":"https:\/\/anivet.lt\/elparduotuve\/#organization"},"alternateName":"Viskas J\u016bs\u0173 \u0161uns, kat\u0117s prie\u017ei\u016brai","potentialAction":[{"@type":"SearchAction","target":{"@type":"EntryPoint","urlTemplate":"https:\/\/anivet.lt\/elparduotuve\/?s={search_term_string}"},"query-input":{"@type":"PropertyValueSpecification","valueRequired":true,"valueName":"search_term_string"}}],"inLanguage":"lt-LT"},{"@type":"Organization","@id":"https:\/\/anivet.lt\/elparduotuve\/#organization","name":"Viskas J\u016bs\u0173 \u0161uns, kat\u0117s prie\u017ei\u016brai","url":"https:\/\/anivet.lt\/elparduotuve\/","logo":{"@type":"ImageObject","inLanguage":"lt-LT","@id":"https:\/\/anivet.lt\/elparduotuve\/#\/schema\/logo\/image\/","url":"https:\/\/anivet.lt\/elparduotuve\/wp-content\/uploads\/2023\/06\/logo2.jpg","contentUrl":"https:\/\/anivet.lt\/elparduotuve\/wp-content\/uploads\/2023\/06\/logo2.jpg","width":655,"height":194,"caption":"Viskas J\u016bs\u0173 \u0161uns, kat\u0117s prie\u017ei\u016brai"},"image":{"@id":"https:\/\/anivet.lt\/elparduotuve\/#\/schema\/logo\/image\/"}}]}},"_links":{"self":[{"href":"https:\/\/anivet.lt\/elparduotuve\/wp-json\/wp\/v2\/product\/12705","targetHints":{"allow":["GET"]}}],"collection":[{"href":"https:\/\/anivet.lt\/elparduotuve\/wp-json\/wp\/v2\/product"}],"about":[{"href":"https:\/\/anivet.lt\/elparduotuve\/wp-json\/wp\/v2\/types\/product"}],"wp:featuredmedia":[{"embeddable":true,"href":"https:\/\/anivet.lt\/elparduotuve\/wp-json\/wp\/v2\/media\/19674"}],"wp:attachment":[{"href":"https:\/\/anivet.lt\/elparduotuve\/wp-json\/wp\/v2\/media?parent=12705"}],"wp:term":[{"taxonomy":"product_brand","embeddable":true,"href":"https:\/\/anivet.lt\/elparduotuve\/wp-json\/wp\/v2\/product_brand?post=12705"},{"taxonomy":"product_cat","embeddable":true,"href":"https:\/\/anivet.lt\/elparduotuve\/wp-json\/wp\/v2\/product_cat?post=12705"},{"taxonomy":"product_tag","embeddable":true,"href":"https:\/\/anivet.lt\/elparduotuve\/wp-json\/wp\/v2\/product_tag?post=12705"}],"curies":[{"name":"wp","href":"https:\/\/api.w.org\/{rel}","templated":true}]}}