{"id":12721,"date":"2024-01-15T13:23:58","date_gmt":"2024-01-15T13:23:58","guid":{"rendered":"https:\/\/anivet.lt\/elparduotuve\/?post_type=product&#038;p=12721"},"modified":"2026-05-06T08:48:40","modified_gmt":"2026-05-06T08:48:40","slug":"natural-trainer-adult-medium-su-jautiena-sunims-12kg","status":"publish","type":"product","link":"https:\/\/anivet.lt\/elparduotuve\/produktas\/natural-trainer-adult-medium-su-jautiena-sunims-12kg\/","title":{"rendered":"Natural Trainer Adult Medium su jautiena \u0161unims 12kg"},"content":{"rendered":"<ul>\n<li style=\"font-weight: 400;\" aria-level=\"1\"><span style=\"font-weight: 400;\">Auk\u0161tos kokyb\u0117s baltymai: Sud\u0117tyje yra jautiena (4%), vi\u0161tiena ir kalakutiena, u\u017etikrinantys raumen\u0173 stiprinim\u0105 ir energijos palaikym\u0105.<\/span><\/li>\n<li style=\"font-weight: 400;\" aria-level=\"1\"><span style=\"font-weight: 400;\">Nat\u016bral\u016bs ingredientai: \u012etraukti ingredientai, tokie kaip d\u017eiovinti runkeli\u0173 grie\u017einiai ir obuoli\u0173 mink\u0161timas, padeda palaikyti vir\u0161kinimo sistem\u0105.<\/span><\/li>\n<li style=\"font-weight: 400;\" aria-level=\"1\"><span style=\"font-weight: 400;\">Odos ir kailio sveikata: Omega-3 ir Omega-6 riebiosios r\u016bg\u0161tys prisideda prie odos sveikatos ir blizgan\u010dio kailio.<\/span><\/li>\n<li style=\"font-weight: 400;\" aria-level=\"1\"><span style=\"font-weight: 400;\">Imuniteto stiprinimas: D\u017eiovint\u0173 citrusini\u0173 vaisi\u0173 i\u0161spaudos ir vingr\u016bn\u0117s (Spirulina) padeda stiprinti imunin\u0119 sistem\u0105.<\/span><\/li>\n<li style=\"font-weight: 400;\" aria-level=\"1\"><span style=\"font-weight: 400;\">Lengvai vir\u0161kinamas: Ry\u017eiai ir cikorijos \u0161aknys suteikia lengvai vir\u0161kinam\u0173 angliavandeni\u0173 ir prebiotik\u0173.<\/span><\/li>\n<\/ul>\n<p><span style=\"font-weight: 400;\">\u201eNatural Trainer Adult Medium\u201d su jautiena yra puikus pasirinkimas norint u\u017etikrinti kasdien\u0119 j\u016bs\u0173 \u0161uns gerov\u0119 ir suteikti jam gard\u0173, maisting\u0105 pa\u0161ar\u0105. Tinkamas kasdieniam naudojimui, jis sukuria balans\u0105 tarp skonio ir naudos sveikatai.<\/span><\/p>\n","protected":false},"excerpt":{"rendered":"<p><span style=\"font-weight: 400;\">Pilnai subalansuotas maistas vidutinio dyd\u017eio suaugusiems \u0161unims. Pagamintas i\u0161 nat\u016brali\u0173 ingredient\u0173, \u0161is pa\u0161aras u\u017etikrina subalansuot\u0105 mityb\u0105 ir yra puikus pasirinkimas, siekiant r\u016bpintis j\u016bs\u0173 augintinio sveikata ir energija.<\/span><\/p>\n","protected":false},"featured_media":12722,"template":"","meta":[],"product_brand":[],"product_cat":[101,103,104,328],"product_tag":[],"class_list":{"0":"post-12721","1":"product","2":"type-product","3":"status-publish","4":"has-post-thumbnail","6":"product_cat-sunims","7":"product_cat-sunu-maistas","8":"product_cat-sausas-maistas","9":"product_cat-trainer-sunu-maistas","10":"pa_prekinis-zenklas-trainer","12":"first","13":"instock","14":"sale","15":"taxable","16":"shipping-taxable","17":"purchasable","18":"product-type-simple"},"yoast_head":"<!-- This site is optimized with the Yoast SEO Premium plugin v27.1 (Yoast SEO v27.5) - https:\/\/yoast.com\/product\/yoast-seo-premium-wordpress\/ -->\n<title>Natural Trainer Adult Medium su jautiena \u0161unims 12kg - anivet.lt<\/title>\n<meta name=\"description\" content=\"Pilnai subalansuotas maistas vidutinio dyd\u017eio suaugusiems \u0161unims. Pagamintas i\u0161 nat\u016brali\u0173 ingredient\u0173, \u0161is pa\u0161aras u\u017etikrina subalansuot\u0105 mityb\u0105 ir yra puikus pasirinkimas, siekiant r\u016bpintis j\u016bs\u0173 augintinio sveikata ir energija.\" \/>\n<meta name=\"robots\" content=\"index, follow, max-snippet:-1, max-image-preview:large, max-video-preview:-1\" \/>\n<link rel=\"canonical\" href=\"https:\/\/anivet.lt\/elparduotuve\/produktas\/natural-trainer-adult-medium-su-jautiena-sunims-12kg\/\" \/>\n<meta property=\"og:locale\" content=\"lt_LT\" \/>\n<meta property=\"og:type\" content=\"article\" \/>\n<meta property=\"og:title\" content=\"Natural Trainer Adult Medium su jautiena \u0161unims 12kg\" \/>\n<meta property=\"og:description\" content=\"Pilnai subalansuotas maistas vidutinio dyd\u017eio suaugusiems \u0161unims. Pagamintas i\u0161 nat\u016brali\u0173 ingredient\u0173, \u0161is pa\u0161aras u\u017etikrina subalansuot\u0105 mityb\u0105 ir yra puikus pasirinkimas, siekiant r\u016bpintis j\u016bs\u0173 augintinio sveikata ir energija.\" \/>\n<meta property=\"og:url\" content=\"https:\/\/anivet.lt\/elparduotuve\/produktas\/natural-trainer-adult-medium-su-jautiena-sunims-12kg\/\" \/>\n<meta property=\"og:site_name\" content=\"anivet.lt\" \/>\n<meta property=\"article:modified_time\" content=\"2026-05-06T08:48:40+00:00\" \/>\n<meta property=\"og:image\" content=\"https:\/\/anivet.lt\/elparduotuve\/wp-content\/uploads\/2024\/01\/940040_Medium_beef_12kg.jpg\" \/>\n\t<meta property=\"og:image:width\" content=\"800\" \/>\n\t<meta property=\"og:image:height\" content=\"800\" \/>\n\t<meta property=\"og:image:type\" content=\"image\/jpeg\" \/>\n<meta name=\"twitter:card\" content=\"summary_large_image\" \/>\n<meta name=\"twitter:label1\" content=\"Est. reading time\" \/>\n\t<meta name=\"twitter:data1\" content=\"1 minut\u0117\" \/>\n<script type=\"application\/ld+json\" class=\"yoast-schema-graph\">{\"@context\":\"https:\\\/\\\/schema.org\",\"@graph\":[{\"@type\":\"WebPage\",\"@id\":\"https:\\\/\\\/anivet.lt\\\/elparduotuve\\\/produktas\\\/natural-trainer-adult-medium-su-jautiena-sunims-12kg\\\/\",\"url\":\"https:\\\/\\\/anivet.lt\\\/elparduotuve\\\/produktas\\\/natural-trainer-adult-medium-su-jautiena-sunims-12kg\\\/\",\"name\":\"Natural Trainer Adult Medium su jautiena \u0161unims 12kg - anivet.lt\",\"isPartOf\":{\"@id\":\"https:\\\/\\\/anivet.lt\\\/elparduotuve\\\/#website\"},\"primaryImageOfPage\":{\"@id\":\"https:\\\/\\\/anivet.lt\\\/elparduotuve\\\/produktas\\\/natural-trainer-adult-medium-su-jautiena-sunims-12kg\\\/#primaryimage\"},\"image\":{\"@id\":\"https:\\\/\\\/anivet.lt\\\/elparduotuve\\\/produktas\\\/natural-trainer-adult-medium-su-jautiena-sunims-12kg\\\/#primaryimage\"},\"thumbnailUrl\":\"https:\\\/\\\/anivet.lt\\\/elparduotuve\\\/wp-content\\\/uploads\\\/2024\\\/01\\\/940040_Medium_beef_12kg.jpg\",\"datePublished\":\"2024-01-15T13:23:58+00:00\",\"dateModified\":\"2026-05-06T08:48:40+00:00\",\"description\":\"Pilnai subalansuotas maistas vidutinio dyd\u017eio suaugusiems \u0161unims. Pagamintas i\u0161 nat\u016brali\u0173 ingredient\u0173, \u0161is pa\u0161aras u\u017etikrina subalansuot\u0105 mityb\u0105 ir yra puikus pasirinkimas, siekiant r\u016bpintis j\u016bs\u0173 augintinio sveikata ir energija.\",\"breadcrumb\":{\"@id\":\"https:\\\/\\\/anivet.lt\\\/elparduotuve\\\/produktas\\\/natural-trainer-adult-medium-su-jautiena-sunims-12kg\\\/#breadcrumb\"},\"inLanguage\":\"lt-LT\",\"potentialAction\":[{\"@type\":\"ReadAction\",\"target\":[\"https:\\\/\\\/anivet.lt\\\/elparduotuve\\\/produktas\\\/natural-trainer-adult-medium-su-jautiena-sunims-12kg\\\/\"]}]},{\"@type\":\"ImageObject\",\"inLanguage\":\"lt-LT\",\"@id\":\"https:\\\/\\\/anivet.lt\\\/elparduotuve\\\/produktas\\\/natural-trainer-adult-medium-su-jautiena-sunims-12kg\\\/#primaryimage\",\"url\":\"https:\\\/\\\/anivet.lt\\\/elparduotuve\\\/wp-content\\\/uploads\\\/2024\\\/01\\\/940040_Medium_beef_12kg.jpg\",\"contentUrl\":\"https:\\\/\\\/anivet.lt\\\/elparduotuve\\\/wp-content\\\/uploads\\\/2024\\\/01\\\/940040_Medium_beef_12kg.jpg\",\"width\":800,\"height\":800,\"caption\":\"Natural Trainer Adult Medium su jautiena \u0161unims 12kg\"},{\"@type\":\"BreadcrumbList\",\"@id\":\"https:\\\/\\\/anivet.lt\\\/elparduotuve\\\/produktas\\\/natural-trainer-adult-medium-su-jautiena-sunims-12kg\\\/#breadcrumb\",\"itemListElement\":[{\"@type\":\"ListItem\",\"position\":1,\"name\":\"Home\",\"item\":\"https:\\\/\\\/anivet.lt\\\/elparduotuve\\\/\"},{\"@type\":\"ListItem\",\"position\":2,\"name\":\"Produktai\",\"item\":\"https:\\\/\\\/anivet.lt\\\/elparduotuve\\\/produktai\\\/\"},{\"@type\":\"ListItem\",\"position\":3,\"name\":\"Natural Trainer Adult Medium su jautiena \u0161unims 12kg\"}]},{\"@type\":\"WebSite\",\"@id\":\"https:\\\/\\\/anivet.lt\\\/elparduotuve\\\/#website\",\"url\":\"https:\\\/\\\/anivet.lt\\\/elparduotuve\\\/\",\"name\":\"anivet.lt\",\"description\":\"Viskas J\u016bs\u0173 \u0161uns, kat\u0117s prie\u017ei\u016brai\",\"publisher\":{\"@id\":\"https:\\\/\\\/anivet.lt\\\/elparduotuve\\\/#organization\"},\"alternateName\":\"Viskas J\u016bs\u0173 \u0161uns, kat\u0117s prie\u017ei\u016brai\",\"potentialAction\":[{\"@type\":\"SearchAction\",\"target\":{\"@type\":\"EntryPoint\",\"urlTemplate\":\"https:\\\/\\\/anivet.lt\\\/elparduotuve\\\/?s={search_term_string}\"},\"query-input\":{\"@type\":\"PropertyValueSpecification\",\"valueRequired\":true,\"valueName\":\"search_term_string\"}}],\"inLanguage\":\"lt-LT\"},{\"@type\":\"Organization\",\"@id\":\"https:\\\/\\\/anivet.lt\\\/elparduotuve\\\/#organization\",\"name\":\"Viskas J\u016bs\u0173 \u0161uns, kat\u0117s prie\u017ei\u016brai\",\"url\":\"https:\\\/\\\/anivet.lt\\\/elparduotuve\\\/\",\"logo\":{\"@type\":\"ImageObject\",\"inLanguage\":\"lt-LT\",\"@id\":\"https:\\\/\\\/anivet.lt\\\/elparduotuve\\\/#\\\/schema\\\/logo\\\/image\\\/\",\"url\":\"https:\\\/\\\/anivet.lt\\\/elparduotuve\\\/wp-content\\\/uploads\\\/2023\\\/06\\\/logo2.jpg\",\"contentUrl\":\"https:\\\/\\\/anivet.lt\\\/elparduotuve\\\/wp-content\\\/uploads\\\/2023\\\/06\\\/logo2.jpg\",\"width\":655,\"height\":194,\"caption\":\"Viskas J\u016bs\u0173 \u0161uns, kat\u0117s prie\u017ei\u016brai\"},\"image\":{\"@id\":\"https:\\\/\\\/anivet.lt\\\/elparduotuve\\\/#\\\/schema\\\/logo\\\/image\\\/\"}}]}<\/script>\n<!-- \/ Yoast SEO Premium plugin. -->","yoast_head_json":{"title":"Natural Trainer Adult Medium su jautiena \u0161unims 12kg - anivet.lt","description":"Pilnai subalansuotas maistas vidutinio dyd\u017eio suaugusiems \u0161unims. Pagamintas i\u0161 nat\u016brali\u0173 ingredient\u0173, \u0161is pa\u0161aras u\u017etikrina subalansuot\u0105 mityb\u0105 ir yra puikus pasirinkimas, siekiant r\u016bpintis j\u016bs\u0173 augintinio sveikata ir energija.","robots":{"index":"index","follow":"follow","max-snippet":"max-snippet:-1","max-image-preview":"max-image-preview:large","max-video-preview":"max-video-preview:-1"},"canonical":"https:\/\/anivet.lt\/elparduotuve\/produktas\/natural-trainer-adult-medium-su-jautiena-sunims-12kg\/","og_locale":"lt_LT","og_type":"article","og_title":"Natural Trainer Adult Medium su jautiena \u0161unims 12kg","og_description":"Pilnai subalansuotas maistas vidutinio dyd\u017eio suaugusiems \u0161unims. Pagamintas i\u0161 nat\u016brali\u0173 ingredient\u0173, \u0161is pa\u0161aras u\u017etikrina subalansuot\u0105 mityb\u0105 ir yra puikus pasirinkimas, siekiant r\u016bpintis j\u016bs\u0173 augintinio sveikata ir energija.","og_url":"https:\/\/anivet.lt\/elparduotuve\/produktas\/natural-trainer-adult-medium-su-jautiena-sunims-12kg\/","og_site_name":"anivet.lt","article_modified_time":"2026-05-06T08:48:40+00:00","og_image":[{"width":800,"height":800,"url":"https:\/\/anivet.lt\/elparduotuve\/wp-content\/uploads\/2024\/01\/940040_Medium_beef_12kg.jpg","type":"image\/jpeg"}],"twitter_card":"summary_large_image","twitter_misc":{"Est. reading time":"1 minut\u0117"},"schema":{"@context":"https:\/\/schema.org","@graph":[{"@type":"WebPage","@id":"https:\/\/anivet.lt\/elparduotuve\/produktas\/natural-trainer-adult-medium-su-jautiena-sunims-12kg\/","url":"https:\/\/anivet.lt\/elparduotuve\/produktas\/natural-trainer-adult-medium-su-jautiena-sunims-12kg\/","name":"Natural Trainer Adult Medium su jautiena \u0161unims 12kg - anivet.lt","isPartOf":{"@id":"https:\/\/anivet.lt\/elparduotuve\/#website"},"primaryImageOfPage":{"@id":"https:\/\/anivet.lt\/elparduotuve\/produktas\/natural-trainer-adult-medium-su-jautiena-sunims-12kg\/#primaryimage"},"image":{"@id":"https:\/\/anivet.lt\/elparduotuve\/produktas\/natural-trainer-adult-medium-su-jautiena-sunims-12kg\/#primaryimage"},"thumbnailUrl":"https:\/\/anivet.lt\/elparduotuve\/wp-content\/uploads\/2024\/01\/940040_Medium_beef_12kg.jpg","datePublished":"2024-01-15T13:23:58+00:00","dateModified":"2026-05-06T08:48:40+00:00","description":"Pilnai subalansuotas maistas vidutinio dyd\u017eio suaugusiems \u0161unims. Pagamintas i\u0161 nat\u016brali\u0173 ingredient\u0173, \u0161is pa\u0161aras u\u017etikrina subalansuot\u0105 mityb\u0105 ir yra puikus pasirinkimas, siekiant r\u016bpintis j\u016bs\u0173 augintinio sveikata ir energija.","breadcrumb":{"@id":"https:\/\/anivet.lt\/elparduotuve\/produktas\/natural-trainer-adult-medium-su-jautiena-sunims-12kg\/#breadcrumb"},"inLanguage":"lt-LT","potentialAction":[{"@type":"ReadAction","target":["https:\/\/anivet.lt\/elparduotuve\/produktas\/natural-trainer-adult-medium-su-jautiena-sunims-12kg\/"]}]},{"@type":"ImageObject","inLanguage":"lt-LT","@id":"https:\/\/anivet.lt\/elparduotuve\/produktas\/natural-trainer-adult-medium-su-jautiena-sunims-12kg\/#primaryimage","url":"https:\/\/anivet.lt\/elparduotuve\/wp-content\/uploads\/2024\/01\/940040_Medium_beef_12kg.jpg","contentUrl":"https:\/\/anivet.lt\/elparduotuve\/wp-content\/uploads\/2024\/01\/940040_Medium_beef_12kg.jpg","width":800,"height":800,"caption":"Natural Trainer Adult Medium su jautiena \u0161unims 12kg"},{"@type":"BreadcrumbList","@id":"https:\/\/anivet.lt\/elparduotuve\/produktas\/natural-trainer-adult-medium-su-jautiena-sunims-12kg\/#breadcrumb","itemListElement":[{"@type":"ListItem","position":1,"name":"Home","item":"https:\/\/anivet.lt\/elparduotuve\/"},{"@type":"ListItem","position":2,"name":"Produktai","item":"https:\/\/anivet.lt\/elparduotuve\/produktai\/"},{"@type":"ListItem","position":3,"name":"Natural Trainer Adult Medium su jautiena \u0161unims 12kg"}]},{"@type":"WebSite","@id":"https:\/\/anivet.lt\/elparduotuve\/#website","url":"https:\/\/anivet.lt\/elparduotuve\/","name":"anivet.lt","description":"Viskas J\u016bs\u0173 \u0161uns, kat\u0117s prie\u017ei\u016brai","publisher":{"@id":"https:\/\/anivet.lt\/elparduotuve\/#organization"},"alternateName":"Viskas J\u016bs\u0173 \u0161uns, kat\u0117s prie\u017ei\u016brai","potentialAction":[{"@type":"SearchAction","target":{"@type":"EntryPoint","urlTemplate":"https:\/\/anivet.lt\/elparduotuve\/?s={search_term_string}"},"query-input":{"@type":"PropertyValueSpecification","valueRequired":true,"valueName":"search_term_string"}}],"inLanguage":"lt-LT"},{"@type":"Organization","@id":"https:\/\/anivet.lt\/elparduotuve\/#organization","name":"Viskas J\u016bs\u0173 \u0161uns, kat\u0117s prie\u017ei\u016brai","url":"https:\/\/anivet.lt\/elparduotuve\/","logo":{"@type":"ImageObject","inLanguage":"lt-LT","@id":"https:\/\/anivet.lt\/elparduotuve\/#\/schema\/logo\/image\/","url":"https:\/\/anivet.lt\/elparduotuve\/wp-content\/uploads\/2023\/06\/logo2.jpg","contentUrl":"https:\/\/anivet.lt\/elparduotuve\/wp-content\/uploads\/2023\/06\/logo2.jpg","width":655,"height":194,"caption":"Viskas J\u016bs\u0173 \u0161uns, kat\u0117s prie\u017ei\u016brai"},"image":{"@id":"https:\/\/anivet.lt\/elparduotuve\/#\/schema\/logo\/image\/"}}]}},"_links":{"self":[{"href":"https:\/\/anivet.lt\/elparduotuve\/wp-json\/wp\/v2\/product\/12721","targetHints":{"allow":["GET"]}}],"collection":[{"href":"https:\/\/anivet.lt\/elparduotuve\/wp-json\/wp\/v2\/product"}],"about":[{"href":"https:\/\/anivet.lt\/elparduotuve\/wp-json\/wp\/v2\/types\/product"}],"wp:featuredmedia":[{"embeddable":true,"href":"https:\/\/anivet.lt\/elparduotuve\/wp-json\/wp\/v2\/media\/12722"}],"wp:attachment":[{"href":"https:\/\/anivet.lt\/elparduotuve\/wp-json\/wp\/v2\/media?parent=12721"}],"wp:term":[{"taxonomy":"product_brand","embeddable":true,"href":"https:\/\/anivet.lt\/elparduotuve\/wp-json\/wp\/v2\/product_brand?post=12721"},{"taxonomy":"product_cat","embeddable":true,"href":"https:\/\/anivet.lt\/elparduotuve\/wp-json\/wp\/v2\/product_cat?post=12721"},{"taxonomy":"product_tag","embeddable":true,"href":"https:\/\/anivet.lt\/elparduotuve\/wp-json\/wp\/v2\/product_tag?post=12721"}],"curies":[{"name":"wp","href":"https:\/\/api.w.org\/{rel}","templated":true}]}}