{"id":12769,"date":"2024-01-15T20:08:40","date_gmt":"2024-01-15T20:08:40","guid":{"rendered":"https:\/\/anivet.lt\/elparduotuve\/?post_type=product&#038;p=12769"},"modified":"2026-02-23T22:32:56","modified_gmt":"2026-02-23T22:32:56","slug":"virbac-w1-weight-loss-diabetes-cat","status":"publish","type":"product","link":"https:\/\/anivet.lt\/elparduotuve\/produktas\/virbac-w1-weight-loss-diabetes-cat\/","title":{"rendered":"Virbac W1 Weight Loss &amp; Diabetes Cat"},"content":{"rendered":"<ul>\n<li style=\"font-weight: 400;\" aria-level=\"1\"><span style=\"font-weight: 400;\">Ma\u017eas energijos kiekis: Padeda efektyviai ma\u017einti svor\u012f, i\u0161laikant raumen\u0173 tonus\u0105.<\/span><\/li>\n<li style=\"font-weight: 400;\" aria-level=\"1\"><span style=\"font-weight: 400;\">Daug baltym\u0173, ma\u017eai angliavandeni\u0173: Palaiko sotumo jausm\u0105 ir ma\u017eina glikemijos indeks\u0105.<\/span><\/li>\n<li style=\"font-weight: 400;\" aria-level=\"1\"><span style=\"font-weight: 400;\">S\u0105nari\u0173 apsauga: Sud\u0117tyje yra chondroitino sulfato ir chitosano, palaikan\u010di\u0173 s\u0105nari\u0173 funkcij\u0105 ir gyvenimo kokyb\u0119.<\/span><\/li>\n<li style=\"font-weight: 400;\" aria-level=\"1\"><span style=\"font-weight: 400;\">L-karnitinas: Skatina riebal\u0173 deginim\u0105 ir padeda i\u0161laikyti raumen\u0173 tonus\u0105 svorio ma\u017einimo metu.<\/span><\/li>\n<li style=\"font-weight: 400;\" aria-level=\"1\"><span style=\"font-weight: 400;\">Didelis skaidul\u0173 kiekis: Palaiko vir\u0161kinim\u0105 ir reguliuoja sotumo jausm\u0105.<\/span><\/li>\n<li style=\"font-weight: 400;\" aria-level=\"1\"><span style=\"font-weight: 400;\">Arti\u0161oko lapai: Ma\u017eina \u0161lapimo koncentracij\u0105 ir padeda da\u017enesniam \u0161lapinimuisi.<\/span><\/li>\n<li style=\"font-weight: 400;\" aria-level=\"1\"><span style=\"font-weight: 400;\">Subalansuota sud\u0117tis: U\u017etikrina, kad kat\u0117 gauna visas reikiamas maistines med\u017eiagas.<\/span><\/li>\n<\/ul>\n<p><span style=\"font-weight: 400;\">Idealus sprendimas kat\u0117ms, turin\u010dioms antsvorio ar sergan\u010dioms diabetu. Subalansuota formul\u0117 ne tik padeda valdyti svor\u012f ir cukraus kiek\u012f kraujyje, bet ir gerina s\u0105nari\u0173 sveikat\u0105 bei bendr\u0105 gyvenimo kokyb\u0119. Puikus pasirinkimas ilgalaikei mitybai ir sveikatos palaikymui.<\/span><\/p>\n","protected":false},"excerpt":{"rendered":"<p><span style=\"font-weight: 400;\">Dietinis \u0117dalas, skirtas pad\u0117ti kat\u0117ms ma\u017einti svor\u012f, valdyti diabet\u0105 ir u\u017etikrinti sveik\u0105 gyvenimo b\u016bd\u0105. \u0160i formul\u0117 pritaikyta nutukusi\u0173 arba diabetu sergan\u010di\u0173 ka\u010di\u0173 poreikiams, padeda reguliuoti cukraus kiek\u012f kraujyje, palaiko sotumo jausm\u0105 ir gerina s\u0105nari\u0173 sveikat\u0105.<\/span><\/p>\n","protected":false},"featured_media":12770,"template":"","meta":[],"product_brand":[],"product_cat":[114,102,118,348],"product_tag":[],"class_list":{"0":"post-12769","1":"product","2":"type-product","3":"status-publish","4":"has-post-thumbnail","6":"product_cat-kaciu-maistas","7":"product_cat-katems","8":"product_cat-veterinarinis-maistas-katems","9":"product_cat-virbac-kaciu-maistas","10":"pa_prekinis-zenklas-virbac","12":"first","13":"instock","14":"taxable","15":"shipping-taxable","16":"purchasable","17":"product-type-variable"},"yoast_head":"<!-- This site is optimized with the Yoast SEO Premium plugin v27.1 (Yoast SEO v27.3) - https:\/\/yoast.com\/product\/yoast-seo-premium-wordpress\/ -->\n<title>Virbac W1 Weight Loss &amp; Diabetes Cat - anivet.lt<\/title>\n<meta name=\"description\" content=\"Dietinis \u0117dalas, skirtas pad\u0117ti kat\u0117ms ma\u017einti svor\u012f, valdyti diabet\u0105 ir u\u017etikrinti sveik\u0105 gyvenimo b\u016bd\u0105. \u0160i formul\u0117 pritaikyta nutukusi\u0173 arba diabetu sergan\u010di\u0173 ka\u010di\u0173 poreikiams, padeda reguliuoti cukraus kiek\u012f kraujyje, palaiko sotumo jausm\u0105 ir gerina s\u0105nari\u0173 sveikat\u0105.\" \/>\n<meta name=\"robots\" content=\"index, follow, max-snippet:-1, max-image-preview:large, max-video-preview:-1\" \/>\n<link rel=\"canonical\" href=\"https:\/\/anivet.lt\/elparduotuve\/produktas\/virbac-w1-weight-loss-diabetes-cat\/\" \/>\n<meta property=\"og:locale\" content=\"lt_LT\" \/>\n<meta property=\"og:type\" content=\"article\" \/>\n<meta property=\"og:title\" content=\"Virbac W1 Weight Loss &amp; Diabetes Cat\" \/>\n<meta property=\"og:description\" content=\"Dietinis \u0117dalas, skirtas pad\u0117ti kat\u0117ms ma\u017einti svor\u012f, valdyti diabet\u0105 ir u\u017etikrinti sveik\u0105 gyvenimo b\u016bd\u0105. \u0160i formul\u0117 pritaikyta nutukusi\u0173 arba diabetu sergan\u010di\u0173 ka\u010di\u0173 poreikiams, padeda reguliuoti cukraus kiek\u012f kraujyje, palaiko sotumo jausm\u0105 ir gerina s\u0105nari\u0173 sveikat\u0105.\" \/>\n<meta property=\"og:url\" content=\"https:\/\/anivet.lt\/elparduotuve\/produktas\/virbac-w1-weight-loss-diabetes-cat\/\" \/>\n<meta property=\"og:site_name\" content=\"anivet.lt\" \/>\n<meta property=\"article:modified_time\" content=\"2026-02-23T22:32:56+00:00\" \/>\n<meta property=\"og:image\" content=\"https:\/\/anivet.lt\/elparduotuve\/wp-content\/uploads\/2024\/01\/360093_Bag_VET-HPM_Cat-Weight-Loss-Diabetes-3Kg_right.png\" \/>\n\t<meta property=\"og:image:width\" content=\"600\" \/>\n\t<meta property=\"og:image:height\" content=\"600\" \/>\n\t<meta property=\"og:image:type\" content=\"image\/png\" \/>\n<meta name=\"twitter:card\" content=\"summary_large_image\" \/>\n<meta name=\"twitter:label1\" content=\"Est. reading time\" \/>\n\t<meta name=\"twitter:data1\" content=\"1 minut\u0117\" \/>\n<script type=\"application\/ld+json\" class=\"yoast-schema-graph\">{\"@context\":\"https:\\\/\\\/schema.org\",\"@graph\":[{\"@type\":\"WebPage\",\"@id\":\"https:\\\/\\\/anivet.lt\\\/elparduotuve\\\/produktas\\\/virbac-w1-weight-loss-diabetes-cat\\\/\",\"url\":\"https:\\\/\\\/anivet.lt\\\/elparduotuve\\\/produktas\\\/virbac-w1-weight-loss-diabetes-cat\\\/\",\"name\":\"Virbac W1 Weight Loss &amp; Diabetes Cat - anivet.lt\",\"isPartOf\":{\"@id\":\"https:\\\/\\\/anivet.lt\\\/elparduotuve\\\/#website\"},\"primaryImageOfPage\":{\"@id\":\"https:\\\/\\\/anivet.lt\\\/elparduotuve\\\/produktas\\\/virbac-w1-weight-loss-diabetes-cat\\\/#primaryimage\"},\"image\":{\"@id\":\"https:\\\/\\\/anivet.lt\\\/elparduotuve\\\/produktas\\\/virbac-w1-weight-loss-diabetes-cat\\\/#primaryimage\"},\"thumbnailUrl\":\"https:\\\/\\\/anivet.lt\\\/elparduotuve\\\/wp-content\\\/uploads\\\/2024\\\/01\\\/360093_Bag_VET-HPM_Cat-Weight-Loss-Diabetes-3Kg_right.png\",\"datePublished\":\"2024-01-15T20:08:40+00:00\",\"dateModified\":\"2026-02-23T22:32:56+00:00\",\"description\":\"Dietinis \u0117dalas, skirtas pad\u0117ti kat\u0117ms ma\u017einti svor\u012f, valdyti diabet\u0105 ir u\u017etikrinti sveik\u0105 gyvenimo b\u016bd\u0105. \u0160i formul\u0117 pritaikyta nutukusi\u0173 arba diabetu sergan\u010di\u0173 ka\u010di\u0173 poreikiams, padeda reguliuoti cukraus kiek\u012f kraujyje, palaiko sotumo jausm\u0105 ir gerina s\u0105nari\u0173 sveikat\u0105.\",\"breadcrumb\":{\"@id\":\"https:\\\/\\\/anivet.lt\\\/elparduotuve\\\/produktas\\\/virbac-w1-weight-loss-diabetes-cat\\\/#breadcrumb\"},\"inLanguage\":\"lt-LT\",\"potentialAction\":[{\"@type\":\"ReadAction\",\"target\":[\"https:\\\/\\\/anivet.lt\\\/elparduotuve\\\/produktas\\\/virbac-w1-weight-loss-diabetes-cat\\\/\"]}]},{\"@type\":\"ImageObject\",\"inLanguage\":\"lt-LT\",\"@id\":\"https:\\\/\\\/anivet.lt\\\/elparduotuve\\\/produktas\\\/virbac-w1-weight-loss-diabetes-cat\\\/#primaryimage\",\"url\":\"https:\\\/\\\/anivet.lt\\\/elparduotuve\\\/wp-content\\\/uploads\\\/2024\\\/01\\\/360093_Bag_VET-HPM_Cat-Weight-Loss-Diabetes-3Kg_right.png\",\"contentUrl\":\"https:\\\/\\\/anivet.lt\\\/elparduotuve\\\/wp-content\\\/uploads\\\/2024\\\/01\\\/360093_Bag_VET-HPM_Cat-Weight-Loss-Diabetes-3Kg_right.png\",\"width\":600,\"height\":600,\"caption\":\"Virbac W1 Weight Loss &amp; Diabetes Cat\"},{\"@type\":\"BreadcrumbList\",\"@id\":\"https:\\\/\\\/anivet.lt\\\/elparduotuve\\\/produktas\\\/virbac-w1-weight-loss-diabetes-cat\\\/#breadcrumb\",\"itemListElement\":[{\"@type\":\"ListItem\",\"position\":1,\"name\":\"Home\",\"item\":\"https:\\\/\\\/anivet.lt\\\/elparduotuve\\\/\"},{\"@type\":\"ListItem\",\"position\":2,\"name\":\"Produktai\",\"item\":\"https:\\\/\\\/anivet.lt\\\/elparduotuve\\\/produktai\\\/\"},{\"@type\":\"ListItem\",\"position\":3,\"name\":\"Virbac W1 Weight Loss &amp; Diabetes Cat\"}]},{\"@type\":\"WebSite\",\"@id\":\"https:\\\/\\\/anivet.lt\\\/elparduotuve\\\/#website\",\"url\":\"https:\\\/\\\/anivet.lt\\\/elparduotuve\\\/\",\"name\":\"anivet.lt\",\"description\":\"Viskas J\u016bs\u0173 \u0161uns, kat\u0117s prie\u017ei\u016brai\",\"publisher\":{\"@id\":\"https:\\\/\\\/anivet.lt\\\/elparduotuve\\\/#organization\"},\"alternateName\":\"Viskas J\u016bs\u0173 \u0161uns, kat\u0117s prie\u017ei\u016brai\",\"potentialAction\":[{\"@type\":\"SearchAction\",\"target\":{\"@type\":\"EntryPoint\",\"urlTemplate\":\"https:\\\/\\\/anivet.lt\\\/elparduotuve\\\/?s={search_term_string}\"},\"query-input\":{\"@type\":\"PropertyValueSpecification\",\"valueRequired\":true,\"valueName\":\"search_term_string\"}}],\"inLanguage\":\"lt-LT\"},{\"@type\":\"Organization\",\"@id\":\"https:\\\/\\\/anivet.lt\\\/elparduotuve\\\/#organization\",\"name\":\"Viskas J\u016bs\u0173 \u0161uns, kat\u0117s prie\u017ei\u016brai\",\"url\":\"https:\\\/\\\/anivet.lt\\\/elparduotuve\\\/\",\"logo\":{\"@type\":\"ImageObject\",\"inLanguage\":\"lt-LT\",\"@id\":\"https:\\\/\\\/anivet.lt\\\/elparduotuve\\\/#\\\/schema\\\/logo\\\/image\\\/\",\"url\":\"https:\\\/\\\/anivet.lt\\\/elparduotuve\\\/wp-content\\\/uploads\\\/2023\\\/06\\\/logo2.jpg\",\"contentUrl\":\"https:\\\/\\\/anivet.lt\\\/elparduotuve\\\/wp-content\\\/uploads\\\/2023\\\/06\\\/logo2.jpg\",\"width\":655,\"height\":194,\"caption\":\"Viskas J\u016bs\u0173 \u0161uns, kat\u0117s prie\u017ei\u016brai\"},\"image\":{\"@id\":\"https:\\\/\\\/anivet.lt\\\/elparduotuve\\\/#\\\/schema\\\/logo\\\/image\\\/\"}}]}<\/script>\n<!-- \/ Yoast SEO Premium plugin. -->","yoast_head_json":{"title":"Virbac W1 Weight Loss &amp; Diabetes Cat - anivet.lt","description":"Dietinis \u0117dalas, skirtas pad\u0117ti kat\u0117ms ma\u017einti svor\u012f, valdyti diabet\u0105 ir u\u017etikrinti sveik\u0105 gyvenimo b\u016bd\u0105. \u0160i formul\u0117 pritaikyta nutukusi\u0173 arba diabetu sergan\u010di\u0173 ka\u010di\u0173 poreikiams, padeda reguliuoti cukraus kiek\u012f kraujyje, palaiko sotumo jausm\u0105 ir gerina s\u0105nari\u0173 sveikat\u0105.","robots":{"index":"index","follow":"follow","max-snippet":"max-snippet:-1","max-image-preview":"max-image-preview:large","max-video-preview":"max-video-preview:-1"},"canonical":"https:\/\/anivet.lt\/elparduotuve\/produktas\/virbac-w1-weight-loss-diabetes-cat\/","og_locale":"lt_LT","og_type":"article","og_title":"Virbac W1 Weight Loss &amp; Diabetes Cat","og_description":"Dietinis \u0117dalas, skirtas pad\u0117ti kat\u0117ms ma\u017einti svor\u012f, valdyti diabet\u0105 ir u\u017etikrinti sveik\u0105 gyvenimo b\u016bd\u0105. \u0160i formul\u0117 pritaikyta nutukusi\u0173 arba diabetu sergan\u010di\u0173 ka\u010di\u0173 poreikiams, padeda reguliuoti cukraus kiek\u012f kraujyje, palaiko sotumo jausm\u0105 ir gerina s\u0105nari\u0173 sveikat\u0105.","og_url":"https:\/\/anivet.lt\/elparduotuve\/produktas\/virbac-w1-weight-loss-diabetes-cat\/","og_site_name":"anivet.lt","article_modified_time":"2026-02-23T22:32:56+00:00","og_image":[{"width":600,"height":600,"url":"https:\/\/anivet.lt\/elparduotuve\/wp-content\/uploads\/2024\/01\/360093_Bag_VET-HPM_Cat-Weight-Loss-Diabetes-3Kg_right.png","type":"image\/png"}],"twitter_card":"summary_large_image","twitter_misc":{"Est. reading time":"1 minut\u0117"},"schema":{"@context":"https:\/\/schema.org","@graph":[{"@type":"WebPage","@id":"https:\/\/anivet.lt\/elparduotuve\/produktas\/virbac-w1-weight-loss-diabetes-cat\/","url":"https:\/\/anivet.lt\/elparduotuve\/produktas\/virbac-w1-weight-loss-diabetes-cat\/","name":"Virbac W1 Weight Loss &amp; Diabetes Cat - anivet.lt","isPartOf":{"@id":"https:\/\/anivet.lt\/elparduotuve\/#website"},"primaryImageOfPage":{"@id":"https:\/\/anivet.lt\/elparduotuve\/produktas\/virbac-w1-weight-loss-diabetes-cat\/#primaryimage"},"image":{"@id":"https:\/\/anivet.lt\/elparduotuve\/produktas\/virbac-w1-weight-loss-diabetes-cat\/#primaryimage"},"thumbnailUrl":"https:\/\/anivet.lt\/elparduotuve\/wp-content\/uploads\/2024\/01\/360093_Bag_VET-HPM_Cat-Weight-Loss-Diabetes-3Kg_right.png","datePublished":"2024-01-15T20:08:40+00:00","dateModified":"2026-02-23T22:32:56+00:00","description":"Dietinis \u0117dalas, skirtas pad\u0117ti kat\u0117ms ma\u017einti svor\u012f, valdyti diabet\u0105 ir u\u017etikrinti sveik\u0105 gyvenimo b\u016bd\u0105. \u0160i formul\u0117 pritaikyta nutukusi\u0173 arba diabetu sergan\u010di\u0173 ka\u010di\u0173 poreikiams, padeda reguliuoti cukraus kiek\u012f kraujyje, palaiko sotumo jausm\u0105 ir gerina s\u0105nari\u0173 sveikat\u0105.","breadcrumb":{"@id":"https:\/\/anivet.lt\/elparduotuve\/produktas\/virbac-w1-weight-loss-diabetes-cat\/#breadcrumb"},"inLanguage":"lt-LT","potentialAction":[{"@type":"ReadAction","target":["https:\/\/anivet.lt\/elparduotuve\/produktas\/virbac-w1-weight-loss-diabetes-cat\/"]}]},{"@type":"ImageObject","inLanguage":"lt-LT","@id":"https:\/\/anivet.lt\/elparduotuve\/produktas\/virbac-w1-weight-loss-diabetes-cat\/#primaryimage","url":"https:\/\/anivet.lt\/elparduotuve\/wp-content\/uploads\/2024\/01\/360093_Bag_VET-HPM_Cat-Weight-Loss-Diabetes-3Kg_right.png","contentUrl":"https:\/\/anivet.lt\/elparduotuve\/wp-content\/uploads\/2024\/01\/360093_Bag_VET-HPM_Cat-Weight-Loss-Diabetes-3Kg_right.png","width":600,"height":600,"caption":"Virbac W1 Weight Loss &amp; Diabetes Cat"},{"@type":"BreadcrumbList","@id":"https:\/\/anivet.lt\/elparduotuve\/produktas\/virbac-w1-weight-loss-diabetes-cat\/#breadcrumb","itemListElement":[{"@type":"ListItem","position":1,"name":"Home","item":"https:\/\/anivet.lt\/elparduotuve\/"},{"@type":"ListItem","position":2,"name":"Produktai","item":"https:\/\/anivet.lt\/elparduotuve\/produktai\/"},{"@type":"ListItem","position":3,"name":"Virbac W1 Weight Loss &amp; Diabetes Cat"}]},{"@type":"WebSite","@id":"https:\/\/anivet.lt\/elparduotuve\/#website","url":"https:\/\/anivet.lt\/elparduotuve\/","name":"anivet.lt","description":"Viskas J\u016bs\u0173 \u0161uns, kat\u0117s prie\u017ei\u016brai","publisher":{"@id":"https:\/\/anivet.lt\/elparduotuve\/#organization"},"alternateName":"Viskas J\u016bs\u0173 \u0161uns, kat\u0117s prie\u017ei\u016brai","potentialAction":[{"@type":"SearchAction","target":{"@type":"EntryPoint","urlTemplate":"https:\/\/anivet.lt\/elparduotuve\/?s={search_term_string}"},"query-input":{"@type":"PropertyValueSpecification","valueRequired":true,"valueName":"search_term_string"}}],"inLanguage":"lt-LT"},{"@type":"Organization","@id":"https:\/\/anivet.lt\/elparduotuve\/#organization","name":"Viskas J\u016bs\u0173 \u0161uns, kat\u0117s prie\u017ei\u016brai","url":"https:\/\/anivet.lt\/elparduotuve\/","logo":{"@type":"ImageObject","inLanguage":"lt-LT","@id":"https:\/\/anivet.lt\/elparduotuve\/#\/schema\/logo\/image\/","url":"https:\/\/anivet.lt\/elparduotuve\/wp-content\/uploads\/2023\/06\/logo2.jpg","contentUrl":"https:\/\/anivet.lt\/elparduotuve\/wp-content\/uploads\/2023\/06\/logo2.jpg","width":655,"height":194,"caption":"Viskas J\u016bs\u0173 \u0161uns, kat\u0117s prie\u017ei\u016brai"},"image":{"@id":"https:\/\/anivet.lt\/elparduotuve\/#\/schema\/logo\/image\/"}}]}},"_links":{"self":[{"href":"https:\/\/anivet.lt\/elparduotuve\/wp-json\/wp\/v2\/product\/12769","targetHints":{"allow":["GET"]}}],"collection":[{"href":"https:\/\/anivet.lt\/elparduotuve\/wp-json\/wp\/v2\/product"}],"about":[{"href":"https:\/\/anivet.lt\/elparduotuve\/wp-json\/wp\/v2\/types\/product"}],"wp:featuredmedia":[{"embeddable":true,"href":"https:\/\/anivet.lt\/elparduotuve\/wp-json\/wp\/v2\/media\/12770"}],"wp:attachment":[{"href":"https:\/\/anivet.lt\/elparduotuve\/wp-json\/wp\/v2\/media?parent=12769"}],"wp:term":[{"taxonomy":"product_brand","embeddable":true,"href":"https:\/\/anivet.lt\/elparduotuve\/wp-json\/wp\/v2\/product_brand?post=12769"},{"taxonomy":"product_cat","embeddable":true,"href":"https:\/\/anivet.lt\/elparduotuve\/wp-json\/wp\/v2\/product_cat?post=12769"},{"taxonomy":"product_tag","embeddable":true,"href":"https:\/\/anivet.lt\/elparduotuve\/wp-json\/wp\/v2\/product_tag?post=12769"}],"curies":[{"name":"wp","href":"https:\/\/api.w.org\/{rel}","templated":true}]}}