{"id":12803,"date":"2024-01-16T08:44:34","date_gmt":"2024-01-16T08:44:34","guid":{"rendered":"https:\/\/anivet.lt\/elparduotuve\/?post_type=product&#038;p=12803"},"modified":"2025-12-31T03:00:30","modified_gmt":"2025-12-31T03:00:30","slug":"nt-adult-dog-sensitive-no-gluten-m-m-salmon-su-lasisa","status":"publish","type":"product","link":"https:\/\/anivet.lt\/elparduotuve\/produktas\/nt-adult-dog-sensitive-no-gluten-m-m-salmon-su-lasisa\/","title":{"rendered":"Trainer ADULT DOG SENSITIVE NO GLUTEN M\/M SALMON su la\u0161i\u0161a"},"content":{"rendered":"<p align=\"left\"><span style=\"font-weight: 400;\">Visavertis ir subalansuotas pa\u0161aras, pritaikytas vidutini\u0173 ir dideli\u0173 veisli\u0173 suaugusiems \u0161unims. \u0160is pa\u0161aras idealiai tinka jautri\u0105 vir\u0161kinimo sistem\u0105 turintiems augintiniams, u\u017etikrinant sveik\u0105 mityb\u0105 ir auk\u0161t\u0105 baltym\u0173 kokyb\u0119.<\/span><\/p>\n","protected":false},"excerpt":{"rendered":"<ul>\n<li style=\"font-weight: 400;\" aria-level=\"1\"><span style=\"font-weight: 400;\">Lengvai vir\u0161kinami la\u0161i\u0161os baltymai: 12% dehidratuot\u0173 la\u0161i\u0161os baltym\u0173 ir 6,5% la\u0161i\u0161os suteikia auk\u0161tos kokyb\u0117s baltym\u0173, tinkan\u010di\u0173 \u0161unims su jautriu vir\u0161kinimu.<\/span><\/li>\n<li style=\"font-weight: 400;\" aria-level=\"1\"><span style=\"font-weight: 400;\">Be glitimo: Pa\u0161aras puikiai tinka \u0161unims, turintiems jautrum\u0105 glitimui ar alergijas, u\u017etikrinant optimal\u0173 maistini\u0173 med\u017eiag\u0173 \u012fsisavinim\u0105.<\/span><\/li>\n<li style=\"font-weight: 400;\" aria-level=\"1\"><span style=\"font-weight: 400;\">Nat\u016bral\u016bs papildai: Cikorij\u0173 \u0161aknys (inulinas) gerina \u017earnyno sveikat\u0105, o spirulina ir bosvelijos ekstraktas palaiko s\u0105nari\u0173 funkcij\u0105 ir imunitet\u0105.<\/span><\/li>\n<li style=\"font-weight: 400;\" aria-level=\"1\"><span style=\"font-weight: 400;\">Sveiki angliavandeniai: Kukur\u016bzai, ry\u017eiai ir rudieji ry\u017eiai suteikia ilgalaik\u0117s energijos.<\/span><\/li>\n<li style=\"font-weight: 400;\" aria-level=\"1\"><span style=\"font-weight: 400;\">Papildytas omega-3 riebiosiomis r\u016bg\u0161timis: Skatina odos ir kailio sveikat\u0105 bei blizges\u012f.<\/span><\/li>\n<\/ul>\n<p><span style=\"font-weight: 400;\">\u0160is auk\u0161tos kokyb\u0117s pa\u0161aras yra puikus pasirinkimas, jei norite u\u017etikrinti savo \u0161uns sveikat\u0105 ir ger\u0105 savijaut\u0105. Jis praturtintas nat\u016braliais ingredientais, padedan\u010diais palaikyti puiki\u0105 s\u0105nari\u0173, kailio, odos ir vir\u0161kinamojo trakto b\u016bkl\u0119.<\/span><\/p>\n","protected":false},"featured_media":12804,"template":"","meta":[],"product_brand":[],"product_cat":[101,103,104,328],"product_tag":[],"class_list":{"0":"post-12803","1":"product","2":"type-product","3":"status-publish","4":"has-post-thumbnail","6":"product_cat-sunims","7":"product_cat-sunu-maistas","8":"product_cat-sausas-maistas","9":"product_cat-trainer-sunu-maistas","10":"pa_prekinis-zenklas-trainer","12":"first","13":"instock","14":"taxable","15":"shipping-taxable","16":"purchasable","17":"product-type-variable"},"yoast_head":"<!-- This site is optimized with the Yoast SEO Premium plugin v27.1 (Yoast SEO v27.3) - https:\/\/yoast.com\/product\/yoast-seo-premium-wordpress\/ -->\n<title>Trainer ADULT DOG SENSITIVE NO GLUTEN M\/M SALMON su la\u0161i\u0161a - anivet.lt<\/title>\n<meta name=\"description\" content=\"Lengvai vir\u0161kinami la\u0161i\u0161os baltymai: 12% dehidratuot\u0173 la\u0161i\u0161os baltym\u0173 ir 6,5% la\u0161i\u0161os suteikia auk\u0161tos kokyb\u0117s baltym\u0173, tinkan\u010di\u0173 \u0161unims su jautriu vir\u0161kinimu.  Be glitimo: Pa\u0161aras puikiai tinka \u0161unims, turintiems jautrum\u0105 glitimui ar alergijas, u\u017etikrinant optimal\u0173 maistini\u0173 med\u017eiag\u0173 \u012fsisavinim\u0105.  Nat\u016bral\u016bs papildai: Cikorij\u0173 \u0161aknys (inulinas) gerina \u017earnyno sveikat\u0105, o spirulina ir bosvelijos ekstraktas palaiko s\u0105nari\u0173 funkcij\u0105 ir imunitet\u0105.  Sveiki angliavandeniai: Kukur\u016bzai, ry\u017eiai ir rudieji ry\u017eiai suteikia ilgalaik\u0117s energijos.  Papildytas omega-3 riebiosiomis r\u016bg\u0161timis: Skatina odos ir kailio sveikat\u0105 bei blizges\u012f.  \u0160is auk\u0161tos kokyb\u0117s pa\u0161aras yra puikus pasirinkimas, jei norite u\u017etikrinti savo \u0161uns sveikat\u0105 ir ger\u0105 savijaut\u0105. Jis praturtintas nat\u016braliais ingredientais, padedan\u010diais palaikyti puiki\u0105 s\u0105nari\u0173, kailio, odos ir vir\u0161kinamojo trakto b\u016bkl\u0119.\" \/>\n<meta name=\"robots\" content=\"index, follow, max-snippet:-1, max-image-preview:large, max-video-preview:-1\" \/>\n<link rel=\"canonical\" href=\"https:\/\/anivet.lt\/elparduotuve\/produktas\/nt-adult-dog-sensitive-no-gluten-m-m-salmon-su-lasisa\/\" \/>\n<meta property=\"og:locale\" content=\"lt_LT\" \/>\n<meta property=\"og:type\" content=\"article\" \/>\n<meta property=\"og:title\" content=\"Trainer ADULT DOG SENSITIVE NO GLUTEN M\/M SALMON su la\u0161i\u0161a\" \/>\n<meta property=\"og:description\" content=\"Lengvai vir\u0161kinami la\u0161i\u0161os baltymai: 12% dehidratuot\u0173 la\u0161i\u0161os baltym\u0173 ir 6,5% la\u0161i\u0161os suteikia auk\u0161tos kokyb\u0117s baltym\u0173, tinkan\u010di\u0173 \u0161unims su jautriu vir\u0161kinimu.  Be glitimo: Pa\u0161aras puikiai tinka \u0161unims, turintiems jautrum\u0105 glitimui ar alergijas, u\u017etikrinant optimal\u0173 maistini\u0173 med\u017eiag\u0173 \u012fsisavinim\u0105.  Nat\u016bral\u016bs papildai: Cikorij\u0173 \u0161aknys (inulinas) gerina \u017earnyno sveikat\u0105, o spirulina ir bosvelijos ekstraktas palaiko s\u0105nari\u0173 funkcij\u0105 ir imunitet\u0105.  Sveiki angliavandeniai: Kukur\u016bzai, ry\u017eiai ir rudieji ry\u017eiai suteikia ilgalaik\u0117s energijos.  Papildytas omega-3 riebiosiomis r\u016bg\u0161timis: Skatina odos ir kailio sveikat\u0105 bei blizges\u012f.  \u0160is auk\u0161tos kokyb\u0117s pa\u0161aras yra puikus pasirinkimas, jei norite u\u017etikrinti savo \u0161uns sveikat\u0105 ir ger\u0105 savijaut\u0105. Jis praturtintas nat\u016braliais ingredientais, padedan\u010diais palaikyti puiki\u0105 s\u0105nari\u0173, kailio, odos ir vir\u0161kinamojo trakto b\u016bkl\u0119.\" \/>\n<meta property=\"og:url\" content=\"https:\/\/anivet.lt\/elparduotuve\/produktas\/nt-adult-dog-sensitive-no-gluten-m-m-salmon-su-lasisa\/\" \/>\n<meta property=\"og:site_name\" content=\"anivet.lt\" \/>\n<meta property=\"article:modified_time\" content=\"2025-12-31T03:00:30+00:00\" \/>\n<meta property=\"og:image\" content=\"https:\/\/anivet.lt\/elparduotuve\/wp-content\/uploads\/2024\/01\/925253_8059149252537-lasisa-12.jpg\" \/>\n\t<meta property=\"og:image:width\" content=\"800\" \/>\n\t<meta property=\"og:image:height\" content=\"800\" \/>\n\t<meta property=\"og:image:type\" content=\"image\/jpeg\" \/>\n<meta name=\"twitter:card\" content=\"summary_large_image\" \/>\n<meta name=\"twitter:label1\" content=\"Est. reading time\" \/>\n\t<meta name=\"twitter:data1\" content=\"1 minut\u0117\" \/>\n<script type=\"application\/ld+json\" class=\"yoast-schema-graph\">{\"@context\":\"https:\\\/\\\/schema.org\",\"@graph\":[{\"@type\":\"WebPage\",\"@id\":\"https:\\\/\\\/anivet.lt\\\/elparduotuve\\\/produktas\\\/nt-adult-dog-sensitive-no-gluten-m-m-salmon-su-lasisa\\\/\",\"url\":\"https:\\\/\\\/anivet.lt\\\/elparduotuve\\\/produktas\\\/nt-adult-dog-sensitive-no-gluten-m-m-salmon-su-lasisa\\\/\",\"name\":\"Trainer ADULT DOG SENSITIVE NO GLUTEN M\\\/M SALMON su la\u0161i\u0161a - anivet.lt\",\"isPartOf\":{\"@id\":\"https:\\\/\\\/anivet.lt\\\/elparduotuve\\\/#website\"},\"primaryImageOfPage\":{\"@id\":\"https:\\\/\\\/anivet.lt\\\/elparduotuve\\\/produktas\\\/nt-adult-dog-sensitive-no-gluten-m-m-salmon-su-lasisa\\\/#primaryimage\"},\"image\":{\"@id\":\"https:\\\/\\\/anivet.lt\\\/elparduotuve\\\/produktas\\\/nt-adult-dog-sensitive-no-gluten-m-m-salmon-su-lasisa\\\/#primaryimage\"},\"thumbnailUrl\":\"https:\\\/\\\/anivet.lt\\\/elparduotuve\\\/wp-content\\\/uploads\\\/2024\\\/01\\\/925253_8059149252537-lasisa-12.jpg\",\"datePublished\":\"2024-01-16T08:44:34+00:00\",\"dateModified\":\"2025-12-31T03:00:30+00:00\",\"description\":\"Lengvai vir\u0161kinami la\u0161i\u0161os baltymai: 12% dehidratuot\u0173 la\u0161i\u0161os baltym\u0173 ir 6,5% la\u0161i\u0161os suteikia auk\u0161tos kokyb\u0117s baltym\u0173, tinkan\u010di\u0173 \u0161unims su jautriu vir\u0161kinimu. Be glitimo: Pa\u0161aras puikiai tinka \u0161unims, turintiems jautrum\u0105 glitimui ar alergijas, u\u017etikrinant optimal\u0173 maistini\u0173 med\u017eiag\u0173 \u012fsisavinim\u0105. Nat\u016bral\u016bs papildai: Cikorij\u0173 \u0161aknys (inulinas) gerina \u017earnyno sveikat\u0105, o spirulina ir bosvelijos ekstraktas palaiko s\u0105nari\u0173 funkcij\u0105 ir imunitet\u0105. Sveiki angliavandeniai: Kukur\u016bzai, ry\u017eiai ir rudieji ry\u017eiai suteikia ilgalaik\u0117s energijos. Papildytas omega-3 riebiosiomis r\u016bg\u0161timis: Skatina odos ir kailio sveikat\u0105 bei blizges\u012f. \u0160is auk\u0161tos kokyb\u0117s pa\u0161aras yra puikus pasirinkimas, jei norite u\u017etikrinti savo \u0161uns sveikat\u0105 ir ger\u0105 savijaut\u0105. Jis praturtintas nat\u016braliais ingredientais, padedan\u010diais palaikyti puiki\u0105 s\u0105nari\u0173, kailio, odos ir vir\u0161kinamojo trakto b\u016bkl\u0119.\",\"breadcrumb\":{\"@id\":\"https:\\\/\\\/anivet.lt\\\/elparduotuve\\\/produktas\\\/nt-adult-dog-sensitive-no-gluten-m-m-salmon-su-lasisa\\\/#breadcrumb\"},\"inLanguage\":\"lt-LT\",\"potentialAction\":[{\"@type\":\"ReadAction\",\"target\":[\"https:\\\/\\\/anivet.lt\\\/elparduotuve\\\/produktas\\\/nt-adult-dog-sensitive-no-gluten-m-m-salmon-su-lasisa\\\/\"]}]},{\"@type\":\"ImageObject\",\"inLanguage\":\"lt-LT\",\"@id\":\"https:\\\/\\\/anivet.lt\\\/elparduotuve\\\/produktas\\\/nt-adult-dog-sensitive-no-gluten-m-m-salmon-su-lasisa\\\/#primaryimage\",\"url\":\"https:\\\/\\\/anivet.lt\\\/elparduotuve\\\/wp-content\\\/uploads\\\/2024\\\/01\\\/925253_8059149252537-lasisa-12.jpg\",\"contentUrl\":\"https:\\\/\\\/anivet.lt\\\/elparduotuve\\\/wp-content\\\/uploads\\\/2024\\\/01\\\/925253_8059149252537-lasisa-12.jpg\",\"width\":800,\"height\":800,\"caption\":\"NT ADULT DOG SENSITIVE NO GLUTEN M\\\/M SALMON su la\u0161i\u0161a\"},{\"@type\":\"BreadcrumbList\",\"@id\":\"https:\\\/\\\/anivet.lt\\\/elparduotuve\\\/produktas\\\/nt-adult-dog-sensitive-no-gluten-m-m-salmon-su-lasisa\\\/#breadcrumb\",\"itemListElement\":[{\"@type\":\"ListItem\",\"position\":1,\"name\":\"Home\",\"item\":\"https:\\\/\\\/anivet.lt\\\/elparduotuve\\\/\"},{\"@type\":\"ListItem\",\"position\":2,\"name\":\"Produktai\",\"item\":\"https:\\\/\\\/anivet.lt\\\/elparduotuve\\\/produktai\\\/\"},{\"@type\":\"ListItem\",\"position\":3,\"name\":\"Trainer ADULT DOG SENSITIVE NO GLUTEN M\\\/M SALMON su la\u0161i\u0161a\"}]},{\"@type\":\"WebSite\",\"@id\":\"https:\\\/\\\/anivet.lt\\\/elparduotuve\\\/#website\",\"url\":\"https:\\\/\\\/anivet.lt\\\/elparduotuve\\\/\",\"name\":\"anivet.lt\",\"description\":\"Viskas J\u016bs\u0173 \u0161uns, kat\u0117s prie\u017ei\u016brai\",\"publisher\":{\"@id\":\"https:\\\/\\\/anivet.lt\\\/elparduotuve\\\/#organization\"},\"alternateName\":\"Viskas J\u016bs\u0173 \u0161uns, kat\u0117s prie\u017ei\u016brai\",\"potentialAction\":[{\"@type\":\"SearchAction\",\"target\":{\"@type\":\"EntryPoint\",\"urlTemplate\":\"https:\\\/\\\/anivet.lt\\\/elparduotuve\\\/?s={search_term_string}\"},\"query-input\":{\"@type\":\"PropertyValueSpecification\",\"valueRequired\":true,\"valueName\":\"search_term_string\"}}],\"inLanguage\":\"lt-LT\"},{\"@type\":\"Organization\",\"@id\":\"https:\\\/\\\/anivet.lt\\\/elparduotuve\\\/#organization\",\"name\":\"Viskas J\u016bs\u0173 \u0161uns, kat\u0117s prie\u017ei\u016brai\",\"url\":\"https:\\\/\\\/anivet.lt\\\/elparduotuve\\\/\",\"logo\":{\"@type\":\"ImageObject\",\"inLanguage\":\"lt-LT\",\"@id\":\"https:\\\/\\\/anivet.lt\\\/elparduotuve\\\/#\\\/schema\\\/logo\\\/image\\\/\",\"url\":\"https:\\\/\\\/anivet.lt\\\/elparduotuve\\\/wp-content\\\/uploads\\\/2023\\\/06\\\/logo2.jpg\",\"contentUrl\":\"https:\\\/\\\/anivet.lt\\\/elparduotuve\\\/wp-content\\\/uploads\\\/2023\\\/06\\\/logo2.jpg\",\"width\":655,\"height\":194,\"caption\":\"Viskas J\u016bs\u0173 \u0161uns, kat\u0117s prie\u017ei\u016brai\"},\"image\":{\"@id\":\"https:\\\/\\\/anivet.lt\\\/elparduotuve\\\/#\\\/schema\\\/logo\\\/image\\\/\"}}]}<\/script>\n<!-- \/ Yoast SEO Premium plugin. -->","yoast_head_json":{"title":"Trainer ADULT DOG SENSITIVE NO GLUTEN M\/M SALMON su la\u0161i\u0161a - anivet.lt","description":"Lengvai vir\u0161kinami la\u0161i\u0161os baltymai: 12% dehidratuot\u0173 la\u0161i\u0161os baltym\u0173 ir 6,5% la\u0161i\u0161os suteikia auk\u0161tos kokyb\u0117s baltym\u0173, tinkan\u010di\u0173 \u0161unims su jautriu vir\u0161kinimu.  Be glitimo: Pa\u0161aras puikiai tinka \u0161unims, turintiems jautrum\u0105 glitimui ar alergijas, u\u017etikrinant optimal\u0173 maistini\u0173 med\u017eiag\u0173 \u012fsisavinim\u0105.  Nat\u016bral\u016bs papildai: Cikorij\u0173 \u0161aknys (inulinas) gerina \u017earnyno sveikat\u0105, o spirulina ir bosvelijos ekstraktas palaiko s\u0105nari\u0173 funkcij\u0105 ir imunitet\u0105.  Sveiki angliavandeniai: Kukur\u016bzai, ry\u017eiai ir rudieji ry\u017eiai suteikia ilgalaik\u0117s energijos.  Papildytas omega-3 riebiosiomis r\u016bg\u0161timis: Skatina odos ir kailio sveikat\u0105 bei blizges\u012f.  \u0160is auk\u0161tos kokyb\u0117s pa\u0161aras yra puikus pasirinkimas, jei norite u\u017etikrinti savo \u0161uns sveikat\u0105 ir ger\u0105 savijaut\u0105. Jis praturtintas nat\u016braliais ingredientais, padedan\u010diais palaikyti puiki\u0105 s\u0105nari\u0173, kailio, odos ir vir\u0161kinamojo trakto b\u016bkl\u0119.","robots":{"index":"index","follow":"follow","max-snippet":"max-snippet:-1","max-image-preview":"max-image-preview:large","max-video-preview":"max-video-preview:-1"},"canonical":"https:\/\/anivet.lt\/elparduotuve\/produktas\/nt-adult-dog-sensitive-no-gluten-m-m-salmon-su-lasisa\/","og_locale":"lt_LT","og_type":"article","og_title":"Trainer ADULT DOG SENSITIVE NO GLUTEN M\/M SALMON su la\u0161i\u0161a","og_description":"Lengvai vir\u0161kinami la\u0161i\u0161os baltymai: 12% dehidratuot\u0173 la\u0161i\u0161os baltym\u0173 ir 6,5% la\u0161i\u0161os suteikia auk\u0161tos kokyb\u0117s baltym\u0173, tinkan\u010di\u0173 \u0161unims su jautriu vir\u0161kinimu.  Be glitimo: Pa\u0161aras puikiai tinka \u0161unims, turintiems jautrum\u0105 glitimui ar alergijas, u\u017etikrinant optimal\u0173 maistini\u0173 med\u017eiag\u0173 \u012fsisavinim\u0105.  Nat\u016bral\u016bs papildai: Cikorij\u0173 \u0161aknys (inulinas) gerina \u017earnyno sveikat\u0105, o spirulina ir bosvelijos ekstraktas palaiko s\u0105nari\u0173 funkcij\u0105 ir imunitet\u0105.  Sveiki angliavandeniai: Kukur\u016bzai, ry\u017eiai ir rudieji ry\u017eiai suteikia ilgalaik\u0117s energijos.  Papildytas omega-3 riebiosiomis r\u016bg\u0161timis: Skatina odos ir kailio sveikat\u0105 bei blizges\u012f.  \u0160is auk\u0161tos kokyb\u0117s pa\u0161aras yra puikus pasirinkimas, jei norite u\u017etikrinti savo \u0161uns sveikat\u0105 ir ger\u0105 savijaut\u0105. Jis praturtintas nat\u016braliais ingredientais, padedan\u010diais palaikyti puiki\u0105 s\u0105nari\u0173, kailio, odos ir vir\u0161kinamojo trakto b\u016bkl\u0119.","og_url":"https:\/\/anivet.lt\/elparduotuve\/produktas\/nt-adult-dog-sensitive-no-gluten-m-m-salmon-su-lasisa\/","og_site_name":"anivet.lt","article_modified_time":"2025-12-31T03:00:30+00:00","og_image":[{"width":800,"height":800,"url":"https:\/\/anivet.lt\/elparduotuve\/wp-content\/uploads\/2024\/01\/925253_8059149252537-lasisa-12.jpg","type":"image\/jpeg"}],"twitter_card":"summary_large_image","twitter_misc":{"Est. reading time":"1 minut\u0117"},"schema":{"@context":"https:\/\/schema.org","@graph":[{"@type":"WebPage","@id":"https:\/\/anivet.lt\/elparduotuve\/produktas\/nt-adult-dog-sensitive-no-gluten-m-m-salmon-su-lasisa\/","url":"https:\/\/anivet.lt\/elparduotuve\/produktas\/nt-adult-dog-sensitive-no-gluten-m-m-salmon-su-lasisa\/","name":"Trainer ADULT DOG SENSITIVE NO GLUTEN M\/M SALMON su la\u0161i\u0161a - anivet.lt","isPartOf":{"@id":"https:\/\/anivet.lt\/elparduotuve\/#website"},"primaryImageOfPage":{"@id":"https:\/\/anivet.lt\/elparduotuve\/produktas\/nt-adult-dog-sensitive-no-gluten-m-m-salmon-su-lasisa\/#primaryimage"},"image":{"@id":"https:\/\/anivet.lt\/elparduotuve\/produktas\/nt-adult-dog-sensitive-no-gluten-m-m-salmon-su-lasisa\/#primaryimage"},"thumbnailUrl":"https:\/\/anivet.lt\/elparduotuve\/wp-content\/uploads\/2024\/01\/925253_8059149252537-lasisa-12.jpg","datePublished":"2024-01-16T08:44:34+00:00","dateModified":"2025-12-31T03:00:30+00:00","description":"Lengvai vir\u0161kinami la\u0161i\u0161os baltymai: 12% dehidratuot\u0173 la\u0161i\u0161os baltym\u0173 ir 6,5% la\u0161i\u0161os suteikia auk\u0161tos kokyb\u0117s baltym\u0173, tinkan\u010di\u0173 \u0161unims su jautriu vir\u0161kinimu. Be glitimo: Pa\u0161aras puikiai tinka \u0161unims, turintiems jautrum\u0105 glitimui ar alergijas, u\u017etikrinant optimal\u0173 maistini\u0173 med\u017eiag\u0173 \u012fsisavinim\u0105. Nat\u016bral\u016bs papildai: Cikorij\u0173 \u0161aknys (inulinas) gerina \u017earnyno sveikat\u0105, o spirulina ir bosvelijos ekstraktas palaiko s\u0105nari\u0173 funkcij\u0105 ir imunitet\u0105. Sveiki angliavandeniai: Kukur\u016bzai, ry\u017eiai ir rudieji ry\u017eiai suteikia ilgalaik\u0117s energijos. Papildytas omega-3 riebiosiomis r\u016bg\u0161timis: Skatina odos ir kailio sveikat\u0105 bei blizges\u012f. \u0160is auk\u0161tos kokyb\u0117s pa\u0161aras yra puikus pasirinkimas, jei norite u\u017etikrinti savo \u0161uns sveikat\u0105 ir ger\u0105 savijaut\u0105. Jis praturtintas nat\u016braliais ingredientais, padedan\u010diais palaikyti puiki\u0105 s\u0105nari\u0173, kailio, odos ir vir\u0161kinamojo trakto b\u016bkl\u0119.","breadcrumb":{"@id":"https:\/\/anivet.lt\/elparduotuve\/produktas\/nt-adult-dog-sensitive-no-gluten-m-m-salmon-su-lasisa\/#breadcrumb"},"inLanguage":"lt-LT","potentialAction":[{"@type":"ReadAction","target":["https:\/\/anivet.lt\/elparduotuve\/produktas\/nt-adult-dog-sensitive-no-gluten-m-m-salmon-su-lasisa\/"]}]},{"@type":"ImageObject","inLanguage":"lt-LT","@id":"https:\/\/anivet.lt\/elparduotuve\/produktas\/nt-adult-dog-sensitive-no-gluten-m-m-salmon-su-lasisa\/#primaryimage","url":"https:\/\/anivet.lt\/elparduotuve\/wp-content\/uploads\/2024\/01\/925253_8059149252537-lasisa-12.jpg","contentUrl":"https:\/\/anivet.lt\/elparduotuve\/wp-content\/uploads\/2024\/01\/925253_8059149252537-lasisa-12.jpg","width":800,"height":800,"caption":"NT ADULT DOG SENSITIVE NO GLUTEN M\/M SALMON su la\u0161i\u0161a"},{"@type":"BreadcrumbList","@id":"https:\/\/anivet.lt\/elparduotuve\/produktas\/nt-adult-dog-sensitive-no-gluten-m-m-salmon-su-lasisa\/#breadcrumb","itemListElement":[{"@type":"ListItem","position":1,"name":"Home","item":"https:\/\/anivet.lt\/elparduotuve\/"},{"@type":"ListItem","position":2,"name":"Produktai","item":"https:\/\/anivet.lt\/elparduotuve\/produktai\/"},{"@type":"ListItem","position":3,"name":"Trainer ADULT DOG SENSITIVE NO GLUTEN M\/M SALMON su la\u0161i\u0161a"}]},{"@type":"WebSite","@id":"https:\/\/anivet.lt\/elparduotuve\/#website","url":"https:\/\/anivet.lt\/elparduotuve\/","name":"anivet.lt","description":"Viskas J\u016bs\u0173 \u0161uns, kat\u0117s prie\u017ei\u016brai","publisher":{"@id":"https:\/\/anivet.lt\/elparduotuve\/#organization"},"alternateName":"Viskas J\u016bs\u0173 \u0161uns, kat\u0117s prie\u017ei\u016brai","potentialAction":[{"@type":"SearchAction","target":{"@type":"EntryPoint","urlTemplate":"https:\/\/anivet.lt\/elparduotuve\/?s={search_term_string}"},"query-input":{"@type":"PropertyValueSpecification","valueRequired":true,"valueName":"search_term_string"}}],"inLanguage":"lt-LT"},{"@type":"Organization","@id":"https:\/\/anivet.lt\/elparduotuve\/#organization","name":"Viskas J\u016bs\u0173 \u0161uns, kat\u0117s prie\u017ei\u016brai","url":"https:\/\/anivet.lt\/elparduotuve\/","logo":{"@type":"ImageObject","inLanguage":"lt-LT","@id":"https:\/\/anivet.lt\/elparduotuve\/#\/schema\/logo\/image\/","url":"https:\/\/anivet.lt\/elparduotuve\/wp-content\/uploads\/2023\/06\/logo2.jpg","contentUrl":"https:\/\/anivet.lt\/elparduotuve\/wp-content\/uploads\/2023\/06\/logo2.jpg","width":655,"height":194,"caption":"Viskas J\u016bs\u0173 \u0161uns, kat\u0117s prie\u017ei\u016brai"},"image":{"@id":"https:\/\/anivet.lt\/elparduotuve\/#\/schema\/logo\/image\/"}}]}},"_links":{"self":[{"href":"https:\/\/anivet.lt\/elparduotuve\/wp-json\/wp\/v2\/product\/12803","targetHints":{"allow":["GET"]}}],"collection":[{"href":"https:\/\/anivet.lt\/elparduotuve\/wp-json\/wp\/v2\/product"}],"about":[{"href":"https:\/\/anivet.lt\/elparduotuve\/wp-json\/wp\/v2\/types\/product"}],"wp:featuredmedia":[{"embeddable":true,"href":"https:\/\/anivet.lt\/elparduotuve\/wp-json\/wp\/v2\/media\/12804"}],"wp:attachment":[{"href":"https:\/\/anivet.lt\/elparduotuve\/wp-json\/wp\/v2\/media?parent=12803"}],"wp:term":[{"taxonomy":"product_brand","embeddable":true,"href":"https:\/\/anivet.lt\/elparduotuve\/wp-json\/wp\/v2\/product_brand?post=12803"},{"taxonomy":"product_cat","embeddable":true,"href":"https:\/\/anivet.lt\/elparduotuve\/wp-json\/wp\/v2\/product_cat?post=12803"},{"taxonomy":"product_tag","embeddable":true,"href":"https:\/\/anivet.lt\/elparduotuve\/wp-json\/wp\/v2\/product_tag?post=12803"}],"curies":[{"name":"wp","href":"https:\/\/api.w.org\/{rel}","templated":true}]}}