{"id":12874,"date":"2024-01-17T08:45:12","date_gmt":"2024-01-17T08:45:12","guid":{"rendered":"https:\/\/anivet.lt\/elparduotuve\/?post_type=product&#038;p=12874"},"modified":"2026-04-21T07:01:47","modified_gmt":"2026-04-21T07:01:47","slug":"alpha-spirit-multiprotein-dregnas-pasaras-sunims-9kg","status":"publish","type":"product","link":"https:\/\/anivet.lt\/elparduotuve\/produktas\/alpha-spirit-multiprotein-dregnas-pasaras-sunims-9kg\/","title":{"rendered":"ALPHA SPIRIT MULTIPROTEIN Dr\u0117gnas Pa\u0161aras \u0160unims"},"content":{"rendered":"<p><span style=\"font-weight: 400;\">Visavertis, auk\u0161tos kokyb\u0117s dr\u0117gnas pa\u0161aras, tinkamas vis\u0173 veisli\u0173 ir am\u017eiaus \u0161unims. Pasi\u017eymi ypatinga sud\u0117timi, kuri\u0105 sudaro 85% \u0161vie\u017eios m\u0117sos ir \u017euvies, bei prakti\u0161ka pakuot\u0117, leid\u017eianti i\u0161saugoti \u0161vie\u017eum\u0105.<\/span><\/p>\n<ul>\n<li style=\"font-weight: 400;\" aria-level=\"1\"><span style=\"font-weight: 400;\">Auk\u0161tas m\u0117sos ir \u017euvies kiekis (85%): U\u017etikrina kokybi\u0161kus baltymus raumen\u0173 vystymuisi.<\/span><\/li>\n<li style=\"font-weight: 400;\" aria-level=\"1\"><span style=\"font-weight: 400;\">Vienoje pakuot\u0117je gausu \u012fvairi\u0173 baltym\u0173 \u0161altini\u0173: Vi\u0161tiena, \u017euvis, kiauliena, antiena ir subproduktai.<\/span><\/li>\n<li style=\"font-weight: 400;\" aria-level=\"1\"><span style=\"font-weight: 400;\">Papildytas gliukozaminu ir chondroitino sulfatu: S\u0105nari\u0173 sveikatai palaikyti.<\/span><\/li>\n<li style=\"font-weight: 400;\" aria-level=\"1\"><span style=\"font-weight: 400;\">Omega-3 ir Omega-6 riebal\u0173 r\u016bg\u0161tys: Sveikai odai ir kailiui.<\/span><\/li>\n<li style=\"font-weight: 400;\" aria-level=\"1\"><span style=\"font-weight: 400;\">Be gr\u016bd\u0173: Tinka jautri\u0105 vir\u0161kinimo sistem\u0105 turintiems \u0161unims.<\/span><\/li>\n<li style=\"font-weight: 400;\" aria-level=\"1\"><span style=\"font-weight: 400;\">Nat\u016bral\u016bs konservantai: \u010ciobreliai ir rozmarinas.<\/span><\/li>\n<\/ul>\n<p><span style=\"font-weight: 400;\">\u201eAlpha Spirit Multiprotein\u201d yra puikus pasirinkimas siekiant u\u017etikrinti \u0161uns mitybos kokyb\u0119 ir sveikat\u0105. Pa\u0161aras tinkamas tiek kasdieniniam naudojimui, tiek \u0161unims, turintiems jautri\u0105 vir\u0161kinimo sistem\u0105, nes jame n\u0117ra gr\u016bd\u0173 ir dirbtini\u0173 pried\u0173. <\/span><\/p>\n","protected":false},"excerpt":{"rendered":"<p>Visavertis, auk\u0161tos kokyb\u0117s dr\u0117gnas pa\u0161aras, tinkamas vis\u0173 veisli\u0173 ir am\u017eiaus \u0161unims. Pasi\u017eymi ypatinga sud\u0117timi, kuri\u0105 sudaro 85% \u0161vie\u017eios m\u0117sos ir<\/p>\n","protected":false},"featured_media":12875,"template":"","meta":[],"product_brand":[],"product_cat":[101,103,104,331],"product_tag":[],"class_list":{"0":"post-12874","1":"product","2":"type-product","3":"status-publish","4":"has-post-thumbnail","6":"product_cat-sunims","7":"product_cat-sunu-maistas","8":"product_cat-sausas-maistas","9":"product_cat-alpha-spirit-maistas","10":"pa_prekinis-zenklas-alpha-spirit","12":"first","13":"instock","14":"taxable","15":"shipping-taxable","16":"purchasable","17":"product-type-variable"},"yoast_head":"<!-- This site is optimized with the Yoast SEO Premium plugin v27.1 (Yoast SEO v27.5) - https:\/\/yoast.com\/product\/yoast-seo-premium-wordpress\/ -->\n<title>ALPHA SPIRIT MULTIPROTEIN Dr\u0117gnas Pa\u0161aras \u0160unims - anivet.lt<\/title>\n<meta name=\"description\" content=\"Visavertis, auk\u0161tos kokyb\u0117s dr\u0117gnas pa\u0161aras, tinkamas vis\u0173 veisli\u0173 ir am\u017eiaus \u0161unims. Pasi\u017eymi ypatinga sud\u0117timi, kuri\u0105 sudaro 85% \u0161vie\u017eios m\u0117sos ir\" \/>\n<meta name=\"robots\" content=\"index, follow, max-snippet:-1, max-image-preview:large, max-video-preview:-1\" \/>\n<link rel=\"canonical\" href=\"https:\/\/anivet.lt\/elparduotuve\/produktas\/alpha-spirit-multiprotein-dregnas-pasaras-sunims-9kg\/\" \/>\n<meta property=\"og:locale\" content=\"lt_LT\" \/>\n<meta property=\"og:type\" content=\"article\" \/>\n<meta property=\"og:title\" content=\"ALPHA SPIRIT MULTIPROTEIN Dr\u0117gnas Pa\u0161aras \u0160unims\" \/>\n<meta property=\"og:description\" content=\"Visavertis, auk\u0161tos kokyb\u0117s dr\u0117gnas pa\u0161aras, tinkamas vis\u0173 veisli\u0173 ir am\u017eiaus \u0161unims. Pasi\u017eymi ypatinga sud\u0117timi, kuri\u0105 sudaro 85% \u0161vie\u017eios m\u0117sos ir\" \/>\n<meta property=\"og:url\" content=\"https:\/\/anivet.lt\/elparduotuve\/produktas\/alpha-spirit-multiprotein-dregnas-pasaras-sunims-9kg\/\" \/>\n<meta property=\"og:site_name\" content=\"anivet.lt\" \/>\n<meta property=\"article:modified_time\" content=\"2026-04-21T07:01:47+00:00\" \/>\n<meta property=\"og:image\" content=\"https:\/\/anivet.lt\/elparduotuve\/wp-content\/uploads\/2024\/01\/alphaspirit-multiprotein-dregnas-9kg.jpg\" \/>\n\t<meta property=\"og:image:width\" content=\"658\" \/>\n\t<meta property=\"og:image:height\" content=\"1000\" \/>\n\t<meta property=\"og:image:type\" content=\"image\/jpeg\" \/>\n<meta name=\"twitter:card\" content=\"summary_large_image\" \/>\n<meta name=\"twitter:label1\" content=\"Est. reading time\" \/>\n\t<meta name=\"twitter:data1\" content=\"1 minut\u0117\" \/>\n<script type=\"application\/ld+json\" class=\"yoast-schema-graph\">{\"@context\":\"https:\\\/\\\/schema.org\",\"@graph\":[{\"@type\":\"WebPage\",\"@id\":\"https:\\\/\\\/anivet.lt\\\/elparduotuve\\\/produktas\\\/alpha-spirit-multiprotein-dregnas-pasaras-sunims-9kg\\\/\",\"url\":\"https:\\\/\\\/anivet.lt\\\/elparduotuve\\\/produktas\\\/alpha-spirit-multiprotein-dregnas-pasaras-sunims-9kg\\\/\",\"name\":\"ALPHA SPIRIT MULTIPROTEIN Dr\u0117gnas Pa\u0161aras \u0160unims - anivet.lt\",\"isPartOf\":{\"@id\":\"https:\\\/\\\/anivet.lt\\\/elparduotuve\\\/#website\"},\"primaryImageOfPage\":{\"@id\":\"https:\\\/\\\/anivet.lt\\\/elparduotuve\\\/produktas\\\/alpha-spirit-multiprotein-dregnas-pasaras-sunims-9kg\\\/#primaryimage\"},\"image\":{\"@id\":\"https:\\\/\\\/anivet.lt\\\/elparduotuve\\\/produktas\\\/alpha-spirit-multiprotein-dregnas-pasaras-sunims-9kg\\\/#primaryimage\"},\"thumbnailUrl\":\"https:\\\/\\\/anivet.lt\\\/elparduotuve\\\/wp-content\\\/uploads\\\/2024\\\/01\\\/alphaspirit-multiprotein-dregnas-9kg.jpg\",\"datePublished\":\"2024-01-17T08:45:12+00:00\",\"dateModified\":\"2026-04-21T07:01:47+00:00\",\"description\":\"Visavertis, auk\u0161tos kokyb\u0117s dr\u0117gnas pa\u0161aras, tinkamas vis\u0173 veisli\u0173 ir am\u017eiaus \u0161unims. Pasi\u017eymi ypatinga sud\u0117timi, kuri\u0105 sudaro 85% \u0161vie\u017eios m\u0117sos ir\",\"breadcrumb\":{\"@id\":\"https:\\\/\\\/anivet.lt\\\/elparduotuve\\\/produktas\\\/alpha-spirit-multiprotein-dregnas-pasaras-sunims-9kg\\\/#breadcrumb\"},\"inLanguage\":\"lt-LT\",\"potentialAction\":[{\"@type\":\"ReadAction\",\"target\":[\"https:\\\/\\\/anivet.lt\\\/elparduotuve\\\/produktas\\\/alpha-spirit-multiprotein-dregnas-pasaras-sunims-9kg\\\/\"]}]},{\"@type\":\"ImageObject\",\"inLanguage\":\"lt-LT\",\"@id\":\"https:\\\/\\\/anivet.lt\\\/elparduotuve\\\/produktas\\\/alpha-spirit-multiprotein-dregnas-pasaras-sunims-9kg\\\/#primaryimage\",\"url\":\"https:\\\/\\\/anivet.lt\\\/elparduotuve\\\/wp-content\\\/uploads\\\/2024\\\/01\\\/alphaspirit-multiprotein-dregnas-9kg.jpg\",\"contentUrl\":\"https:\\\/\\\/anivet.lt\\\/elparduotuve\\\/wp-content\\\/uploads\\\/2024\\\/01\\\/alphaspirit-multiprotein-dregnas-9kg.jpg\",\"width\":658,\"height\":1000,\"caption\":\"ALPHA SPIRIT MULTIPROTEIN Dr\u0117gnas Pa\u0161aras \u0160unims\"},{\"@type\":\"BreadcrumbList\",\"@id\":\"https:\\\/\\\/anivet.lt\\\/elparduotuve\\\/produktas\\\/alpha-spirit-multiprotein-dregnas-pasaras-sunims-9kg\\\/#breadcrumb\",\"itemListElement\":[{\"@type\":\"ListItem\",\"position\":1,\"name\":\"Home\",\"item\":\"https:\\\/\\\/anivet.lt\\\/elparduotuve\\\/\"},{\"@type\":\"ListItem\",\"position\":2,\"name\":\"Produktai\",\"item\":\"https:\\\/\\\/anivet.lt\\\/elparduotuve\\\/produktai\\\/\"},{\"@type\":\"ListItem\",\"position\":3,\"name\":\"ALPHA SPIRIT MULTIPROTEIN Dr\u0117gnas Pa\u0161aras \u0160unims\"}]},{\"@type\":\"WebSite\",\"@id\":\"https:\\\/\\\/anivet.lt\\\/elparduotuve\\\/#website\",\"url\":\"https:\\\/\\\/anivet.lt\\\/elparduotuve\\\/\",\"name\":\"anivet.lt\",\"description\":\"Viskas J\u016bs\u0173 \u0161uns, kat\u0117s prie\u017ei\u016brai\",\"publisher\":{\"@id\":\"https:\\\/\\\/anivet.lt\\\/elparduotuve\\\/#organization\"},\"alternateName\":\"Viskas J\u016bs\u0173 \u0161uns, kat\u0117s prie\u017ei\u016brai\",\"potentialAction\":[{\"@type\":\"SearchAction\",\"target\":{\"@type\":\"EntryPoint\",\"urlTemplate\":\"https:\\\/\\\/anivet.lt\\\/elparduotuve\\\/?s={search_term_string}\"},\"query-input\":{\"@type\":\"PropertyValueSpecification\",\"valueRequired\":true,\"valueName\":\"search_term_string\"}}],\"inLanguage\":\"lt-LT\"},{\"@type\":\"Organization\",\"@id\":\"https:\\\/\\\/anivet.lt\\\/elparduotuve\\\/#organization\",\"name\":\"Viskas J\u016bs\u0173 \u0161uns, kat\u0117s prie\u017ei\u016brai\",\"url\":\"https:\\\/\\\/anivet.lt\\\/elparduotuve\\\/\",\"logo\":{\"@type\":\"ImageObject\",\"inLanguage\":\"lt-LT\",\"@id\":\"https:\\\/\\\/anivet.lt\\\/elparduotuve\\\/#\\\/schema\\\/logo\\\/image\\\/\",\"url\":\"https:\\\/\\\/anivet.lt\\\/elparduotuve\\\/wp-content\\\/uploads\\\/2023\\\/06\\\/logo2.jpg\",\"contentUrl\":\"https:\\\/\\\/anivet.lt\\\/elparduotuve\\\/wp-content\\\/uploads\\\/2023\\\/06\\\/logo2.jpg\",\"width\":655,\"height\":194,\"caption\":\"Viskas J\u016bs\u0173 \u0161uns, kat\u0117s prie\u017ei\u016brai\"},\"image\":{\"@id\":\"https:\\\/\\\/anivet.lt\\\/elparduotuve\\\/#\\\/schema\\\/logo\\\/image\\\/\"}}]}<\/script>\n<!-- \/ Yoast SEO Premium plugin. -->","yoast_head_json":{"title":"ALPHA SPIRIT MULTIPROTEIN Dr\u0117gnas Pa\u0161aras \u0160unims - anivet.lt","description":"Visavertis, auk\u0161tos kokyb\u0117s dr\u0117gnas pa\u0161aras, tinkamas vis\u0173 veisli\u0173 ir am\u017eiaus \u0161unims. Pasi\u017eymi ypatinga sud\u0117timi, kuri\u0105 sudaro 85% \u0161vie\u017eios m\u0117sos ir","robots":{"index":"index","follow":"follow","max-snippet":"max-snippet:-1","max-image-preview":"max-image-preview:large","max-video-preview":"max-video-preview:-1"},"canonical":"https:\/\/anivet.lt\/elparduotuve\/produktas\/alpha-spirit-multiprotein-dregnas-pasaras-sunims-9kg\/","og_locale":"lt_LT","og_type":"article","og_title":"ALPHA SPIRIT MULTIPROTEIN Dr\u0117gnas Pa\u0161aras \u0160unims","og_description":"Visavertis, auk\u0161tos kokyb\u0117s dr\u0117gnas pa\u0161aras, tinkamas vis\u0173 veisli\u0173 ir am\u017eiaus \u0161unims. Pasi\u017eymi ypatinga sud\u0117timi, kuri\u0105 sudaro 85% \u0161vie\u017eios m\u0117sos ir","og_url":"https:\/\/anivet.lt\/elparduotuve\/produktas\/alpha-spirit-multiprotein-dregnas-pasaras-sunims-9kg\/","og_site_name":"anivet.lt","article_modified_time":"2026-04-21T07:01:47+00:00","og_image":[{"width":658,"height":1000,"url":"https:\/\/anivet.lt\/elparduotuve\/wp-content\/uploads\/2024\/01\/alphaspirit-multiprotein-dregnas-9kg.jpg","type":"image\/jpeg"}],"twitter_card":"summary_large_image","twitter_misc":{"Est. reading time":"1 minut\u0117"},"schema":{"@context":"https:\/\/schema.org","@graph":[{"@type":"WebPage","@id":"https:\/\/anivet.lt\/elparduotuve\/produktas\/alpha-spirit-multiprotein-dregnas-pasaras-sunims-9kg\/","url":"https:\/\/anivet.lt\/elparduotuve\/produktas\/alpha-spirit-multiprotein-dregnas-pasaras-sunims-9kg\/","name":"ALPHA SPIRIT MULTIPROTEIN Dr\u0117gnas Pa\u0161aras \u0160unims - anivet.lt","isPartOf":{"@id":"https:\/\/anivet.lt\/elparduotuve\/#website"},"primaryImageOfPage":{"@id":"https:\/\/anivet.lt\/elparduotuve\/produktas\/alpha-spirit-multiprotein-dregnas-pasaras-sunims-9kg\/#primaryimage"},"image":{"@id":"https:\/\/anivet.lt\/elparduotuve\/produktas\/alpha-spirit-multiprotein-dregnas-pasaras-sunims-9kg\/#primaryimage"},"thumbnailUrl":"https:\/\/anivet.lt\/elparduotuve\/wp-content\/uploads\/2024\/01\/alphaspirit-multiprotein-dregnas-9kg.jpg","datePublished":"2024-01-17T08:45:12+00:00","dateModified":"2026-04-21T07:01:47+00:00","description":"Visavertis, auk\u0161tos kokyb\u0117s dr\u0117gnas pa\u0161aras, tinkamas vis\u0173 veisli\u0173 ir am\u017eiaus \u0161unims. Pasi\u017eymi ypatinga sud\u0117timi, kuri\u0105 sudaro 85% \u0161vie\u017eios m\u0117sos ir","breadcrumb":{"@id":"https:\/\/anivet.lt\/elparduotuve\/produktas\/alpha-spirit-multiprotein-dregnas-pasaras-sunims-9kg\/#breadcrumb"},"inLanguage":"lt-LT","potentialAction":[{"@type":"ReadAction","target":["https:\/\/anivet.lt\/elparduotuve\/produktas\/alpha-spirit-multiprotein-dregnas-pasaras-sunims-9kg\/"]}]},{"@type":"ImageObject","inLanguage":"lt-LT","@id":"https:\/\/anivet.lt\/elparduotuve\/produktas\/alpha-spirit-multiprotein-dregnas-pasaras-sunims-9kg\/#primaryimage","url":"https:\/\/anivet.lt\/elparduotuve\/wp-content\/uploads\/2024\/01\/alphaspirit-multiprotein-dregnas-9kg.jpg","contentUrl":"https:\/\/anivet.lt\/elparduotuve\/wp-content\/uploads\/2024\/01\/alphaspirit-multiprotein-dregnas-9kg.jpg","width":658,"height":1000,"caption":"ALPHA SPIRIT MULTIPROTEIN Dr\u0117gnas Pa\u0161aras \u0160unims"},{"@type":"BreadcrumbList","@id":"https:\/\/anivet.lt\/elparduotuve\/produktas\/alpha-spirit-multiprotein-dregnas-pasaras-sunims-9kg\/#breadcrumb","itemListElement":[{"@type":"ListItem","position":1,"name":"Home","item":"https:\/\/anivet.lt\/elparduotuve\/"},{"@type":"ListItem","position":2,"name":"Produktai","item":"https:\/\/anivet.lt\/elparduotuve\/produktai\/"},{"@type":"ListItem","position":3,"name":"ALPHA SPIRIT MULTIPROTEIN Dr\u0117gnas Pa\u0161aras \u0160unims"}]},{"@type":"WebSite","@id":"https:\/\/anivet.lt\/elparduotuve\/#website","url":"https:\/\/anivet.lt\/elparduotuve\/","name":"anivet.lt","description":"Viskas J\u016bs\u0173 \u0161uns, kat\u0117s prie\u017ei\u016brai","publisher":{"@id":"https:\/\/anivet.lt\/elparduotuve\/#organization"},"alternateName":"Viskas J\u016bs\u0173 \u0161uns, kat\u0117s prie\u017ei\u016brai","potentialAction":[{"@type":"SearchAction","target":{"@type":"EntryPoint","urlTemplate":"https:\/\/anivet.lt\/elparduotuve\/?s={search_term_string}"},"query-input":{"@type":"PropertyValueSpecification","valueRequired":true,"valueName":"search_term_string"}}],"inLanguage":"lt-LT"},{"@type":"Organization","@id":"https:\/\/anivet.lt\/elparduotuve\/#organization","name":"Viskas J\u016bs\u0173 \u0161uns, kat\u0117s prie\u017ei\u016brai","url":"https:\/\/anivet.lt\/elparduotuve\/","logo":{"@type":"ImageObject","inLanguage":"lt-LT","@id":"https:\/\/anivet.lt\/elparduotuve\/#\/schema\/logo\/image\/","url":"https:\/\/anivet.lt\/elparduotuve\/wp-content\/uploads\/2023\/06\/logo2.jpg","contentUrl":"https:\/\/anivet.lt\/elparduotuve\/wp-content\/uploads\/2023\/06\/logo2.jpg","width":655,"height":194,"caption":"Viskas J\u016bs\u0173 \u0161uns, kat\u0117s prie\u017ei\u016brai"},"image":{"@id":"https:\/\/anivet.lt\/elparduotuve\/#\/schema\/logo\/image\/"}}]}},"_links":{"self":[{"href":"https:\/\/anivet.lt\/elparduotuve\/wp-json\/wp\/v2\/product\/12874","targetHints":{"allow":["GET"]}}],"collection":[{"href":"https:\/\/anivet.lt\/elparduotuve\/wp-json\/wp\/v2\/product"}],"about":[{"href":"https:\/\/anivet.lt\/elparduotuve\/wp-json\/wp\/v2\/types\/product"}],"wp:featuredmedia":[{"embeddable":true,"href":"https:\/\/anivet.lt\/elparduotuve\/wp-json\/wp\/v2\/media\/12875"}],"wp:attachment":[{"href":"https:\/\/anivet.lt\/elparduotuve\/wp-json\/wp\/v2\/media?parent=12874"}],"wp:term":[{"taxonomy":"product_brand","embeddable":true,"href":"https:\/\/anivet.lt\/elparduotuve\/wp-json\/wp\/v2\/product_brand?post=12874"},{"taxonomy":"product_cat","embeddable":true,"href":"https:\/\/anivet.lt\/elparduotuve\/wp-json\/wp\/v2\/product_cat?post=12874"},{"taxonomy":"product_tag","embeddable":true,"href":"https:\/\/anivet.lt\/elparduotuve\/wp-json\/wp\/v2\/product_tag?post=12874"}],"curies":[{"name":"wp","href":"https:\/\/api.w.org\/{rel}","templated":true}]}}