{"id":12877,"date":"2024-01-17T08:53:09","date_gmt":"2024-01-17T08:53:09","guid":{"rendered":"https:\/\/anivet.lt\/elparduotuve\/?post_type=product&#038;p=12877"},"modified":"2026-05-02T11:36:14","modified_gmt":"2026-05-02T11:36:14","slug":"alpha-spirit-puppies-dregnas-pasaras-suniukams-9kg","status":"publish","type":"product","link":"https:\/\/anivet.lt\/elparduotuve\/produktas\/alpha-spirit-puppies-dregnas-pasaras-suniukams-9kg\/","title":{"rendered":"ALPHA SPIRIT PUPPIES Dr\u0117gnas Pa\u0161aras \u0160uniukams 9kg"},"content":{"rendered":"<ul>\n<li style=\"font-weight: 400;\" aria-level=\"1\"><span style=\"font-weight: 400;\">Auk\u0161tos kokyb\u0117s baltymai: Sud\u0117tyje yra 35% kalakutienos, 20% \u0161vie\u017eios \u017euvies (sardin\u0117l\u0117s, skumbr\u0117s, staurid\u0117s, sardin\u0117s), 15% kiaulienos ir 10% an\u010di\u0173 m\u0117sos, u\u017etikrinan\u010di\u0173 pilnavert\u0119 mityb\u0105.<\/span><\/li>\n<li style=\"font-weight: 400;\" aria-level=\"1\"><span style=\"font-weight: 400;\">Praturtintas omega-3 riebiosiomis r\u016bg\u0161timis: EPA ir DHA (1790mg\/kg) skatina sveik\u0105 smegen\u0173 vystym\u0105si ir kailio blizges\u012f.<\/span><\/li>\n<li style=\"font-weight: 400;\" aria-level=\"1\"><span style=\"font-weight: 400;\">Sveiki priedai: Sud\u0117tyje esantys gliukozaminas ir taurinas padeda palaikyti stiprius s\u0105narius bei \u0161irdies sveikat\u0105.<\/span><\/li>\n<li style=\"font-weight: 400;\" aria-level=\"1\"><span style=\"font-weight: 400;\">Dar\u017eov\u0117s ir vaisiai: Sald\u017eiosios bulv\u0117s, morkos ir obuoliai suteikia nat\u016brali\u0173 vitamin\u0173 ir skaidul\u0173 geresniam vir\u0161kinimui.<\/span><\/li>\n<li style=\"font-weight: 400;\" aria-level=\"1\"><span style=\"font-weight: 400;\">Nat\u016bral\u016bs prieskoniai: Kuminas, \u010diobreliai ir ciber\u017eol\u0117 ne tik pagerina skon\u012f, bet ir palaiko sveik\u0105 vir\u0161kinimo sistem\u0105.<\/span><\/li>\n<\/ul>\n<p><span style=\"font-weight: 400;\">\u0160is dr\u0117gnas pa\u0161aras yra puikus pasirinkimas j\u016bs\u0173 \u0161uniukui, u\u017etikrinantis visapusi\u0161k\u0105 sveikatos palaikym\u0105 nuo pirm\u0173j\u0173 gyvenimo m\u0117nesi\u0173. Jo nat\u016brali sud\u0117tis ir auk\u0161tos kokyb\u0117s ingredientai prisideda prie \u0161uniuko energijos, sveikatos ir puikios savijautos kasdien.<\/span><\/p>\n","protected":false},"excerpt":{"rendered":"<p><span style=\"font-weight: 400;\">\u0160is dr\u0117gnas pa\u0161aras yra subalansuotas ir visavertis maisto pasirinkimas, specialiai sukurtas \u0161uniukams. Nat\u016brali sud\u0117tis, auk\u0161tos kokyb\u0117s ingredientai ir vitamin\u0173 bei mineral\u0173 kompleksas padeda u\u017etikrinti sveik\u0105 augim\u0105 ir vystym\u0105si.<\/span><\/p>\n","protected":false},"featured_media":12878,"template":"","meta":[],"product_brand":[],"product_cat":[101,103,104,331],"product_tag":[],"class_list":{"0":"post-12877","1":"product","2":"type-product","3":"status-publish","4":"has-post-thumbnail","6":"product_cat-sunims","7":"product_cat-sunu-maistas","8":"product_cat-sausas-maistas","9":"product_cat-alpha-spirit-maistas","10":"pa_prekinis-zenklas-alpha-spirit","12":"first","13":"instock","14":"taxable","15":"shipping-taxable","16":"purchasable","17":"product-type-simple"},"yoast_head":"<!-- This site is optimized with the Yoast SEO Premium plugin v27.1 (Yoast SEO v27.5) - https:\/\/yoast.com\/product\/yoast-seo-premium-wordpress\/ -->\n<title>ALPHA SPIRIT PUPPIES Dr\u0117gnas Pa\u0161aras \u0160uniukams 9kg - anivet.lt<\/title>\n<meta name=\"description\" content=\"\u0160is dr\u0117gnas pa\u0161aras yra subalansuotas ir visavertis maisto pasirinkimas, specialiai sukurtas \u0161uniukams. Nat\u016brali sud\u0117tis, auk\u0161tos kokyb\u0117s ingredientai ir vitamin\u0173 bei mineral\u0173 kompleksas padeda u\u017etikrinti sveik\u0105 augim\u0105 ir vystym\u0105si.\" \/>\n<meta name=\"robots\" content=\"index, follow, max-snippet:-1, max-image-preview:large, max-video-preview:-1\" \/>\n<link rel=\"canonical\" href=\"https:\/\/anivet.lt\/elparduotuve\/produktas\/alpha-spirit-puppies-dregnas-pasaras-suniukams-9kg\/\" \/>\n<meta property=\"og:locale\" content=\"lt_LT\" \/>\n<meta property=\"og:type\" content=\"article\" \/>\n<meta property=\"og:title\" content=\"ALPHA SPIRIT PUPPIES Dr\u0117gnas Pa\u0161aras \u0160uniukams 9kg\" \/>\n<meta property=\"og:description\" content=\"\u0160is dr\u0117gnas pa\u0161aras yra subalansuotas ir visavertis maisto pasirinkimas, specialiai sukurtas \u0161uniukams. Nat\u016brali sud\u0117tis, auk\u0161tos kokyb\u0117s ingredientai ir vitamin\u0173 bei mineral\u0173 kompleksas padeda u\u017etikrinti sveik\u0105 augim\u0105 ir vystym\u0105si.\" \/>\n<meta property=\"og:url\" content=\"https:\/\/anivet.lt\/elparduotuve\/produktas\/alpha-spirit-puppies-dregnas-pasaras-suniukams-9kg\/\" \/>\n<meta property=\"og:site_name\" content=\"anivet.lt\" \/>\n<meta property=\"article:modified_time\" content=\"2026-05-02T11:36:14+00:00\" \/>\n<meta property=\"og:image\" content=\"https:\/\/anivet.lt\/elparduotuve\/wp-content\/uploads\/2024\/01\/as-puppies-dregnas9kg.jpg\" \/>\n\t<meta property=\"og:image:width\" content=\"658\" \/>\n\t<meta property=\"og:image:height\" content=\"1000\" \/>\n\t<meta property=\"og:image:type\" content=\"image\/jpeg\" \/>\n<meta name=\"twitter:card\" content=\"summary_large_image\" \/>\n<meta name=\"twitter:label1\" content=\"Est. reading time\" \/>\n\t<meta name=\"twitter:data1\" content=\"1 minut\u0117\" \/>\n<script type=\"application\/ld+json\" class=\"yoast-schema-graph\">{\"@context\":\"https:\\\/\\\/schema.org\",\"@graph\":[{\"@type\":\"WebPage\",\"@id\":\"https:\\\/\\\/anivet.lt\\\/elparduotuve\\\/produktas\\\/alpha-spirit-puppies-dregnas-pasaras-suniukams-9kg\\\/\",\"url\":\"https:\\\/\\\/anivet.lt\\\/elparduotuve\\\/produktas\\\/alpha-spirit-puppies-dregnas-pasaras-suniukams-9kg\\\/\",\"name\":\"ALPHA SPIRIT PUPPIES Dr\u0117gnas Pa\u0161aras \u0160uniukams 9kg - anivet.lt\",\"isPartOf\":{\"@id\":\"https:\\\/\\\/anivet.lt\\\/elparduotuve\\\/#website\"},\"primaryImageOfPage\":{\"@id\":\"https:\\\/\\\/anivet.lt\\\/elparduotuve\\\/produktas\\\/alpha-spirit-puppies-dregnas-pasaras-suniukams-9kg\\\/#primaryimage\"},\"image\":{\"@id\":\"https:\\\/\\\/anivet.lt\\\/elparduotuve\\\/produktas\\\/alpha-spirit-puppies-dregnas-pasaras-suniukams-9kg\\\/#primaryimage\"},\"thumbnailUrl\":\"https:\\\/\\\/anivet.lt\\\/elparduotuve\\\/wp-content\\\/uploads\\\/2024\\\/01\\\/as-puppies-dregnas9kg.jpg\",\"datePublished\":\"2024-01-17T08:53:09+00:00\",\"dateModified\":\"2026-05-02T11:36:14+00:00\",\"description\":\"\u0160is dr\u0117gnas pa\u0161aras yra subalansuotas ir visavertis maisto pasirinkimas, specialiai sukurtas \u0161uniukams. Nat\u016brali sud\u0117tis, auk\u0161tos kokyb\u0117s ingredientai ir vitamin\u0173 bei mineral\u0173 kompleksas padeda u\u017etikrinti sveik\u0105 augim\u0105 ir vystym\u0105si.\",\"breadcrumb\":{\"@id\":\"https:\\\/\\\/anivet.lt\\\/elparduotuve\\\/produktas\\\/alpha-spirit-puppies-dregnas-pasaras-suniukams-9kg\\\/#breadcrumb\"},\"inLanguage\":\"lt-LT\",\"potentialAction\":[{\"@type\":\"ReadAction\",\"target\":[\"https:\\\/\\\/anivet.lt\\\/elparduotuve\\\/produktas\\\/alpha-spirit-puppies-dregnas-pasaras-suniukams-9kg\\\/\"]}]},{\"@type\":\"ImageObject\",\"inLanguage\":\"lt-LT\",\"@id\":\"https:\\\/\\\/anivet.lt\\\/elparduotuve\\\/produktas\\\/alpha-spirit-puppies-dregnas-pasaras-suniukams-9kg\\\/#primaryimage\",\"url\":\"https:\\\/\\\/anivet.lt\\\/elparduotuve\\\/wp-content\\\/uploads\\\/2024\\\/01\\\/as-puppies-dregnas9kg.jpg\",\"contentUrl\":\"https:\\\/\\\/anivet.lt\\\/elparduotuve\\\/wp-content\\\/uploads\\\/2024\\\/01\\\/as-puppies-dregnas9kg.jpg\",\"width\":658,\"height\":1000,\"caption\":\"ALPHA SPIRIT PUPPIES Dr\u0117gnas Pa\u0161aras \u0160uniukams 9kg\"},{\"@type\":\"BreadcrumbList\",\"@id\":\"https:\\\/\\\/anivet.lt\\\/elparduotuve\\\/produktas\\\/alpha-spirit-puppies-dregnas-pasaras-suniukams-9kg\\\/#breadcrumb\",\"itemListElement\":[{\"@type\":\"ListItem\",\"position\":1,\"name\":\"Home\",\"item\":\"https:\\\/\\\/anivet.lt\\\/elparduotuve\\\/\"},{\"@type\":\"ListItem\",\"position\":2,\"name\":\"Produktai\",\"item\":\"https:\\\/\\\/anivet.lt\\\/elparduotuve\\\/produktai\\\/\"},{\"@type\":\"ListItem\",\"position\":3,\"name\":\"ALPHA SPIRIT PUPPIES Dr\u0117gnas Pa\u0161aras \u0160uniukams 9kg\"}]},{\"@type\":\"WebSite\",\"@id\":\"https:\\\/\\\/anivet.lt\\\/elparduotuve\\\/#website\",\"url\":\"https:\\\/\\\/anivet.lt\\\/elparduotuve\\\/\",\"name\":\"anivet.lt\",\"description\":\"Viskas J\u016bs\u0173 \u0161uns, kat\u0117s prie\u017ei\u016brai\",\"publisher\":{\"@id\":\"https:\\\/\\\/anivet.lt\\\/elparduotuve\\\/#organization\"},\"alternateName\":\"Viskas J\u016bs\u0173 \u0161uns, kat\u0117s prie\u017ei\u016brai\",\"potentialAction\":[{\"@type\":\"SearchAction\",\"target\":{\"@type\":\"EntryPoint\",\"urlTemplate\":\"https:\\\/\\\/anivet.lt\\\/elparduotuve\\\/?s={search_term_string}\"},\"query-input\":{\"@type\":\"PropertyValueSpecification\",\"valueRequired\":true,\"valueName\":\"search_term_string\"}}],\"inLanguage\":\"lt-LT\"},{\"@type\":\"Organization\",\"@id\":\"https:\\\/\\\/anivet.lt\\\/elparduotuve\\\/#organization\",\"name\":\"Viskas J\u016bs\u0173 \u0161uns, kat\u0117s prie\u017ei\u016brai\",\"url\":\"https:\\\/\\\/anivet.lt\\\/elparduotuve\\\/\",\"logo\":{\"@type\":\"ImageObject\",\"inLanguage\":\"lt-LT\",\"@id\":\"https:\\\/\\\/anivet.lt\\\/elparduotuve\\\/#\\\/schema\\\/logo\\\/image\\\/\",\"url\":\"https:\\\/\\\/anivet.lt\\\/elparduotuve\\\/wp-content\\\/uploads\\\/2023\\\/06\\\/logo2.jpg\",\"contentUrl\":\"https:\\\/\\\/anivet.lt\\\/elparduotuve\\\/wp-content\\\/uploads\\\/2023\\\/06\\\/logo2.jpg\",\"width\":655,\"height\":194,\"caption\":\"Viskas J\u016bs\u0173 \u0161uns, kat\u0117s prie\u017ei\u016brai\"},\"image\":{\"@id\":\"https:\\\/\\\/anivet.lt\\\/elparduotuve\\\/#\\\/schema\\\/logo\\\/image\\\/\"}}]}<\/script>\n<!-- \/ Yoast SEO Premium plugin. -->","yoast_head_json":{"title":"ALPHA SPIRIT PUPPIES Dr\u0117gnas Pa\u0161aras \u0160uniukams 9kg - anivet.lt","description":"\u0160is dr\u0117gnas pa\u0161aras yra subalansuotas ir visavertis maisto pasirinkimas, specialiai sukurtas \u0161uniukams. Nat\u016brali sud\u0117tis, auk\u0161tos kokyb\u0117s ingredientai ir vitamin\u0173 bei mineral\u0173 kompleksas padeda u\u017etikrinti sveik\u0105 augim\u0105 ir vystym\u0105si.","robots":{"index":"index","follow":"follow","max-snippet":"max-snippet:-1","max-image-preview":"max-image-preview:large","max-video-preview":"max-video-preview:-1"},"canonical":"https:\/\/anivet.lt\/elparduotuve\/produktas\/alpha-spirit-puppies-dregnas-pasaras-suniukams-9kg\/","og_locale":"lt_LT","og_type":"article","og_title":"ALPHA SPIRIT PUPPIES Dr\u0117gnas Pa\u0161aras \u0160uniukams 9kg","og_description":"\u0160is dr\u0117gnas pa\u0161aras yra subalansuotas ir visavertis maisto pasirinkimas, specialiai sukurtas \u0161uniukams. Nat\u016brali sud\u0117tis, auk\u0161tos kokyb\u0117s ingredientai ir vitamin\u0173 bei mineral\u0173 kompleksas padeda u\u017etikrinti sveik\u0105 augim\u0105 ir vystym\u0105si.","og_url":"https:\/\/anivet.lt\/elparduotuve\/produktas\/alpha-spirit-puppies-dregnas-pasaras-suniukams-9kg\/","og_site_name":"anivet.lt","article_modified_time":"2026-05-02T11:36:14+00:00","og_image":[{"width":658,"height":1000,"url":"https:\/\/anivet.lt\/elparduotuve\/wp-content\/uploads\/2024\/01\/as-puppies-dregnas9kg.jpg","type":"image\/jpeg"}],"twitter_card":"summary_large_image","twitter_misc":{"Est. reading time":"1 minut\u0117"},"schema":{"@context":"https:\/\/schema.org","@graph":[{"@type":"WebPage","@id":"https:\/\/anivet.lt\/elparduotuve\/produktas\/alpha-spirit-puppies-dregnas-pasaras-suniukams-9kg\/","url":"https:\/\/anivet.lt\/elparduotuve\/produktas\/alpha-spirit-puppies-dregnas-pasaras-suniukams-9kg\/","name":"ALPHA SPIRIT PUPPIES Dr\u0117gnas Pa\u0161aras \u0160uniukams 9kg - anivet.lt","isPartOf":{"@id":"https:\/\/anivet.lt\/elparduotuve\/#website"},"primaryImageOfPage":{"@id":"https:\/\/anivet.lt\/elparduotuve\/produktas\/alpha-spirit-puppies-dregnas-pasaras-suniukams-9kg\/#primaryimage"},"image":{"@id":"https:\/\/anivet.lt\/elparduotuve\/produktas\/alpha-spirit-puppies-dregnas-pasaras-suniukams-9kg\/#primaryimage"},"thumbnailUrl":"https:\/\/anivet.lt\/elparduotuve\/wp-content\/uploads\/2024\/01\/as-puppies-dregnas9kg.jpg","datePublished":"2024-01-17T08:53:09+00:00","dateModified":"2026-05-02T11:36:14+00:00","description":"\u0160is dr\u0117gnas pa\u0161aras yra subalansuotas ir visavertis maisto pasirinkimas, specialiai sukurtas \u0161uniukams. Nat\u016brali sud\u0117tis, auk\u0161tos kokyb\u0117s ingredientai ir vitamin\u0173 bei mineral\u0173 kompleksas padeda u\u017etikrinti sveik\u0105 augim\u0105 ir vystym\u0105si.","breadcrumb":{"@id":"https:\/\/anivet.lt\/elparduotuve\/produktas\/alpha-spirit-puppies-dregnas-pasaras-suniukams-9kg\/#breadcrumb"},"inLanguage":"lt-LT","potentialAction":[{"@type":"ReadAction","target":["https:\/\/anivet.lt\/elparduotuve\/produktas\/alpha-spirit-puppies-dregnas-pasaras-suniukams-9kg\/"]}]},{"@type":"ImageObject","inLanguage":"lt-LT","@id":"https:\/\/anivet.lt\/elparduotuve\/produktas\/alpha-spirit-puppies-dregnas-pasaras-suniukams-9kg\/#primaryimage","url":"https:\/\/anivet.lt\/elparduotuve\/wp-content\/uploads\/2024\/01\/as-puppies-dregnas9kg.jpg","contentUrl":"https:\/\/anivet.lt\/elparduotuve\/wp-content\/uploads\/2024\/01\/as-puppies-dregnas9kg.jpg","width":658,"height":1000,"caption":"ALPHA SPIRIT PUPPIES Dr\u0117gnas Pa\u0161aras \u0160uniukams 9kg"},{"@type":"BreadcrumbList","@id":"https:\/\/anivet.lt\/elparduotuve\/produktas\/alpha-spirit-puppies-dregnas-pasaras-suniukams-9kg\/#breadcrumb","itemListElement":[{"@type":"ListItem","position":1,"name":"Home","item":"https:\/\/anivet.lt\/elparduotuve\/"},{"@type":"ListItem","position":2,"name":"Produktai","item":"https:\/\/anivet.lt\/elparduotuve\/produktai\/"},{"@type":"ListItem","position":3,"name":"ALPHA SPIRIT PUPPIES Dr\u0117gnas Pa\u0161aras \u0160uniukams 9kg"}]},{"@type":"WebSite","@id":"https:\/\/anivet.lt\/elparduotuve\/#website","url":"https:\/\/anivet.lt\/elparduotuve\/","name":"anivet.lt","description":"Viskas J\u016bs\u0173 \u0161uns, kat\u0117s prie\u017ei\u016brai","publisher":{"@id":"https:\/\/anivet.lt\/elparduotuve\/#organization"},"alternateName":"Viskas J\u016bs\u0173 \u0161uns, kat\u0117s prie\u017ei\u016brai","potentialAction":[{"@type":"SearchAction","target":{"@type":"EntryPoint","urlTemplate":"https:\/\/anivet.lt\/elparduotuve\/?s={search_term_string}"},"query-input":{"@type":"PropertyValueSpecification","valueRequired":true,"valueName":"search_term_string"}}],"inLanguage":"lt-LT"},{"@type":"Organization","@id":"https:\/\/anivet.lt\/elparduotuve\/#organization","name":"Viskas J\u016bs\u0173 \u0161uns, kat\u0117s prie\u017ei\u016brai","url":"https:\/\/anivet.lt\/elparduotuve\/","logo":{"@type":"ImageObject","inLanguage":"lt-LT","@id":"https:\/\/anivet.lt\/elparduotuve\/#\/schema\/logo\/image\/","url":"https:\/\/anivet.lt\/elparduotuve\/wp-content\/uploads\/2023\/06\/logo2.jpg","contentUrl":"https:\/\/anivet.lt\/elparduotuve\/wp-content\/uploads\/2023\/06\/logo2.jpg","width":655,"height":194,"caption":"Viskas J\u016bs\u0173 \u0161uns, kat\u0117s prie\u017ei\u016brai"},"image":{"@id":"https:\/\/anivet.lt\/elparduotuve\/#\/schema\/logo\/image\/"}}]}},"_links":{"self":[{"href":"https:\/\/anivet.lt\/elparduotuve\/wp-json\/wp\/v2\/product\/12877","targetHints":{"allow":["GET"]}}],"collection":[{"href":"https:\/\/anivet.lt\/elparduotuve\/wp-json\/wp\/v2\/product"}],"about":[{"href":"https:\/\/anivet.lt\/elparduotuve\/wp-json\/wp\/v2\/types\/product"}],"wp:featuredmedia":[{"embeddable":true,"href":"https:\/\/anivet.lt\/elparduotuve\/wp-json\/wp\/v2\/media\/12878"}],"wp:attachment":[{"href":"https:\/\/anivet.lt\/elparduotuve\/wp-json\/wp\/v2\/media?parent=12877"}],"wp:term":[{"taxonomy":"product_brand","embeddable":true,"href":"https:\/\/anivet.lt\/elparduotuve\/wp-json\/wp\/v2\/product_brand?post=12877"},{"taxonomy":"product_cat","embeddable":true,"href":"https:\/\/anivet.lt\/elparduotuve\/wp-json\/wp\/v2\/product_cat?post=12877"},{"taxonomy":"product_tag","embeddable":true,"href":"https:\/\/anivet.lt\/elparduotuve\/wp-json\/wp\/v2\/product_tag?post=12877"}],"curies":[{"name":"wp","href":"https:\/\/api.w.org\/{rel}","templated":true}]}}