{"id":12962,"date":"2024-01-18T09:00:15","date_gmt":"2024-01-18T09:00:15","guid":{"rendered":"https:\/\/anivet.lt\/elparduotuve\/?post_type=product&#038;p=12962"},"modified":"2026-05-06T08:51:18","modified_gmt":"2026-05-06T08:51:18","slug":"trainer-cat-adult-tuna-konservai-katems-su-tunu-85g-12vnt","status":"publish","type":"product","link":"https:\/\/anivet.lt\/elparduotuve\/produktas\/trainer-cat-adult-tuna-konservai-katems-su-tunu-85g-12vnt\/","title":{"rendered":"Trainer Cat Adult Tuna konservai kat\u0117ms su tunu 85g 12vnt"},"content":{"rendered":"<ul>\n<li style=\"font-weight: 400;\" aria-level=\"1\"><span style=\"font-weight: 400;\">Auk\u0161tos kokyb\u0117s ingredientai: Tunas, pauk\u0161tiena ir kiauliena suteikia kat\u0117ms reikaling\u0173 baltym\u0173 ir energijos.<\/span><\/li>\n<li style=\"font-weight: 400;\" aria-level=\"1\"><span style=\"font-weight: 400;\">Spanguoli\u0173 ekstraktas: Padeda apsaugoti \u0161lapimo takus nuo infekcij\u0173, ma\u017eina u\u017edegim\u0105 ir veikia antimikrobi\u0161kai.<\/span><\/li>\n<li style=\"font-weight: 400;\" aria-level=\"1\"><span style=\"font-weight: 400;\">Odos ir kailio prie\u017ei\u016bra: \u017duv\u0173 taukai ir saul\u0117gr\u0105\u017e\u0173 aliejus praturtina racion\u0105 omega-3 ir omega-6 riebal\u0173 r\u016bg\u0161timis.<\/span><\/li>\n<li style=\"font-weight: 400;\" aria-level=\"1\"><span style=\"font-weight: 400;\">Nat\u016bral\u016bs ingredientai: Be dirbtini\u0173 pried\u0173 \u2013 tik kruop\u0161\u010diai atrinktos, nat\u016bralios sudedamosios dalys.<\/span><\/li>\n<li style=\"font-weight: 400;\" aria-level=\"1\"><span style=\"font-weight: 400;\">Vitamin\u0173 ir mineral\u0173 kompleksas: Vitaminai D\u2083, E, biotinas ir cinkas padeda palaikyti bendr\u0105 sveikat\u0105, stiprina imunitet\u0105 ir prisideda prie sveikos odos bei kailio.<\/span><\/li>\n<\/ul>\n<p><span style=\"font-weight: 400;\">Konservai yra subalansuoti, maistingi ir gard\u016bs, tod\u0117l puikiai tinka kasdieniniam naudojimui. Idealiai subalansuota sud\u0117tis u\u017etikrina ger\u0105 kat\u0117s savijaut\u0105 ir ilgaam\u017ei\u0161kum\u0105.<\/span><\/p>\n","protected":false},"excerpt":{"rendered":"<p><span style=\"font-weight: 400;\">Visavertis ir subalansuotas konservuotas maistas suaugusioms kat\u0117ms su tunu. Sud\u0117tyje esan\u010dios nat\u016bralios sudedamosios dalys u\u017etikrina puik\u0173 skon\u012f ir nauding\u0173 med\u017eiag\u0173 balans\u0105, prisidedant prie j\u016bs\u0173 augintinio sveikos mitybos.<\/span><\/p>\n","protected":false},"featured_media":12963,"template":"","meta":[],"product_brand":[],"product_cat":[114,102,116,347],"product_tag":[],"class_list":{"0":"post-12962","1":"product","2":"type-product","3":"status-publish","4":"has-post-thumbnail","6":"product_cat-kaciu-maistas","7":"product_cat-katems","8":"product_cat-konservai-katems","9":"product_cat-trainer-kaciu-maistas","10":"pa_prekinis-zenklas-trainer","12":"first","13":"outofstock","14":"taxable","15":"shipping-taxable","16":"purchasable","17":"product-type-simple"},"yoast_head":"<!-- This site is optimized with the Yoast SEO Premium plugin v27.1 (Yoast SEO v27.5) - https:\/\/yoast.com\/product\/yoast-seo-premium-wordpress\/ -->\n<title>Trainer Cat Adult Tuna konservai kat\u0117ms su tunu 85g 12vnt - anivet.lt<\/title>\n<meta name=\"description\" content=\"Visavertis ir subalansuotas konservuotas maistas suaugusioms kat\u0117ms su tunu. Sud\u0117tyje esan\u010dios nat\u016bralios sudedamosios dalys u\u017etikrina puik\u0173 skon\u012f ir nauding\u0173 med\u017eiag\u0173 balans\u0105, prisidedant prie j\u016bs\u0173 augintinio sveikos mitybos.\" \/>\n<meta name=\"robots\" content=\"index, follow, max-snippet:-1, max-image-preview:large, max-video-preview:-1\" \/>\n<link rel=\"canonical\" href=\"https:\/\/anivet.lt\/elparduotuve\/produktas\/trainer-cat-adult-tuna-konservai-katems-su-tunu-85g-12vnt\/\" \/>\n<meta property=\"og:locale\" content=\"lt_LT\" \/>\n<meta property=\"og:type\" content=\"article\" \/>\n<meta property=\"og:title\" content=\"Trainer Cat Adult Tuna konservai kat\u0117ms su tunu 85g 12vnt\" \/>\n<meta property=\"og:description\" content=\"Visavertis ir subalansuotas konservuotas maistas suaugusioms kat\u0117ms su tunu. Sud\u0117tyje esan\u010dios nat\u016bralios sudedamosios dalys u\u017etikrina puik\u0173 skon\u012f ir nauding\u0173 med\u017eiag\u0173 balans\u0105, prisidedant prie j\u016bs\u0173 augintinio sveikos mitybos.\" \/>\n<meta property=\"og:url\" content=\"https:\/\/anivet.lt\/elparduotuve\/produktas\/trainer-cat-adult-tuna-konservai-katems-su-tunu-85g-12vnt\/\" \/>\n<meta property=\"og:site_name\" content=\"anivet.lt\" \/>\n<meta property=\"article:modified_time\" content=\"2026-05-06T08:51:18+00:00\" \/>\n<meta property=\"og:image\" content=\"https:\/\/anivet.lt\/elparduotuve\/wp-content\/uploads\/2024\/01\/AFF_TRA12_CatWET_Mainstream_Adult_Tuna_85gr_3D-01.jpg\" \/>\n\t<meta property=\"og:image:width\" content=\"800\" \/>\n\t<meta property=\"og:image:height\" content=\"800\" \/>\n\t<meta property=\"og:image:type\" content=\"image\/jpeg\" \/>\n<meta name=\"twitter:card\" content=\"summary_large_image\" \/>\n<meta name=\"twitter:label1\" content=\"Est. reading time\" \/>\n\t<meta name=\"twitter:data1\" content=\"1 minut\u0117\" \/>\n<script type=\"application\/ld+json\" class=\"yoast-schema-graph\">{\"@context\":\"https:\\\/\\\/schema.org\",\"@graph\":[{\"@type\":\"WebPage\",\"@id\":\"https:\\\/\\\/anivet.lt\\\/elparduotuve\\\/produktas\\\/trainer-cat-adult-tuna-konservai-katems-su-tunu-85g-12vnt\\\/\",\"url\":\"https:\\\/\\\/anivet.lt\\\/elparduotuve\\\/produktas\\\/trainer-cat-adult-tuna-konservai-katems-su-tunu-85g-12vnt\\\/\",\"name\":\"Trainer Cat Adult Tuna konservai kat\u0117ms su tunu 85g 12vnt - anivet.lt\",\"isPartOf\":{\"@id\":\"https:\\\/\\\/anivet.lt\\\/elparduotuve\\\/#website\"},\"primaryImageOfPage\":{\"@id\":\"https:\\\/\\\/anivet.lt\\\/elparduotuve\\\/produktas\\\/trainer-cat-adult-tuna-konservai-katems-su-tunu-85g-12vnt\\\/#primaryimage\"},\"image\":{\"@id\":\"https:\\\/\\\/anivet.lt\\\/elparduotuve\\\/produktas\\\/trainer-cat-adult-tuna-konservai-katems-su-tunu-85g-12vnt\\\/#primaryimage\"},\"thumbnailUrl\":\"https:\\\/\\\/anivet.lt\\\/elparduotuve\\\/wp-content\\\/uploads\\\/2024\\\/01\\\/AFF_TRA12_CatWET_Mainstream_Adult_Tuna_85gr_3D-01.jpg\",\"datePublished\":\"2024-01-18T09:00:15+00:00\",\"dateModified\":\"2026-05-06T08:51:18+00:00\",\"description\":\"Visavertis ir subalansuotas konservuotas maistas suaugusioms kat\u0117ms su tunu. Sud\u0117tyje esan\u010dios nat\u016bralios sudedamosios dalys u\u017etikrina puik\u0173 skon\u012f ir nauding\u0173 med\u017eiag\u0173 balans\u0105, prisidedant prie j\u016bs\u0173 augintinio sveikos mitybos.\",\"breadcrumb\":{\"@id\":\"https:\\\/\\\/anivet.lt\\\/elparduotuve\\\/produktas\\\/trainer-cat-adult-tuna-konservai-katems-su-tunu-85g-12vnt\\\/#breadcrumb\"},\"inLanguage\":\"lt-LT\",\"potentialAction\":[{\"@type\":\"ReadAction\",\"target\":[\"https:\\\/\\\/anivet.lt\\\/elparduotuve\\\/produktas\\\/trainer-cat-adult-tuna-konservai-katems-su-tunu-85g-12vnt\\\/\"]}]},{\"@type\":\"ImageObject\",\"inLanguage\":\"lt-LT\",\"@id\":\"https:\\\/\\\/anivet.lt\\\/elparduotuve\\\/produktas\\\/trainer-cat-adult-tuna-konservai-katems-su-tunu-85g-12vnt\\\/#primaryimage\",\"url\":\"https:\\\/\\\/anivet.lt\\\/elparduotuve\\\/wp-content\\\/uploads\\\/2024\\\/01\\\/AFF_TRA12_CatWET_Mainstream_Adult_Tuna_85gr_3D-01.jpg\",\"contentUrl\":\"https:\\\/\\\/anivet.lt\\\/elparduotuve\\\/wp-content\\\/uploads\\\/2024\\\/01\\\/AFF_TRA12_CatWET_Mainstream_Adult_Tuna_85gr_3D-01.jpg\",\"width\":800,\"height\":800,\"caption\":\"Trainer Cat Adult Tuna konservai kat\u0117ms su tunu 85g 12vnt\"},{\"@type\":\"BreadcrumbList\",\"@id\":\"https:\\\/\\\/anivet.lt\\\/elparduotuve\\\/produktas\\\/trainer-cat-adult-tuna-konservai-katems-su-tunu-85g-12vnt\\\/#breadcrumb\",\"itemListElement\":[{\"@type\":\"ListItem\",\"position\":1,\"name\":\"Home\",\"item\":\"https:\\\/\\\/anivet.lt\\\/elparduotuve\\\/\"},{\"@type\":\"ListItem\",\"position\":2,\"name\":\"Produktai\",\"item\":\"https:\\\/\\\/anivet.lt\\\/elparduotuve\\\/produktai\\\/\"},{\"@type\":\"ListItem\",\"position\":3,\"name\":\"Trainer Cat Adult Tuna konservai kat\u0117ms su tunu 85g 12vnt\"}]},{\"@type\":\"WebSite\",\"@id\":\"https:\\\/\\\/anivet.lt\\\/elparduotuve\\\/#website\",\"url\":\"https:\\\/\\\/anivet.lt\\\/elparduotuve\\\/\",\"name\":\"anivet.lt\",\"description\":\"Viskas J\u016bs\u0173 \u0161uns, kat\u0117s prie\u017ei\u016brai\",\"publisher\":{\"@id\":\"https:\\\/\\\/anivet.lt\\\/elparduotuve\\\/#organization\"},\"alternateName\":\"Viskas J\u016bs\u0173 \u0161uns, kat\u0117s prie\u017ei\u016brai\",\"potentialAction\":[{\"@type\":\"SearchAction\",\"target\":{\"@type\":\"EntryPoint\",\"urlTemplate\":\"https:\\\/\\\/anivet.lt\\\/elparduotuve\\\/?s={search_term_string}\"},\"query-input\":{\"@type\":\"PropertyValueSpecification\",\"valueRequired\":true,\"valueName\":\"search_term_string\"}}],\"inLanguage\":\"lt-LT\"},{\"@type\":\"Organization\",\"@id\":\"https:\\\/\\\/anivet.lt\\\/elparduotuve\\\/#organization\",\"name\":\"Viskas J\u016bs\u0173 \u0161uns, kat\u0117s prie\u017ei\u016brai\",\"url\":\"https:\\\/\\\/anivet.lt\\\/elparduotuve\\\/\",\"logo\":{\"@type\":\"ImageObject\",\"inLanguage\":\"lt-LT\",\"@id\":\"https:\\\/\\\/anivet.lt\\\/elparduotuve\\\/#\\\/schema\\\/logo\\\/image\\\/\",\"url\":\"https:\\\/\\\/anivet.lt\\\/elparduotuve\\\/wp-content\\\/uploads\\\/2023\\\/06\\\/logo2.jpg\",\"contentUrl\":\"https:\\\/\\\/anivet.lt\\\/elparduotuve\\\/wp-content\\\/uploads\\\/2023\\\/06\\\/logo2.jpg\",\"width\":655,\"height\":194,\"caption\":\"Viskas J\u016bs\u0173 \u0161uns, kat\u0117s prie\u017ei\u016brai\"},\"image\":{\"@id\":\"https:\\\/\\\/anivet.lt\\\/elparduotuve\\\/#\\\/schema\\\/logo\\\/image\\\/\"}}]}<\/script>\n<!-- \/ Yoast SEO Premium plugin. -->","yoast_head_json":{"title":"Trainer Cat Adult Tuna konservai kat\u0117ms su tunu 85g 12vnt - anivet.lt","description":"Visavertis ir subalansuotas konservuotas maistas suaugusioms kat\u0117ms su tunu. Sud\u0117tyje esan\u010dios nat\u016bralios sudedamosios dalys u\u017etikrina puik\u0173 skon\u012f ir nauding\u0173 med\u017eiag\u0173 balans\u0105, prisidedant prie j\u016bs\u0173 augintinio sveikos mitybos.","robots":{"index":"index","follow":"follow","max-snippet":"max-snippet:-1","max-image-preview":"max-image-preview:large","max-video-preview":"max-video-preview:-1"},"canonical":"https:\/\/anivet.lt\/elparduotuve\/produktas\/trainer-cat-adult-tuna-konservai-katems-su-tunu-85g-12vnt\/","og_locale":"lt_LT","og_type":"article","og_title":"Trainer Cat Adult Tuna konservai kat\u0117ms su tunu 85g 12vnt","og_description":"Visavertis ir subalansuotas konservuotas maistas suaugusioms kat\u0117ms su tunu. Sud\u0117tyje esan\u010dios nat\u016bralios sudedamosios dalys u\u017etikrina puik\u0173 skon\u012f ir nauding\u0173 med\u017eiag\u0173 balans\u0105, prisidedant prie j\u016bs\u0173 augintinio sveikos mitybos.","og_url":"https:\/\/anivet.lt\/elparduotuve\/produktas\/trainer-cat-adult-tuna-konservai-katems-su-tunu-85g-12vnt\/","og_site_name":"anivet.lt","article_modified_time":"2026-05-06T08:51:18+00:00","og_image":[{"width":800,"height":800,"url":"https:\/\/anivet.lt\/elparduotuve\/wp-content\/uploads\/2024\/01\/AFF_TRA12_CatWET_Mainstream_Adult_Tuna_85gr_3D-01.jpg","type":"image\/jpeg"}],"twitter_card":"summary_large_image","twitter_misc":{"Est. reading time":"1 minut\u0117"},"schema":{"@context":"https:\/\/schema.org","@graph":[{"@type":"WebPage","@id":"https:\/\/anivet.lt\/elparduotuve\/produktas\/trainer-cat-adult-tuna-konservai-katems-su-tunu-85g-12vnt\/","url":"https:\/\/anivet.lt\/elparduotuve\/produktas\/trainer-cat-adult-tuna-konservai-katems-su-tunu-85g-12vnt\/","name":"Trainer Cat Adult Tuna konservai kat\u0117ms su tunu 85g 12vnt - anivet.lt","isPartOf":{"@id":"https:\/\/anivet.lt\/elparduotuve\/#website"},"primaryImageOfPage":{"@id":"https:\/\/anivet.lt\/elparduotuve\/produktas\/trainer-cat-adult-tuna-konservai-katems-su-tunu-85g-12vnt\/#primaryimage"},"image":{"@id":"https:\/\/anivet.lt\/elparduotuve\/produktas\/trainer-cat-adult-tuna-konservai-katems-su-tunu-85g-12vnt\/#primaryimage"},"thumbnailUrl":"https:\/\/anivet.lt\/elparduotuve\/wp-content\/uploads\/2024\/01\/AFF_TRA12_CatWET_Mainstream_Adult_Tuna_85gr_3D-01.jpg","datePublished":"2024-01-18T09:00:15+00:00","dateModified":"2026-05-06T08:51:18+00:00","description":"Visavertis ir subalansuotas konservuotas maistas suaugusioms kat\u0117ms su tunu. Sud\u0117tyje esan\u010dios nat\u016bralios sudedamosios dalys u\u017etikrina puik\u0173 skon\u012f ir nauding\u0173 med\u017eiag\u0173 balans\u0105, prisidedant prie j\u016bs\u0173 augintinio sveikos mitybos.","breadcrumb":{"@id":"https:\/\/anivet.lt\/elparduotuve\/produktas\/trainer-cat-adult-tuna-konservai-katems-su-tunu-85g-12vnt\/#breadcrumb"},"inLanguage":"lt-LT","potentialAction":[{"@type":"ReadAction","target":["https:\/\/anivet.lt\/elparduotuve\/produktas\/trainer-cat-adult-tuna-konservai-katems-su-tunu-85g-12vnt\/"]}]},{"@type":"ImageObject","inLanguage":"lt-LT","@id":"https:\/\/anivet.lt\/elparduotuve\/produktas\/trainer-cat-adult-tuna-konservai-katems-su-tunu-85g-12vnt\/#primaryimage","url":"https:\/\/anivet.lt\/elparduotuve\/wp-content\/uploads\/2024\/01\/AFF_TRA12_CatWET_Mainstream_Adult_Tuna_85gr_3D-01.jpg","contentUrl":"https:\/\/anivet.lt\/elparduotuve\/wp-content\/uploads\/2024\/01\/AFF_TRA12_CatWET_Mainstream_Adult_Tuna_85gr_3D-01.jpg","width":800,"height":800,"caption":"Trainer Cat Adult Tuna konservai kat\u0117ms su tunu 85g 12vnt"},{"@type":"BreadcrumbList","@id":"https:\/\/anivet.lt\/elparduotuve\/produktas\/trainer-cat-adult-tuna-konservai-katems-su-tunu-85g-12vnt\/#breadcrumb","itemListElement":[{"@type":"ListItem","position":1,"name":"Home","item":"https:\/\/anivet.lt\/elparduotuve\/"},{"@type":"ListItem","position":2,"name":"Produktai","item":"https:\/\/anivet.lt\/elparduotuve\/produktai\/"},{"@type":"ListItem","position":3,"name":"Trainer Cat Adult Tuna konservai kat\u0117ms su tunu 85g 12vnt"}]},{"@type":"WebSite","@id":"https:\/\/anivet.lt\/elparduotuve\/#website","url":"https:\/\/anivet.lt\/elparduotuve\/","name":"anivet.lt","description":"Viskas J\u016bs\u0173 \u0161uns, kat\u0117s prie\u017ei\u016brai","publisher":{"@id":"https:\/\/anivet.lt\/elparduotuve\/#organization"},"alternateName":"Viskas J\u016bs\u0173 \u0161uns, kat\u0117s prie\u017ei\u016brai","potentialAction":[{"@type":"SearchAction","target":{"@type":"EntryPoint","urlTemplate":"https:\/\/anivet.lt\/elparduotuve\/?s={search_term_string}"},"query-input":{"@type":"PropertyValueSpecification","valueRequired":true,"valueName":"search_term_string"}}],"inLanguage":"lt-LT"},{"@type":"Organization","@id":"https:\/\/anivet.lt\/elparduotuve\/#organization","name":"Viskas J\u016bs\u0173 \u0161uns, kat\u0117s prie\u017ei\u016brai","url":"https:\/\/anivet.lt\/elparduotuve\/","logo":{"@type":"ImageObject","inLanguage":"lt-LT","@id":"https:\/\/anivet.lt\/elparduotuve\/#\/schema\/logo\/image\/","url":"https:\/\/anivet.lt\/elparduotuve\/wp-content\/uploads\/2023\/06\/logo2.jpg","contentUrl":"https:\/\/anivet.lt\/elparduotuve\/wp-content\/uploads\/2023\/06\/logo2.jpg","width":655,"height":194,"caption":"Viskas J\u016bs\u0173 \u0161uns, kat\u0117s prie\u017ei\u016brai"},"image":{"@id":"https:\/\/anivet.lt\/elparduotuve\/#\/schema\/logo\/image\/"}}]}},"_links":{"self":[{"href":"https:\/\/anivet.lt\/elparduotuve\/wp-json\/wp\/v2\/product\/12962","targetHints":{"allow":["GET"]}}],"collection":[{"href":"https:\/\/anivet.lt\/elparduotuve\/wp-json\/wp\/v2\/product"}],"about":[{"href":"https:\/\/anivet.lt\/elparduotuve\/wp-json\/wp\/v2\/types\/product"}],"wp:featuredmedia":[{"embeddable":true,"href":"https:\/\/anivet.lt\/elparduotuve\/wp-json\/wp\/v2\/media\/12963"}],"wp:attachment":[{"href":"https:\/\/anivet.lt\/elparduotuve\/wp-json\/wp\/v2\/media?parent=12962"}],"wp:term":[{"taxonomy":"product_brand","embeddable":true,"href":"https:\/\/anivet.lt\/elparduotuve\/wp-json\/wp\/v2\/product_brand?post=12962"},{"taxonomy":"product_cat","embeddable":true,"href":"https:\/\/anivet.lt\/elparduotuve\/wp-json\/wp\/v2\/product_cat?post=12962"},{"taxonomy":"product_tag","embeddable":true,"href":"https:\/\/anivet.lt\/elparduotuve\/wp-json\/wp\/v2\/product_tag?post=12962"}],"curies":[{"name":"wp","href":"https:\/\/api.w.org\/{rel}","templated":true}]}}