{"id":13092,"date":"2024-01-30T08:25:47","date_gmt":"2024-01-30T08:25:47","guid":{"rendered":"https:\/\/anivet.lt\/elparduotuve\/?post_type=product&#038;p=13092"},"modified":"2026-04-06T08:09:53","modified_gmt":"2026-04-06T08:09:53","slug":"c-e-t-enzymatic-dantu-pasta-sunims-ir-katems-70g","status":"publish","type":"product","link":"https:\/\/anivet.lt\/elparduotuve\/produktas\/c-e-t-enzymatic-dantu-pasta-sunims-ir-katems-70g\/","title":{"rendered":"Virbac C. E. T.  ENZYMATIC DANT\u0172 PASTA \u0160UNIMS IR KAT\u0116MS 70g"},"content":{"rendered":"<p><span style=\"font-weight: 400;\">\u0160i dant\u0173 pasta efektyviai valo ir poliruoja dant\u0173 pavir\u0161i\u0173, apsaugodama nuo apna\u0161\u0173 kaupimosi ir dant\u0173 akmen\u0173 susidarymo. Dant\u0173 valymas su \u201eC.E.T. Enzymatic\u201d pasta yra puiki profilaktikos priemon\u0117, u\u017etikrinanti j\u016bs\u0173 augintinio burnos higien\u0105.<\/span><\/p>\n<ul>\n<li style=\"font-weight: 400;\" aria-level=\"1\"><span style=\"font-weight: 400;\">Apna\u0161\u0173 ir akmen\u0173 kontrol\u0117: Reguliariai naudojant, ma\u017eina apna\u0161\u0173 kaupim\u0105si ir dant\u0173 akmen\u0173 formavim\u0105si.<\/span><\/li>\n<li style=\"font-weight: 400;\" aria-level=\"1\"><span style=\"font-weight: 400;\">\u0160velnus poliravimas: Sud\u0117tyje esan\u010dios poliruojan\u010dios med\u017eiagos u\u017etikrina saug\u0173 ir veiksming\u0105 dant\u0173 valym\u0105.<\/span><\/li>\n<li style=\"font-weight: 400;\" aria-level=\"1\"><span style=\"font-weight: 400;\">Enzymatic sistema: Patentuota ferment\u0173 sistema (gliukoz\u0117s oksidaz\u0117, laktoperoksidaz\u0117) skatina nat\u016brali\u0105 burnos apsaug\u0105.<\/span><\/li>\n<li style=\"font-weight: 400;\" aria-level=\"1\"><span style=\"font-weight: 400;\">Saugios sudedamosios dalys: Nat\u016bralios kilm\u0117s ingredientai, tokie kaip guaro derva ir sorbitolis, kurie palaiko burnos sveikat\u0105 ir saugum\u0105.<\/span><\/li>\n<li style=\"font-weight: 400;\" aria-level=\"1\"><span style=\"font-weight: 400;\">Patrauklus skonis: Pauk\u0161tienos skonis u\u017etikrina, kad augintiniai noriai priimt\u0173 dant\u0173 valymo proced\u016br\u0105.<\/span><\/li>\n<\/ul>\n<p><span style=\"font-weight: 400;\">\u201eC.E.T. Enzymatic\u201d dant\u0173 pasta yra specialiai sukurta \u0161unims ir kat\u0117ms, derinant veiksmingas, bet \u0161velnias valymo priemones su ferment\u0173 sistema, kuri nat\u016braliai apsaugo dantis ir dantenas. Tai idealus pasirinkimas norint u\u017etikrinti puiki\u0105 burnos higien\u0105 ir u\u017ekirsti keli\u0105 dant\u0173 ligoms.<\/span><\/p>\n","protected":false},"excerpt":{"rendered":"<p>\u0160i dant\u0173 pasta efektyviai valo ir poliruoja dant\u0173 pavir\u0161i\u0173, apsaugodama nuo apna\u0161\u0173 kaupimosi ir dant\u0173 akmen\u0173 susidarymo. Dant\u0173 valymas su<\/p>\n","protected":false},"featured_media":13097,"template":"","meta":[],"product_brand":[],"product_cat":[101,102,108,119,112,123],"product_tag":[],"class_list":{"0":"post-13092","1":"product","2":"type-product","3":"status-publish","4":"has-post-thumbnail","6":"product_cat-sunims","7":"product_cat-katems","8":"product_cat-prieziuros-priemones","9":"product_cat-prieziuros-priemones-katems","10":"product_cat-dantu-ir-burnos-higiena","11":"product_cat-dantu-ir-burnos-higiena-prieziuros-priemones-katems","13":"first","14":"instock","15":"sale","16":"taxable","17":"shipping-taxable","18":"purchasable","19":"product-type-simple"},"yoast_head":"<!-- This site is optimized with the Yoast SEO Premium plugin v27.1 (Yoast SEO v27.5) - https:\/\/yoast.com\/product\/yoast-seo-premium-wordpress\/ -->\n<title>Virbac C. E. T. ENZYMATIC DANT\u0172 PASTA \u0160UNIMS IR KAT\u0116MS 70g - anivet.lt<\/title>\n<meta name=\"description\" content=\"\u0160i dant\u0173 pasta efektyviai valo ir poliruoja dant\u0173 pavir\u0161i\u0173, apsaugodama nuo apna\u0161\u0173 kaupimosi ir dant\u0173 akmen\u0173 susidarymo. Dant\u0173 valymas su \u201eC.E.T.\" \/>\n<meta name=\"robots\" content=\"index, follow, max-snippet:-1, max-image-preview:large, max-video-preview:-1\" \/>\n<link rel=\"canonical\" href=\"https:\/\/anivet.lt\/elparduotuve\/produktas\/c-e-t-enzymatic-dantu-pasta-sunims-ir-katems-70g\/\" \/>\n<meta property=\"og:locale\" content=\"lt_LT\" \/>\n<meta property=\"og:type\" content=\"article\" \/>\n<meta property=\"og:title\" content=\"Virbac C. E. T. ENZYMATIC DANT\u0172 PASTA \u0160UNIMS IR KAT\u0116MS 70g\" \/>\n<meta property=\"og:description\" content=\"\u0160i dant\u0173 pasta efektyviai valo ir poliruoja dant\u0173 pavir\u0161i\u0173, apsaugodama nuo apna\u0161\u0173 kaupimosi ir dant\u0173 akmen\u0173 susidarymo. Dant\u0173 valymas su \u201eC.E.T.\" \/>\n<meta property=\"og:url\" content=\"https:\/\/anivet.lt\/elparduotuve\/produktas\/c-e-t-enzymatic-dantu-pasta-sunims-ir-katems-70g\/\" \/>\n<meta property=\"og:site_name\" content=\"anivet.lt\" \/>\n<meta property=\"article:modified_time\" content=\"2026-04-06T08:09:53+00:00\" \/>\n<meta property=\"og:image\" content=\"https:\/\/anivet.lt\/elparduotuve\/wp-content\/uploads\/2024\/01\/C.E.T.-enzimine-dantu-pasta-foto-scaled.jpg\" \/>\n\t<meta property=\"og:image:width\" content=\"2560\" \/>\n\t<meta property=\"og:image:height\" content=\"2560\" \/>\n\t<meta property=\"og:image:type\" content=\"image\/jpeg\" \/>\n<meta name=\"twitter:card\" content=\"summary_large_image\" \/>\n<meta name=\"twitter:label1\" content=\"Est. reading time\" \/>\n\t<meta name=\"twitter:data1\" content=\"1 minut\u0117\" \/>\n<script type=\"application\/ld+json\" class=\"yoast-schema-graph\">{\"@context\":\"https:\\\/\\\/schema.org\",\"@graph\":[{\"@type\":\"WebPage\",\"@id\":\"https:\\\/\\\/anivet.lt\\\/elparduotuve\\\/produktas\\\/c-e-t-enzymatic-dantu-pasta-sunims-ir-katems-70g\\\/\",\"url\":\"https:\\\/\\\/anivet.lt\\\/elparduotuve\\\/produktas\\\/c-e-t-enzymatic-dantu-pasta-sunims-ir-katems-70g\\\/\",\"name\":\"Virbac C. E. T. ENZYMATIC DANT\u0172 PASTA \u0160UNIMS IR KAT\u0116MS 70g - anivet.lt\",\"isPartOf\":{\"@id\":\"https:\\\/\\\/anivet.lt\\\/elparduotuve\\\/#website\"},\"primaryImageOfPage\":{\"@id\":\"https:\\\/\\\/anivet.lt\\\/elparduotuve\\\/produktas\\\/c-e-t-enzymatic-dantu-pasta-sunims-ir-katems-70g\\\/#primaryimage\"},\"image\":{\"@id\":\"https:\\\/\\\/anivet.lt\\\/elparduotuve\\\/produktas\\\/c-e-t-enzymatic-dantu-pasta-sunims-ir-katems-70g\\\/#primaryimage\"},\"thumbnailUrl\":\"https:\\\/\\\/anivet.lt\\\/elparduotuve\\\/wp-content\\\/uploads\\\/2024\\\/01\\\/C.E.T.-enzimine-dantu-pasta-foto-scaled.jpg\",\"datePublished\":\"2024-01-30T08:25:47+00:00\",\"dateModified\":\"2026-04-06T08:09:53+00:00\",\"description\":\"\u0160i dant\u0173 pasta efektyviai valo ir poliruoja dant\u0173 pavir\u0161i\u0173, apsaugodama nuo apna\u0161\u0173 kaupimosi ir dant\u0173 akmen\u0173 susidarymo. Dant\u0173 valymas su \u201eC.E.T.\",\"breadcrumb\":{\"@id\":\"https:\\\/\\\/anivet.lt\\\/elparduotuve\\\/produktas\\\/c-e-t-enzymatic-dantu-pasta-sunims-ir-katems-70g\\\/#breadcrumb\"},\"inLanguage\":\"lt-LT\",\"potentialAction\":[{\"@type\":\"ReadAction\",\"target\":[\"https:\\\/\\\/anivet.lt\\\/elparduotuve\\\/produktas\\\/c-e-t-enzymatic-dantu-pasta-sunims-ir-katems-70g\\\/\"]}]},{\"@type\":\"ImageObject\",\"inLanguage\":\"lt-LT\",\"@id\":\"https:\\\/\\\/anivet.lt\\\/elparduotuve\\\/produktas\\\/c-e-t-enzymatic-dantu-pasta-sunims-ir-katems-70g\\\/#primaryimage\",\"url\":\"https:\\\/\\\/anivet.lt\\\/elparduotuve\\\/wp-content\\\/uploads\\\/2024\\\/01\\\/C.E.T.-enzimine-dantu-pasta-foto-scaled.jpg\",\"contentUrl\":\"https:\\\/\\\/anivet.lt\\\/elparduotuve\\\/wp-content\\\/uploads\\\/2024\\\/01\\\/C.E.T.-enzimine-dantu-pasta-foto-scaled.jpg\",\"width\":2560,\"height\":2560,\"caption\":\"Virbac C. E. T. ENZYMATIC DANT\u0172 PASTA \u0160UNIMS IR KAT\u0116MS 70g\"},{\"@type\":\"BreadcrumbList\",\"@id\":\"https:\\\/\\\/anivet.lt\\\/elparduotuve\\\/produktas\\\/c-e-t-enzymatic-dantu-pasta-sunims-ir-katems-70g\\\/#breadcrumb\",\"itemListElement\":[{\"@type\":\"ListItem\",\"position\":1,\"name\":\"Home\",\"item\":\"https:\\\/\\\/anivet.lt\\\/elparduotuve\\\/\"},{\"@type\":\"ListItem\",\"position\":2,\"name\":\"Produktai\",\"item\":\"https:\\\/\\\/anivet.lt\\\/elparduotuve\\\/produktai\\\/\"},{\"@type\":\"ListItem\",\"position\":3,\"name\":\"Virbac C. E. T. ENZYMATIC DANT\u0172 PASTA \u0160UNIMS IR KAT\u0116MS 70g\"}]},{\"@type\":\"WebSite\",\"@id\":\"https:\\\/\\\/anivet.lt\\\/elparduotuve\\\/#website\",\"url\":\"https:\\\/\\\/anivet.lt\\\/elparduotuve\\\/\",\"name\":\"anivet.lt\",\"description\":\"Viskas J\u016bs\u0173 \u0161uns, kat\u0117s prie\u017ei\u016brai\",\"publisher\":{\"@id\":\"https:\\\/\\\/anivet.lt\\\/elparduotuve\\\/#organization\"},\"alternateName\":\"Viskas J\u016bs\u0173 \u0161uns, kat\u0117s prie\u017ei\u016brai\",\"potentialAction\":[{\"@type\":\"SearchAction\",\"target\":{\"@type\":\"EntryPoint\",\"urlTemplate\":\"https:\\\/\\\/anivet.lt\\\/elparduotuve\\\/?s={search_term_string}\"},\"query-input\":{\"@type\":\"PropertyValueSpecification\",\"valueRequired\":true,\"valueName\":\"search_term_string\"}}],\"inLanguage\":\"lt-LT\"},{\"@type\":\"Organization\",\"@id\":\"https:\\\/\\\/anivet.lt\\\/elparduotuve\\\/#organization\",\"name\":\"Viskas J\u016bs\u0173 \u0161uns, kat\u0117s prie\u017ei\u016brai\",\"url\":\"https:\\\/\\\/anivet.lt\\\/elparduotuve\\\/\",\"logo\":{\"@type\":\"ImageObject\",\"inLanguage\":\"lt-LT\",\"@id\":\"https:\\\/\\\/anivet.lt\\\/elparduotuve\\\/#\\\/schema\\\/logo\\\/image\\\/\",\"url\":\"https:\\\/\\\/anivet.lt\\\/elparduotuve\\\/wp-content\\\/uploads\\\/2023\\\/06\\\/logo2.jpg\",\"contentUrl\":\"https:\\\/\\\/anivet.lt\\\/elparduotuve\\\/wp-content\\\/uploads\\\/2023\\\/06\\\/logo2.jpg\",\"width\":655,\"height\":194,\"caption\":\"Viskas J\u016bs\u0173 \u0161uns, kat\u0117s prie\u017ei\u016brai\"},\"image\":{\"@id\":\"https:\\\/\\\/anivet.lt\\\/elparduotuve\\\/#\\\/schema\\\/logo\\\/image\\\/\"}}]}<\/script>\n<!-- \/ Yoast SEO Premium plugin. -->","yoast_head_json":{"title":"Virbac C. E. T. ENZYMATIC DANT\u0172 PASTA \u0160UNIMS IR KAT\u0116MS 70g - anivet.lt","description":"\u0160i dant\u0173 pasta efektyviai valo ir poliruoja dant\u0173 pavir\u0161i\u0173, apsaugodama nuo apna\u0161\u0173 kaupimosi ir dant\u0173 akmen\u0173 susidarymo. Dant\u0173 valymas su \u201eC.E.T.","robots":{"index":"index","follow":"follow","max-snippet":"max-snippet:-1","max-image-preview":"max-image-preview:large","max-video-preview":"max-video-preview:-1"},"canonical":"https:\/\/anivet.lt\/elparduotuve\/produktas\/c-e-t-enzymatic-dantu-pasta-sunims-ir-katems-70g\/","og_locale":"lt_LT","og_type":"article","og_title":"Virbac C. E. T. ENZYMATIC DANT\u0172 PASTA \u0160UNIMS IR KAT\u0116MS 70g","og_description":"\u0160i dant\u0173 pasta efektyviai valo ir poliruoja dant\u0173 pavir\u0161i\u0173, apsaugodama nuo apna\u0161\u0173 kaupimosi ir dant\u0173 akmen\u0173 susidarymo. Dant\u0173 valymas su \u201eC.E.T.","og_url":"https:\/\/anivet.lt\/elparduotuve\/produktas\/c-e-t-enzymatic-dantu-pasta-sunims-ir-katems-70g\/","og_site_name":"anivet.lt","article_modified_time":"2026-04-06T08:09:53+00:00","og_image":[{"width":2560,"height":2560,"url":"https:\/\/anivet.lt\/elparduotuve\/wp-content\/uploads\/2024\/01\/C.E.T.-enzimine-dantu-pasta-foto-scaled.jpg","type":"image\/jpeg"}],"twitter_card":"summary_large_image","twitter_misc":{"Est. reading time":"1 minut\u0117"},"schema":{"@context":"https:\/\/schema.org","@graph":[{"@type":"WebPage","@id":"https:\/\/anivet.lt\/elparduotuve\/produktas\/c-e-t-enzymatic-dantu-pasta-sunims-ir-katems-70g\/","url":"https:\/\/anivet.lt\/elparduotuve\/produktas\/c-e-t-enzymatic-dantu-pasta-sunims-ir-katems-70g\/","name":"Virbac C. E. T. ENZYMATIC DANT\u0172 PASTA \u0160UNIMS IR KAT\u0116MS 70g - anivet.lt","isPartOf":{"@id":"https:\/\/anivet.lt\/elparduotuve\/#website"},"primaryImageOfPage":{"@id":"https:\/\/anivet.lt\/elparduotuve\/produktas\/c-e-t-enzymatic-dantu-pasta-sunims-ir-katems-70g\/#primaryimage"},"image":{"@id":"https:\/\/anivet.lt\/elparduotuve\/produktas\/c-e-t-enzymatic-dantu-pasta-sunims-ir-katems-70g\/#primaryimage"},"thumbnailUrl":"https:\/\/anivet.lt\/elparduotuve\/wp-content\/uploads\/2024\/01\/C.E.T.-enzimine-dantu-pasta-foto-scaled.jpg","datePublished":"2024-01-30T08:25:47+00:00","dateModified":"2026-04-06T08:09:53+00:00","description":"\u0160i dant\u0173 pasta efektyviai valo ir poliruoja dant\u0173 pavir\u0161i\u0173, apsaugodama nuo apna\u0161\u0173 kaupimosi ir dant\u0173 akmen\u0173 susidarymo. Dant\u0173 valymas su \u201eC.E.T.","breadcrumb":{"@id":"https:\/\/anivet.lt\/elparduotuve\/produktas\/c-e-t-enzymatic-dantu-pasta-sunims-ir-katems-70g\/#breadcrumb"},"inLanguage":"lt-LT","potentialAction":[{"@type":"ReadAction","target":["https:\/\/anivet.lt\/elparduotuve\/produktas\/c-e-t-enzymatic-dantu-pasta-sunims-ir-katems-70g\/"]}]},{"@type":"ImageObject","inLanguage":"lt-LT","@id":"https:\/\/anivet.lt\/elparduotuve\/produktas\/c-e-t-enzymatic-dantu-pasta-sunims-ir-katems-70g\/#primaryimage","url":"https:\/\/anivet.lt\/elparduotuve\/wp-content\/uploads\/2024\/01\/C.E.T.-enzimine-dantu-pasta-foto-scaled.jpg","contentUrl":"https:\/\/anivet.lt\/elparduotuve\/wp-content\/uploads\/2024\/01\/C.E.T.-enzimine-dantu-pasta-foto-scaled.jpg","width":2560,"height":2560,"caption":"Virbac C. E. T. ENZYMATIC DANT\u0172 PASTA \u0160UNIMS IR KAT\u0116MS 70g"},{"@type":"BreadcrumbList","@id":"https:\/\/anivet.lt\/elparduotuve\/produktas\/c-e-t-enzymatic-dantu-pasta-sunims-ir-katems-70g\/#breadcrumb","itemListElement":[{"@type":"ListItem","position":1,"name":"Home","item":"https:\/\/anivet.lt\/elparduotuve\/"},{"@type":"ListItem","position":2,"name":"Produktai","item":"https:\/\/anivet.lt\/elparduotuve\/produktai\/"},{"@type":"ListItem","position":3,"name":"Virbac C. E. T. ENZYMATIC DANT\u0172 PASTA \u0160UNIMS IR KAT\u0116MS 70g"}]},{"@type":"WebSite","@id":"https:\/\/anivet.lt\/elparduotuve\/#website","url":"https:\/\/anivet.lt\/elparduotuve\/","name":"anivet.lt","description":"Viskas J\u016bs\u0173 \u0161uns, kat\u0117s prie\u017ei\u016brai","publisher":{"@id":"https:\/\/anivet.lt\/elparduotuve\/#organization"},"alternateName":"Viskas J\u016bs\u0173 \u0161uns, kat\u0117s prie\u017ei\u016brai","potentialAction":[{"@type":"SearchAction","target":{"@type":"EntryPoint","urlTemplate":"https:\/\/anivet.lt\/elparduotuve\/?s={search_term_string}"},"query-input":{"@type":"PropertyValueSpecification","valueRequired":true,"valueName":"search_term_string"}}],"inLanguage":"lt-LT"},{"@type":"Organization","@id":"https:\/\/anivet.lt\/elparduotuve\/#organization","name":"Viskas J\u016bs\u0173 \u0161uns, kat\u0117s prie\u017ei\u016brai","url":"https:\/\/anivet.lt\/elparduotuve\/","logo":{"@type":"ImageObject","inLanguage":"lt-LT","@id":"https:\/\/anivet.lt\/elparduotuve\/#\/schema\/logo\/image\/","url":"https:\/\/anivet.lt\/elparduotuve\/wp-content\/uploads\/2023\/06\/logo2.jpg","contentUrl":"https:\/\/anivet.lt\/elparduotuve\/wp-content\/uploads\/2023\/06\/logo2.jpg","width":655,"height":194,"caption":"Viskas J\u016bs\u0173 \u0161uns, kat\u0117s prie\u017ei\u016brai"},"image":{"@id":"https:\/\/anivet.lt\/elparduotuve\/#\/schema\/logo\/image\/"}}]}},"_links":{"self":[{"href":"https:\/\/anivet.lt\/elparduotuve\/wp-json\/wp\/v2\/product\/13092","targetHints":{"allow":["GET"]}}],"collection":[{"href":"https:\/\/anivet.lt\/elparduotuve\/wp-json\/wp\/v2\/product"}],"about":[{"href":"https:\/\/anivet.lt\/elparduotuve\/wp-json\/wp\/v2\/types\/product"}],"wp:featuredmedia":[{"embeddable":true,"href":"https:\/\/anivet.lt\/elparduotuve\/wp-json\/wp\/v2\/media\/13097"}],"wp:attachment":[{"href":"https:\/\/anivet.lt\/elparduotuve\/wp-json\/wp\/v2\/media?parent=13092"}],"wp:term":[{"taxonomy":"product_brand","embeddable":true,"href":"https:\/\/anivet.lt\/elparduotuve\/wp-json\/wp\/v2\/product_brand?post=13092"},{"taxonomy":"product_cat","embeddable":true,"href":"https:\/\/anivet.lt\/elparduotuve\/wp-json\/wp\/v2\/product_cat?post=13092"},{"taxonomy":"product_tag","embeddable":true,"href":"https:\/\/anivet.lt\/elparduotuve\/wp-json\/wp\/v2\/product_tag?post=13092"}],"curies":[{"name":"wp","href":"https:\/\/api.w.org\/{rel}","templated":true}]}}